74.7.227.31 - - [01/Aug/2026:03:08:46 +0200] "GET /items/S1720870642 HTTP/1.1" 200 12789 "https://sopnonill.store/sitemap.xml" "Mozilla/5.0 AppleWebKit/537.36 (KHTML, like Gecko; compatible; GPTBot/1.4; +https://openai.com/gptbot)"
74.7.227.31 - - [01/Aug/2026:03:08:49 +0200] "GET /items/S2387547795 HTTP/1.1" 200 12789 "https://sopnonill.store/sitemap.xml" "Mozilla/5.0 AppleWebKit/537.36 (KHTML, like Gecko; compatible; GPTBot/1.4; +https://openai.com/gptbot)"
74.7.227.31 - - [01/Aug/2026:03:08:52 +0200] "GET /items/S3054831362 HTTP/1.1" 200 12790 "https://sopnonill.store/sitemap.xml" "Mozilla/5.0 AppleWebKit/537.36 (KHTML, like Gecko; compatible; GPTBot/1.4; +https://openai.com/gptbot)"
74.7.227.31 - - [01/Aug/2026:03:08:55 +0200] "GET /items/S3271260859 HTTP/1.1" 200 12791 "https://sopnonill.store/sitemap.xml" "Mozilla/5.0 AppleWebKit/537.36 (KHTML, like Gecko; compatible; GPTBot/1.4; +https://openai.com/gptbot)"
216.73.216.122 - - [01/Aug/2026:03:08:56 +0200] "GET /items/S2924959797 HTTP/1.1" 200 12799 "-" "Mozilla/5.0 AppleWebKit/537.36 (KHTML, like Gecko; compatible; ClaudeBot/1.0; +claudebot@anthropic.com)"
216.73.216.122 - - [01/Aug/2026:03:08:58 +0200] "GET /items/S185175271 HTTP/1.1" 200 12797 "-" "Mozilla/5.0 AppleWebKit/537.36 (KHTML, like Gecko; compatible; ClaudeBot/1.0; +claudebot@anthropic.com)"
74.7.227.31 - - [01/Aug/2026:03:08:58 +0200] "GET /items/S3637815270 HTTP/1.1" 200 12792 "https://sopnonill.store/sitemap.xml" "Mozilla/5.0 AppleWebKit/537.36 (KHTML, like Gecko; compatible; GPTBot/1.4; +https://openai.com/gptbot)"
216.73.216.122 - - [01/Aug/2026:03:09:01 +0200] "GET /items/S854883036 HTTP/1.1" 200 12802 "-" "Mozilla/5.0 AppleWebKit/537.36 (KHTML, like Gecko; compatible; ClaudeBot/1.0; +claudebot@anthropic.com)"
74.7.227.31 - - [01/Aug/2026:03:09:02 +0200] "GET /items/S2157311998 HTTP/1.1" 200 12785 "https://sopnonill.store/sitemap.xml" "Mozilla/5.0 AppleWebKit/537.36 (KHTML, like Gecko; compatible; GPTBot/1.4; +https://openai.com/gptbot)"
216.73.216.122 - - [01/Aug/2026:03:09:04 +0200] "GET /items/S830147709 HTTP/1.1" 200 12794 "-" "Mozilla/5.0 AppleWebKit/537.36 (KHTML, like Gecko; compatible; ClaudeBot/1.0; +claudebot@anthropic.com)"
74.7.227.31 - - [01/Aug/2026:03:09:04 +0200] "GET /items/S3825679472 HTTP/1.1" 200 12789 "https://sopnonill.store/sitemap.xml" "Mozilla/5.0 AppleWebKit/537.36 (KHTML, like Gecko; compatible; GPTBot/1.4; +https://openai.com/gptbot)"
216.73.216.122 - - [01/Aug/2026:03:09:07 +0200] "GET /items/S614157729 HTTP/1.1" 200 12796 "-" "Mozilla/5.0 AppleWebKit/537.36 (KHTML, like Gecko; compatible; ClaudeBot/1.0; +claudebot@anthropic.com)"
74.7.227.31 - - [01/Aug/2026:03:09:08 +0200] "GET /items/S2046059867 HTTP/1.1" 200 12789 "https://sopnonill.store/sitemap.xml" "Mozilla/5.0 AppleWebKit/537.36 (KHTML, like Gecko; compatible; GPTBot/1.4; +https://openai.com/gptbot)"
216.73.216.122 - - [01/Aug/2026:03:09:10 +0200] "GET /items/S2046282829 HTTP/1.1" 200 12796 "-" "Mozilla/5.0 AppleWebKit/537.36 (KHTML, like Gecko; compatible; ClaudeBot/1.0; +claudebot@anthropic.com)"
74.7.227.31 - - [01/Aug/2026:03:09:11 +0200] "GET /items/S1124450367 HTTP/1.1" 200 12790 "https://sopnonill.store/sitemap.xml" "Mozilla/5.0 AppleWebKit/537.36 (KHTML, like Gecko; compatible; GPTBot/1.4; +https://openai.com/gptbot)"
216.73.216.122 - - [01/Aug/2026:03:09:13 +0200] "GET /items/S1177763571 HTTP/1.1" 200 12802 "-" "Mozilla/5.0 AppleWebKit/537.36 (KHTML, like Gecko; compatible; ClaudeBot/1.0; +claudebot@anthropic.com)"
74.7.227.31 - - [01/Aug/2026:03:09:14 +0200] "GET /items/S4021630507 HTTP/1.1" 200 12792 "https://sopnonill.store/sitemap.xml" "Mozilla/5.0 AppleWebKit/537.36 (KHTML, like Gecko; compatible; GPTBot/1.4; +https://openai.com/gptbot)"
216.73.216.122 - - [01/Aug/2026:03:09:17 +0200] "GET /items/S1995388015 HTTP/1.1" 200 12797 "-" "Mozilla/5.0 AppleWebKit/537.36 (KHTML, like Gecko; compatible; ClaudeBot/1.0; +claudebot@anthropic.com)"
74.7.227.31 - - [01/Aug/2026:03:09:18 +0200] "GET /items/S1466173297 HTTP/1.1" 200 12788 "https://sopnonill.store/sitemap.xml" "Mozilla/5.0 AppleWebKit/537.36 (KHTML, like Gecko; compatible; GPTBot/1.4; +https://openai.com/gptbot)"
216.73.216.122 - - [01/Aug/2026:03:09:19 +0200] "GET /items/S107258784 HTTP/1.1" 200 12798 "-" "Mozilla/5.0 AppleWebKit/537.36 (KHTML, like Gecko; compatible; ClaudeBot/1.0; +claudebot@anthropic.com)"
74.7.227.31 - - [01/Aug/2026:03:09:20 +0200] "GET /items/S1475350857 HTTP/1.1" 200 12792 "https://sopnonill.store/sitemap.xml" "Mozilla/5.0 AppleWebKit/537.36 (KHTML, like Gecko; compatible; GPTBot/1.4; +https://openai.com/gptbot)"
216.73.216.122 - - [01/Aug/2026:03:09:22 +0200] "GET /items/S898814014 HTTP/1.1" 200 12795 "-" "Mozilla/5.0 AppleWebKit/537.36 (KHTML, like Gecko; compatible; ClaudeBot/1.0; +claudebot@anthropic.com)"
74.7.227.31 - - [01/Aug/2026:03:09:24 +0200] "GET /items/S1505194289 HTTP/1.1" 200 12790 "https://sopnonill.store/sitemap.xml" "Mozilla/5.0 AppleWebKit/537.36 (KHTML, like Gecko; compatible; GPTBot/1.4; +https://openai.com/gptbot)"
216.73.216.122 - - [01/Aug/2026:03:09:25 +0200] "GET /items/S457019797 HTTP/1.1" 200 12796 "-" "Mozilla/5.0 AppleWebKit/537.36 (KHTML, like Gecko; compatible; ClaudeBot/1.0; +claudebot@anthropic.com)"
74.7.227.31 - - [01/Aug/2026:03:09:27 +0200] "GET /items/S1349310623 HTTP/1.1" 200 12789 "https://sopnonill.store/sitemap.xml" "Mozilla/5.0 AppleWebKit/537.36 (KHTML, like Gecko; compatible; GPTBot/1.4; +https://openai.com/gptbot)"
216.73.216.122 - - [01/Aug/2026:03:09:28 +0200] "GET /items/S606563383 HTTP/1.1" 200 12794 "-" "Mozilla/5.0 AppleWebKit/537.36 (KHTML, like Gecko; compatible; ClaudeBot/1.0; +claudebot@anthropic.com)"
74.7.227.31 - - [01/Aug/2026:03:09:30 +0200] "GET /items/S2809335432 HTTP/1.1" 200 12789 "https://sopnonill.store/sitemap.xml" "Mozilla/5.0 AppleWebKit/537.36 (KHTML, like Gecko; compatible; GPTBot/1.4; +https://openai.com/gptbot)"
216.73.216.122 - - [01/Aug/2026:03:09:31 +0200] "GET /items/S265668362 HTTP/1.1" 200 12796 "-" "Mozilla/5.0 AppleWebKit/537.36 (KHTML, like Gecko; compatible; ClaudeBot/1.0; +claudebot@anthropic.com)"
74.7.227.31 - - [01/Aug/2026:03:09:33 +0200] "GET /items/S1375399627 HTTP/1.1" 200 12790 "https://sopnonill.store/sitemap.xml" "Mozilla/5.0 AppleWebKit/537.36 (KHTML, like Gecko; compatible; GPTBot/1.4; +https://openai.com/gptbot)"
74.7.227.31 - - [01/Aug/2026:03:09:37 +0200] "GET /items/S1673541014 HTTP/1.1" 200 12791 "https://sopnonill.store/sitemap.xml" "Mozilla/5.0 AppleWebKit/537.36 (KHTML, like Gecko; compatible; GPTBot/1.4; +https://openai.com/gptbot)"
216.73.216.122 - - [01/Aug/2026:03:09:38 +0200] "GET /items/S280456928 HTTP/1.1" 200 12796 "-" "Mozilla/5.0 AppleWebKit/537.36 (KHTML, like Gecko; compatible; ClaudeBot/1.0; +claudebot@anthropic.com)"
216.73.216.122 - - [01/Aug/2026:03:09:40 +0200] "GET /items/S1995102720 HTTP/1.1" 200 12801 "-" "Mozilla/5.0 AppleWebKit/537.36 (KHTML, like Gecko; compatible; ClaudeBot/1.0; +claudebot@anthropic.com)"
74.7.227.31 - - [01/Aug/2026:03:09:41 +0200] "GET /items/S3807537649 HTTP/1.1" 200 12790 "https://sopnonill.store/sitemap.xml" "Mozilla/5.0 AppleWebKit/537.36 (KHTML, like Gecko; compatible; GPTBot/1.4; +https://openai.com/gptbot)"
216.73.216.122 - - [01/Aug/2026:03:09:43 +0200] "GET /items/S2295632014 HTTP/1.1" 200 12800 "-" "Mozilla/5.0 AppleWebKit/537.36 (KHTML, like Gecko; compatible; ClaudeBot/1.0; +claudebot@anthropic.com)"
74.7.227.31 - - [01/Aug/2026:03:09:44 +0200] "GET /items/S2574486992 HTTP/1.1" 200 12788 "https://sopnonill.store/sitemap.xml" "Mozilla/5.0 AppleWebKit/537.36 (KHTML, like Gecko; compatible; GPTBot/1.4; +https://openai.com/gptbot)"
216.73.216.122 - - [01/Aug/2026:03:09:46 +0200] "GET /items/S815685262 HTTP/1.1" 200 12796 "-" "Mozilla/5.0 AppleWebKit/537.36 (KHTML, like Gecko; compatible; ClaudeBot/1.0; +claudebot@anthropic.com)"
74.7.227.31 - - [01/Aug/2026:03:09:47 +0200] "GET /items/S2601576949 HTTP/1.1" 200 12789 "https://sopnonill.store/sitemap.xml" "Mozilla/5.0 AppleWebKit/537.36 (KHTML, like Gecko; compatible; GPTBot/1.4; +https://openai.com/gptbot)"
216.73.216.122 - - [01/Aug/2026:03:09:49 +0200] "GET /items/S323401736 HTTP/1.1" 200 12795 "-" "Mozilla/5.0 AppleWebKit/537.36 (KHTML, like Gecko; compatible; ClaudeBot/1.0; +claudebot@anthropic.com)"
74.7.227.31 - - [01/Aug/2026:03:09:49 +0200] "GET /items/S2833050915 HTTP/1.1" 200 12796 "https://sopnonill.store/sitemap.xml" "Mozilla/5.0 AppleWebKit/537.36 (KHTML, like Gecko; compatible; GPTBot/1.4; +https://openai.com/gptbot)"
216.73.216.122 - - [01/Aug/2026:03:09:52 +0200] "GET /items/S33589449 HTTP/1.1" 200 12795 "-" "Mozilla/5.0 AppleWebKit/537.36 (KHTML, like Gecko; compatible; ClaudeBot/1.0; +claudebot@anthropic.com)"
74.7.227.31 - - [01/Aug/2026:03:09:53 +0200] "GET /items/S2072986317 HTTP/1.1" 200 12789 "https://sopnonill.store/sitemap.xml" "Mozilla/5.0 AppleWebKit/537.36 (KHTML, like Gecko; compatible; GPTBot/1.4; +https://openai.com/gptbot)"
216.73.216.122 - - [01/Aug/2026:03:09:55 +0200] "GET /items/S3888090163 HTTP/1.1" 200 12799 "-" "Mozilla/5.0 AppleWebKit/537.36 (KHTML, like Gecko; compatible; ClaudeBot/1.0; +claudebot@anthropic.com)"
74.7.227.31 - - [01/Aug/2026:03:09:56 +0200] "GET /items/S1283199642 HTTP/1.1" 200 12792 "https://sopnonill.store/sitemap.xml" "Mozilla/5.0 AppleWebKit/537.36 (KHTML, like Gecko; compatible; GPTBot/1.4; +https://openai.com/gptbot)"
216.73.216.122 - - [01/Aug/2026:03:09:58 +0200] "GET /items/S236202685 HTTP/1.1" 200 12796 "-" "Mozilla/5.0 AppleWebKit/537.36 (KHTML, like Gecko; compatible; ClaudeBot/1.0; +claudebot@anthropic.com)"
74.7.227.31 - - [01/Aug/2026:03:09:59 +0200] "GET /items/S2732280519 HTTP/1.1" 200 12788 "https://sopnonill.store/sitemap.xml" "Mozilla/5.0 AppleWebKit/537.36 (KHTML, like Gecko; compatible; GPTBot/1.4; +https://openai.com/gptbot)"
216.73.216.122 - - [01/Aug/2026:03:10:01 +0200] "GET /items/S1246624286 HTTP/1.1" 200 12798 "-" "Mozilla/5.0 AppleWebKit/537.36 (KHTML, like Gecko; compatible; ClaudeBot/1.0; +claudebot@anthropic.com)"
74.7.227.31 - - [01/Aug/2026:03:10:02 +0200] "GET /items/S1201341757 HTTP/1.1" 200 12781 "https://sopnonill.store/sitemap.xml" "Mozilla/5.0 AppleWebKit/537.36 (KHTML, like Gecko; compatible; GPTBot/1.4; +https://openai.com/gptbot)"
216.73.216.122 - - [01/Aug/2026:03:10:04 +0200] "GET /items/S4027009656 HTTP/1.1" 200 12800 "-" "Mozilla/5.0 AppleWebKit/537.36 (KHTML, like Gecko; compatible; ClaudeBot/1.0; +claudebot@anthropic.com)"
74.7.227.31 - - [01/Aug/2026:03:10:05 +0200] "GET /items/S2537630590 HTTP/1.1" 200 12790 "https://sopnonill.store/sitemap.xml" "Mozilla/5.0 AppleWebKit/537.36 (KHTML, like Gecko; compatible; GPTBot/1.4; +https://openai.com/gptbot)"
74.7.227.31 - - [01/Aug/2026:03:10:08 +0200] "GET /items/S2925036700 HTTP/1.1" 200 12797 "https://sopnonill.store/sitemap.xml" "Mozilla/5.0 AppleWebKit/537.36 (KHTML, like Gecko; compatible; GPTBot/1.4; +https://openai.com/gptbot)"
216.73.216.122 - - [01/Aug/2026:03:10:09 +0200] "GET /items/S173369733 HTTP/1.1" 200 12793 "-" "Mozilla/5.0 AppleWebKit/537.36 (KHTML, like Gecko; compatible; ClaudeBot/1.0; +claudebot@anthropic.com)"
216.73.216.122 - - [01/Aug/2026:03:10:12 +0200] "GET /items/S55080760 HTTP/1.1" 200 12784 "-" "Mozilla/5.0 AppleWebKit/537.36 (KHTML, like Gecko; compatible; ClaudeBot/1.0; +claudebot@anthropic.com)"
74.7.227.31 - - [01/Aug/2026:03:10:13 +0200] "GET /items/S4172976062 HTTP/1.1" 200 12782 "https://sopnonill.store/sitemap.xml" "Mozilla/5.0 AppleWebKit/537.36 (KHTML, like Gecko; compatible; GPTBot/1.4; +https://openai.com/gptbot)"
216.73.216.122 - - [01/Aug/2026:03:10:15 +0200] "GET /items/S791969763 HTTP/1.1" 200 12794 "-" "Mozilla/5.0 AppleWebKit/537.36 (KHTML, like Gecko; compatible; ClaudeBot/1.0; +claudebot@anthropic.com)"
74.7.227.31 - - [01/Aug/2026:03:10:16 +0200] "GET /items/S2514570734 HTTP/1.1" 200 12788 "https://sopnonill.store/sitemap.xml" "Mozilla/5.0 AppleWebKit/537.36 (KHTML, like Gecko; compatible; GPTBot/1.4; +https://openai.com/gptbot)"
216.73.216.122 - - [01/Aug/2026:03:10:17 +0200] "GET /items/S40740389 HTTP/1.1" 200 12793 "-" "Mozilla/5.0 AppleWebKit/537.36 (KHTML, like Gecko; compatible; ClaudeBot/1.0; +claudebot@anthropic.com)"
74.7.227.31 - - [01/Aug/2026:03:10:19 +0200] "GET /items/S2608589951 HTTP/1.1" 200 12786 "https://sopnonill.store/sitemap.xml" "Mozilla/5.0 AppleWebKit/537.36 (KHTML, like Gecko; compatible; GPTBot/1.4; +https://openai.com/gptbot)"
216.73.216.122 - - [01/Aug/2026:03:10:20 +0200] "GET /items/S712990730 HTTP/1.1" 200 12793 "-" "Mozilla/5.0 AppleWebKit/537.36 (KHTML, like Gecko; compatible; ClaudeBot/1.0; +claudebot@anthropic.com)"
74.7.227.31 - - [01/Aug/2026:03:10:21 +0200] "GET /items/S4289838736 HTTP/1.1" 200 12791 "https://sopnonill.store/sitemap.xml" "Mozilla/5.0 AppleWebKit/537.36 (KHTML, like Gecko; compatible; GPTBot/1.4; +https://openai.com/gptbot)"
216.73.216.122 - - [01/Aug/2026:03:10:24 +0200] "GET /items/S3184363593 HTTP/1.1" 200 12797 "-" "Mozilla/5.0 AppleWebKit/537.36 (KHTML, like Gecko; compatible; ClaudeBot/1.0; +claudebot@anthropic.com)"
74.7.227.31 - - [01/Aug/2026:03:10:24 +0200] "GET /items/S1859284209 HTTP/1.1" 200 12791 "https://sopnonill.store/sitemap.xml" "Mozilla/5.0 AppleWebKit/537.36 (KHTML, like Gecko; compatible; GPTBot/1.4; +https://openai.com/gptbot)"
216.73.216.122 - - [01/Aug/2026:03:10:27 +0200] "GET /items/S2300537299 HTTP/1.1" 200 12793 "-" "Mozilla/5.0 AppleWebKit/537.36 (KHTML, like Gecko; compatible; ClaudeBot/1.0; +claudebot@anthropic.com)"
74.7.227.31 - - [01/Aug/2026:03:10:27 +0200] "GET /items/S2016594174 HTTP/1.1" 200 12791 "https://sopnonill.store/sitemap.xml" "Mozilla/5.0 AppleWebKit/537.36 (KHTML, like Gecko; compatible; GPTBot/1.4; +https://openai.com/gptbot)"
216.73.216.122 - - [01/Aug/2026:03:10:30 +0200] "GET /items/S2956367685 HTTP/1.1" 200 12795 "-" "Mozilla/5.0 AppleWebKit/537.36 (KHTML, like Gecko; compatible; ClaudeBot/1.0; +claudebot@anthropic.com)"
74.7.227.31 - - [01/Aug/2026:03:10:31 +0200] "GET /items/S1569108283 HTTP/1.1" 200 12789 "https://sopnonill.store/sitemap.xml" "Mozilla/5.0 AppleWebKit/537.36 (KHTML, like Gecko; compatible; GPTBot/1.4; +https://openai.com/gptbot)"
216.73.216.122 - - [01/Aug/2026:03:10:33 +0200] "GET /items/S3307157232 HTTP/1.1" 200 12794 "-" "Mozilla/5.0 AppleWebKit/537.36 (KHTML, like Gecko; compatible; ClaudeBot/1.0; +claudebot@anthropic.com)"
74.7.227.31 - - [01/Aug/2026:03:10:34 +0200] "GET /items/S4269550619 HTTP/1.1" 200 12779 "https://sopnonill.store/sitemap.xml" "Mozilla/5.0 AppleWebKit/537.36 (KHTML, like Gecko; compatible; GPTBot/1.4; +https://openai.com/gptbot)"
216.73.216.122 - - [01/Aug/2026:03:10:36 +0200] "GET /items/S692807501 HTTP/1.1" 200 12793 "-" "Mozilla/5.0 AppleWebKit/537.36 (KHTML, like Gecko; compatible; ClaudeBot/1.0; +claudebot@anthropic.com)"
74.7.227.31 - - [01/Aug/2026:03:10:37 +0200] "GET /items/S1250704817 HTTP/1.1" 200 12789 "https://sopnonill.store/sitemap.xml" "Mozilla/5.0 AppleWebKit/537.36 (KHTML, like Gecko; compatible; GPTBot/1.4; +https://openai.com/gptbot)"
216.73.216.122 - - [01/Aug/2026:03:10:39 +0200] "GET /items/S880795461 HTTP/1.1" 200 12795 "-" "Mozilla/5.0 AppleWebKit/537.36 (KHTML, like Gecko; compatible; ClaudeBot/1.0; +claudebot@anthropic.com)"
74.7.227.31 - - [01/Aug/2026:03:10:40 +0200] "GET /items/S2962845577 HTTP/1.1" 200 12788 "https://sopnonill.store/sitemap.xml" "Mozilla/5.0 AppleWebKit/537.36 (KHTML, like Gecko; compatible; GPTBot/1.4; +https://openai.com/gptbot)"
216.73.216.122 - - [01/Aug/2026:03:10:42 +0200] "GET /items/S451950989 HTTP/1.1" 200 12794 "-" "Mozilla/5.0 AppleWebKit/537.36 (KHTML, like Gecko; compatible; ClaudeBot/1.0; +claudebot@anthropic.com)"
74.7.227.31 - - [01/Aug/2026:03:10:43 +0200] "GET /items/S1860496292 HTTP/1.1" 200 12790 "https://sopnonill.store/sitemap.xml" "Mozilla/5.0 AppleWebKit/537.36 (KHTML, like Gecko; compatible; GPTBot/1.4; +https://openai.com/gptbot)"
216.73.216.122 - - [01/Aug/2026:03:10:45 +0200] "GET /items/S2200524535 HTTP/1.1" 200 12794 "-" "Mozilla/5.0 AppleWebKit/537.36 (KHTML, like Gecko; compatible; ClaudeBot/1.0; +claudebot@anthropic.com)"
74.7.227.31 - - [01/Aug/2026:03:10:46 +0200] "GET /items/S3955128776 HTTP/1.1" 200 12790 "https://sopnonill.store/sitemap.xml" "Mozilla/5.0 AppleWebKit/537.36 (KHTML, like Gecko; compatible; GPTBot/1.4; +https://openai.com/gptbot)"
216.73.216.122 - - [01/Aug/2026:03:10:48 +0200] "GET /items/S363000580 HTTP/1.1" 200 12793 "-" "Mozilla/5.0 AppleWebKit/537.36 (KHTML, like Gecko; compatible; ClaudeBot/1.0; +claudebot@anthropic.com)"
74.7.227.31 - - [01/Aug/2026:03:10:50 +0200] "GET /items/S3557610911 HTTP/1.1" 200 12790 "https://sopnonill.store/sitemap.xml" "Mozilla/5.0 AppleWebKit/537.36 (KHTML, like Gecko; compatible; GPTBot/1.4; +https://openai.com/gptbot)"
216.73.216.122 - - [01/Aug/2026:03:10:51 +0200] "GET /items/S3207846580 HTTP/1.1" 200 12797 "-" "Mozilla/5.0 AppleWebKit/537.36 (KHTML, like Gecko; compatible; ClaudeBot/1.0; +claudebot@anthropic.com)"
74.7.227.31 - - [01/Aug/2026:03:10:53 +0200] "GET /items/S4175140652 HTTP/1.1" 200 12792 "https://sopnonill.store/sitemap.xml" "Mozilla/5.0 AppleWebKit/537.36 (KHTML, like Gecko; compatible; GPTBot/1.4; +https://openai.com/gptbot)"
216.73.216.122 - - [01/Aug/2026:03:10:54 +0200] "GET /items/S2113533255 HTTP/1.1" 200 12794 "-" "Mozilla/5.0 AppleWebKit/537.36 (KHTML, like Gecko; compatible; ClaudeBot/1.0; +claudebot@anthropic.com)"
74.7.227.31 - - [01/Aug/2026:03:10:56 +0200] "GET /items/S3530127973 HTTP/1.1" 200 12789 "https://sopnonill.store/sitemap.xml" "Mozilla/5.0 AppleWebKit/537.36 (KHTML, like Gecko; compatible; GPTBot/1.4; +https://openai.com/gptbot)"
216.73.216.122 - - [01/Aug/2026:03:10:57 +0200] "GET /items/S874522253 HTTP/1.1" 200 12795 "-" "Mozilla/5.0 AppleWebKit/537.36 (KHTML, like Gecko; compatible; ClaudeBot/1.0; +claudebot@anthropic.com)"
74.7.227.31 - - [01/Aug/2026:03:10:59 +0200] "GET /items/S2619324952 HTTP/1.1" 200 12788 "https://sopnonill.store/sitemap.xml" "Mozilla/5.0 AppleWebKit/537.36 (KHTML, like Gecko; compatible; GPTBot/1.4; +https://openai.com/gptbot)"
216.73.216.122 - - [01/Aug/2026:03:11:00 +0200] "GET /items/S976548682 HTTP/1.1" 200 12792 "-" "Mozilla/5.0 AppleWebKit/537.36 (KHTML, like Gecko; compatible; ClaudeBot/1.0; +claudebot@anthropic.com)"
74.7.227.31 - - [01/Aug/2026:03:11:02 +0200] "GET /items/S3582487800 HTTP/1.1" 200 12790 "https://sopnonill.store/sitemap.xml" "Mozilla/5.0 AppleWebKit/537.36 (KHTML, like Gecko; compatible; GPTBot/1.4; +https://openai.com/gptbot)"
216.73.216.122 - - [01/Aug/2026:03:11:03 +0200] "GET /items/S4253371002 HTTP/1.1" 200 12796 "-" "Mozilla/5.0 AppleWebKit/537.36 (KHTML, like Gecko; compatible; ClaudeBot/1.0; +claudebot@anthropic.com)"
74.7.227.31 - - [01/Aug/2026:03:11:05 +0200] "GET /items/S2446856904 HTTP/1.1" 200 12791 "https://sopnonill.store/sitemap.xml" "Mozilla/5.0 AppleWebKit/537.36 (KHTML, like Gecko; compatible; GPTBot/1.4; +https://openai.com/gptbot)"
216.73.216.122 - - [01/Aug/2026:03:11:06 +0200] "GET /items/S197928513 HTTP/1.1" 200 12794 "-" "Mozilla/5.0 AppleWebKit/537.36 (KHTML, like Gecko; compatible; ClaudeBot/1.0; +claudebot@anthropic.com)"
20.215.218.234 - - [01/Aug/2026:03:11:07 +0200] "GET /wp-content/plugins/hellopress/wp_filemanager.php HTTP/1.1" 301 0 "-" "-"
20.215.218.234 - - [01/Aug/2026:03:11:08 +0200] "GET /wp-content/plugins/hellopress/wp_filemanager.php HTTP/1.1" 200 99034 "-" "-"
20.215.218.234 - - [01/Aug/2026:03:11:08 +0200] "GET /this_is_a_new_hello_world.php HTTP/1.1" 403 280 "-" "-"
20.215.218.234 - - [01/Aug/2026:03:11:08 +0200] "GET /kon.php HTTP/1.1" 403 280 "-" "-"
20.215.218.234 - - [01/Aug/2026:03:11:09 +0200] "GET /load.php HTTP/1.1" 403 280 "-" "-"
216.73.216.122 - - [01/Aug/2026:03:11:09 +0200] "GET /items/S789373515 HTTP/1.1" 200 12794 "-" "Mozilla/5.0 AppleWebKit/537.36 (KHTML, like Gecko; compatible; ClaudeBot/1.0; +claudebot@anthropic.com)"
20.215.218.234 - - [01/Aug/2026:03:11:09 +0200] "GET /666666.php HTTP/1.1" 403 280 "-" "-"
74.7.227.31 - - [01/Aug/2026:03:11:09 +0200] "GET /items/S4103065277 HTTP/1.1" 200 12789 "https://sopnonill.store/sitemap.xml" "Mozilla/5.0 AppleWebKit/537.36 (KHTML, like Gecko; compatible; GPTBot/1.4; +https://openai.com/gptbot)"
20.215.218.234 - - [01/Aug/2026:03:11:10 +0200] "GET /minishell HTTP/1.1" 301 0 "-" "-"
74.7.227.31 - - [01/Aug/2026:03:11:11 +0200] "GET /items/S1630096972 HTTP/1.1" 200 12792 "https://sopnonill.store/sitemap.xml" "Mozilla/5.0 AppleWebKit/537.36 (KHTML, like Gecko; compatible; GPTBot/1.4; +https://openai.com/gptbot)"
20.215.218.234 - - [01/Aug/2026:03:11:12 +0200] "GET /minishell HTTP/1.1" 200 98948 "-" "-"
216.73.216.122 - - [01/Aug/2026:03:11:13 +0200] "GET /items/S2675367152 HTTP/1.1" 200 12796 "-" "Mozilla/5.0 AppleWebKit/537.36 (KHTML, like Gecko; compatible; ClaudeBot/1.0; +claudebot@anthropic.com)"
20.215.218.234 - - [01/Aug/2026:03:11:13 +0200] "GET /v5.php HTTP/1.1" 403 280 "-" "-"
20.215.218.234 - - [01/Aug/2026:03:11:13 +0200] "GET /btx25.php HTTP/1.1" 403 280 "-" "-"
20.215.218.234 - - [01/Aug/2026:03:11:14 +0200] "GET /wp-content/uploads/xxw.php HTTP/1.1" 301 0 "-" "-"
74.7.227.31 - - [01/Aug/2026:03:11:14 +0200] "GET /items/S2091061350 HTTP/1.1" 200 12787 "https://sopnonill.store/sitemap.xml" "Mozilla/5.0 AppleWebKit/537.36 (KHTML, like Gecko; compatible; GPTBot/1.4; +https://openai.com/gptbot)"
20.215.218.234 - - [01/Aug/2026:03:11:14 +0200] "GET /wp-content/uploads/xxw.php HTTP/1.1" 200 98990 "-" "-"
20.215.218.234 - - [01/Aug/2026:03:11:15 +0200] "GET /zwso.php HTTP/1.1" 403 280 "-" "-"
20.215.218.234 - - [01/Aug/2026:03:11:15 +0200] "GET /lxrgu.php HTTP/1.1" 403 280 "-" "-"
20.215.218.234 - - [01/Aug/2026:03:11:15 +0200] "GET /pbmqm.php HTTP/1.1" 403 280 "-" "-"
20.215.218.234 - - [01/Aug/2026:03:11:15 +0200] "GET /ruru.php HTTP/1.1" 403 280 "-" "-"
20.215.218.234 - - [01/Aug/2026:03:11:15 +0200] "GET /red.php HTTP/1.1" 403 280 "-" "-"
216.73.216.122 - - [01/Aug/2026:03:11:16 +0200] "GET /items/S2844779582 HTTP/1.1" 200 12795 "-" "Mozilla/5.0 AppleWebKit/537.36 (KHTML, like Gecko; compatible; ClaudeBot/1.0; +claudebot@anthropic.com)"
20.215.218.234 - - [01/Aug/2026:03:11:16 +0200] "GET /ohct.php HTTP/1.1" 403 280 "-" "-"
20.215.218.234 - - [01/Aug/2026:03:11:16 +0200] "GET /wp-includes/Text/Diff/Engine/file_cdd9.php HTTP/1.1" 301 0 "-" "-"
20.215.218.234 - - [01/Aug/2026:03:11:17 +0200] "GET /wp-includes/Text/Diff/Engine/file_cdd9.php HTTP/1.1" 200 99022 "-" "-"
20.215.218.234 - - [01/Aug/2026:03:11:17 +0200] "GET /Okxob.php HTTP/1.1" 403 280 "-" "-"
74.7.227.31 - - [01/Aug/2026:03:11:17 +0200] "GET /items/S2883411890 HTTP/1.1" 200 12791 "https://sopnonill.store/sitemap.xml" "Mozilla/5.0 AppleWebKit/537.36 (KHTML, like Gecko; compatible; GPTBot/1.4; +https://openai.com/gptbot)"
20.215.218.234 - - [01/Aug/2026:03:11:17 +0200] "GET //desah.php HTTP/1.1" 403 280 "-" "-"
216.73.216.122 - - [01/Aug/2026:03:11:18 +0200] "GET /items/S133167601 HTTP/1.1" 200 12796 "-" "Mozilla/5.0 AppleWebKit/537.36 (KHTML, like Gecko; compatible; ClaudeBot/1.0; +claudebot@anthropic.com)"
20.215.218.234 - - [01/Aug/2026:03:11:18 +0200] "GET /222.php HTTP/1.1" 403 280 "-" "-"
20.215.218.234 - - [01/Aug/2026:03:11:18 +0200] "GET /wpxml.php HTTP/1.1" 403 280 "-" "-"
20.215.218.234 - - [01/Aug/2026:03:11:18 +0200] "GET /medusa.php HTTP/1.1" 403 280 "-" "-"
20.215.218.234 - - [01/Aug/2026:03:11:18 +0200] "GET /manager.phP HTTP/1.1" 403 280 "-" "-"
20.215.218.234 - - [01/Aug/2026:03:11:19 +0200] "GET /wp-content/uploads/file1.php HTTP/1.1" 301 0 "-" "-"
20.215.218.234 - - [01/Aug/2026:03:11:19 +0200] "GET /wp-content/uploads/file1.php HTTP/1.1" 200 98986 "-" "-"
20.215.218.234 - - [01/Aug/2026:03:11:20 +0200] "GET /dex.php HTTP/1.1" 403 280 "-" "-"
20.215.218.234 - - [01/Aug/2026:03:11:20 +0200] "GET /fraro.php HTTP/1.1" 403 280 "-" "-"
74.7.227.31 - - [01/Aug/2026:03:11:21 +0200] "GET /items/S3858781446 HTTP/1.1" 200 12791 "https://sopnonill.store/sitemap.xml" "Mozilla/5.0 AppleWebKit/537.36 (KHTML, like Gecko; compatible; GPTBot/1.4; +https://openai.com/gptbot)"
20.215.218.234 - - [01/Aug/2026:03:11:21 +0200] "GET /wp-content/ms-files.php HTTP/1.1" 301 0 "-" "-"
20.215.218.234 - - [01/Aug/2026:03:11:21 +0200] "GET /wp-content/ms-files.php HTTP/1.1" 200 98984 "-" "-"
20.215.218.234 - - [01/Aug/2026:03:11:22 +0200] "GET /wp-content/options.php HTTP/1.1" 301 0 "-" "-"
20.215.218.234 - - [01/Aug/2026:03:11:23 +0200] "GET /wp-content/options.php HTTP/1.1" 200 98982 "-" "-"
74.7.227.31 - - [01/Aug/2026:03:11:24 +0200] "GET /items/S1058036195 HTTP/1.1" 200 12789 "https://sopnonill.store/sitemap.xml" "Mozilla/5.0 AppleWebKit/537.36 (KHTML, like Gecko; compatible; GPTBot/1.4; +https://openai.com/gptbot)"
20.215.218.234 - - [01/Aug/2026:03:11:24 +0200] "GET /wp-content/uploads/panel.php HTTP/1.1" 301 0 "-" "-"
216.73.216.122 - - [01/Aug/2026:03:11:24 +0200] "GET /items/S565779525 HTTP/1.1" 200 12795 "-" "Mozilla/5.0 AppleWebKit/537.36 (KHTML, like Gecko; compatible; ClaudeBot/1.0; +claudebot@anthropic.com)"
20.215.218.234 - - [01/Aug/2026:03:11:25 +0200] "GET /wp-content/uploads/panel.php HTTP/1.1" 200 98994 "-" "-"
20.215.218.234 - - [01/Aug/2026:03:11:25 +0200] "GET /wp-content/uploads/users.php HTTP/1.1" 301 0 "-" "-"
20.215.218.234 - - [01/Aug/2026:03:11:26 +0200] "GET /wp-content/uploads/users.php HTTP/1.1" 200 98986 "-" "-"
20.215.218.234 - - [01/Aug/2026:03:11:27 +0200] "GET /df.php HTTP/1.1" 403 280 "-" "-"
216.73.216.122 - - [01/Aug/2026:03:11:27 +0200] "GET /items/S330147373 HTTP/1.1" 200 12793 "-" "Mozilla/5.0 AppleWebKit/537.36 (KHTML, like Gecko; compatible; ClaudeBot/1.0; +claudebot@anthropic.com)"
74.7.227.31 - - [01/Aug/2026:03:11:27 +0200] "GET /items/S2012839762 HTTP/1.1" 200 12791 "https://sopnonill.store/sitemap.xml" "Mozilla/5.0 AppleWebKit/537.36 (KHTML, like Gecko; compatible; GPTBot/1.4; +https://openai.com/gptbot)"
20.215.218.234 - - [01/Aug/2026:03:11:28 +0200] "GET /wp-content/min.php HTTP/1.1" 301 0 "-" "-"
20.215.218.234 - - [01/Aug/2026:03:11:29 +0200] "GET /wp-content/min.php HTTP/1.1" 200 98974 "-" "-"
20.215.218.234 - - [01/Aug/2026:03:11:29 +0200] "GET /auDSb1pcgtR.php HTTP/1.1" 403 280 "-" "-"
20.215.218.234 - - [01/Aug/2026:03:11:29 +0200] "GET /1n3e5n8u.php HTTP/1.1" 403 280 "-" "-"
216.73.216.122 - - [01/Aug/2026:03:11:30 +0200] "GET /items/S3464239986 HTTP/1.1" 200 12800 "-" "Mozilla/5.0 AppleWebKit/537.36 (KHTML, like Gecko; compatible; ClaudeBot/1.0; +claudebot@anthropic.com)"
20.215.218.234 - - [01/Aug/2026:03:11:30 +0200] "GET /wp-content/xyn.php HTTP/1.1" 301 0 "-" "-"
20.215.218.234 - - [01/Aug/2026:03:11:31 +0200] "GET /wp-content/xyn.php HTTP/1.1" 200 98966 "-" "-"
74.7.227.31 - - [01/Aug/2026:03:11:31 +0200] "GET /items/S1276023149 HTTP/1.1" 200 12787 "https://sopnonill.store/sitemap.xml" "Mozilla/5.0 AppleWebKit/537.36 (KHTML, like Gecko; compatible; GPTBot/1.4; +https://openai.com/gptbot)"
20.215.218.234 - - [01/Aug/2026:03:11:31 +0200] "GET /diidi.php HTTP/1.1" 403 280 "-" "-"
20.215.218.234 - - [01/Aug/2026:03:11:31 +0200] "GET /index2.php HTTP/1.1" 403 280 "-" "-"
20.215.218.234 - - [01/Aug/2026:03:11:31 +0200] "GET /ls.php HTTP/1.1" 403 280 "-" "-"
20.215.218.234 - - [01/Aug/2026:03:11:32 +0200] "GET /cok.php HTTP/1.1" 403 280 "-" "-"
20.215.218.234 - - [01/Aug/2026:03:11:32 +0200] "GET /wp-tot.php HTTP/1.1" 403 280 "-" "-"
20.215.218.234 - - [01/Aug/2026:03:11:32 +0200] "GET /SS72_kKKjT.php HTTP/1.1" 403 280 "-" "-"
20.215.218.234 - - [01/Aug/2026:03:11:32 +0200] "GET /epinyins.php?p= HTTP/1.1" 301 0 "-" "-"
216.73.216.122 - - [01/Aug/2026:03:11:33 +0200] "GET /items/S379901183 HTTP/1.1" 200 12797 "-" "Mozilla/5.0 AppleWebKit/537.36 (KHTML, like Gecko; compatible; ClaudeBot/1.0; +claudebot@anthropic.com)"
20.215.218.234 - - [01/Aug/2026:03:11:33 +0200] "GET /epinyins.php?p= HTTP/1.1" 200 98968 "-" "-"
74.7.227.31 - - [01/Aug/2026:03:11:33 +0200] "GET /items/S1027569549 HTTP/1.1" 200 12788 "https://sopnonill.store/sitemap.xml" "Mozilla/5.0 AppleWebKit/537.36 (KHTML, like Gecko; compatible; GPTBot/1.4; +https://openai.com/gptbot)"
20.215.218.234 - - [01/Aug/2026:03:11:34 +0200] "GET /cu.php HTTP/1.1" 403 280 "-" "-"
20.215.218.234 - - [01/Aug/2026:03:11:34 +0200] "GET /classwithtostring.php HTTP/1.1" 403 280 "-" "-"
20.215.218.234 - - [01/Aug/2026:03:11:34 +0200] "GET /crgio.php HTTP/1.1" 403 280 "-" "-"
20.215.218.234 - - [01/Aug/2026:03:11:34 +0200] "GET /bajah.php HTTP/1.1" 403 280 "-" "-"
20.215.218.234 - - [01/Aug/2026:03:11:34 +0200] "GET /dvjul.php HTTP/1.1" 403 280 "-" "-"
20.215.218.234 - - [01/Aug/2026:03:11:34 +0200] "GET /kedi.php HTTP/1.1" 403 280 "-" "-"
20.215.218.234 - - [01/Aug/2026:03:11:35 +0200] "GET /modules/mod_simplefileuploadv1.3/elements/filemanager.php?p= HTTP/1.1" 301 0 "-" "-"
20.215.218.234 - - [01/Aug/2026:03:11:36 +0200] "GET /modules/mod_simplefileuploadv1.3/elements/filemanager.php?p= HTTP/1.1" 200 99058 "-" "-"
216.73.216.122 - - [01/Aug/2026:03:11:36 +0200] "GET /items/S2431605565 HTTP/1.1" 200 12798 "-" "Mozilla/5.0 AppleWebKit/537.36 (KHTML, like Gecko; compatible; ClaudeBot/1.0; +claudebot@anthropic.com)"
20.215.218.234 - - [01/Aug/2026:03:11:36 +0200] "GET /xstelth.php HTTP/1.1" 403 280 "-" "-"
20.215.218.234 - - [01/Aug/2026:03:11:36 +0200] "GET /wp-curl-file.php HTTP/1.1" 403 280 "-" "-"
20.215.218.234 - - [01/Aug/2026:03:11:36 +0200] "GET /buds1.php HTTP/1.1" 403 280 "-" "-"
20.215.218.234 - - [01/Aug/2026:03:11:37 +0200] "GET /xper1.php HTTP/1.1" 403 280 "-" "-"
74.7.227.31 - - [01/Aug/2026:03:11:37 +0200] "GET /items/S1538085149 HTTP/1.1" 200 12788 "https://sopnonill.store/sitemap.xml" "Mozilla/5.0 AppleWebKit/537.36 (KHTML, like Gecko; compatible; GPTBot/1.4; +https://openai.com/gptbot)"
20.215.218.234 - - [01/Aug/2026:03:11:37 +0200] "GET //xozx.php HTTP/1.1" 403 280 "-" "-"
20.215.218.234 - - [01/Aug/2026:03:11:37 +0200] "GET /qlex1.php HTTP/1.1" 403 280 "-" "-"
20.215.218.234 - - [01/Aug/2026:03:11:37 +0200] "GET /satan.php HTTP/1.1" 403 280 "-" "-"
20.215.218.234 - - [01/Aug/2026:03:11:37 +0200] "GET /drykl.php HTTP/1.1" 403 280 "-" "-"
20.215.218.234 - - [01/Aug/2026:03:11:37 +0200] "GET /sitemap.php HTTP/1.1" 403 280 "-" "-"
20.215.218.234 - - [01/Aug/2026:03:11:37 +0200] "GET /file1.php HTTP/1.1" 403 280 "-" "-"
20.215.218.234 - - [01/Aug/2026:03:11:38 +0200] "GET /camara.php HTTP/1.1" 403 280 "-" "-"
20.215.218.234 - - [01/Aug/2026:03:11:38 +0200] "GET /assacc.php HTTP/1.1" 403 280 "-" "-"
20.215.218.234 - - [01/Aug/2026:03:11:38 +0200] "GET /bless18.php HTTP/1.1" 403 280 "-" "-"
20.215.218.234 - - [01/Aug/2026:03:11:38 +0200] "GET /bless24.php HTTP/1.1" 403 280 "-" "-"
20.215.218.234 - - [01/Aug/2026:03:11:38 +0200] "GET /file11.php HTTP/1.1" 403 280 "-" "-"
20.215.218.234 - - [01/Aug/2026:03:11:38 +0200] "GET /wp-pp.php HTTP/1.1" 403 280 "-" "-"
20.215.218.234 - - [01/Aug/2026:03:11:38 +0200] "GET /mass.php HTTP/1.1" 403 280 "-" "-"
20.215.218.234 - - [01/Aug/2026:03:11:39 +0200] "GET /scxy.php HTTP/1.1" 403 280 "-" "-"
20.215.218.234 - - [01/Aug/2026:03:11:39 +0200] "GET /0okj.php HTTP/1.1" 403 280 "-" "-"
216.73.216.122 - - [01/Aug/2026:03:11:39 +0200] "GET /items/S615431301 HTTP/1.1" 200 12794 "-" "Mozilla/5.0 AppleWebKit/537.36 (KHTML, like Gecko; compatible; ClaudeBot/1.0; +claudebot@anthropic.com)"
20.215.218.234 - - [01/Aug/2026:03:11:39 +0200] "GET /appt.php HTTP/1.1" 403 280 "-" "-"
20.215.218.234 - - [01/Aug/2026:03:11:39 +0200] "GET /jj.php HTTP/1.1" 403 280 "-" "-"
20.215.218.234 - - [01/Aug/2026:03:11:39 +0200] "GET /xSx.php HTTP/1.1" 403 280 "-" "-"
20.215.218.234 - - [01/Aug/2026:03:11:39 +0200] "GET /cc13.php HTTP/1.1" 403 280 "-" "-"
20.215.218.234 - - [01/Aug/2026:03:11:40 +0200] "GET /unity.php HTTP/1.1" 403 280 "-" "-"
74.7.227.31 - - [01/Aug/2026:03:11:40 +0200] "GET /items/S2931953601 HTTP/1.1" 200 12791 "https://sopnonill.store/sitemap.xml" "Mozilla/5.0 AppleWebKit/537.36 (KHTML, like Gecko; compatible; GPTBot/1.4; +https://openai.com/gptbot)"
20.215.218.234 - - [01/Aug/2026:03:11:40 +0200] "GET /dass.php HTTP/1.1" 403 280 "-" "-"
20.215.218.234 - - [01/Aug/2026:03:11:40 +0200] "GET /as.php HTTP/1.1" 403 280 "-" "-"
20.215.218.234 - - [01/Aug/2026:03:11:40 +0200] "GET /x123.php HTTP/1.1" 403 280 "-" "-"
20.215.218.234 - - [01/Aug/2026:03:11:40 +0200] "GET /dx.php HTTP/1.1" 403 280 "-" "-"
20.215.218.234 - - [01/Aug/2026:03:11:40 +0200] "GET /min.php HTTP/1.1" 403 280 "-" "-"
20.215.218.234 - - [01/Aug/2026:03:11:40 +0200] "GET /sql.php HTTP/1.1" 403 280 "-" "-"
20.215.218.234 - - [01/Aug/2026:03:11:41 +0200] "GET /yanz.php HTTP/1.1" 403 280 "-" "-"
20.215.218.234 - - [01/Aug/2026:03:11:41 +0200] "GET /chomu.php HTTP/1.1" 403 280 "-" "-"
20.215.218.234 - - [01/Aug/2026:03:11:41 +0200] "GET /wander.php HTTP/1.1" 403 280 "-" "-"
20.215.218.234 - - [01/Aug/2026:03:11:41 +0200] "GET /filesss.php HTTP/1.1" 403 280 "-" "-"
20.215.218.234 - - [01/Aug/2026:03:11:41 +0200] "GET /bumxewlsll.php HTTP/1.1" 403 280 "-" "-"
20.215.218.234 - - [01/Aug/2026:03:11:41 +0200] "GET /mnpiyfeish.php HTTP/1.1" 403 280 "-" "-"
20.215.218.234 - - [01/Aug/2026:03:11:42 +0200] "GET /000.php HTTP/1.1" 403 280 "-" "-"
20.215.218.234 - - [01/Aug/2026:03:11:42 +0200] "GET /wp-omao.php HTTP/1.1" 403 280 "-" "-"
216.73.216.122 - - [01/Aug/2026:03:11:42 +0200] "GET /items/S2162736571 HTTP/1.1" 200 12798 "-" "Mozilla/5.0 AppleWebKit/537.36 (KHTML, like Gecko; compatible; ClaudeBot/1.0; +claudebot@anthropic.com)"
20.215.218.234 - - [01/Aug/2026:03:11:42 +0200] "GET /harvestry.php HTTP/1.1" 403 280 "-" "-"
20.215.218.234 - - [01/Aug/2026:03:11:42 +0200] "GET /file3.php HTTP/1.1" 403 280 "-" "-"
20.215.218.234 - - [01/Aug/2026:03:11:42 +0200] "GET //autovirgi.php HTTP/1.1" 403 280 "-" "-"
20.215.218.234 - - [01/Aug/2026:03:11:42 +0200] "GET //nurseling.php HTTP/1.1" 403 280 "-" "-"
20.215.218.234 - - [01/Aug/2026:03:11:42 +0200] "GET /cx.php HTTP/1.1" 403 280 "-" "-"
20.215.218.234 - - [01/Aug/2026:03:11:43 +0200] "GET /p-blog.php HTTP/1.1" 403 280 "-" "-"
20.215.218.234 - - [01/Aug/2026:03:11:43 +0200] "GET /wp-wlx.php HTTP/1.1" 403 280 "-" "-"
74.7.227.31 - - [01/Aug/2026:03:11:43 +0200] "GET /items/S1286739870 HTTP/1.1" 200 12789 "https://sopnonill.store/sitemap.xml" "Mozilla/5.0 AppleWebKit/537.36 (KHTML, like Gecko; compatible; GPTBot/1.4; +https://openai.com/gptbot)"
20.215.218.234 - - [01/Aug/2026:03:11:43 +0200] "GET /wplogbak.php HTTP/1.1" 403 280 "-" "-"
20.215.218.234 - - [01/Aug/2026:03:11:43 +0200] "GET /w2025.php HTTP/1.1" 403 280 "-" "-"
20.215.218.234 - - [01/Aug/2026:03:11:43 +0200] "GET /file6.php HTTP/1.1" 403 280 "-" "-"
20.215.218.234 - - [01/Aug/2026:03:11:43 +0200] "GET /leaf.php HTTP/1.1" 403 280 "-" "-"
20.215.218.234 - - [01/Aug/2026:03:11:44 +0200] "GET /w3llstore.php HTTP/1.1" 403 280 "-" "-"
20.215.218.234 - - [01/Aug/2026:03:11:44 +0200] "GET /obfuscate.php HTTP/1.1" 403 280 "-" "-"
20.215.218.234 - - [01/Aug/2026:03:11:44 +0200] "GET /txets.php HTTP/1.1" 301 0 "-" "-"
216.73.216.122 - - [01/Aug/2026:03:11:45 +0200] "GET /items/S4155024804 HTTP/1.1" 200 12798 "-" "Mozilla/5.0 AppleWebKit/537.36 (KHTML, like Gecko; compatible; ClaudeBot/1.0; +claudebot@anthropic.com)"
20.215.218.234 - - [01/Aug/2026:03:11:45 +0200] "GET /txets.php HTTP/1.1" 200 98956 "-" "-"
74.7.227.31 - - [01/Aug/2026:03:11:46 +0200] "GET /items/S1352850819 HTTP/1.1" 200 12791 "https://sopnonill.store/sitemap.xml" "Mozilla/5.0 AppleWebKit/537.36 (KHTML, like Gecko; compatible; GPTBot/1.4; +https://openai.com/gptbot)"
20.215.218.234 - - [01/Aug/2026:03:11:46 +0200] "GET /wp-admin/zoko.php HTTP/1.1" 301 0 "-" "-"
20.215.218.234 - - [01/Aug/2026:03:11:47 +0200] "GET /wp-admin/zoko.php HTTP/1.1" 200 98964 "-" "-"
20.215.218.234 - - [01/Aug/2026:03:11:47 +0200] "GET //like.php HTTP/1.1" 403 280 "-" "-"
20.215.218.234 - - [01/Aug/2026:03:11:47 +0200] "GET //dx.php HTTP/1.1" 403 280 "-" "-"
216.73.216.122 - - [01/Aug/2026:03:11:48 +0200] "GET /items/S352115067 HTTP/1.1" 200 12796 "-" "Mozilla/5.0 AppleWebKit/537.36 (KHTML, like Gecko; compatible; ClaudeBot/1.0; +claudebot@anthropic.com)"
20.215.218.234 - - [01/Aug/2026:03:11:48 +0200] "GET //edit.php HTTP/1.1" 301 0 "-" "-"
20.215.218.234 - - [01/Aug/2026:03:11:49 +0200] "GET //edit.php HTTP/1.1" 200 98956 "-" "-"
20.215.218.234 - - [01/Aug/2026:03:11:49 +0200] "GET //min.php HTTP/1.1" 403 280 "-" "-"
74.7.227.31 - - [01/Aug/2026:03:11:49 +0200] "GET /items/S1899517284 HTTP/1.1" 200 12789 "https://sopnonill.store/sitemap.xml" "Mozilla/5.0 AppleWebKit/537.36 (KHTML, like Gecko; compatible; GPTBot/1.4; +https://openai.com/gptbot)"
20.215.218.234 - - [01/Aug/2026:03:11:49 +0200] "GET //sql.php HTTP/1.1" 403 280 "-" "-"
20.215.218.234 - - [01/Aug/2026:03:11:50 +0200] "GET //w3lls.php HTTP/1.1" 403 280 "-" "-"
20.215.218.234 - - [01/Aug/2026:03:11:50 +0200] "GET //xxx.php HTTP/1.1" 403 280 "-" "-"
216.73.216.122 - - [01/Aug/2026:03:11:51 +0200] "GET /items/S3786247355 HTTP/1.1" 200 12797 "-" "Mozilla/5.0 AppleWebKit/537.36 (KHTML, like Gecko; compatible; ClaudeBot/1.0; +claudebot@anthropic.com)"
74.7.227.31 - - [01/Aug/2026:03:11:52 +0200] "GET /items/S1323007419 HTTP/1.1" 200 12785 "https://sopnonill.store/sitemap.xml" "Mozilla/5.0 AppleWebKit/537.36 (KHTML, like Gecko; compatible; GPTBot/1.4; +https://openai.com/gptbot)"
216.73.216.122 - - [01/Aug/2026:03:11:54 +0200] "GET /items/S136561081 HTTP/1.1" 200 12796 "-" "Mozilla/5.0 AppleWebKit/537.36 (KHTML, like Gecko; compatible; ClaudeBot/1.0; +claudebot@anthropic.com)"
74.7.227.31 - - [01/Aug/2026:03:11:56 +0200] "GET /items/S1932408160 HTTP/1.1" 200 12790 "https://sopnonill.store/sitemap.xml" "Mozilla/5.0 AppleWebKit/537.36 (KHTML, like Gecko; compatible; GPTBot/1.4; +https://openai.com/gptbot)"
216.73.216.122 - - [01/Aug/2026:03:11:57 +0200] "GET /items/S4183554087 HTTP/1.1" 200 12799 "-" "Mozilla/5.0 AppleWebKit/537.36 (KHTML, like Gecko; compatible; ClaudeBot/1.0; +claudebot@anthropic.com)"
74.7.227.31 - - [01/Aug/2026:03:11:59 +0200] "GET /items/S3199045800 HTTP/1.1" 200 12790 "https://sopnonill.store/sitemap.xml" "Mozilla/5.0 AppleWebKit/537.36 (KHTML, like Gecko; compatible; GPTBot/1.4; +https://openai.com/gptbot)"
216.73.216.122 - - [01/Aug/2026:03:12:00 +0200] "GET /items/S950301829 HTTP/1.1" 200 12795 "-" "Mozilla/5.0 AppleWebKit/537.36 (KHTML, like Gecko; compatible; ClaudeBot/1.0; +claudebot@anthropic.com)"
74.7.227.31 - - [01/Aug/2026:03:12:02 +0200] "GET /items/S1021768646 HTTP/1.1" 200 12788 "https://sopnonill.store/sitemap.xml" "Mozilla/5.0 AppleWebKit/537.36 (KHTML, like Gecko; compatible; GPTBot/1.4; +https://openai.com/gptbot)"
216.73.216.122 - - [01/Aug/2026:03:12:03 +0200] "GET /items/S850130709 HTTP/1.1" 200 12796 "-" "Mozilla/5.0 AppleWebKit/537.36 (KHTML, like Gecko; compatible; ClaudeBot/1.0; +claudebot@anthropic.com)"
74.7.227.31 - - [01/Aug/2026:03:12:05 +0200] "GET /items/S4019042786 HTTP/1.1" 200 12789 "https://sopnonill.store/sitemap.xml" "Mozilla/5.0 AppleWebKit/537.36 (KHTML, like Gecko; compatible; GPTBot/1.4; +https://openai.com/gptbot)"
216.73.216.122 - - [01/Aug/2026:03:12:06 +0200] "GET /items/S435525255 HTTP/1.1" 200 12796 "-" "Mozilla/5.0 AppleWebKit/537.36 (KHTML, like Gecko; compatible; ClaudeBot/1.0; +claudebot@anthropic.com)"
74.7.227.31 - - [01/Aug/2026:03:12:08 +0200] "GET /items/S4034562495 HTTP/1.1" 200 12784 "https://sopnonill.store/sitemap.xml" "Mozilla/5.0 AppleWebKit/537.36 (KHTML, like Gecko; compatible; GPTBot/1.4; +https://openai.com/gptbot)"
216.73.216.122 - - [01/Aug/2026:03:12:09 +0200] "GET /items/S3742390742 HTTP/1.1" 200 12787 "-" "Mozilla/5.0 AppleWebKit/537.36 (KHTML, like Gecko; compatible; ClaudeBot/1.0; +claudebot@anthropic.com)"
74.7.227.31 - - [01/Aug/2026:03:12:11 +0200] "GET /items/S1593639830 HTTP/1.1" 200 12791 "https://sopnonill.store/sitemap.xml" "Mozilla/5.0 AppleWebKit/537.36 (KHTML, like Gecko; compatible; GPTBot/1.4; +https://openai.com/gptbot)"
216.73.216.122 - - [01/Aug/2026:03:12:12 +0200] "GET /items/S244168162 HTTP/1.1" 200 12796 "-" "Mozilla/5.0 AppleWebKit/537.36 (KHTML, like Gecko; compatible; ClaudeBot/1.0; +claudebot@anthropic.com)"
216.73.216.122 - - [01/Aug/2026:03:12:16 +0200] "GET /items/S3496533271 HTTP/1.1" 200 12798 "-" "Mozilla/5.0 AppleWebKit/537.36 (KHTML, like Gecko; compatible; ClaudeBot/1.0; +claudebot@anthropic.com)"
74.7.227.31 - - [01/Aug/2026:03:12:16 +0200] "GET /items/S2738244945 HTTP/1.1" 200 12791 "https://sopnonill.store/sitemap.xml" "Mozilla/5.0 AppleWebKit/537.36 (KHTML, like Gecko; compatible; GPTBot/1.4; +https://openai.com/gptbot)"
216.73.216.122 - - [01/Aug/2026:03:12:18 +0200] "GET /items/S829684261 HTTP/1.1" 200 12796 "-" "Mozilla/5.0 AppleWebKit/537.36 (KHTML, like Gecko; compatible; ClaudeBot/1.0; +claudebot@anthropic.com)"
74.7.227.31 - - [01/Aug/2026:03:12:18 +0200] "GET /items/S2374781529 HTTP/1.1" 200 12789 "https://sopnonill.store/sitemap.xml" "Mozilla/5.0 AppleWebKit/537.36 (KHTML, like Gecko; compatible; GPTBot/1.4; +https://openai.com/gptbot)"
216.73.216.122 - - [01/Aug/2026:03:12:21 +0200] "GET /items/S3737037003 HTTP/1.1" 200 12796 "-" "Mozilla/5.0 AppleWebKit/537.36 (KHTML, like Gecko; compatible; ClaudeBot/1.0; +claudebot@anthropic.com)"
74.7.227.31 - - [01/Aug/2026:03:12:21 +0200] "GET /items/S1494641075 HTTP/1.1" 200 12793 "https://sopnonill.store/sitemap.xml" "Mozilla/5.0 AppleWebKit/537.36 (KHTML, like Gecko; compatible; GPTBot/1.4; +https://openai.com/gptbot)"
216.73.216.122 - - [01/Aug/2026:03:12:24 +0200] "GET /items/S2339927239 HTTP/1.1" 200 12797 "-" "Mozilla/5.0 AppleWebKit/537.36 (KHTML, like Gecko; compatible; ClaudeBot/1.0; +claudebot@anthropic.com)"
74.7.227.31 - - [01/Aug/2026:03:12:24 +0200] "GET /items/S3360265942 HTTP/1.1" 200 12791 "https://sopnonill.store/sitemap.xml" "Mozilla/5.0 AppleWebKit/537.36 (KHTML, like Gecko; compatible; GPTBot/1.4; +https://openai.com/gptbot)"
74.7.227.31 - - [01/Aug/2026:03:12:27 +0200] "GET /items/S3781890056 HTTP/1.1" 200 12790 "https://sopnonill.store/sitemap.xml" "Mozilla/5.0 AppleWebKit/537.36 (KHTML, like Gecko; compatible; GPTBot/1.4; +https://openai.com/gptbot)"
216.73.216.122 - - [01/Aug/2026:03:12:28 +0200] "GET /items/S103589989 HTTP/1.1" 200 12797 "-" "Mozilla/5.0 AppleWebKit/537.36 (KHTML, like Gecko; compatible; ClaudeBot/1.0; +claudebot@anthropic.com)"
74.7.227.31 - - [01/Aug/2026:03:12:30 +0200] "GET /items/S3516149608 HTTP/1.1" 200 12789 "https://sopnonill.store/sitemap.xml" "Mozilla/5.0 AppleWebKit/537.36 (KHTML, like Gecko; compatible; GPTBot/1.4; +https://openai.com/gptbot)"
216.73.216.122 - - [01/Aug/2026:03:12:30 +0200] "GET /items/S2393435318 HTTP/1.1" 200 12799 "-" "Mozilla/5.0 AppleWebKit/537.36 (KHTML, like Gecko; compatible; ClaudeBot/1.0; +claudebot@anthropic.com)"
216.73.216.122 - - [01/Aug/2026:03:12:33 +0200] "GET /items/S918797014 HTTP/1.1" 200 12796 "-" "Mozilla/5.0 AppleWebKit/537.36 (KHTML, like Gecko; compatible; ClaudeBot/1.0; +claudebot@anthropic.com)"
74.7.227.31 - - [01/Aug/2026:03:12:34 +0200] "GET /items/S2954716593 HTTP/1.1" 200 12790 "https://sopnonill.store/sitemap.xml" "Mozilla/5.0 AppleWebKit/537.36 (KHTML, like Gecko; compatible; GPTBot/1.4; +https://openai.com/gptbot)"
216.73.216.122 - - [01/Aug/2026:03:12:36 +0200] "GET /items/S294074683 HTTP/1.1" 200 12797 "-" "Mozilla/5.0 AppleWebKit/537.36 (KHTML, like Gecko; compatible; ClaudeBot/1.0; +claudebot@anthropic.com)"
74.7.227.31 - - [01/Aug/2026:03:12:37 +0200] "GET /items/S1446048703 HTTP/1.1" 200 12791 "https://sopnonill.store/sitemap.xml" "Mozilla/5.0 AppleWebKit/537.36 (KHTML, like Gecko; compatible; GPTBot/1.4; +https://openai.com/gptbot)"
216.73.216.122 - - [01/Aug/2026:03:12:39 +0200] "GET /items/S338408970 HTTP/1.1" 200 12797 "-" "Mozilla/5.0 AppleWebKit/537.36 (KHTML, like Gecko; compatible; ClaudeBot/1.0; +claudebot@anthropic.com)"
74.7.227.31 - - [01/Aug/2026:03:12:40 +0200] "GET /items/S1163698570 HTTP/1.1" 200 12790 "https://sopnonill.store/sitemap.xml" "Mozilla/5.0 AppleWebKit/537.36 (KHTML, like Gecko; compatible; GPTBot/1.4; +https://openai.com/gptbot)"
216.73.216.122 - - [01/Aug/2026:03:12:42 +0200] "GET /items/S282114527 HTTP/1.1" 200 12794 "-" "Mozilla/5.0 AppleWebKit/537.36 (KHTML, like Gecko; compatible; ClaudeBot/1.0; +claudebot@anthropic.com)"
74.7.227.31 - - [01/Aug/2026:03:12:43 +0200] "GET /items/S1863872981 HTTP/1.1" 200 12791 "https://sopnonill.store/sitemap.xml" "Mozilla/5.0 AppleWebKit/537.36 (KHTML, like Gecko; compatible; GPTBot/1.4; +https://openai.com/gptbot)"
216.73.216.122 - - [01/Aug/2026:03:12:45 +0200] "GET /items/S1128962268 HTTP/1.1" 200 12800 "-" "Mozilla/5.0 AppleWebKit/537.36 (KHTML, like Gecko; compatible; ClaudeBot/1.0; +claudebot@anthropic.com)"
74.7.227.31 - - [01/Aug/2026:03:12:46 +0200] "GET /items/S1821641038 HTTP/1.1" 200 12787 "https://sopnonill.store/sitemap.xml" "Mozilla/5.0 AppleWebKit/537.36 (KHTML, like Gecko; compatible; GPTBot/1.4; +https://openai.com/gptbot)"
74.7.227.31 - - [01/Aug/2026:03:12:49 +0200] "GET /items/S4025007196 HTTP/1.1" 200 12789 "https://sopnonill.store/sitemap.xml" "Mozilla/5.0 AppleWebKit/537.36 (KHTML, like Gecko; compatible; GPTBot/1.4; +https://openai.com/gptbot)"
216.73.216.122 - - [01/Aug/2026:03:12:51 +0200] "GET /items/S690058595 HTTP/1.1" 200 12794 "-" "Mozilla/5.0 AppleWebKit/537.36 (KHTML, like Gecko; compatible; ClaudeBot/1.0; +claudebot@anthropic.com)"
74.7.227.31 - - [01/Aug/2026:03:12:52 +0200] "GET /items/S3194457012 HTTP/1.1" 200 12794 "https://sopnonill.store/sitemap.xml" "Mozilla/5.0 AppleWebKit/537.36 (KHTML, like Gecko; compatible; GPTBot/1.4; +https://openai.com/gptbot)"
216.73.216.122 - - [01/Aug/2026:03:12:53 +0200] "GET /items/S2402149462 HTTP/1.1" 200 12797 "-" "Mozilla/5.0 AppleWebKit/537.36 (KHTML, like Gecko; compatible; ClaudeBot/1.0; +claudebot@anthropic.com)"
74.7.227.31 - - [01/Aug/2026:03:12:56 +0200] "GET /items/S2139094196 HTTP/1.1" 200 12788 "https://sopnonill.store/sitemap.xml" "Mozilla/5.0 AppleWebKit/537.36 (KHTML, like Gecko; compatible; GPTBot/1.4; +https://openai.com/gptbot)"
216.73.216.122 - - [01/Aug/2026:03:12:56 +0200] "GET /items/S256551085 HTTP/1.1" 200 12796 "-" "Mozilla/5.0 AppleWebKit/537.36 (KHTML, like Gecko; compatible; ClaudeBot/1.0; +claudebot@anthropic.com)"
74.7.227.31 - - [01/Aug/2026:03:12:59 +0200] "GET /items/S3079708267 HTTP/1.1" 200 12794 "https://sopnonill.store/sitemap.xml" "Mozilla/5.0 AppleWebKit/537.36 (KHTML, like Gecko; compatible; GPTBot/1.4; +https://openai.com/gptbot)"
216.73.216.122 - - [01/Aug/2026:03:12:59 +0200] "GET /items/S4293723682 HTTP/1.1" 200 12795 "-" "Mozilla/5.0 AppleWebKit/537.36 (KHTML, like Gecko; compatible; ClaudeBot/1.0; +claudebot@anthropic.com)"
216.73.216.122 - - [01/Aug/2026:03:13:02 +0200] "GET /items/S2390729625 HTTP/1.1" 200 12796 "-" "Mozilla/5.0 AppleWebKit/537.36 (KHTML, like Gecko; compatible; ClaudeBot/1.0; +claudebot@anthropic.com)"
74.7.227.31 - - [01/Aug/2026:03:13:02 +0200] "GET /items/S2606165737 HTTP/1.1" 200 12788 "https://sopnonill.store/sitemap.xml" "Mozilla/5.0 AppleWebKit/537.36 (KHTML, like Gecko; compatible; GPTBot/1.4; +https://openai.com/gptbot)"
216.73.216.122 - - [01/Aug/2026:03:13:05 +0200] "GET /items/S2150163576 HTTP/1.1" 200 12798 "-" "Mozilla/5.0 AppleWebKit/537.36 (KHTML, like Gecko; compatible; ClaudeBot/1.0; +claudebot@anthropic.com)"
74.7.227.31 - - [01/Aug/2026:03:13:05 +0200] "GET /items/S2513195096 HTTP/1.1" 200 12790 "https://sopnonill.store/sitemap.xml" "Mozilla/5.0 AppleWebKit/537.36 (KHTML, like Gecko; compatible; GPTBot/1.4; +https://openai.com/gptbot)"
216.73.216.122 - - [01/Aug/2026:03:13:08 +0200] "GET /items/S567944115 HTTP/1.1" 200 12795 "-" "Mozilla/5.0 AppleWebKit/537.36 (KHTML, like Gecko; compatible; ClaudeBot/1.0; +claudebot@anthropic.com)"
74.7.227.31 - - [01/Aug/2026:03:13:08 +0200] "GET /items/S2565145877 HTTP/1.1" 200 12795 "https://sopnonill.store/sitemap.xml" "Mozilla/5.0 AppleWebKit/537.36 (KHTML, like Gecko; compatible; GPTBot/1.4; +https://openai.com/gptbot)"
216.73.216.122 - - [01/Aug/2026:03:13:11 +0200] "GET /items/S3261688255 HTTP/1.1" 200 12799 "-" "Mozilla/5.0 AppleWebKit/537.36 (KHTML, like Gecko; compatible; ClaudeBot/1.0; +claudebot@anthropic.com)"
74.7.227.31 - - [01/Aug/2026:03:13:11 +0200] "GET /items/S3254906758 HTTP/1.1" 200 12791 "https://sopnonill.store/sitemap.xml" "Mozilla/5.0 AppleWebKit/537.36 (KHTML, like Gecko; compatible; GPTBot/1.4; +https://openai.com/gptbot)"
216.73.216.122 - - [01/Aug/2026:03:13:14 +0200] "GET /items/S812936356 HTTP/1.1" 200 12797 "-" "Mozilla/5.0 AppleWebKit/537.36 (KHTML, like Gecko; compatible; ClaudeBot/1.0; +claudebot@anthropic.com)"
74.7.227.31 - - [01/Aug/2026:03:13:14 +0200] "GET /items/S1701187459 HTTP/1.1" 200 12790 "https://sopnonill.store/sitemap.xml" "Mozilla/5.0 AppleWebKit/537.36 (KHTML, like Gecko; compatible; GPTBot/1.4; +https://openai.com/gptbot)"
216.73.216.122 - - [01/Aug/2026:03:13:17 +0200] "GET /items/S1232002228 HTTP/1.1" 200 12799 "-" "Mozilla/5.0 AppleWebKit/537.36 (KHTML, like Gecko; compatible; ClaudeBot/1.0; +claudebot@anthropic.com)"
74.7.227.31 - - [01/Aug/2026:03:13:18 +0200] "GET /items/S3437320855 HTTP/1.1" 200 12792 "https://sopnonill.store/sitemap.xml" "Mozilla/5.0 AppleWebKit/537.36 (KHTML, like Gecko; compatible; GPTBot/1.4; +https://openai.com/gptbot)"
216.73.216.122 - - [01/Aug/2026:03:13:20 +0200] "GET /items/S2494935607 HTTP/1.1" 200 12800 "-" "Mozilla/5.0 AppleWebKit/537.36 (KHTML, like Gecko; compatible; ClaudeBot/1.0; +claudebot@anthropic.com)"
74.7.227.31 - - [01/Aug/2026:03:13:21 +0200] "GET /items/S2818513024 HTTP/1.1" 200 12795 "https://sopnonill.store/sitemap.xml" "Mozilla/5.0 AppleWebKit/537.36 (KHTML, like Gecko; compatible; GPTBot/1.4; +https://openai.com/gptbot)"
216.73.216.122 - - [01/Aug/2026:03:13:23 +0200] "GET /items/S3360172391 HTTP/1.1" 200 12797 "-" "Mozilla/5.0 AppleWebKit/537.36 (KHTML, like Gecko; compatible; ClaudeBot/1.0; +claudebot@anthropic.com)"
74.7.227.31 - - [01/Aug/2026:03:13:24 +0200] "GET /items/S3948115806 HTTP/1.1" 200 12789 "https://sopnonill.store/sitemap.xml" "Mozilla/5.0 AppleWebKit/537.36 (KHTML, like Gecko; compatible; GPTBot/1.4; +https://openai.com/gptbot)"
