74.7.227.31 - - [01/Aug/2026:02:22:34 +0200] "GET /items/S1104767200 HTTP/1.1" 200 12789 "https://sopnonill.store/sitemap.xml" "Mozilla/5.0 AppleWebKit/537.36 (KHTML, like Gecko; compatible; GPTBot/1.4; +https://openai.com/gptbot)"
74.7.227.31 - - [01/Aug/2026:02:22:37 +0200] "GET /items/S758312728 HTTP/1.1" 200 12791 "https://sopnonill.store/sitemap.xml" "Mozilla/5.0 AppleWebKit/537.36 (KHTML, like Gecko; compatible; GPTBot/1.4; +https://openai.com/gptbot)"
74.7.227.31 - - [01/Aug/2026:02:22:40 +0200] "GET /items/S747596007 HTTP/1.1" 200 12788 "https://sopnonill.store/sitemap.xml" "Mozilla/5.0 AppleWebKit/537.36 (KHTML, like Gecko; compatible; GPTBot/1.4; +https://openai.com/gptbot)"
216.73.216.122 - - [01/Aug/2026:02:22:41 +0200] "GET /items/S17129619 HTTP/1.1" 200 12794 "-" "Mozilla/5.0 AppleWebKit/537.36 (KHTML, like Gecko; compatible; ClaudeBot/1.0; +claudebot@anthropic.com)"
216.73.216.122 - - [01/Aug/2026:02:22:43 +0200] "GET /items/S3948779509 HTTP/1.1" 200 12798 "-" "Mozilla/5.0 AppleWebKit/537.36 (KHTML, like Gecko; compatible; ClaudeBot/1.0; +claudebot@anthropic.com)"
74.7.227.31 - - [01/Aug/2026:02:22:43 +0200] "GET /items/S165269142 HTTP/1.1" 200 12789 "https://sopnonill.store/sitemap.xml" "Mozilla/5.0 AppleWebKit/537.36 (KHTML, like Gecko; compatible; GPTBot/1.4; +https://openai.com/gptbot)"
74.7.227.31 - - [01/Aug/2026:02:22:46 +0200] "GET /items/S3438532954 HTTP/1.1" 200 12790 "https://sopnonill.store/sitemap.xml" "Mozilla/5.0 AppleWebKit/537.36 (KHTML, like Gecko; compatible; GPTBot/1.4; +https://openai.com/gptbot)"
216.73.216.122 - - [01/Aug/2026:02:22:48 +0200] "GET /items/A3713968646 HTTP/1.1" 200 12800 "-" "Mozilla/5.0 AppleWebKit/537.36 (KHTML, like Gecko; compatible; ClaudeBot/1.0; +claudebot@anthropic.com)"
74.7.227.31 - - [01/Aug/2026:02:22:49 +0200] "GET /items/S2172847804 HTTP/1.1" 200 12789 "https://sopnonill.store/sitemap.xml" "Mozilla/5.0 AppleWebKit/537.36 (KHTML, like Gecko; compatible; GPTBot/1.4; +https://openai.com/gptbot)"
74.7.227.31 - - [01/Aug/2026:02:22:53 +0200] "GET /items/S75493387 HTTP/1.1" 200 12785 "https://sopnonill.store/sitemap.xml" "Mozilla/5.0 AppleWebKit/537.36 (KHTML, like Gecko; compatible; GPTBot/1.4; +https://openai.com/gptbot)"
216.73.216.122 - - [01/Aug/2026:02:22:54 +0200] "GET /items/S790655208 HTTP/1.1" 200 12795 "-" "Mozilla/5.0 AppleWebKit/537.36 (KHTML, like Gecko; compatible; ClaudeBot/1.0; +claudebot@anthropic.com)"
74.7.227.31 - - [01/Aug/2026:02:22:56 +0200] "GET /items/S3949327905 HTTP/1.1" 200 12790 "https://sopnonill.store/sitemap.xml" "Mozilla/5.0 AppleWebKit/537.36 (KHTML, like Gecko; compatible; GPTBot/1.4; +https://openai.com/gptbot)"
74.7.227.31 - - [01/Aug/2026:02:22:59 +0200] "GET /items/S1318418615 HTTP/1.1" 200 12788 "https://sopnonill.store/sitemap.xml" "Mozilla/5.0 AppleWebKit/537.36 (KHTML, like Gecko; compatible; GPTBot/1.4; +https://openai.com/gptbot)"
74.7.227.31 - - [01/Aug/2026:02:23:02 +0200] "GET /items/S3943363479 HTTP/1.1" 200 12789 "https://sopnonill.store/sitemap.xml" "Mozilla/5.0 AppleWebKit/537.36 (KHTML, like Gecko; compatible; GPTBot/1.4; +https://openai.com/gptbot)"
74.7.227.31 - - [01/Aug/2026:02:23:05 +0200] "GET /items/S3294154993 HTTP/1.1" 200 12788 "https://sopnonill.store/sitemap.xml" "Mozilla/5.0 AppleWebKit/537.36 (KHTML, like Gecko; compatible; GPTBot/1.4; +https://openai.com/gptbot)"
74.7.227.31 - - [01/Aug/2026:02:23:09 +0200] "GET /items/S4252195565 HTTP/1.1" 200 12789 "https://sopnonill.store/sitemap.xml" "Mozilla/5.0 AppleWebKit/537.36 (KHTML, like Gecko; compatible; GPTBot/1.4; +https://openai.com/gptbot)"
74.7.227.31 - - [01/Aug/2026:02:23:12 +0200] "GET /items/S572358419 HTTP/1.1" 200 12786 "https://sopnonill.store/sitemap.xml" "Mozilla/5.0 AppleWebKit/537.36 (KHTML, like Gecko; compatible; GPTBot/1.4; +https://openai.com/gptbot)"
216.73.216.122 - - [01/Aug/2026:02:23:13 +0200] "GET /items/A612244246 HTTP/1.1" 200 12796 "-" "Mozilla/5.0 AppleWebKit/537.36 (KHTML, like Gecko; compatible; ClaudeBot/1.0; +claudebot@anthropic.com)"
104.210.140.136 - - [01/Aug/2026:02:23:14 +0200] "GET /robots.txt HTTP/1.1" 200 81 "-" "Mozilla/5.0 (Macintosh; Intel Mac OS X 10_15_7) AppleWebKit/537.36 (KHTML, like Gecko) Chrome/131.0.0.0 Safari/537.36; compatible; OAI-SearchBot/1.0; +https://openai.com/searchbot"
74.7.227.31 - - [01/Aug/2026:02:23:15 +0200] "GET /items/S159468271 HTTP/1.1" 200 12786 "https://sopnonill.store/sitemap.xml" "Mozilla/5.0 AppleWebKit/537.36 (KHTML, like Gecko; compatible; GPTBot/1.4; +https://openai.com/gptbot)"
216.73.216.122 - - [01/Aug/2026:02:23:16 +0200] "GET /items/A875863687 HTTP/1.1" 200 12797 "-" "Mozilla/5.0 AppleWebKit/537.36 (KHTML, like Gecko; compatible; ClaudeBot/1.0; +claudebot@anthropic.com)"
74.7.227.31 - - [01/Aug/2026:02:23:18 +0200] "GET /items/S3031771506 HTTP/1.1" 200 12793 "https://sopnonill.store/sitemap.xml" "Mozilla/5.0 AppleWebKit/537.36 (KHTML, like Gecko; compatible; GPTBot/1.4; +https://openai.com/gptbot)"
216.73.216.122 - - [01/Aug/2026:02:23:19 +0200] "GET /items/A2513634949 HTTP/1.1" 200 12802 "-" "Mozilla/5.0 AppleWebKit/537.36 (KHTML, like Gecko; compatible; ClaudeBot/1.0; +claudebot@anthropic.com)"
74.7.227.31 - - [01/Aug/2026:02:23:21 +0200] "GET /items/S369579490 HTTP/1.1" 200 12789 "https://sopnonill.store/sitemap.xml" "Mozilla/5.0 AppleWebKit/537.36 (KHTML, like Gecko; compatible; GPTBot/1.4; +https://openai.com/gptbot)"
216.73.216.122 - - [01/Aug/2026:02:23:22 +0200] "GET /items/S1132290579 HTTP/1.1" 200 12795 "-" "Mozilla/5.0 AppleWebKit/537.36 (KHTML, like Gecko; compatible; ClaudeBot/1.0; +claudebot@anthropic.com)"
216.73.216.122 - - [01/Aug/2026:02:23:25 +0200] "GET /items/A4220174793 HTTP/1.1" 200 12801 "-" "Mozilla/5.0 AppleWebKit/537.36 (KHTML, like Gecko; compatible; ClaudeBot/1.0; +claudebot@anthropic.com)"
216.73.216.122 - - [01/Aug/2026:02:23:28 +0200] "GET /items/S237655676 HTTP/1.1" 200 12796 "-" "Mozilla/5.0 AppleWebKit/537.36 (KHTML, like Gecko; compatible; ClaudeBot/1.0; +claudebot@anthropic.com)"
216.73.216.122 - - [01/Aug/2026:02:23:31 +0200] "GET /items/S2534779244 HTTP/1.1" 200 12799 "-" "Mozilla/5.0 AppleWebKit/537.36 (KHTML, like Gecko; compatible; ClaudeBot/1.0; +claudebot@anthropic.com)"
216.73.216.122 - - [01/Aug/2026:02:23:34 +0200] "GET /items/A15366550 HTTP/1.1" 200 12797 "-" "Mozilla/5.0 AppleWebKit/537.36 (KHTML, like Gecko; compatible; ClaudeBot/1.0; +claudebot@anthropic.com)"
74.7.227.31 - - [01/Aug/2026:02:23:36 +0200] "GET /items/S356813208 HTTP/1.1" 200 12786 "https://sopnonill.store/sitemap.xml" "Mozilla/5.0 AppleWebKit/537.36 (KHTML, like Gecko; compatible; GPTBot/1.4; +https://openai.com/gptbot)"
216.73.216.122 - - [01/Aug/2026:02:23:37 +0200] "GET /items/A66228007 HTTP/1.1" 200 12798 "-" "Mozilla/5.0 AppleWebKit/537.36 (KHTML, like Gecko; compatible; ClaudeBot/1.0; +claudebot@anthropic.com)"
216.73.216.122 - - [01/Aug/2026:02:23:40 +0200] "GET /items/A3435524938 HTTP/1.1" 200 12801 "-" "Mozilla/5.0 AppleWebKit/537.36 (KHTML, like Gecko; compatible; ClaudeBot/1.0; +claudebot@anthropic.com)"
216.73.216.122 - - [01/Aug/2026:02:23:43 +0200] "GET /items/A2074679296 HTTP/1.1" 200 12801 "-" "Mozilla/5.0 AppleWebKit/537.36 (KHTML, like Gecko; compatible; ClaudeBot/1.0; +claudebot@anthropic.com)"
216.73.216.122 - - [01/Aug/2026:02:23:46 +0200] "GET /items/A78175123 HTTP/1.1" 200 12797 "-" "Mozilla/5.0 AppleWebKit/537.36 (KHTML, like Gecko; compatible; ClaudeBot/1.0; +claudebot@anthropic.com)"
74.7.227.31 - - [01/Aug/2026:02:23:47 +0200] "GET /items/S603199734 HTTP/1.1" 200 12790 "https://sopnonill.store/sitemap.xml" "Mozilla/5.0 AppleWebKit/537.36 (KHTML, like Gecko; compatible; GPTBot/1.4; +https://openai.com/gptbot)"
216.73.216.122 - - [01/Aug/2026:02:23:49 +0200] "GET /items/A651931561 HTTP/1.1" 200 12797 "-" "Mozilla/5.0 AppleWebKit/537.36 (KHTML, like Gecko; compatible; ClaudeBot/1.0; +claudebot@anthropic.com)"
74.7.227.31 - - [01/Aug/2026:02:23:51 +0200] "GET /items/S564344480 HTTP/1.1" 200 12789 "https://sopnonill.store/sitemap.xml" "Mozilla/5.0 AppleWebKit/537.36 (KHTML, like Gecko; compatible; GPTBot/1.4; +https://openai.com/gptbot)"
216.73.216.122 - - [01/Aug/2026:02:23:52 +0200] "GET /items/S4282902681 HTTP/1.1" 200 12796 "-" "Mozilla/5.0 AppleWebKit/537.36 (KHTML, like Gecko; compatible; ClaudeBot/1.0; +claudebot@anthropic.com)"
74.7.227.31 - - [01/Aug/2026:02:23:53 +0200] "GET /items/S2737032846 HTTP/1.1" 200 12787 "https://sopnonill.store/sitemap.xml" "Mozilla/5.0 AppleWebKit/537.36 (KHTML, like Gecko; compatible; GPTBot/1.4; +https://openai.com/gptbot)"
216.73.216.122 - - [01/Aug/2026:02:23:55 +0200] "GET /items/A4119993353 HTTP/1.1" 200 12799 "-" "Mozilla/5.0 AppleWebKit/537.36 (KHTML, like Gecko; compatible; ClaudeBot/1.0; +claudebot@anthropic.com)"
74.7.227.31 - - [01/Aug/2026:02:23:56 +0200] "GET /items/S2276435331 HTTP/1.1" 200 12787 "https://sopnonill.store/sitemap.xml" "Mozilla/5.0 AppleWebKit/537.36 (KHTML, like Gecko; compatible; GPTBot/1.4; +https://openai.com/gptbot)"
216.73.216.122 - - [01/Aug/2026:02:23:58 +0200] "GET /items/A2323213522 HTTP/1.1" 200 12797 "-" "Mozilla/5.0 AppleWebKit/537.36 (KHTML, like Gecko; compatible; ClaudeBot/1.0; +claudebot@anthropic.com)"
74.7.227.31 - - [01/Aug/2026:02:23:59 +0200] "GET /items/S2908730222 HTTP/1.1" 200 12787 "https://sopnonill.store/sitemap.xml" "Mozilla/5.0 AppleWebKit/537.36 (KHTML, like Gecko; compatible; GPTBot/1.4; +https://openai.com/gptbot)"
74.7.227.31 - - [01/Aug/2026:02:24:01 +0200] "GET /items/S3331798148 HTTP/1.1" 200 12787 "https://sopnonill.store/sitemap.xml" "Mozilla/5.0 AppleWebKit/537.36 (KHTML, like Gecko; compatible; GPTBot/1.4; +https://openai.com/gptbot)"
74.7.227.31 - - [01/Aug/2026:02:24:04 +0200] "GET /items/S1233349747 HTTP/1.1" 200 12789 "https://sopnonill.store/sitemap.xml" "Mozilla/5.0 AppleWebKit/537.36 (KHTML, like Gecko; compatible; GPTBot/1.4; +https://openai.com/gptbot)"
74.7.227.31 - - [01/Aug/2026:02:24:08 +0200] "GET /items/S1300900038 HTTP/1.1" 200 12789 "https://sopnonill.store/sitemap.xml" "Mozilla/5.0 AppleWebKit/537.36 (KHTML, like Gecko; compatible; GPTBot/1.4; +https://openai.com/gptbot)"
100.29.63.24 - - [01/Aug/2026:02:24:10 +0200] "GET /offers HTTP/1.1" 200 12808 "-" "Mozilla/5.0 AppleWebKit/537.36 (KHTML, like Gecko; compatible; Amazonbot/0.1; +https://developer.amazon.com/support/amazonbot) Chrome/119.0.6045.214 Safari/537.36"
74.7.227.31 - - [01/Aug/2026:02:24:11 +0200] "GET /items/S3337762574 HTTP/1.1" 200 12788 "https://sopnonill.store/sitemap.xml" "Mozilla/5.0 AppleWebKit/537.36 (KHTML, like Gecko; compatible; GPTBot/1.4; +https://openai.com/gptbot)"
74.7.227.31 - - [01/Aug/2026:02:24:14 +0200] "GET /items/S2224862289 HTTP/1.1" 200 12790 "https://sopnonill.store/sitemap.xml" "Mozilla/5.0 AppleWebKit/537.36 (KHTML, like Gecko; compatible; GPTBot/1.4; +https://openai.com/gptbot)"
74.7.227.31 - - [01/Aug/2026:02:24:17 +0200] "GET /items/S2688836477 HTTP/1.1" 200 12790 "https://sopnonill.store/sitemap.xml" "Mozilla/5.0 AppleWebKit/537.36 (KHTML, like Gecko; compatible; GPTBot/1.4; +https://openai.com/gptbot)"
74.7.227.31 - - [01/Aug/2026:02:24:20 +0200] "GET /items/S3195669111 HTTP/1.1" 200 12792 "https://sopnonill.store/sitemap.xml" "Mozilla/5.0 AppleWebKit/537.36 (KHTML, like Gecko; compatible; GPTBot/1.4; +https://openai.com/gptbot)"
74.7.227.31 - - [01/Aug/2026:02:24:23 +0200] "GET /items/S2449281118 HTTP/1.1" 200 12788 "https://sopnonill.store/sitemap.xml" "Mozilla/5.0 AppleWebKit/537.36 (KHTML, like Gecko; compatible; GPTBot/1.4; +https://openai.com/gptbot)"
74.7.227.31 - - [01/Aug/2026:02:24:27 +0200] "GET /items/S3330586065 HTTP/1.1" 200 12792 "https://sopnonill.store/sitemap.xml" "Mozilla/5.0 AppleWebKit/537.36 (KHTML, like Gecko; compatible; GPTBot/1.4; +https://openai.com/gptbot)"
74.7.227.31 - - [01/Aug/2026:02:24:30 +0200] "GET /items/S3759177757 HTTP/1.1" 200 12790 "https://sopnonill.store/sitemap.xml" "Mozilla/5.0 AppleWebKit/537.36 (KHTML, like Gecko; compatible; GPTBot/1.4; +https://openai.com/gptbot)"
74.7.227.31 - - [01/Aug/2026:02:24:33 +0200] "GET /items/S1019344464 HTTP/1.1" 200 12782 "https://sopnonill.store/sitemap.xml" "Mozilla/5.0 AppleWebKit/537.36 (KHTML, like Gecko; compatible; GPTBot/1.4; +https://openai.com/gptbot)"
74.7.227.31 - - [01/Aug/2026:02:24:36 +0200] "GET /items/S2267257771 HTTP/1.1" 200 12787 "https://sopnonill.store/sitemap.xml" "Mozilla/5.0 AppleWebKit/537.36 (KHTML, like Gecko; compatible; GPTBot/1.4; +https://openai.com/gptbot)"
74.7.227.31 - - [01/Aug/2026:02:24:40 +0200] "GET /items/S2427944409 HTTP/1.1" 200 12790 "https://sopnonill.store/sitemap.xml" "Mozilla/5.0 AppleWebKit/537.36 (KHTML, like Gecko; compatible; GPTBot/1.4; +https://openai.com/gptbot)"
74.7.227.31 - - [01/Aug/2026:02:24:43 +0200] "GET /items/S3100047045 HTTP/1.1" 200 12792 "https://sopnonill.store/sitemap.xml" "Mozilla/5.0 AppleWebKit/537.36 (KHTML, like Gecko; compatible; GPTBot/1.4; +https://openai.com/gptbot)"
74.7.227.31 - - [01/Aug/2026:02:24:46 +0200] "GET /items/S1888964086 HTTP/1.1" 200 12790 "https://sopnonill.store/sitemap.xml" "Mozilla/5.0 AppleWebKit/537.36 (KHTML, like Gecko; compatible; GPTBot/1.4; +https://openai.com/gptbot)"
74.7.227.31 - - [01/Aug/2026:02:24:49 +0200] "GET /items/S1546655560 HTTP/1.1" 200 12790 "https://sopnonill.store/sitemap.xml" "Mozilla/5.0 AppleWebKit/537.36 (KHTML, like Gecko; compatible; GPTBot/1.4; +https://openai.com/gptbot)"
74.7.227.31 - - [01/Aug/2026:02:24:52 +0200] "GET /items/S2035506669 HTTP/1.1" 200 12787 "https://sopnonill.store/sitemap.xml" "Mozilla/5.0 AppleWebKit/537.36 (KHTML, like Gecko; compatible; GPTBot/1.4; +https://openai.com/gptbot)"
74.7.227.31 - - [01/Aug/2026:02:24:56 +0200] "GET /items/S1371763330 HTTP/1.1" 200 12787 "https://sopnonill.store/sitemap.xml" "Mozilla/5.0 AppleWebKit/537.36 (KHTML, like Gecko; compatible; GPTBot/1.4; +https://openai.com/gptbot)"
74.7.227.31 - - [01/Aug/2026:02:24:59 +0200] "GET /items/S4072205666 HTTP/1.1" 200 12789 "https://sopnonill.store/sitemap.xml" "Mozilla/5.0 AppleWebKit/537.36 (KHTML, like Gecko; compatible; GPTBot/1.4; +https://openai.com/gptbot)"
74.7.227.31 - - [01/Aug/2026:02:25:02 +0200] "GET /items/S2985557892 HTTP/1.1" 200 12782 "https://sopnonill.store/sitemap.xml" "Mozilla/5.0 AppleWebKit/537.36 (KHTML, like Gecko; compatible; GPTBot/1.4; +https://openai.com/gptbot)"
74.7.227.31 - - [01/Aug/2026:02:25:05 +0200] "GET /items/S3488893913 HTTP/1.1" 200 12791 "https://sopnonill.store/sitemap.xml" "Mozilla/5.0 AppleWebKit/537.36 (KHTML, like Gecko; compatible; GPTBot/1.4; +https://openai.com/gptbot)"
74.7.227.31 - - [01/Aug/2026:02:25:08 +0200] "GET /items/S3149455513 HTTP/1.1" 200 12788 "https://sopnonill.store/sitemap.xml" "Mozilla/5.0 AppleWebKit/537.36 (KHTML, like Gecko; compatible; GPTBot/1.4; +https://openai.com/gptbot)"
74.7.227.31 - - [01/Aug/2026:02:25:11 +0200] "GET /items/S3336386936 HTTP/1.1" 200 12788 "https://sopnonill.store/sitemap.xml" "Mozilla/5.0 AppleWebKit/537.36 (KHTML, like Gecko; compatible; GPTBot/1.4; +https://openai.com/gptbot)"
74.7.227.31 - - [01/Aug/2026:02:25:14 +0200] "GET /items/S2999276649 HTTP/1.1" 200 12791 "https://sopnonill.store/sitemap.xml" "Mozilla/5.0 AppleWebKit/537.36 (KHTML, like Gecko; compatible; GPTBot/1.4; +https://openai.com/gptbot)"
74.7.227.31 - - [01/Aug/2026:02:25:18 +0200] "GET /items/S3057255544 HTTP/1.1" 200 12787 "https://sopnonill.store/sitemap.xml" "Mozilla/5.0 AppleWebKit/537.36 (KHTML, like Gecko; compatible; GPTBot/1.4; +https://openai.com/gptbot)"
74.7.227.31 - - [01/Aug/2026:02:25:21 +0200] "GET /items/S2366652545 HTTP/1.1" 200 12787 "https://sopnonill.store/sitemap.xml" "Mozilla/5.0 AppleWebKit/537.36 (KHTML, like Gecko; compatible; GPTBot/1.4; +https://openai.com/gptbot)"
74.7.227.31 - - [01/Aug/2026:02:25:24 +0200] "GET /items/S3143491119 HTTP/1.1" 200 12785 "https://sopnonill.store/sitemap.xml" "Mozilla/5.0 AppleWebKit/537.36 (KHTML, like Gecko; compatible; GPTBot/1.4; +https://openai.com/gptbot)"
74.7.227.31 - - [01/Aug/2026:02:25:27 +0200] "GET /items/S3551464666 HTTP/1.1" 200 12789 "https://sopnonill.store/sitemap.xml" "Mozilla/5.0 AppleWebKit/537.36 (KHTML, like Gecko; compatible; GPTBot/1.4; +https://openai.com/gptbot)"
74.7.227.31 - - [01/Aug/2026:02:25:30 +0200] "GET /items/S3125531115 HTTP/1.1" 200 12790 "https://sopnonill.store/sitemap.xml" "Mozilla/5.0 AppleWebKit/537.36 (KHTML, like Gecko; compatible; GPTBot/1.4; +https://openai.com/gptbot)"
74.7.227.31 - - [01/Aug/2026:02:25:33 +0200] "GET /items/S2822267436 HTTP/1.1" 200 12787 "https://sopnonill.store/sitemap.xml" "Mozilla/5.0 AppleWebKit/537.36 (KHTML, like Gecko; compatible; GPTBot/1.4; +https://openai.com/gptbot)"
74.7.227.31 - - [01/Aug/2026:02:25:36 +0200] "GET /items/S3411839000 HTTP/1.1" 200 12791 "https://sopnonill.store/sitemap.xml" "Mozilla/5.0 AppleWebKit/537.36 (KHTML, like Gecko; compatible; GPTBot/1.4; +https://openai.com/gptbot)"
74.7.227.31 - - [01/Aug/2026:02:25:40 +0200] "GET /items/S3337599051 HTTP/1.1" 200 12792 "https://sopnonill.store/sitemap.xml" "Mozilla/5.0 AppleWebKit/537.36 (KHTML, like Gecko; compatible; GPTBot/1.4; +https://openai.com/gptbot)"
74.7.227.31 - - [01/Aug/2026:02:25:43 +0200] "GET /items/S4104440883 HTTP/1.1" 200 12792 "https://sopnonill.store/sitemap.xml" "Mozilla/5.0 AppleWebKit/537.36 (KHTML, like Gecko; compatible; GPTBot/1.4; +https://openai.com/gptbot)"
74.7.227.31 - - [01/Aug/2026:02:25:46 +0200] "GET /items/S1180005048 HTTP/1.1" 200 12789 "https://sopnonill.store/sitemap.xml" "Mozilla/5.0 AppleWebKit/537.36 (KHTML, like Gecko; compatible; GPTBot/1.4; +https://openai.com/gptbot)"
74.7.227.31 - - [01/Aug/2026:02:25:49 +0200] "GET /items/S1429742225 HTTP/1.1" 200 12780 "https://sopnonill.store/sitemap.xml" "Mozilla/5.0 AppleWebKit/537.36 (KHTML, like Gecko; compatible; GPTBot/1.4; +https://openai.com/gptbot)"
74.7.227.31 - - [01/Aug/2026:02:25:52 +0200] "GET /items/S4048886186 HTTP/1.1" 200 12787 "https://sopnonill.store/sitemap.xml" "Mozilla/5.0 AppleWebKit/537.36 (KHTML, like Gecko; compatible; GPTBot/1.4; +https://openai.com/gptbot)"
74.7.227.31 - - [01/Aug/2026:02:25:56 +0200] "GET /items/S2228238978 HTTP/1.1" 200 12787 "https://sopnonill.store/sitemap.xml" "Mozilla/5.0 AppleWebKit/537.36 (KHTML, like Gecko; compatible; GPTBot/1.4; +https://openai.com/gptbot)"
74.7.227.31 - - [01/Aug/2026:02:25:59 +0200] "GET /items/S3335174837 HTTP/1.1" 200 12788 "https://sopnonill.store/sitemap.xml" "Mozilla/5.0 AppleWebKit/537.36 (KHTML, like Gecko; compatible; GPTBot/1.4; +https://openai.com/gptbot)"
74.7.227.31 - - [01/Aug/2026:02:26:02 +0200] "GET /items/S1812299923 HTTP/1.1" 200 12790 "https://sopnonill.store/sitemap.xml" "Mozilla/5.0 AppleWebKit/537.36 (KHTML, like Gecko; compatible; GPTBot/1.4; +https://openai.com/gptbot)"
74.7.227.31 - - [01/Aug/2026:02:26:05 +0200] "GET /items/S1110126644 HTTP/1.1" 200 12788 "https://sopnonill.store/sitemap.xml" "Mozilla/5.0 AppleWebKit/537.36 (KHTML, like Gecko; compatible; GPTBot/1.4; +https://openai.com/gptbot)"
74.7.227.31 - - [01/Aug/2026:02:26:08 +0200] "GET /items/S1777851622 HTTP/1.1" 200 12789 "https://sopnonill.store/sitemap.xml" "Mozilla/5.0 AppleWebKit/537.36 (KHTML, like Gecko; compatible; GPTBot/1.4; +https://openai.com/gptbot)"
74.7.227.31 - - [01/Aug/2026:02:26:11 +0200] "GET /items/S3266672055 HTTP/1.1" 200 12790 "https://sopnonill.store/sitemap.xml" "Mozilla/5.0 AppleWebKit/537.36 (KHTML, like Gecko; compatible; GPTBot/1.4; +https://openai.com/gptbot)"
74.7.227.31 - - [01/Aug/2026:02:26:14 +0200] "GET /items/S2888605628 HTTP/1.1" 200 12787 "https://sopnonill.store/sitemap.xml" "Mozilla/5.0 AppleWebKit/537.36 (KHTML, like Gecko; compatible; GPTBot/1.4; +https://openai.com/gptbot)"
74.7.227.31 - - [01/Aug/2026:02:26:18 +0200] "GET /items/S2462999859 HTTP/1.1" 200 12789 "https://sopnonill.store/sitemap.xml" "Mozilla/5.0 AppleWebKit/537.36 (KHTML, like Gecko; compatible; GPTBot/1.4; +https://openai.com/gptbot)"
74.7.227.31 - - [01/Aug/2026:02:26:21 +0200] "GET /items/S3710117888 HTTP/1.1" 200 12791 "https://sopnonill.store/sitemap.xml" "Mozilla/5.0 AppleWebKit/537.36 (KHTML, like Gecko; compatible; GPTBot/1.4; +https://openai.com/gptbot)"
74.7.227.31 - - [01/Aug/2026:02:26:24 +0200] "GET /items/S2220273501 HTTP/1.1" 200 12787 "https://sopnonill.store/sitemap.xml" "Mozilla/5.0 AppleWebKit/537.36 (KHTML, like Gecko; compatible; GPTBot/1.4; +https://openai.com/gptbot)"
74.7.227.31 - - [01/Aug/2026:02:26:27 +0200] "GET /items/S1699975376 HTTP/1.1" 200 12792 "https://sopnonill.store/sitemap.xml" "Mozilla/5.0 AppleWebKit/537.36 (KHTML, like Gecko; compatible; GPTBot/1.4; +https://openai.com/gptbot)"
74.7.227.31 - - [01/Aug/2026:02:26:30 +0200] "GET /items/S3111812342 HTTP/1.1" 200 12792 "https://sopnonill.store/sitemap.xml" "Mozilla/5.0 AppleWebKit/537.36 (KHTML, like Gecko; compatible; GPTBot/1.4; +https://openai.com/gptbot)"
74.7.227.31 - - [01/Aug/2026:02:26:33 +0200] "GET /items/S4091118161 HTTP/1.1" 200 12792 "https://sopnonill.store/sitemap.xml" "Mozilla/5.0 AppleWebKit/537.36 (KHTML, like Gecko; compatible; GPTBot/1.4; +https://openai.com/gptbot)"
74.7.227.31 - - [01/Aug/2026:02:26:36 +0200] "GET /items/S3413051115 HTTP/1.1" 200 12788 "https://sopnonill.store/sitemap.xml" "Mozilla/5.0 AppleWebKit/537.36 (KHTML, like Gecko; compatible; GPTBot/1.4; +https://openai.com/gptbot)"
74.7.227.31 - - [01/Aug/2026:02:26:39 +0200] "GET /items/S4033350396 HTTP/1.1" 200 12789 "https://sopnonill.store/sitemap.xml" "Mozilla/5.0 AppleWebKit/537.36 (KHTML, like Gecko; compatible; GPTBot/1.4; +https://openai.com/gptbot)"
74.7.227.31 - - [01/Aug/2026:02:26:42 +0200] "GET /items/S2934377783 HTTP/1.1" 200 12788 "https://sopnonill.store/sitemap.xml" "Mozilla/5.0 AppleWebKit/537.36 (KHTML, like Gecko; compatible; GPTBot/1.4; +https://openai.com/gptbot)"
74.7.227.31 - - [01/Aug/2026:02:26:46 +0200] "GET /items/S3583699915 HTTP/1.1" 200 12789 "https://sopnonill.store/sitemap.xml" "Mozilla/5.0 AppleWebKit/537.36 (KHTML, like Gecko; compatible; GPTBot/1.4; +https://openai.com/gptbot)"
74.7.227.31 - - [01/Aug/2026:02:26:49 +0200] "GET /items/S1816888711 HTTP/1.1" 200 12789 "https://sopnonill.store/sitemap.xml" "Mozilla/5.0 AppleWebKit/537.36 (KHTML, like Gecko; compatible; GPTBot/1.4; +https://openai.com/gptbot)"
74.7.227.31 - - [01/Aug/2026:02:26:52 +0200] "GET /items/S3555004894 HTTP/1.1" 200 12789 "https://sopnonill.store/sitemap.xml" "Mozilla/5.0 AppleWebKit/537.36 (KHTML, like Gecko; compatible; GPTBot/1.4; +https://openai.com/gptbot)"
20.251.48.208 - - [01/Aug/2026:02:26:54 +0200] "GET /wp-content/plugins/hellopress/wp_filemanager.php HTTP/1.1" 301 0 "-" "-"
74.7.227.31 - - [01/Aug/2026:02:26:55 +0200] "GET /items/S2453822299 HTTP/1.1" 200 12789 "https://sopnonill.store/sitemap.xml" "Mozilla/5.0 AppleWebKit/537.36 (KHTML, like Gecko; compatible; GPTBot/1.4; +https://openai.com/gptbot)"
20.251.48.208 - - [01/Aug/2026:02:26:56 +0200] "GET /wp-content/plugins/hellopress/wp_filemanager.php HTTP/1.1" 200 99033 "-" "-"
20.251.48.208 - - [01/Aug/2026:02:26:56 +0200] "GET /this_is_a_new_hello_world.php HTTP/1.1" 403 284 "-" "-"
20.251.48.208 - - [01/Aug/2026:02:26:56 +0200] "GET /kon.php HTTP/1.1" 403 284 "-" "-"
20.251.48.208 - - [01/Aug/2026:02:26:56 +0200] "GET /load.php HTTP/1.1" 403 284 "-" "-"
20.251.48.208 - - [01/Aug/2026:02:26:57 +0200] "GET /666666.php HTTP/1.1" 403 284 "-" "-"
20.251.48.208 - - [01/Aug/2026:02:26:57 +0200] "GET /minishell HTTP/1.1" 301 0 "-" "-"
20.251.48.208 - - [01/Aug/2026:02:26:58 +0200] "GET /minishell HTTP/1.1" 200 98955 "-" "-"
20.251.48.208 - - [01/Aug/2026:02:26:58 +0200] "GET /v5.php HTTP/1.1" 403 284 "-" "-"
20.251.48.208 - - [01/Aug/2026:02:26:58 +0200] "GET /btx25.php HTTP/1.1" 403 284 "-" "-"
74.7.227.31 - - [01/Aug/2026:02:26:59 +0200] "GET /items/S1547771574 HTTP/1.1" 200 12780 "https://sopnonill.store/sitemap.xml" "Mozilla/5.0 AppleWebKit/537.36 (KHTML, like Gecko; compatible; GPTBot/1.4; +https://openai.com/gptbot)"
20.251.48.208 - - [01/Aug/2026:02:27:00 +0200] "GET /wp-content/uploads/xxw.php HTTP/1.1" 301 0 "-" "-"
20.251.48.208 - - [01/Aug/2026:02:27:01 +0200] "GET /wp-content/uploads/xxw.php HTTP/1.1" 200 98989 "-" "-"
20.251.48.208 - - [01/Aug/2026:02:27:01 +0200] "GET /zwso.php HTTP/1.1" 403 284 "-" "-"
20.251.48.208 - - [01/Aug/2026:02:27:01 +0200] "GET /lxrgu.php HTTP/1.1" 403 284 "-" "-"
20.251.48.208 - - [01/Aug/2026:02:27:02 +0200] "GET /pbmqm.php HTTP/1.1" 403 284 "-" "-"
20.251.48.208 - - [01/Aug/2026:02:27:02 +0200] "GET /ruru.php HTTP/1.1" 403 284 "-" "-"
20.251.48.208 - - [01/Aug/2026:02:27:02 +0200] "GET /red.php HTTP/1.1" 403 284 "-" "-"
20.251.48.208 - - [01/Aug/2026:02:27:02 +0200] "GET /ohct.php HTTP/1.1" 403 284 "-" "-"
74.7.227.31 - - [01/Aug/2026:02:27:02 +0200] "GET /items/S4222124906 HTTP/1.1" 200 12786 "https://sopnonill.store/sitemap.xml" "Mozilla/5.0 AppleWebKit/537.36 (KHTML, like Gecko; compatible; GPTBot/1.4; +https://openai.com/gptbot)"
20.251.48.208 - - [01/Aug/2026:02:27:03 +0200] "GET /wp-includes/Text/Diff/Engine/file_cdd9.php HTTP/1.1" 301 0 "-" "-"
20.251.48.208 - - [01/Aug/2026:02:27:03 +0200] "GET /wp-includes/Text/Diff/Engine/file_cdd9.php HTTP/1.1" 200 99021 "-" "-"
20.251.48.208 - - [01/Aug/2026:02:27:04 +0200] "GET /Okxob.php HTTP/1.1" 403 284 "-" "-"
20.251.48.208 - - [01/Aug/2026:02:27:04 +0200] "GET //desah.php HTTP/1.1" 403 284 "-" "-"
20.251.48.208 - - [01/Aug/2026:02:27:04 +0200] "GET /222.php HTTP/1.1" 403 284 "-" "-"
20.251.48.208 - - [01/Aug/2026:02:27:04 +0200] "GET /wpxml.php HTTP/1.1" 403 284 "-" "-"
74.7.227.31 - - [01/Aug/2026:02:27:04 +0200] "GET /items/S1517960555 HTTP/1.1" 200 12788 "https://sopnonill.store/sitemap.xml" "Mozilla/5.0 AppleWebKit/537.36 (KHTML, like Gecko; compatible; GPTBot/1.4; +https://openai.com/gptbot)"
20.251.48.208 - - [01/Aug/2026:02:27:05 +0200] "GET /medusa.php HTTP/1.1" 403 284 "-" "-"
20.251.48.208 - - [01/Aug/2026:02:27:05 +0200] "GET /manager.phP HTTP/1.1" 403 284 "-" "-"
20.251.48.208 - - [01/Aug/2026:02:27:05 +0200] "GET /wp-content/uploads/file1.php HTTP/1.1" 301 0 "-" "-"
20.251.48.208 - - [01/Aug/2026:02:27:06 +0200] "GET /wp-content/uploads/file1.php HTTP/1.1" 200 98992 "-" "-"
20.251.48.208 - - [01/Aug/2026:02:27:07 +0200] "GET /dex.php HTTP/1.1" 403 284 "-" "-"
20.251.48.208 - - [01/Aug/2026:02:27:07 +0200] "GET /fraro.php HTTP/1.1" 403 284 "-" "-"
20.251.48.208 - - [01/Aug/2026:02:27:07 +0200] "GET /wp-content/ms-files.php HTTP/1.1" 301 0 "-" "-"
20.251.48.208 - - [01/Aug/2026:02:27:08 +0200] "GET /wp-content/ms-files.php HTTP/1.1" 200 98983 "-" "-"
74.7.227.31 - - [01/Aug/2026:02:27:09 +0200] "GET /items/S2228402485 HTTP/1.1" 200 12791 "https://sopnonill.store/sitemap.xml" "Mozilla/5.0 AppleWebKit/537.36 (KHTML, like Gecko; compatible; GPTBot/1.4; +https://openai.com/gptbot)"
20.251.48.208 - - [01/Aug/2026:02:27:09 +0200] "GET /wp-content/options.php HTTP/1.1" 301 0 "-" "-"
20.251.48.208 - - [01/Aug/2026:02:27:10 +0200] "GET /wp-content/options.php HTTP/1.1" 200 98981 "-" "-"
74.7.227.31 - - [01/Aug/2026:02:27:11 +0200] "GET /items/S4191888557 HTTP/1.1" 200 12790 "https://sopnonill.store/sitemap.xml" "Mozilla/5.0 AppleWebKit/537.36 (KHTML, like Gecko; compatible; GPTBot/1.4; +https://openai.com/gptbot)"
20.251.48.208 - - [01/Aug/2026:02:27:11 +0200] "GET /wp-content/uploads/panel.php HTTP/1.1" 301 0 "-" "-"
20.251.48.208 - - [01/Aug/2026:02:27:12 +0200] "GET /wp-content/uploads/panel.php HTTP/1.1" 200 98993 "-" "-"
20.251.48.208 - - [01/Aug/2026:02:27:12 +0200] "GET /wp-content/uploads/users.php HTTP/1.1" 301 0 "-" "-"
20.251.48.208 - - [01/Aug/2026:02:27:13 +0200] "GET /wp-content/uploads/users.php HTTP/1.1" 200 98993 "-" "-"
20.251.48.208 - - [01/Aug/2026:02:27:14 +0200] "GET /df.php HTTP/1.1" 403 284 "-" "-"
74.7.227.31 - - [01/Aug/2026:02:27:14 +0200] "GET /items/S2393512221 HTTP/1.1" 200 12788 "https://sopnonill.store/sitemap.xml" "Mozilla/5.0 AppleWebKit/537.36 (KHTML, like Gecko; compatible; GPTBot/1.4; +https://openai.com/gptbot)"
20.251.48.208 - - [01/Aug/2026:02:27:14 +0200] "GET /wp-content/min.php HTTP/1.1" 301 0 "-" "-"
20.251.48.208 - - [01/Aug/2026:02:27:15 +0200] "GET /wp-content/min.php HTTP/1.1" 200 98972 "-" "-"
20.251.48.208 - - [01/Aug/2026:02:27:15 +0200] "GET /auDSb1pcgtR.php HTTP/1.1" 403 284 "-" "-"
20.251.48.208 - - [01/Aug/2026:02:27:16 +0200] "GET /1n3e5n8u.php HTTP/1.1" 403 284 "-" "-"
20.251.48.208 - - [01/Aug/2026:02:27:16 +0200] "GET /wp-content/xyn.php HTTP/1.1" 301 0 "-" "-"
20.251.48.208 - - [01/Aug/2026:02:27:17 +0200] "GET /wp-content/xyn.php HTTP/1.1" 200 98965 "-" "-"
74.7.227.31 - - [01/Aug/2026:02:27:17 +0200] "GET /items/S1671116832 HTTP/1.1" 200 12789 "https://sopnonill.store/sitemap.xml" "Mozilla/5.0 AppleWebKit/537.36 (KHTML, like Gecko; compatible; GPTBot/1.4; +https://openai.com/gptbot)"
20.251.48.208 - - [01/Aug/2026:02:27:17 +0200] "GET /diidi.php HTTP/1.1" 403 284 "-" "-"
20.251.48.208 - - [01/Aug/2026:02:27:18 +0200] "GET /index2.php HTTP/1.1" 403 284 "-" "-"
20.251.48.208 - - [01/Aug/2026:02:27:18 +0200] "GET /ls.php HTTP/1.1" 403 284 "-" "-"
20.251.48.208 - - [01/Aug/2026:02:27:18 +0200] "GET /cok.php HTTP/1.1" 403 284 "-" "-"
20.251.48.208 - - [01/Aug/2026:02:27:18 +0200] "GET /wp-tot.php HTTP/1.1" 403 284 "-" "-"
20.251.48.208 - - [01/Aug/2026:02:27:18 +0200] "GET /SS72_kKKjT.php HTTP/1.1" 403 284 "-" "-"
20.251.48.208 - - [01/Aug/2026:02:27:19 +0200] "GET /epinyins.php?p= HTTP/1.1" 301 0 "-" "-"
20.251.48.208 - - [01/Aug/2026:02:27:20 +0200] "GET /epinyins.php?p= HTTP/1.1" 200 98967 "-" "-"
20.251.48.208 - - [01/Aug/2026:02:27:20 +0200] "GET /cu.php HTTP/1.1" 403 284 "-" "-"
20.251.48.208 - - [01/Aug/2026:02:27:20 +0200] "GET /classwithtostring.php HTTP/1.1" 403 284 "-" "-"
74.7.227.31 - - [01/Aug/2026:02:27:20 +0200] "GET /items/S1555996659 HTTP/1.1" 200 12788 "https://sopnonill.store/sitemap.xml" "Mozilla/5.0 AppleWebKit/537.36 (KHTML, like Gecko; compatible; GPTBot/1.4; +https://openai.com/gptbot)"
20.251.48.208 - - [01/Aug/2026:02:27:20 +0200] "GET /crgio.php HTTP/1.1" 403 284 "-" "-"
20.251.48.208 - - [01/Aug/2026:02:27:21 +0200] "GET /bajah.php HTTP/1.1" 403 284 "-" "-"
20.251.48.208 - - [01/Aug/2026:02:27:21 +0200] "GET /dvjul.php HTTP/1.1" 403 284 "-" "-"
20.251.48.208 - - [01/Aug/2026:02:27:21 +0200] "GET /kedi.php HTTP/1.1" 403 284 "-" "-"
20.251.48.208 - - [01/Aug/2026:02:27:22 +0200] "GET /modules/mod_simplefileuploadv1.3/elements/filemanager.php?p= HTTP/1.1" 301 0 "-" "-"
20.251.48.208 - - [01/Aug/2026:02:27:22 +0200] "GET /modules/mod_simplefileuploadv1.3/elements/filemanager.php?p= HTTP/1.1" 200 99057 "-" "-"
20.251.48.208 - - [01/Aug/2026:02:27:23 +0200] "GET /xstelth.php HTTP/1.1" 403 284 "-" "-"
20.251.48.208 - - [01/Aug/2026:02:27:23 +0200] "GET /wp-curl-file.php HTTP/1.1" 403 284 "-" "-"
74.7.227.31 - - [01/Aug/2026:02:27:23 +0200] "GET /items/S3000488764 HTTP/1.1" 200 12787 "https://sopnonill.store/sitemap.xml" "Mozilla/5.0 AppleWebKit/537.36 (KHTML, like Gecko; compatible; GPTBot/1.4; +https://openai.com/gptbot)"
20.251.48.208 - - [01/Aug/2026:02:27:24 +0200] "GET /buds1.php HTTP/1.1" 403 284 "-" "-"
20.251.48.208 - - [01/Aug/2026:02:27:24 +0200] "GET /xper1.php HTTP/1.1" 403 284 "-" "-"
20.251.48.208 - - [01/Aug/2026:02:27:25 +0200] "GET //xozx.php HTTP/1.1" 403 284 "-" "-"
20.251.48.208 - - [01/Aug/2026:02:27:25 +0200] "GET /qlex1.php HTTP/1.1" 403 284 "-" "-"
20.251.48.208 - - [01/Aug/2026:02:27:25 +0200] "GET /satan.php HTTP/1.1" 403 284 "-" "-"
20.251.48.208 - - [01/Aug/2026:02:27:25 +0200] "GET /drykl.php HTTP/1.1" 403 284 "-" "-"
20.251.48.208 - - [01/Aug/2026:02:27:25 +0200] "GET /sitemap.php HTTP/1.1" 403 284 "-" "-"
20.251.48.208 - - [01/Aug/2026:02:27:26 +0200] "GET /file1.php HTTP/1.1" 403 284 "-" "-"
20.251.48.208 - - [01/Aug/2026:02:27:26 +0200] "GET /camara.php HTTP/1.1" 403 284 "-" "-"
20.251.48.208 - - [01/Aug/2026:02:27:26 +0200] "GET /assacc.php HTTP/1.1" 403 284 "-" "-"
20.251.48.208 - - [01/Aug/2026:02:27:26 +0200] "GET /bless18.php HTTP/1.1" 403 284 "-" "-"
20.251.48.208 - - [01/Aug/2026:02:27:26 +0200] "GET /bless24.php HTTP/1.1" 403 284 "-" "-"
74.7.227.31 - - [01/Aug/2026:02:27:26 +0200] "GET /items/S4125777576 HTTP/1.1" 200 12791 "https://sopnonill.store/sitemap.xml" "Mozilla/5.0 AppleWebKit/537.36 (KHTML, like Gecko; compatible; GPTBot/1.4; +https://openai.com/gptbot)"
20.251.48.208 - - [01/Aug/2026:02:27:28 +0200] "GET /file11.php HTTP/1.1" 403 284 "-" "-"
20.251.48.208 - - [01/Aug/2026:02:27:29 +0200] "GET /wp-pp.php HTTP/1.1" 403 284 "-" "-"
20.251.48.208 - - [01/Aug/2026:02:27:29 +0200] "GET /mass.php HTTP/1.1" 403 284 "-" "-"
20.251.48.208 - - [01/Aug/2026:02:27:29 +0200] "GET /scxy.php HTTP/1.1" 403 284 "-" "-"
20.251.48.208 - - [01/Aug/2026:02:27:29 +0200] "GET /0okj.php HTTP/1.1" 403 284 "-" "-"
20.251.48.208 - - [01/Aug/2026:02:27:29 +0200] "GET /appt.php HTTP/1.1" 403 284 "-" "-"
20.251.48.208 - - [01/Aug/2026:02:27:29 +0200] "GET /jj.php HTTP/1.1" 403 284 "-" "-"
20.251.48.208 - - [01/Aug/2026:02:27:29 +0200] "GET /xSx.php HTTP/1.1" 403 284 "-" "-"
20.251.48.208 - - [01/Aug/2026:02:27:30 +0200] "GET /cc13.php HTTP/1.1" 403 284 "-" "-"
74.7.227.31 - - [01/Aug/2026:02:27:30 +0200] "GET /items/S2611966640 HTTP/1.1" 200 12791 "https://sopnonill.store/sitemap.xml" "Mozilla/5.0 AppleWebKit/537.36 (KHTML, like Gecko; compatible; GPTBot/1.4; +https://openai.com/gptbot)"
20.251.48.208 - - [01/Aug/2026:02:27:30 +0200] "GET /unity.php HTTP/1.1" 403 284 "-" "-"
20.251.48.208 - - [01/Aug/2026:02:27:30 +0200] "GET /dass.php HTTP/1.1" 403 284 "-" "-"
20.251.48.208 - - [01/Aug/2026:02:27:30 +0200] "GET /as.php HTTP/1.1" 403 284 "-" "-"
20.251.48.208 - - [01/Aug/2026:02:27:30 +0200] "GET /x123.php HTTP/1.1" 403 284 "-" "-"
20.251.48.208 - - [01/Aug/2026:02:27:30 +0200] "GET /dx.php HTTP/1.1" 403 284 "-" "-"
20.251.48.208 - - [01/Aug/2026:02:27:31 +0200] "GET /min.php HTTP/1.1" 403 284 "-" "-"
20.251.48.208 - - [01/Aug/2026:02:27:31 +0200] "GET /sql.php HTTP/1.1" 403 284 "-" "-"
20.251.48.208 - - [01/Aug/2026:02:27:31 +0200] "GET /yanz.php HTTP/1.1" 403 284 "-" "-"
20.251.48.208 - - [01/Aug/2026:02:27:31 +0200] "GET /chomu.php HTTP/1.1" 403 284 "-" "-"
20.251.48.208 - - [01/Aug/2026:02:27:32 +0200] "GET /wander.php HTTP/1.1" 403 284 "-" "-"
20.251.48.208 - - [01/Aug/2026:02:27:32 +0200] "GET /filesss.php HTTP/1.1" 403 284 "-" "-"
20.251.48.208 - - [01/Aug/2026:02:27:32 +0200] "GET /bumxewlsll.php HTTP/1.1" 403 284 "-" "-"
20.251.48.208 - - [01/Aug/2026:02:27:32 +0200] "GET /mnpiyfeish.php HTTP/1.1" 403 284 "-" "-"
20.251.48.208 - - [01/Aug/2026:02:27:32 +0200] "GET /000.php HTTP/1.1" 403 284 "-" "-"
20.251.48.208 - - [01/Aug/2026:02:27:33 +0200] "GET /wp-omao.php HTTP/1.1" 403 284 "-" "-"
20.251.48.208 - - [01/Aug/2026:02:27:33 +0200] "GET /harvestry.php HTTP/1.1" 403 284 "-" "-"
20.251.48.208 - - [01/Aug/2026:02:27:33 +0200] "GET /file3.php HTTP/1.1" 403 284 "-" "-"
20.251.48.208 - - [01/Aug/2026:02:27:33 +0200] "GET //autovirgi.php HTTP/1.1" 403 284 "-" "-"
74.7.227.31 - - [01/Aug/2026:02:27:33 +0200] "GET /items/S3837444769 HTTP/1.1" 200 12788 "https://sopnonill.store/sitemap.xml" "Mozilla/5.0 AppleWebKit/537.36 (KHTML, like Gecko; compatible; GPTBot/1.4; +https://openai.com/gptbot)"
20.251.48.208 - - [01/Aug/2026:02:27:33 +0200] "GET //nurseling.php HTTP/1.1" 403 284 "-" "-"
20.251.48.208 - - [01/Aug/2026:02:27:34 +0200] "GET /cx.php HTTP/1.1" 403 284 "-" "-"
20.251.48.208 - - [01/Aug/2026:02:27:34 +0200] "GET /p-blog.php HTTP/1.1" 403 284 "-" "-"
20.251.48.208 - - [01/Aug/2026:02:27:34 +0200] "GET /wp-wlx.php HTTP/1.1" 403 284 "-" "-"
20.251.48.208 - - [01/Aug/2026:02:27:34 +0200] "GET /wplogbak.php HTTP/1.1" 403 284 "-" "-"
20.251.48.208 - - [01/Aug/2026:02:27:34 +0200] "GET /w2025.php HTTP/1.1" 403 284 "-" "-"
20.251.48.208 - - [01/Aug/2026:02:27:34 +0200] "GET /file6.php HTTP/1.1" 403 284 "-" "-"
20.251.48.208 - - [01/Aug/2026:02:27:35 +0200] "GET /leaf.php HTTP/1.1" 403 284 "-" "-"
20.251.48.208 - - [01/Aug/2026:02:27:35 +0200] "GET /w3llstore.php HTTP/1.1" 403 284 "-" "-"
20.251.48.208 - - [01/Aug/2026:02:27:36 +0200] "GET /obfuscate.php HTTP/1.1" 403 284 "-" "-"
74.7.227.31 - - [01/Aug/2026:02:27:36 +0200] "GET /items/S1590003549 HTTP/1.1" 200 12790 "https://sopnonill.store/sitemap.xml" "Mozilla/5.0 AppleWebKit/537.36 (KHTML, like Gecko; compatible; GPTBot/1.4; +https://openai.com/gptbot)"
20.251.48.208 - - [01/Aug/2026:02:27:36 +0200] "GET /txets.php HTTP/1.1" 301 0 "-" "-"
20.251.48.208 - - [01/Aug/2026:02:27:38 +0200] "GET /txets.php HTTP/1.1" 200 98954 "-" "-"
74.7.227.31 - - [01/Aug/2026:02:27:39 +0200] "GET /items/S1914448156 HTTP/1.1" 200 12790 "https://sopnonill.store/sitemap.xml" "Mozilla/5.0 AppleWebKit/537.36 (KHTML, like Gecko; compatible; GPTBot/1.4; +https://openai.com/gptbot)"
20.251.48.208 - - [01/Aug/2026:02:27:40 +0200] "GET /wp-admin/zoko.php HTTP/1.1" 301 0 "-" "-"
20.251.48.208 - - [01/Aug/2026:02:27:40 +0200] "GET /wp-admin/zoko.php HTTP/1.1" 200 98963 "-" "-"
20.251.48.208 - - [01/Aug/2026:02:27:41 +0200] "GET //like.php HTTP/1.1" 403 284 "-" "-"
20.251.48.208 - - [01/Aug/2026:02:27:41 +0200] "GET //dx.php HTTP/1.1" 403 284 "-" "-"
20.251.48.208 - - [01/Aug/2026:02:27:42 +0200] "GET //edit.php HTTP/1.1" 301 0 "-" "-"
74.7.227.31 - - [01/Aug/2026:02:27:43 +0200] "GET /items/S3229028884 HTTP/1.1" 200 12793 "https://sopnonill.store/sitemap.xml" "Mozilla/5.0 AppleWebKit/537.36 (KHTML, like Gecko; compatible; GPTBot/1.4; +https://openai.com/gptbot)"
20.251.48.208 - - [01/Aug/2026:02:27:43 +0200] "GET //edit.php HTTP/1.1" 200 98955 "-" "-"
20.251.48.208 - - [01/Aug/2026:02:27:43 +0200] "GET //min.php HTTP/1.1" 403 284 "-" "-"
20.251.48.208 - - [01/Aug/2026:02:27:44 +0200] "GET //sql.php HTTP/1.1" 403 284 "-" "-"
20.251.48.208 - - [01/Aug/2026:02:27:44 +0200] "GET //w3lls.php HTTP/1.1" 403 284 "-" "-"
20.251.48.208 - - [01/Aug/2026:02:27:44 +0200] "GET //xxx.php HTTP/1.1" 403 284 "-" "-"
74.7.227.31 - - [01/Aug/2026:02:27:46 +0200] "GET /items/S2226074372 HTTP/1.1" 200 12790 "https://sopnonill.store/sitemap.xml" "Mozilla/5.0 AppleWebKit/537.36 (KHTML, like Gecko; compatible; GPTBot/1.4; +https://openai.com/gptbot)"
74.7.227.31 - - [01/Aug/2026:02:27:49 +0200] "GET /items/S3732225237 HTTP/1.1" 200 12789 "https://sopnonill.store/sitemap.xml" "Mozilla/5.0 AppleWebKit/537.36 (KHTML, like Gecko; compatible; GPTBot/1.4; +https://openai.com/gptbot)"
74.7.227.31 - - [01/Aug/2026:02:27:52 +0200] "GET /items/S4223337021 HTTP/1.1" 200 12790 "https://sopnonill.store/sitemap.xml" "Mozilla/5.0 AppleWebKit/537.36 (KHTML, like Gecko; compatible; GPTBot/1.4; +https://openai.com/gptbot)"
74.7.227.31 - - [01/Aug/2026:02:27:55 +0200] "GET /items/S2038883358 HTTP/1.1" 200 12791 "https://sopnonill.store/sitemap.xml" "Mozilla/5.0 AppleWebKit/537.36 (KHTML, like Gecko; compatible; GPTBot/1.4; +https://openai.com/gptbot)"
74.7.227.31 - - [01/Aug/2026:02:27:59 +0200] "GET /items/S2995899960 HTTP/1.1" 200 12792 "https://sopnonill.store/sitemap.xml" "Mozilla/5.0 AppleWebKit/537.36 (KHTML, like Gecko; compatible; GPTBot/1.4; +https://openai.com/gptbot)"
74.7.227.31 - - [01/Aug/2026:02:28:02 +0200] "GET /items/S1103555101 HTTP/1.1" 200 12789 "https://sopnonill.store/sitemap.xml" "Mozilla/5.0 AppleWebKit/537.36 (KHTML, like Gecko; compatible; GPTBot/1.4; +https://openai.com/gptbot)"
94.136.190.175 - - [01/Aug/2026:02:28:03 +0200] "GET / HTTP/1.1" 301 0 "-" "Mozilla/5.0 (X11; Linux x86_64) AppleWebKit/537.36 (KHTML, like Gecko) Chrome/44.0.2403.157 Safari/537.36"
94.136.190.175 - - [01/Aug/2026:02:28:04 +0200] "GET / HTTP/1.1" 200 12786 "http://94.136.190.175" "Mozilla/5.0 (X11; Linux x86_64) AppleWebKit/537.36 (KHTML, like Gecko) Chrome/44.0.2403.157 Safari/537.36"
74.7.227.31 - - [01/Aug/2026:02:28:05 +0200] "GET /items/S1064000621 HTTP/1.1" 200 12792 "https://sopnonill.store/sitemap.xml" "Mozilla/5.0 AppleWebKit/537.36 (KHTML, like Gecko; compatible; GPTBot/1.4; +https://openai.com/gptbot)"
74.7.227.31 - - [01/Aug/2026:02:28:08 +0200] "GET /items/S2811500022 HTTP/1.1" 200 12790 "https://sopnonill.store/sitemap.xml" "Mozilla/5.0 AppleWebKit/537.36 (KHTML, like Gecko; compatible; GPTBot/1.4; +https://openai.com/gptbot)"
74.7.227.31 - - [01/Aug/2026:02:28:11 +0200] "GET /items/S3224440112 HTTP/1.1" 200 12790 "https://sopnonill.store/sitemap.xml" "Mozilla/5.0 AppleWebKit/537.36 (KHTML, like Gecko; compatible; GPTBot/1.4; +https://openai.com/gptbot)"
74.7.227.31 - - [01/Aug/2026:02:28:14 +0200] "GET /items/S2123952226 HTTP/1.1" 200 12790 "https://sopnonill.store/sitemap.xml" "Mozilla/5.0 AppleWebKit/537.36 (KHTML, like Gecko; compatible; GPTBot/1.4; +https://openai.com/gptbot)"
74.7.227.31 - - [01/Aug/2026:02:28:17 +0200] "GET /items/S3788806973 HTTP/1.1" 200 12789 "https://sopnonill.store/sitemap.xml" "Mozilla/5.0 AppleWebKit/537.36 (KHTML, like Gecko; compatible; GPTBot/1.4; +https://openai.com/gptbot)"
74.7.227.31 - - [01/Aug/2026:02:28:20 +0200] "GET /items/S2444692314 HTTP/1.1" 200 12790 "https://sopnonill.store/sitemap.xml" "Mozilla/5.0 AppleWebKit/537.36 (KHTML, like Gecko; compatible; GPTBot/1.4; +https://openai.com/gptbot)"
74.7.227.31 - - [01/Aug/2026:02:28:23 +0200] "GET /items/S3588452226 HTTP/1.1" 200 12793 "https://sopnonill.store/sitemap.xml" "Mozilla/5.0 AppleWebKit/537.36 (KHTML, like Gecko; compatible; GPTBot/1.4; +https://openai.com/gptbot)"
74.7.227.31 - - [01/Aug/2026:02:28:26 +0200] "GET /items/S1493428992 HTTP/1.1" 200 12792 "https://sopnonill.store/sitemap.xml" "Mozilla/5.0 AppleWebKit/537.36 (KHTML, like Gecko; compatible; GPTBot/1.4; +https://openai.com/gptbot)"
66.249.66.45 - - [01/Aug/2026:02:28:28 +0200] "GET /top/647575982 HTTP/1.1" 200 28533 "-" "Mozilla/5.0 (Linux; Android 6.0.1; Nexus 5X Build/MMB29P) AppleWebKit/537.36 (KHTML, like Gecko) Chrome/150.0.7871.186 Mobile Safari/537.36 (compatible; Googlebot/2.1; +http://www.google.com/bot.html)"
74.7.227.31 - - [01/Aug/2026:02:28:30 +0200] "GET /items/S3836232670 HTTP/1.1" 200 12791 "https://sopnonill.store/sitemap.xml" "Mozilla/5.0 AppleWebKit/537.36 (KHTML, like Gecko; compatible; GPTBot/1.4; +https://openai.com/gptbot)"
74.7.227.31 - - [01/Aug/2026:02:28:33 +0200] "GET /items/S4169339749 HTTP/1.1" 200 12791 "https://sopnonill.store/sitemap.xml" "Mozilla/5.0 AppleWebKit/537.36 (KHTML, like Gecko; compatible; GPTBot/1.4; +https://openai.com/gptbot)"
74.7.227.31 - - [01/Aug/2026:02:28:36 +0200] "GET /items/S4147884957 HTTP/1.1" 200 12790 "https://sopnonill.store/sitemap.xml" "Mozilla/5.0 AppleWebKit/537.36 (KHTML, like Gecko; compatible; GPTBot/1.4; +https://openai.com/gptbot)"
74.7.227.31 - - [01/Aug/2026:02:28:39 +0200] "GET /items/S1464961198 HTTP/1.1" 200 12790 "https://sopnonill.store/sitemap.xml" "Mozilla/5.0 AppleWebKit/537.36 (KHTML, like Gecko; compatible; GPTBot/1.4; +https://openai.com/gptbot)"
74.7.227.31 - - [01/Aug/2026:02:28:43 +0200] "GET /items/S3005077552 HTTP/1.1" 200 12787 "https://sopnonill.store/sitemap.xml" "Mozilla/5.0 AppleWebKit/537.36 (KHTML, like Gecko; compatible; GPTBot/1.4; +https://openai.com/gptbot)"
74.7.227.31 - - [01/Aug/2026:02:28:46 +0200] "GET /items/S4181105046 HTTP/1.1" 200 12789 "https://sopnonill.store/sitemap.xml" "Mozilla/5.0 AppleWebKit/537.36 (KHTML, like Gecko; compatible; GPTBot/1.4; +https://openai.com/gptbot)"
74.7.227.31 - - [01/Aug/2026:02:28:49 +0200] "GET /items/S2657131662 HTTP/1.1" 200 12787 "https://sopnonill.store/sitemap.xml" "Mozilla/5.0 AppleWebKit/537.36 (KHTML, like Gecko; compatible; GPTBot/1.4; +https://openai.com/gptbot)"
74.7.227.31 - - [01/Aug/2026:02:28:52 +0200] "GET /items/S2764515752 HTTP/1.1" 200 12788 "https://sopnonill.store/sitemap.xml" "Mozilla/5.0 AppleWebKit/537.36 (KHTML, like Gecko; compatible; GPTBot/1.4; +https://openai.com/gptbot)"
74.7.227.31 - - [01/Aug/2026:02:28:55 +0200] "GET /items/S3316867308 HTTP/1.1" 200 12789 "https://sopnonill.store/sitemap.xml" "Mozilla/5.0 AppleWebKit/537.36 (KHTML, like Gecko; compatible; GPTBot/1.4; +https://openai.com/gptbot)"
74.7.227.31 - - [01/Aug/2026:02:28:58 +0200] "GET /items/S2080162810 HTTP/1.1" 200 12792 "https://sopnonill.store/sitemap.xml" "Mozilla/5.0 AppleWebKit/537.36 (KHTML, like Gecko; compatible; GPTBot/1.4; +https://openai.com/gptbot)"
74.7.227.31 - - [01/Aug/2026:02:29:01 +0200] "GET /items/S2601413442 HTTP/1.1" 200 12791 "https://sopnonill.store/sitemap.xml" "Mozilla/5.0 AppleWebKit/537.36 (KHTML, like Gecko; compatible; GPTBot/1.4; +https://openai.com/gptbot)"
74.7.227.31 - - [01/Aug/2026:02:29:05 +0200] "GET /items/S2265882133 HTTP/1.1" 200 12789 "https://sopnonill.store/sitemap.xml" "Mozilla/5.0 AppleWebKit/537.36 (KHTML, like Gecko; compatible; GPTBot/1.4; +https://openai.com/gptbot)"
74.7.227.31 - - [01/Aug/2026:02:29:08 +0200] "GET /items/S1128086648 HTTP/1.1" 200 12789 "https://sopnonill.store/sitemap.xml" "Mozilla/5.0 AppleWebKit/537.36 (KHTML, like Gecko; compatible; GPTBot/1.4; +https://openai.com/gptbot)"
74.7.227.31 - - [01/Aug/2026:02:29:11 +0200] "GET /items/S3403710016 HTTP/1.1" 200 12792 "https://sopnonill.store/sitemap.xml" "Mozilla/5.0 AppleWebKit/537.36 (KHTML, like Gecko; compatible; GPTBot/1.4; +https://openai.com/gptbot)"
74.7.227.31 - - [01/Aug/2026:02:29:14 +0200] "GET /items/S2771692261 HTTP/1.1" 200 12790 "https://sopnonill.store/sitemap.xml" "Mozilla/5.0 AppleWebKit/537.36 (KHTML, like Gecko; compatible; GPTBot/1.4; +https://openai.com/gptbot)"
74.7.227.31 - - [01/Aug/2026:02:29:17 +0200] "GET /items/S2884787496 HTTP/1.1" 200 12791 "https://sopnonill.store/sitemap.xml" "Mozilla/5.0 AppleWebKit/537.36 (KHTML, like Gecko; compatible; GPTBot/1.4; +https://openai.com/gptbot)"
74.7.227.31 - - [01/Aug/2026:02:29:20 +0200] "GET /items/S1575072677 HTTP/1.1" 200 12790 "https://sopnonill.store/sitemap.xml" "Mozilla/5.0 AppleWebKit/537.36 (KHTML, like Gecko; compatible; GPTBot/1.4; +https://openai.com/gptbot)"
74.7.227.31 - - [01/Aug/2026:02:29:24 +0200] "GET /items/S1272205017 HTTP/1.1" 200 12792 "https://sopnonill.store/sitemap.xml" "Mozilla/5.0 AppleWebKit/537.36 (KHTML, like Gecko; compatible; GPTBot/1.4; +https://openai.com/gptbot)"
74.7.227.31 - - [01/Aug/2026:02:29:27 +0200] "GET /items/S2416179112 HTTP/1.1" 200 12789 "https://sopnonill.store/sitemap.xml" "Mozilla/5.0 AppleWebKit/537.36 (KHTML, like Gecko; compatible; GPTBot/1.4; +https://openai.com/gptbot)"
74.7.227.31 - - [01/Aug/2026:02:29:30 +0200] "GET /items/S3368394958 HTTP/1.1" 200 12792 "https://sopnonill.store/sitemap.xml" "Mozilla/5.0 AppleWebKit/537.36 (KHTML, like Gecko; compatible; GPTBot/1.4; +https://openai.com/gptbot)"
74.7.227.31 - - [01/Aug/2026:02:29:34 +0200] "GET /items/S3603383066 HTTP/1.1" 200 12789 "https://sopnonill.store/sitemap.xml" "Mozilla/5.0 AppleWebKit/537.36 (KHTML, like Gecko; compatible; GPTBot/1.4; +https://openai.com/gptbot)"
74.7.227.31 - - [01/Aug/2026:02:29:37 +0200] "GET /items/S3439485445 HTTP/1.1" 200 12789 "https://sopnonill.store/sitemap.xml" "Mozilla/5.0 AppleWebKit/537.36 (KHTML, like Gecko; compatible; GPTBot/1.4; +https://openai.com/gptbot)"
74.7.227.31 - - [01/Aug/2026:02:29:40 +0200] "GET /items/S3786642383 HTTP/1.1" 200 12791 "https://sopnonill.store/sitemap.xml" "Mozilla/5.0 AppleWebKit/537.36 (KHTML, like Gecko; compatible; GPTBot/1.4; +https://openai.com/gptbot)"
74.7.227.31 - - [01/Aug/2026:02:29:43 +0200] "GET /items/S1231185157 HTTP/1.1" 200 12789 "https://sopnonill.store/sitemap.xml" "Mozilla/5.0 AppleWebKit/537.36 (KHTML, like Gecko; compatible; GPTBot/1.4; +https://openai.com/gptbot)"
74.7.227.31 - - [01/Aug/2026:02:29:46 +0200] "GET /items/S2700601774 HTTP/1.1" 200 12789 "https://sopnonill.store/sitemap.xml" "Mozilla/5.0 AppleWebKit/537.36 (KHTML, like Gecko; compatible; GPTBot/1.4; +https://openai.com/gptbot)"
74.7.227.31 - - [01/Aug/2026:02:29:50 +0200] "GET /items/S2953504494 HTTP/1.1" 200 12790 "https://sopnonill.store/sitemap.xml" "Mozilla/5.0 AppleWebKit/537.36 (KHTML, like Gecko; compatible; GPTBot/1.4; +https://openai.com/gptbot)"
74.7.227.31 - - [01/Aug/2026:02:29:53 +0200] "GET /items/S4067616878 HTTP/1.1" 200 12790 "https://sopnonill.store/sitemap.xml" "Mozilla/5.0 AppleWebKit/537.36 (KHTML, like Gecko; compatible; GPTBot/1.4; +https://openai.com/gptbot)"
74.7.227.31 - - [01/Aug/2026:02:29:56 +0200] "GET /items/S1041451813 HTTP/1.1" 200 12792 "https://sopnonill.store/sitemap.xml" "Mozilla/5.0 AppleWebKit/537.36 (KHTML, like Gecko; compatible; GPTBot/1.4; +https://openai.com/gptbot)"
74.7.227.31 - - [01/Aug/2026:02:29:59 +0200] "GET /items/S4053474990 HTTP/1.1" 200 12791 "https://sopnonill.store/sitemap.xml" "Mozilla/5.0 AppleWebKit/537.36 (KHTML, like Gecko; compatible; GPTBot/1.4; +https://openai.com/gptbot)"
74.7.227.31 - - [01/Aug/2026:02:30:03 +0200] "GET /items/S3981563138 HTTP/1.1" 200 12784 "https://sopnonill.store/sitemap.xml" "Mozilla/5.0 AppleWebKit/537.36 (KHTML, like Gecko; compatible; GPTBot/1.4; +https://openai.com/gptbot)"
74.7.227.31 - - [01/Aug/2026:02:30:06 +0200] "GET /items/S1273417132 HTTP/1.1" 200 12790 "https://sopnonill.store/sitemap.xml" "Mozilla/5.0 AppleWebKit/537.36 (KHTML, like Gecko; compatible; GPTBot/1.4; +https://openai.com/gptbot)"
74.7.227.31 - - [01/Aug/2026:02:30:09 +0200] "GET /items/S2417391227 HTTP/1.1" 200 12783 "https://sopnonill.store/sitemap.xml" "Mozilla/5.0 AppleWebKit/537.36 (KHTML, like Gecko; compatible; GPTBot/1.4; +https://openai.com/gptbot)"
74.7.227.31 - - [01/Aug/2026:02:30:12 +0200] "GET /items/S2786623133 HTTP/1.1" 200 12788 "https://sopnonill.store/sitemap.xml" "Mozilla/5.0 AppleWebKit/537.36 (KHTML, like Gecko; compatible; GPTBot/1.4; +https://openai.com/gptbot)"
74.7.227.31 - - [01/Aug/2026:02:30:15 +0200] "GET /items/S2837803226 HTTP/1.1" 200 12789 "https://sopnonill.store/sitemap.xml" "Mozilla/5.0 AppleWebKit/537.36 (KHTML, like Gecko; compatible; GPTBot/1.4; +https://openai.com/gptbot)"
74.7.227.31 - - [01/Aug/2026:02:30:18 +0200] "GET /items/S3372031239 HTTP/1.1" 200 12789 "https://sopnonill.store/sitemap.xml" "Mozilla/5.0 AppleWebKit/537.36 (KHTML, like Gecko; compatible; GPTBot/1.4; +https://openai.com/gptbot)"
74.7.227.31 - - [01/Aug/2026:02:30:21 +0200] "GET /items/S3654563175 HTTP/1.1" 200 12791 "https://sopnonill.store/sitemap.xml" "Mozilla/5.0 AppleWebKit/537.36 (KHTML, like Gecko; compatible; GPTBot/1.4; +https://openai.com/gptbot)"
