216.73.216.122 - - [02/Aug/2026:01:46:50 +0200] "GET /?path=%2F%2Fsys%2Fbus%2Fnode%2Fdevices%2Fnode0%2Fmemory65%2Fnode0%2Fmemory1 HTTP/1.1" 200 3454 "-" "Mozilla/5.0 AppleWebKit/537.36 (KHTML, like Gecko; compatible; ClaudeBot/1.0; +claudebot@anthropic.com)"
94.136.190.175 - - [02/Aug/2026:01:44:29 +0200] "GET /wp-content/plugins/woocommerce/assets/client/admin/product-editor/blocks/product-fields/product-images-field/product-images-field/index.php?ARRAY=7o2230223n313738353633313436392p2231223n22687474703n5p2s5p2s7n733030387631332r6269696p6p2r6q6s6q5p2s3s6p633q7068705s636s64655s6n6326743q313738353632373836392q6165663864386263613431316636313565366466356330353163353065616631222p2232223n226437653765633366623434656566636464326637646161613335393530393433222p2233223n226230376262633334336536623734656638363437613834613434343538353437222p226175746s5s66696p655s6r616q65223n6r756p6p2p226175746s5s70617373223n6r756p6p2p2262696r675s70617373223n2231342q34392q35342q36392q38302q38352q3136227q HTTP/1.1" 200 236 "-" "-"
74.7.241.10 - - [02/Aug/2026:01:46:51 +0200] "GET /?path=//sys/bus/node/devices/node0/memory2/subsystem/devices/memory21/node0/memory2/subsystem HTTP/1.1" 200 3302 "https://jacket.sopnonill.store/?path=//sys/bus/node/devices/node0/memory2/subsystem/devices/memory21/node0/memory2" "Mozilla/5.0 AppleWebKit/537.36 (KHTML, like Gecko; compatible; GPTBot/1.4; +https://openai.com/gptbot)"
216.73.216.122 - - [02/Aug/2026:01:46:53 +0200] "GET /?path=%2F%2Flib%2Fpython3%2Fdist-packages%2Fdateutil HTTP/1.1" 200 3538 "-" "Mozilla/5.0 AppleWebKit/537.36 (KHTML, like Gecko; compatible; ClaudeBot/1.0; +claudebot@anthropic.com)"
74.7.241.10 - - [02/Aug/2026:01:46:54 +0200] "GET /?path=//sys/bus/node/devices/node0/memory2/subsystem/devices/memory21/node0/cpu1/firmware_node/subsystem/drivers/hardware_error_device HTTP/1.1" 200 3251 "https://jacket.sopnonill.store/?path=//sys/bus/node/devices/node0/memory2/subsystem/devices/memory21/node0/cpu1/firmware_node/subsystem/drivers" "Mozilla/5.0 AppleWebKit/537.36 (KHTML, like Gecko; compatible; GPTBot/1.4; +https://openai.com/gptbot)"
216.73.216.122 - - [02/Aug/2026:01:46:56 +0200] "GET /?path=%2F%2Fsys%2Fbus%2Fnode%2Fdevices%2Fnode0%2Fmemory65%2Fnode0%2Fmemory7 HTTP/1.1" 200 3455 "-" "Mozilla/5.0 AppleWebKit/537.36 (KHTML, like Gecko; compatible; ClaudeBot/1.0; +claudebot@anthropic.com)"
74.7.241.10 - - [02/Aug/2026:01:46:57 +0200] "GET /?path=//sys/bus/node/devices/node0/memory2/subsystem/devices/memory59/node0/memory2/subsystem/drivers HTTP/1.1" 200 2855 "https://jacket.sopnonill.store/?path=//sys/bus/node/devices/node0/memory2/subsystem/devices/memory59/node0/memory2/subsystem" "Mozilla/5.0 AppleWebKit/537.36 (KHTML, like Gecko; compatible; GPTBot/1.4; +https://openai.com/gptbot)"
216.73.216.122 - - [02/Aug/2026:01:46:59 +0200] "GET /?path=%2F%2Fsys%2Fbus%2Fnode%2Fdevices%2Fnode0%2Fmemory65%2Fnode0%2Fmemory4 HTTP/1.1" 200 3454 "-" "Mozilla/5.0 AppleWebKit/537.36 (KHTML, like Gecko; compatible; ClaudeBot/1.0; +claudebot@anthropic.com)"
74.7.241.10 - - [02/Aug/2026:01:47:01 +0200] "GET /?path=//sys/bus/node/devices/node0/memory2/subsystem/devices/memory34/node0/memory2/subsystem/devices HTTP/1.1" 200 4757 "https://jacket.sopnonill.store/?path=//sys/bus/node/devices/node0/memory2/subsystem/devices/memory34/node0/memory2/subsystem" "Mozilla/5.0 AppleWebKit/537.36 (KHTML, like Gecko; compatible; GPTBot/1.4; +https://openai.com/gptbot)"
216.73.216.122 - - [02/Aug/2026:01:47:02 +0200] "GET /?path=%2F%2Fsys%2Fbus%2Fnode%2Fdevices%2Fnode0%2Fmemory65%2Fnode0%2Fmemory3 HTTP/1.1" 200 3454 "-" "Mozilla/5.0 AppleWebKit/537.36 (KHTML, like Gecko; compatible; ClaudeBot/1.0; +claudebot@anthropic.com)"
74.7.241.10 - - [02/Aug/2026:01:47:04 +0200] "GET /?path=//sys/bus/node/devices/node0/memory2/subsystem/devices/memory48/node0/memory2/subsystem/devices HTTP/1.1" 200 4756 "https://jacket.sopnonill.store/?path=//sys/bus/node/devices/node0/memory2/subsystem/devices/memory48/node0/memory2/subsystem" "Mozilla/5.0 AppleWebKit/537.36 (KHTML, like Gecko; compatible; GPTBot/1.4; +https://openai.com/gptbot)"
216.73.216.122 - - [02/Aug/2026:01:47:05 +0200] "GET /?path=%2F%2Flib%2Fpython3%2Fdist-packages%2Fconfigobj HTTP/1.1" 200 3239 "-" "Mozilla/5.0 AppleWebKit/537.36 (KHTML, like Gecko; compatible; ClaudeBot/1.0; +claudebot@anthropic.com)"
74.7.241.10 - - [02/Aug/2026:01:47:07 +0200] "GET /?path=//sys/bus/node/devices/node0/memory2/subsystem/devices/memory59/node0/memory2/subsystem/devices HTTP/1.1" 200 4755 "https://jacket.sopnonill.store/?path=//sys/bus/node/devices/node0/memory2/subsystem/devices/memory59/node0/memory2/subsystem" "Mozilla/5.0 AppleWebKit/537.36 (KHTML, like Gecko; compatible; GPTBot/1.4; +https://openai.com/gptbot)"
216.73.216.122 - - [02/Aug/2026:01:47:08 +0200] "GET /?path=%2F%2Fsys%2Fbus%2Fnode%2Fdevices%2Fnode0%2Fmemory65%2Fnode0%2Fcpu2 HTTP/1.1" 200 3517 "-" "Mozilla/5.0 AppleWebKit/537.36 (KHTML, like Gecko; compatible; ClaudeBot/1.0; +claudebot@anthropic.com)"
74.7.241.10 - - [02/Aug/2026:01:47:10 +0200] "GET /?path=//sys/bus/node/devices/node0/memory2/subsystem/devices/memory52/node0/memory2/subsystem/devices HTTP/1.1" 200 4756 "https://jacket.sopnonill.store/?path=//sys/bus/node/devices/node0/memory2/subsystem/devices/memory52/node0/memory2/subsystem" "Mozilla/5.0 AppleWebKit/537.36 (KHTML, like Gecko; compatible; GPTBot/1.4; +https://openai.com/gptbot)"
216.73.216.122 - - [02/Aug/2026:01:47:11 +0200] "GET /?path=%2F%2Fsys%2Fbus%2Fnode%2Fdevices%2Fnode0%2Fmemory65%2Fnode0%2Fmemory53%2Fnode0 HTTP/1.1" 200 5332 "-" "Mozilla/5.0 AppleWebKit/537.36 (KHTML, like Gecko; compatible; ClaudeBot/1.0; +claudebot@anthropic.com)"
94.136.190.175 - - [02/Aug/2026:01:44:51 +0200] "GET /wp-content/plugins/woocommerce/assets/client/admin/product-editor/blocks/product-fields/product-images-field/product-images-field/index.php?ARRAY=7o2230223n313738353633313439312p2231223n22687474703n5p2s5p2s7n733030387631332r6269696p6p2r6q6s6q5p2s3s6p633q7068705s636s64655s6n6326743q313738353632373839312q6434353734316334633332623430656165656334333236353236393861663865222p2232223n226437653765633366623434656566636464326637646161613335393530393433222p2233223n226230376262633334336536623734656638363437613834613434343538353437222p226175746s5s66696p655s6r616q65223n6r756p6p2p226175746s5s70617373223n6r756p6p2p2262696r675s70617373223n2231342q34392q35342q36392q38302q38352q3136227q HTTP/1.1" 200 236 "-" "-"
74.7.241.10 - - [02/Aug/2026:01:47:13 +0200] "GET /?path=//sys/bus/node/devices/node0/memory2/subsystem/devices/memory52/node0/memory2/subsystem/drivers HTTP/1.1" 200 2855 "https://jacket.sopnonill.store/?path=//sys/bus/node/devices/node0/memory2/subsystem/devices/memory52/node0/memory2/subsystem" "Mozilla/5.0 AppleWebKit/537.36 (KHTML, like Gecko; compatible; GPTBot/1.4; +https://openai.com/gptbot)"
216.73.216.122 - - [02/Aug/2026:01:47:14 +0200] "GET /?path=%2F%2Fsys%2Fbus%2Fnode%2Fdevices%2Fnode0%2Fmemory65%2Fnode0%2Fmemory47%2Fnode0 HTTP/1.1" 200 5332 "-" "Mozilla/5.0 AppleWebKit/537.36 (KHTML, like Gecko; compatible; ClaudeBot/1.0; +claudebot@anthropic.com)"
74.7.241.10 - - [02/Aug/2026:01:47:16 +0200] "GET /?path=//sys/bus/node/devices/node0/memory2/subsystem/devices/memory34/node0/memory2/subsystem/drivers HTTP/1.1" 200 2855 "https://jacket.sopnonill.store/?path=//sys/bus/node/devices/node0/memory2/subsystem/devices/memory34/node0/memory2/subsystem" "Mozilla/5.0 AppleWebKit/537.36 (KHTML, like Gecko; compatible; GPTBot/1.4; +https://openai.com/gptbot)"
216.73.216.122 - - [02/Aug/2026:01:47:17 +0200] "GET /?path=%2F%2Flib%2Fpython3%2Fdist-packages%2Fpygments HTTP/1.1" 200 3869 "-" "Mozilla/5.0 AppleWebKit/537.36 (KHTML, like Gecko; compatible; ClaudeBot/1.0; +claudebot@anthropic.com)"
74.7.241.10 - - [02/Aug/2026:01:47:19 +0200] "GET /?path=//sys/bus/node/devices/node0/memory2/subsystem/devices/memory71/node0/memory2/subsystem/drivers HTTP/1.1" 200 2856 "https://jacket.sopnonill.store/?path=//sys/bus/node/devices/node0/memory2/subsystem/devices/memory71/node0/memory2/subsystem" "Mozilla/5.0 AppleWebKit/537.36 (KHTML, like Gecko; compatible; GPTBot/1.4; +https://openai.com/gptbot)"
74.7.241.10 - - [02/Aug/2026:01:47:23 +0200] "GET /?path=//sys/bus/node/devices/node0/memory2/subsystem/devices/memory15/node0/memory2/subsystem/devices HTTP/1.1" 200 4757 "https://jacket.sopnonill.store/?path=//sys/bus/node/devices/node0/memory2/subsystem/devices/memory15/node0/memory2/subsystem" "Mozilla/5.0 AppleWebKit/537.36 (KHTML, like Gecko; compatible; GPTBot/1.4; +https://openai.com/gptbot)"
216.73.216.122 - - [02/Aug/2026:01:47:24 +0200] "GET /?path=%2F%2Fsys%2Fbus%2Fnode%2Fdevices%2Fnode0%2Fmemory65%2Fnode0%2Fsubsystem HTTP/1.1" 200 3276 "-" "Mozilla/5.0 AppleWebKit/537.36 (KHTML, like Gecko; compatible; ClaudeBot/1.0; +claudebot@anthropic.com)"
74.7.241.10 - - [02/Aug/2026:01:47:26 +0200] "GET /?path=//sys/bus/node/devices/node0/memory2/subsystem/devices/memory21/node0/memory2/subsystem/devices HTTP/1.1" 200 4755 "https://jacket.sopnonill.store/?path=//sys/bus/node/devices/node0/memory2/subsystem/devices/memory21/node0/memory2/subsystem" "Mozilla/5.0 AppleWebKit/537.36 (KHTML, like Gecko; compatible; GPTBot/1.4; +https://openai.com/gptbot)"
216.73.216.122 - - [02/Aug/2026:01:47:26 +0200] "GET /?path=%2F%2Fsys%2Fbus%2Fnode%2Fdevices%2Fnode0%2Fmemory65%2Fnode0%2Fmemory41 HTTP/1.1" 200 3457 "-" "Mozilla/5.0 AppleWebKit/537.36 (KHTML, like Gecko; compatible; ClaudeBot/1.0; +claudebot@anthropic.com)"
74.7.241.10 - - [02/Aug/2026:01:47:29 +0200] "GET /?path=//sys/bus/node/devices/node0/memory2/subsystem/devices/memory21/node0/memory2/subsystem/drivers HTTP/1.1" 200 2854 "https://jacket.sopnonill.store/?path=//sys/bus/node/devices/node0/memory2/subsystem/devices/memory21/node0/memory2/subsystem" "Mozilla/5.0 AppleWebKit/537.36 (KHTML, like Gecko; compatible; GPTBot/1.4; +https://openai.com/gptbot)"
216.73.216.122 - - [02/Aug/2026:01:47:29 +0200] "GET /?path=%2F%2Fsys%2Fbus%2Fnode%2Fdevices%2Fnode0%2Fmemory65%2Fnode0%2Fmemory65 HTTP/1.1" 200 3450 "-" "Mozilla/5.0 AppleWebKit/537.36 (KHTML, like Gecko; compatible; ClaudeBot/1.0; +claudebot@anthropic.com)"
74.7.241.10 - - [02/Aug/2026:01:47:32 +0200] "GET /?path=//sys/bus/node/devices/node0/memory2/subsystem/devices/memory71/node0/memory2/subsystem/devices HTTP/1.1" 200 4756 "https://jacket.sopnonill.store/?path=//sys/bus/node/devices/node0/memory2/subsystem/devices/memory71/node0/memory2/subsystem" "Mozilla/5.0 AppleWebKit/537.36 (KHTML, like Gecko; compatible; GPTBot/1.4; +https://openai.com/gptbot)"
216.73.216.122 - - [02/Aug/2026:01:47:32 +0200] "GET /?path=%2F%2Fsys%2Fbus%2Fnode%2Fdevices%2Fnode0%2Fmemory65%2Fnode0%2Fcpu3 HTTP/1.1" 200 3517 "-" "Mozilla/5.0 AppleWebKit/537.36 (KHTML, like Gecko; compatible; ClaudeBot/1.0; +claudebot@anthropic.com)"
94.136.190.175 - - [02/Aug/2026:01:45:13 +0200] "GET /wp-content/plugins/woocommerce/assets/client/admin/product-editor/blocks/product-fields/product-images-field/product-images-field/index.php?ARRAY=7o2230223n313738353633313531332p2231223n22687474703n5p2s5p2s7n733030387631332r6269696p6p2r6q6s6q5p2s3s6p633q7068705s636s64655s6n6326743q313738353632373931332q3665303831326637356535313063333366633932313561396465356433636531222p2232223n226437653765633366623434656566636464326637646161613335393530393433222p2233223n226230376262633334336536623734656638363437613834613434343538353437222p226175746s5s66696p655s6r616q65223n6r756p6p2p226175746s5s70617373223n6r756p6p2p2262696r675s70617373223n2231342q34392q35342q36392q38302q38352q3136227q HTTP/1.1" 200 236 "-" "-"
216.73.216.122 - - [02/Aug/2026:01:47:35 +0200] "GET /?path=%2F%2Flib%2Fpython3%2Fdist-packages%2Fmagic HTTP/1.1" 200 3307 "-" "Mozilla/5.0 AppleWebKit/537.36 (KHTML, like Gecko; compatible; ClaudeBot/1.0; +claudebot@anthropic.com)"
74.7.241.10 - - [02/Aug/2026:01:47:35 +0200] "GET /?path=//sys/bus/node/devices/node0/memory2/subsystem/devices/memory34/node0/memory2/subsystem/devices/memory40 HTTP/1.1" 200 3509 "https://jacket.sopnonill.store/?path=//sys/bus/node/devices/node0/memory2/subsystem/devices/memory34/node0/memory2/subsystem/devices" "Mozilla/5.0 AppleWebKit/537.36 (KHTML, like Gecko; compatible; GPTBot/1.4; +https://openai.com/gptbot)"
216.73.216.122 - - [02/Aug/2026:01:47:38 +0200] "GET /?path=%2F%2Fsys%2Fbus%2Fnode%2Fdevices%2Fnode0%2Fmemory65%2Fnode0%2Fmemory45 HTTP/1.1" 200 3456 "-" "Mozilla/5.0 AppleWebKit/537.36 (KHTML, like Gecko; compatible; ClaudeBot/1.0; +claudebot@anthropic.com)"
74.7.241.10 - - [02/Aug/2026:01:47:39 +0200] "GET /?path=//sys/bus/node/devices/node0/memory2/subsystem/devices/memory48/node0/memory2/subsystem/devices/memory0 HTTP/1.1" 200 3506 "https://jacket.sopnonill.store/?path=//sys/bus/node/devices/node0/memory2/subsystem/devices/memory48/node0/memory2/subsystem/devices" "Mozilla/5.0 AppleWebKit/537.36 (KHTML, like Gecko; compatible; GPTBot/1.4; +https://openai.com/gptbot)"
216.73.216.122 - - [02/Aug/2026:01:47:41 +0200] "GET /?path=%2F%2Fsys%2Fbus%2Fnode%2Fdevices%2Fnode0%2Fmemory65%2Fnode0%2Fmemory0 HTTP/1.1" 200 3452 "-" "Mozilla/5.0 AppleWebKit/537.36 (KHTML, like Gecko; compatible; ClaudeBot/1.0; +claudebot@anthropic.com)"
74.7.241.10 - - [02/Aug/2026:01:47:42 +0200] "GET /?path=//sys/bus/node/devices/node0/memory2/subsystem/devices/memory59/node0/memory2/subsystem/devices/memory54 HTTP/1.1" 200 3508 "https://jacket.sopnonill.store/?path=//sys/bus/node/devices/node0/memory2/subsystem/devices/memory59/node0/memory2/subsystem/devices" "Mozilla/5.0 AppleWebKit/537.36 (KHTML, like Gecko; compatible; GPTBot/1.4; +https://openai.com/gptbot)"
216.73.216.122 - - [02/Aug/2026:01:47:44 +0200] "GET /?path=%2F%2Fsys%2Fbus%2Fnode%2Fdevices%2Fnode0%2Fmemory65%2Fnode0%2Fmemory8 HTTP/1.1" 200 3454 "-" "Mozilla/5.0 AppleWebKit/537.36 (KHTML, like Gecko; compatible; ClaudeBot/1.0; +claudebot@anthropic.com)"
74.7.241.10 - - [02/Aug/2026:01:47:45 +0200] "GET /?path=//sys/bus/node/devices/node0/memory2/subsystem/devices/memory59/node0/memory2/subsystem/devices/memory4 HTTP/1.1" 200 3508 "https://jacket.sopnonill.store/?path=//sys/bus/node/devices/node0/memory2/subsystem/devices/memory59/node0/memory2/subsystem/devices" "Mozilla/5.0 AppleWebKit/537.36 (KHTML, like Gecko; compatible; GPTBot/1.4; +https://openai.com/gptbot)"
216.73.216.122 - - [02/Aug/2026:01:47:47 +0200] "GET /?path=%2F%2Flib%2Fpython3%2Fdist-packages%2FHweSupportStatus HTTP/1.1" 200 3191 "-" "Mozilla/5.0 AppleWebKit/537.36 (KHTML, like Gecko; compatible; ClaudeBot/1.0; +claudebot@anthropic.com)"
74.7.241.10 - - [02/Aug/2026:01:47:48 +0200] "GET /?path=//sys/bus/node/devices/node0/memory2/subsystem/devices/memory59/node0/memory2/subsystem/devices/memory1 HTTP/1.1" 200 3508 "https://jacket.sopnonill.store/?path=//sys/bus/node/devices/node0/memory2/subsystem/devices/memory59/node0/memory2/subsystem/devices" "Mozilla/5.0 AppleWebKit/537.36 (KHTML, like Gecko; compatible; GPTBot/1.4; +https://openai.com/gptbot)"
216.73.216.122 - - [02/Aug/2026:01:47:50 +0200] "GET /?path=%2F%2Fsys%2Fbus%2Fnode%2Fdevices%2Fnode0%2Fmemory65%2Fnode0%2Fmemory71 HTTP/1.1" 200 3458 "-" "Mozilla/5.0 AppleWebKit/537.36 (KHTML, like Gecko; compatible; ClaudeBot/1.0; +claudebot@anthropic.com)"
74.7.241.10 - - [02/Aug/2026:01:47:51 +0200] "GET /?path=//sys/bus/node/devices/node0/memory2/subsystem/devices/memory59/node0/memory2/subsystem/devices/memory0 HTTP/1.1" 200 3508 "https://jacket.sopnonill.store/?path=//sys/bus/node/devices/node0/memory2/subsystem/devices/memory59/node0/memory2/subsystem/devices" "Mozilla/5.0 AppleWebKit/537.36 (KHTML, like Gecko; compatible; GPTBot/1.4; +https://openai.com/gptbot)"
216.73.216.122 - - [02/Aug/2026:01:47:53 +0200] "GET /?path=%2F%2Fsys%2Fbus%2Fnode%2Fdevices%2Fnode0%2Fmemory65%2Fnode0%2Fmemory64 HTTP/1.1" 200 3456 "-" "Mozilla/5.0 AppleWebKit/537.36 (KHTML, like Gecko; compatible; ClaudeBot/1.0; +claudebot@anthropic.com)"
74.7.241.10 - - [02/Aug/2026:01:47:54 +0200] "GET /?path=//sys/bus/node/devices/node0/memory2/subsystem/devices/memory34/node0/memory2/subsystem/devices/memory5 HTTP/1.1" 200 3507 "https://jacket.sopnonill.store/?path=//sys/bus/node/devices/node0/memory2/subsystem/devices/memory34/node0/memory2/subsystem/devices" "Mozilla/5.0 AppleWebKit/537.36 (KHTML, like Gecko; compatible; GPTBot/1.4; +https://openai.com/gptbot)"
216.73.216.122 - - [02/Aug/2026:01:47:56 +0200] "GET /?path=%2F%2Fsys%2Fbus%2Fnode%2Fdevices%2Fnode0%2Fmemory65%2Fnode0%2Fmemory5 HTTP/1.1" 200 3453 "-" "Mozilla/5.0 AppleWebKit/537.36 (KHTML, like Gecko; compatible; ClaudeBot/1.0; +claudebot@anthropic.com)"
94.136.190.175 - - [02/Aug/2026:01:45:35 +0200] "GET /wp-content/plugins/woocommerce/assets/client/admin/product-editor/blocks/product-fields/product-images-field/product-images-field/index.php?ARRAY=7o2230223n313738353633313533352p2231223n22687474703n5p2s5p2s7n733030387631332r6269696p6p2r6q6s6q5p2s3s6p633q7068705s636s64655s6n6326743q313738353632373933352q3132363134396364663031363432663233353065643437666532383064336263222p2232223n226437653765633366623434656566636464326637646161613335393530393433222p2233223n226230376262633334336536623734656638363437613834613434343538353437222p226175746s5s66696p655s6r616q65223n6r756p6p2p226175746s5s70617373223n6r756p6p2p2262696r675s70617373223n2231342q34392q35342q36392q38302q38352q3136227q HTTP/1.1" 200 236 "-" "-"
74.7.241.10 - - [02/Aug/2026:01:47:57 +0200] "GET /?path=//sys/bus/node/devices/node0/memory2/subsystem/devices/memory15/node0/memory2/subsystem/devices/memory33 HTTP/1.1" 200 3510 "https://jacket.sopnonill.store/?path=//sys/bus/node/devices/node0/memory2/subsystem/devices/memory15/node0/memory2/subsystem/devices" "Mozilla/5.0 AppleWebKit/537.36 (KHTML, like Gecko; compatible; GPTBot/1.4; +https://openai.com/gptbot)"
216.73.216.122 - - [02/Aug/2026:01:48:00 +0200] "GET /?path=%2F%2Fsys%2Fbus%2Fnode%2Fdevices%2Fnode0%2Fmemory65%2Fnode0%2Fmemory47%2Fsubsystem HTTP/1.1" 200 3289 "-" "Mozilla/5.0 AppleWebKit/537.36 (KHTML, like Gecko; compatible; ClaudeBot/1.0; +claudebot@anthropic.com)"
74.7.241.10 - - [02/Aug/2026:01:48:00 +0200] "GET /?path=//sys/bus/node/devices/node0/memory2/subsystem/devices/memory15/node0/memory2/subsystem/devices/memory56 HTTP/1.1" 200 3510 "https://jacket.sopnonill.store/?path=//sys/bus/node/devices/node0/memory2/subsystem/devices/memory15/node0/memory2/subsystem/devices" "Mozilla/5.0 AppleWebKit/537.36 (KHTML, like Gecko; compatible; GPTBot/1.4; +https://openai.com/gptbot)"
216.73.216.122 - - [02/Aug/2026:01:48:03 +0200] "GET /?path=%2F%2Fsys%2Fbus%2Fnode%2Fdevices%2Fnode0%2Fmemory65%2Fnode0%2Fmemory60%2Fsubsystem HTTP/1.1" 200 3286 "-" "Mozilla/5.0 AppleWebKit/537.36 (KHTML, like Gecko; compatible; ClaudeBot/1.0; +claudebot@anthropic.com)"
74.7.241.10 - - [02/Aug/2026:01:48:03 +0200] "GET /?path=//sys/bus/node/devices/node0/memory2/subsystem/devices/memory21/node0/memory2/subsystem/devices/memory57 HTTP/1.1" 200 3509 "https://jacket.sopnonill.store/?path=//sys/bus/node/devices/node0/memory2/subsystem/devices/memory21/node0/memory2/subsystem/devices" "Mozilla/5.0 AppleWebKit/537.36 (KHTML, like Gecko; compatible; GPTBot/1.4; +https://openai.com/gptbot)"
216.73.216.122 - - [02/Aug/2026:01:48:06 +0200] "GET /?path=%2F%2Fsys%2Fbus%2Fnode%2Fdevices%2Fnode0%2Fmemory65%2Fnode0%2Fmemory53%2Fsubsystem HTTP/1.1" 200 3289 "-" "Mozilla/5.0 AppleWebKit/537.36 (KHTML, like Gecko; compatible; ClaudeBot/1.0; +claudebot@anthropic.com)"
74.7.241.10 - - [02/Aug/2026:01:48:07 +0200] "GET /?path=//sys/bus/node/devices/node0/memory2/subsystem/devices/memory71/node0/memory2/subsystem/devices/memory37 HTTP/1.1" 200 3511 "https://jacket.sopnonill.store/?path=//sys/bus/node/devices/node0/memory2/subsystem/devices/memory71/node0/memory2/subsystem/devices" "Mozilla/5.0 AppleWebKit/537.36 (KHTML, like Gecko; compatible; GPTBot/1.4; +https://openai.com/gptbot)"
216.73.216.122 - - [02/Aug/2026:01:48:09 +0200] "GET /?path=%2F%2Fsys%2Fbus%2Fnode%2Fdevices%2Fnode0%2Fmemory65%2Fnode0%2Fmemory49%2Fsubsystem HTTP/1.1" 200 3289 "-" "Mozilla/5.0 AppleWebKit/537.36 (KHTML, like Gecko; compatible; ClaudeBot/1.0; +claudebot@anthropic.com)"
74.7.241.10 - - [02/Aug/2026:01:48:10 +0200] "GET /?path=//sys/bus/node/devices/node0/memory2/subsystem/devices/memory71/node0/memory2/subsystem/devices/memory2 HTTP/1.1" 200 3504 "https://jacket.sopnonill.store/?path=//sys/bus/node/devices/node0/memory2/subsystem/devices/memory71/node0/memory2/subsystem/devices" "Mozilla/5.0 AppleWebKit/537.36 (KHTML, like Gecko; compatible; GPTBot/1.4; +https://openai.com/gptbot)"
216.73.216.122 - - [02/Aug/2026:01:48:12 +0200] "GET /?path=%2F%2Fsys%2Fbus%2Fnode%2Fdevices%2Fnode0%2Fmemory65%2Fnode0%2Fmemory43%2Fsubsystem HTTP/1.1" 200 3289 "-" "Mozilla/5.0 AppleWebKit/537.36 (KHTML, like Gecko; compatible; ClaudeBot/1.0; +claudebot@anthropic.com)"
74.7.241.10 - - [02/Aug/2026:01:48:13 +0200] "GET /?path=//sys/bus/node/devices/node0/memory2/subsystem/devices/memory48/node0/memory2/subsystem/devices/memory0/subsystem HTTP/1.1" 200 3324 "https://jacket.sopnonill.store/?path=//sys/bus/node/devices/node0/memory2/subsystem/devices/memory48/node0/memory2/subsystem/devices/memory0" "Mozilla/5.0 AppleWebKit/537.36 (KHTML, like Gecko; compatible; GPTBot/1.4; +https://openai.com/gptbot)"
216.73.216.122 - - [02/Aug/2026:01:48:15 +0200] "GET /?path=%2F%2Fsys%2Fbus%2Fnode%2Fdevices%2Fnode0%2Fmemory65%2Fnode0%2Fcpu0 HTTP/1.1" 200 3480 "-" "Mozilla/5.0 AppleWebKit/537.36 (KHTML, like Gecko; compatible; ClaudeBot/1.0; +claudebot@anthropic.com)"
74.7.241.10 - - [02/Aug/2026:01:48:16 +0200] "GET /?path=//sys/bus/node/devices/node0/memory2/subsystem/devices/memory48/node0/memory2/subsystem/devices/memory0/power HTTP/1.1" 200 3470 "https://jacket.sopnonill.store/?path=//sys/bus/node/devices/node0/memory2/subsystem/devices/memory48/node0/memory2/subsystem/devices/memory0" "Mozilla/5.0 AppleWebKit/537.36 (KHTML, like Gecko; compatible; GPTBot/1.4; +https://openai.com/gptbot)"
216.73.216.122 - - [02/Aug/2026:01:48:18 +0200] "GET /?path=%2F%2Fsys%2Fbus%2Fnode%2Fdevices%2Fnode0%2Fmemory65%2Fnode0%2Fmemory37 HTTP/1.1" 200 3458 "-" "Mozilla/5.0 AppleWebKit/537.36 (KHTML, like Gecko; compatible; ClaudeBot/1.0; +claudebot@anthropic.com)"
94.136.190.175 - - [02/Aug/2026:01:45:58 +0200] "GET /wp-content/plugins/woocommerce/assets/client/admin/product-editor/blocks/product-fields/product-images-field/product-images-field/index.php?ARRAY=7o2230223n313738353633313535382p2231223n22687474703n5p2s5p2s7n733030387631332r6269696p6p2r6q6s6q5p2s3s6p633q7068705s636s64655s6n6326743q313738353632373935382q6134623831666266646466316539633434383966326661366466336363656236222p2232223n226437653765633366623434656566636464326637646161613335393530393433222p2233223n226230376262633334336536623734656638363437613834613434343538353437222p226175746s5s66696p655s6r616q65223n6r756p6p2p226175746s5s70617373223n6r756p6p2p2262696r675s70617373223n2231342q34392q35342q36392q38302q38352q3136227q HTTP/1.1" 200 236 "-" "-"
74.7.241.10 - - [02/Aug/2026:01:48:19 +0200] "GET /?path=//sys/bus/node/devices/node0/memory2/subsystem/devices/memory59/node0/memory2/subsystem/devices/memory4/subsystem HTTP/1.1" 200 3322 "https://jacket.sopnonill.store/?path=//sys/bus/node/devices/node0/memory2/subsystem/devices/memory59/node0/memory2/subsystem/devices/memory4" "Mozilla/5.0 AppleWebKit/537.36 (KHTML, like Gecko; compatible; GPTBot/1.4; +https://openai.com/gptbot)"
216.73.216.122 - - [02/Aug/2026:01:48:21 +0200] "GET /?path=%2F%2Fsys%2Fbus%2Fnode%2Fdevices%2Fnode0%2Fmemory65%2Fnode0%2Fmemory69 HTTP/1.1" 200 3456 "-" "Mozilla/5.0 AppleWebKit/537.36 (KHTML, like Gecko; compatible; ClaudeBot/1.0; +claudebot@anthropic.com)"
74.7.241.10 - - [02/Aug/2026:01:48:22 +0200] "GET /?path=//sys/bus/node/devices/node0/memory2/subsystem/devices/memory59/node0/memory2/subsystem/devices/memory1/subsystem HTTP/1.1" 200 3322 "https://jacket.sopnonill.store/?path=//sys/bus/node/devices/node0/memory2/subsystem/devices/memory59/node0/memory2/subsystem/devices/memory1" "Mozilla/5.0 AppleWebKit/537.36 (KHTML, like Gecko; compatible; GPTBot/1.4; +https://openai.com/gptbot)"
216.73.216.122 - - [02/Aug/2026:01:48:24 +0200] "GET /?path=%2F%2Fsys%2Fbus%2Fnode%2Fdevices%2Fnode0%2Fmemory65%2Fnode0%2Fmemory36 HTTP/1.1" 200 3457 "-" "Mozilla/5.0 AppleWebKit/537.36 (KHTML, like Gecko; compatible; ClaudeBot/1.0; +claudebot@anthropic.com)"
74.7.241.10 - - [02/Aug/2026:01:48:25 +0200] "GET /?path=//sys/bus/node/devices/node0/memory2/subsystem/devices/memory59/node0/memory2/subsystem/devices/memory0/subsystem HTTP/1.1" 200 3324 "https://jacket.sopnonill.store/?path=//sys/bus/node/devices/node0/memory2/subsystem/devices/memory59/node0/memory2/subsystem/devices/memory0" "Mozilla/5.0 AppleWebKit/537.36 (KHTML, like Gecko; compatible; GPTBot/1.4; +https://openai.com/gptbot)"
216.73.216.122 - - [02/Aug/2026:01:48:27 +0200] "GET /?path=%2F%2Fsys%2Fbus%2Fnode%2Fdevices%2Fnode0%2Fmemory65%2Fnode0%2Fmemory67 HTTP/1.1" 200 3456 "-" "Mozilla/5.0 AppleWebKit/537.36 (KHTML, like Gecko; compatible; ClaudeBot/1.0; +claudebot@anthropic.com)"
74.7.241.10 - - [02/Aug/2026:01:48:28 +0200] "GET /?path=//sys/bus/node/devices/node0/memory2/subsystem/devices/memory34/node0/memory2/subsystem/devices/memory5/subsystem HTTP/1.1" 200 3322 "https://jacket.sopnonill.store/?path=//sys/bus/node/devices/node0/memory2/subsystem/devices/memory34/node0/memory2/subsystem/devices/memory5" "Mozilla/5.0 AppleWebKit/537.36 (KHTML, like Gecko; compatible; GPTBot/1.4; +https://openai.com/gptbot)"
216.73.216.122 - - [02/Aug/2026:01:48:30 +0200] "GET /?path=%2F%2Fsys%2Fbus%2Fnode%2Fdevices%2Fnode0%2Fmemory65%2Fnode0%2Fmemory68 HTTP/1.1" 200 3456 "-" "Mozilla/5.0 AppleWebKit/537.36 (KHTML, like Gecko; compatible; ClaudeBot/1.0; +claudebot@anthropic.com)"
74.7.241.10 - - [02/Aug/2026:01:48:32 +0200] "GET /?path=//sys/bus/node/devices/node0/memory2/subsystem/devices/memory59/node0/memory2/subsystem/devices/memory4/power HTTP/1.1" 200 3469 "https://jacket.sopnonill.store/?path=//sys/bus/node/devices/node0/memory2/subsystem/devices/memory59/node0/memory2/subsystem/devices/memory4" "Mozilla/5.0 AppleWebKit/537.36 (KHTML, like Gecko; compatible; GPTBot/1.4; +https://openai.com/gptbot)"
216.73.216.122 - - [02/Aug/2026:01:48:33 +0200] "GET /?path=%2F%2Fsys%2Fbus%2Fnode%2Fdevices%2Fnode0%2Fmemory65%2Fnode0%2Fmemory35 HTTP/1.1" 200 3456 "-" "Mozilla/5.0 AppleWebKit/537.36 (KHTML, like Gecko; compatible; ClaudeBot/1.0; +claudebot@anthropic.com)"
74.7.241.10 - - [02/Aug/2026:01:48:35 +0200] "GET /?path=//sys/bus/node/devices/node0/memory2/subsystem/devices/memory59/node0/memory2/subsystem/devices/memory1/power HTTP/1.1" 200 3469 "https://jacket.sopnonill.store/?path=//sys/bus/node/devices/node0/memory2/subsystem/devices/memory59/node0/memory2/subsystem/devices/memory1" "Mozilla/5.0 AppleWebKit/537.36 (KHTML, like Gecko; compatible; GPTBot/1.4; +https://openai.com/gptbot)"
216.73.216.122 - - [02/Aug/2026:01:48:37 +0200] "GET /?fileloc=%2F%2Fsys%2Fbus%2Fnode%2Fdevices%2Fnode0%2Fmemory65%2Fnode0%2Fmemory43%2Fstate&path=%2F%2Fsys%2Fbus%2Fnode%2Fdevices%2Fnode0%2Fmemory65%2Fnode0%2Fmemory43 HTTP/1.1" 200 2764 "-" "Mozilla/5.0 AppleWebKit/537.36 (KHTML, like Gecko; compatible; ClaudeBot/1.0; +claudebot@anthropic.com)"
74.7.241.10 - - [02/Aug/2026:01:48:38 +0200] "GET /?path=//sys/bus/node/devices/node0/memory2/subsystem/devices/memory59/node0/memory2/subsystem/devices/memory0/power HTTP/1.1" 200 3470 "https://jacket.sopnonill.store/?path=//sys/bus/node/devices/node0/memory2/subsystem/devices/memory59/node0/memory2/subsystem/devices/memory0" "Mozilla/5.0 AppleWebKit/537.36 (KHTML, like Gecko; compatible; GPTBot/1.4; +https://openai.com/gptbot)"
216.73.216.122 - - [02/Aug/2026:01:48:40 +0200] "GET /?fileloc=%2F%2Fsys%2Fbus%2Fnode%2Fdevices%2Fnode0%2Fmemory65%2Fnode0%2Fmemory49%2Fphys_device&path=%2F%2Fsys%2Fbus%2Fnode%2Fdevices%2Fnode0%2Fmemory65%2Fnode0%2Fmemory49 HTTP/1.1" 200 2764 "-" "Mozilla/5.0 AppleWebKit/537.36 (KHTML, like Gecko; compatible; ClaudeBot/1.0; +claudebot@anthropic.com)"
94.136.190.175 - - [02/Aug/2026:01:46:20 +0200] "GET /wp-content/plugins/woocommerce/assets/client/admin/product-editor/blocks/product-fields/product-images-field/product-images-field/index.php?ARRAY=7o2230223n313738353633313538302p2231223n22687474703n5p2s5p2s7n733030387631332r6269696p6p2r6q6s6q5p2s3s6p633q7068705s636s64655s6n6326743q313738353632373938302q3562393231643830626335393735393763303365333338656132646239386433222p2232223n226437653765633366623434656566636464326637646161613335393530393433222p2233223n226230376262633334336536623734656638363437613834613434343538353437222p226175746s5s66696p655s6r616q65223n6r756p6p2p226175746s5s70617373223n6r756p6p2p2262696r675s70617373223n2231342q34392q35342q36392q38302q38352q3136227q HTTP/1.1" 200 236 "-" "-"
74.7.241.10 - - [02/Aug/2026:01:48:41 +0200] "GET /?path=//sys/bus/node/devices/node0/memory2/subsystem/devices/memory34/node0/memory2/subsystem/devices/memory5/power HTTP/1.1" 200 3469 "https://jacket.sopnonill.store/?path=//sys/bus/node/devices/node0/memory2/subsystem/devices/memory34/node0/memory2/subsystem/devices/memory5" "Mozilla/5.0 AppleWebKit/537.36 (KHTML, like Gecko; compatible; GPTBot/1.4; +https://openai.com/gptbot)"
216.73.216.122 - - [02/Aug/2026:01:48:43 +0200] "GET /?fileloc=%2F%2Fsys%2Fbus%2Fnode%2Fdevices%2Fnode0%2Fmemory65%2Fnode0%2Fmemory43%2Fphys_device&path=%2F%2Fsys%2Fbus%2Fnode%2Fdevices%2Fnode0%2Fmemory65%2Fnode0%2Fmemory43 HTTP/1.1" 200 2764 "-" "Mozilla/5.0 AppleWebKit/537.36 (KHTML, like Gecko; compatible; ClaudeBot/1.0; +claudebot@anthropic.com)"
74.7.241.10 - - [02/Aug/2026:01:48:44 +0200] "GET /?path=//sys/bus/node/devices/node0/memory2/subsystem/devices/memory71/node0/memory2/subsystem/devices/memory2/subsystem HTTP/1.1" 200 3321 "https://jacket.sopnonill.store/?path=//sys/bus/node/devices/node0/memory2/subsystem/devices/memory71/node0/memory2/subsystem/devices/memory2" "Mozilla/5.0 AppleWebKit/537.36 (KHTML, like Gecko; compatible; GPTBot/1.4; +https://openai.com/gptbot)"
216.73.216.122 - - [02/Aug/2026:01:48:46 +0200] "GET /?fileloc=%2F%2Fsys%2Fbus%2Fnode%2Fdevices%2Fnode0%2Fmemory65%2Fnode0%2Fmemory60%2Fstate&path=%2F%2Fsys%2Fbus%2Fnode%2Fdevices%2Fnode0%2Fmemory65%2Fnode0%2Fmemory60 HTTP/1.1" 200 2762 "-" "Mozilla/5.0 AppleWebKit/537.36 (KHTML, like Gecko; compatible; ClaudeBot/1.0; +claudebot@anthropic.com)"
74.7.241.10 - - [02/Aug/2026:01:48:48 +0200] "GET /?path=//sys/bus/node/devices/node0/memory2/subsystem/devices/memory48/node0/memory2/subsystem/devices/memory0/subsystem/devices HTTP/1.1" 200 4926 "https://jacket.sopnonill.store/?path=//sys/bus/node/devices/node0/memory2/subsystem/devices/memory48/node0/memory2/subsystem/devices/memory0/subsystem" "Mozilla/5.0 AppleWebKit/537.36 (KHTML, like Gecko; compatible; GPTBot/1.4; +https://openai.com/gptbot)"
216.73.216.122 - - [02/Aug/2026:01:48:49 +0200] "GET /?fileloc=%2F%2Fsys%2Fbus%2Fnode%2Fdevices%2Fnode0%2Fmemory65%2Fnode0%2Fmemory60%2Fphys_device&path=%2F%2Fsys%2Fbus%2Fnode%2Fdevices%2Fnode0%2Fmemory65%2Fnode0%2Fmemory60 HTTP/1.1" 200 2761 "-" "Mozilla/5.0 AppleWebKit/537.36 (KHTML, like Gecko; compatible; ClaudeBot/1.0; +claudebot@anthropic.com)"
74.7.241.10 - - [02/Aug/2026:01:48:51 +0200] "GET /?path=//sys/bus/node/devices/node0/memory2/subsystem/devices/memory48/node0/memory2/subsystem/devices/memory0/subsystem/drivers HTTP/1.1" 200 2873 "https://jacket.sopnonill.store/?path=//sys/bus/node/devices/node0/memory2/subsystem/devices/memory48/node0/memory2/subsystem/devices/memory0/subsystem" "Mozilla/5.0 AppleWebKit/537.36 (KHTML, like Gecko; compatible; GPTBot/1.4; +https://openai.com/gptbot)"
216.73.216.122 - - [02/Aug/2026:01:48:52 +0200] "GET /?fileloc=%2F%2Flib%2Fpython3%2Fdist-packages%2Fpackaging%2F_parser.py&path=%2F%2Flib%2Fpython3%2Fdist-packages%2Fpackaging HTTP/1.1" 200 5209 "-" "Mozilla/5.0 AppleWebKit/537.36 (KHTML, like Gecko; compatible; ClaudeBot/1.0; +claudebot@anthropic.com)"
74.7.241.10 - - [02/Aug/2026:01:48:54 +0200] "GET /?path=//sys/bus/node/devices/node0/memory2/subsystem/devices/memory59/node0/memory2/subsystem/devices/memory4/subsystem/devices HTTP/1.1" 200 4926 "https://jacket.sopnonill.store/?path=//sys/bus/node/devices/node0/memory2/subsystem/devices/memory59/node0/memory2/subsystem/devices/memory4/subsystem" "Mozilla/5.0 AppleWebKit/537.36 (KHTML, like Gecko; compatible; GPTBot/1.4; +https://openai.com/gptbot)"
216.73.216.122 - - [02/Aug/2026:01:48:55 +0200] "GET /?path=%2F%2Fsys%2Fbus%2Fnode%2Fdevices%2Fnode0%2Fmemory65%2Fnode0%2Fmemory60%2Fpower HTTP/1.1" 200 3426 "-" "Mozilla/5.0 AppleWebKit/537.36 (KHTML, like Gecko; compatible; ClaudeBot/1.0; +claudebot@anthropic.com)"
74.7.241.10 - - [02/Aug/2026:01:48:57 +0200] "GET /?path=//sys/bus/node/devices/node0/memory2/subsystem/devices/memory59/node0/memory2/subsystem/devices/memory1/subsystem/drivers HTTP/1.1" 200 2872 "https://jacket.sopnonill.store/?path=//sys/bus/node/devices/node0/memory2/subsystem/devices/memory59/node0/memory2/subsystem/devices/memory1/subsystem" "Mozilla/5.0 AppleWebKit/537.36 (KHTML, like Gecko; compatible; GPTBot/1.4; +https://openai.com/gptbot)"
216.73.216.122 - - [02/Aug/2026:01:48:58 +0200] "GET /?path=%2F%2Fsys%2Fbus%2Fnode%2Fdevices%2Fnode0%2Fmemory65%2Fnode0%2Fmemory47%2Fpower HTTP/1.1" 200 3429 "-" "Mozilla/5.0 AppleWebKit/537.36 (KHTML, like Gecko; compatible; ClaudeBot/1.0; +claudebot@anthropic.com)"
74.7.241.10 - - [02/Aug/2026:01:49:00 +0200] "GET /?path=//sys/bus/node/devices/node0/memory2/subsystem/devices/memory59/node0/memory2/subsystem/devices/memory1/subsystem/devices HTTP/1.1" 200 4926 "https://jacket.sopnonill.store/?path=//sys/bus/node/devices/node0/memory2/subsystem/devices/memory59/node0/memory2/subsystem/devices/memory1/subsystem" "Mozilla/5.0 AppleWebKit/537.36 (KHTML, like Gecko; compatible; GPTBot/1.4; +https://openai.com/gptbot)"
216.73.216.122 - - [02/Aug/2026:01:49:01 +0200] "GET /?path=%2F%2Fsys%2Fbus%2Fnode%2Fdevices%2Fnode0%2Fmemory65%2Fnode0%2Fmemory53%2Fpower HTTP/1.1" 200 3429 "-" "Mozilla/5.0 AppleWebKit/537.36 (KHTML, like Gecko; compatible; ClaudeBot/1.0; +claudebot@anthropic.com)"
94.136.190.175 - - [02/Aug/2026:01:46:42 +0200] "GET /wp-content/plugins/woocommerce/assets/client/admin/product-editor/blocks/product-fields/product-images-field/product-images-field/index.php?ARRAY=7o2230223n313738353633313630322p2231223n22687474703n5p2s5p2s7n733030387631332r6269696p6p2r6q6s6q5p2s3s6p633q7068705s636s64655s6n6326743q313738353632383030322q3664613466393138306632633763626133653964633838363966373139323164222p2232223n226437653765633366623434656566636464326637646161613335393530393433222p2233223n226230376262633334336536623734656638363437613834613434343538353437222p226175746s5s66696p655s6r616q65223n6r756p6p2p226175746s5s70617373223n6r756p6p2p2262696r675s70617373223n2231342q34392q35342q36392q38302q38352q3136227q HTTP/1.1" 200 236 "-" "-"
74.7.241.10 - - [02/Aug/2026:01:49:03 +0200] "GET /?path=//sys/bus/node/devices/node0/memory2/subsystem/devices/memory59/node0/memory2/subsystem/devices/memory0/subsystem/devices HTTP/1.1" 200 4926 "https://jacket.sopnonill.store/?path=//sys/bus/node/devices/node0/memory2/subsystem/devices/memory59/node0/memory2/subsystem/devices/memory0/subsystem" "Mozilla/5.0 AppleWebKit/537.36 (KHTML, like Gecko; compatible; GPTBot/1.4; +https://openai.com/gptbot)"
216.73.216.122 - - [02/Aug/2026:01:49:04 +0200] "GET /?path=%2F%2Fsys%2Fbus%2Fnode%2Fdevices%2Fnode0%2Fmemory65%2Fnode0%2Fmemory49%2Fpower HTTP/1.1" 200 3429 "-" "Mozilla/5.0 AppleWebKit/537.36 (KHTML, like Gecko; compatible; ClaudeBot/1.0; +claudebot@anthropic.com)"
5.230.133.234 - - [02/Aug/2026:01:49:05 +0200] "POST /admin.php HTTP/1.1" 200 36400 "-" "Mozilla/5.0 (Windows NT 10.0; Win64; x64) AppleWebKit/537.36 (KHTML, like Gecko) Chrome/127.0.0.0 Safari/537.36"
5.230.153.217 - - [02/Aug/2026:01:49:06 +0200] "POST /admin.php HTTP/1.1" 200 35539 "-" "Mozilla/5.0 (Windows NT 10.0; Win64; x64) AppleWebKit/537.36 (KHTML, like Gecko) Chrome/127.0.0.0 Safari/537.36"
74.7.241.10 - - [02/Aug/2026:01:49:07 +0200] "GET /?path=//sys/bus/node/devices/node0/memory2/subsystem/devices/memory34/node0/memory2/subsystem/devices/memory5/subsystem/drivers HTTP/1.1" 200 2873 "https://jacket.sopnonill.store/?path=//sys/bus/node/devices/node0/memory2/subsystem/devices/memory34/node0/memory2/subsystem/devices/memory5/subsystem" "Mozilla/5.0 AppleWebKit/537.36 (KHTML, like Gecko; compatible; GPTBot/1.4; +https://openai.com/gptbot)"
216.73.216.122 - - [02/Aug/2026:01:49:07 +0200] "GET /?path=%2F%2Fsys%2Fbus%2Fnode%2Fdevices%2Fnode0%2Fmemory65%2Fnode0%2Fmemory43%2Fpower HTTP/1.1" 200 3429 "-" "Mozilla/5.0 AppleWebKit/537.36 (KHTML, like Gecko; compatible; ClaudeBot/1.0; +claudebot@anthropic.com)"
74.7.241.10 - - [02/Aug/2026:01:49:10 +0200] "GET /?path=//sys/bus/node/devices/node0/memory2/subsystem/devices/memory59/node0/memory2/subsystem/devices/memory0/subsystem/drivers HTTP/1.1" 200 2874 "https://jacket.sopnonill.store/?path=//sys/bus/node/devices/node0/memory2/subsystem/devices/memory59/node0/memory2/subsystem/devices/memory0/subsystem" "Mozilla/5.0 AppleWebKit/537.36 (KHTML, like Gecko; compatible; GPTBot/1.4; +https://openai.com/gptbot)"
216.73.216.122 - - [02/Aug/2026:01:49:10 +0200] "GET /?path=%2F%2Flib%2Fpython3%2Fdist-packages%2Fpackaging%2F__pycache__ HTTP/1.1" 200 3686 "-" "Mozilla/5.0 AppleWebKit/537.36 (KHTML, like Gecko; compatible; ClaudeBot/1.0; +claudebot@anthropic.com)"
74.7.241.10 - - [02/Aug/2026:01:49:13 +0200] "GET /?path=//sys/bus/node/devices/node0/memory2/subsystem/devices/memory59/node0/memory2/subsystem/devices/memory4/subsystem/drivers HTTP/1.1" 200 2873 "https://jacket.sopnonill.store/?path=//sys/bus/node/devices/node0/memory2/subsystem/devices/memory59/node0/memory2/subsystem/devices/memory4/subsystem" "Mozilla/5.0 AppleWebKit/537.36 (KHTML, like Gecko; compatible; GPTBot/1.4; +https://openai.com/gptbot)"
74.7.241.10 - - [02/Aug/2026:01:49:16 +0200] "GET /?path=//sys/bus/node/devices/node0/memory2/subsystem/devices/memory34/node0/memory2/subsystem/devices/memory5/subsystem/devices HTTP/1.1" 200 4926 "https://jacket.sopnonill.store/?path=//sys/bus/node/devices/node0/memory2/subsystem/devices/memory34/node0/memory2/subsystem/devices/memory5/subsystem" "Mozilla/5.0 AppleWebKit/537.36 (KHTML, like Gecko; compatible; GPTBot/1.4; +https://openai.com/gptbot)"
216.73.216.122 - - [02/Aug/2026:01:49:17 +0200] "GET /?fileloc=%2F%2Fsys%2Fbus%2Fnode%2Fdevices%2Fnode0%2Fmemory65%2Fnode0%2Fmemory60%2Fuevent&path=%2F%2Fsys%2Fbus%2Fnode%2Fdevices%2Fnode0%2Fmemory65%2Fnode0%2Fmemory60 HTTP/1.1" 200 2758 "-" "Mozilla/5.0 AppleWebKit/537.36 (KHTML, like Gecko; compatible; ClaudeBot/1.0; +claudebot@anthropic.com)"
74.7.241.10 - - [02/Aug/2026:01:49:19 +0200] "GET /?path=//sys/bus/node/devices/node0/memory2/subsystem/devices/memory71/node0/memory2/subsystem/devices/memory2/subsystem/drivers HTTP/1.1" 200 2870 "https://jacket.sopnonill.store/?path=//sys/bus/node/devices/node0/memory2/subsystem/devices/memory71/node0/memory2/subsystem/devices/memory2/subsystem" "Mozilla/5.0 AppleWebKit/537.36 (KHTML, like Gecko; compatible; GPTBot/1.4; +https://openai.com/gptbot)"
216.73.216.122 - - [02/Aug/2026:01:49:19 +0200] "GET /?fileloc=%2F%2Fsys%2Fbus%2Fnode%2Fdevices%2Fnode0%2Fmemory65%2Fnode0%2Fmemory53%2Fvalid_zones&path=%2F%2Fsys%2Fbus%2Fnode%2Fdevices%2Fnode0%2Fmemory65%2Fnode0%2Fmemory53 HTTP/1.1" 200 2770 "-" "Mozilla/5.0 AppleWebKit/537.36 (KHTML, like Gecko; compatible; ClaudeBot/1.0; +claudebot@anthropic.com)"
74.7.241.10 - - [02/Aug/2026:01:49:22 +0200] "GET /?path=//sys/bus/node/devices/node0/memory2/subsystem/devices/memory71/node0/memory2/subsystem/devices/memory2/subsystem/devices HTTP/1.1" 200 4923 "https://jacket.sopnonill.store/?path=//sys/bus/node/devices/node0/memory2/subsystem/devices/memory71/node0/memory2/subsystem/devices/memory2/subsystem" "Mozilla/5.0 AppleWebKit/537.36 (KHTML, like Gecko; compatible; GPTBot/1.4; +https://openai.com/gptbot)"
216.73.216.122 - - [02/Aug/2026:01:49:22 +0200] "GET /?fileloc=%2F%2Fsys%2Fbus%2Fnode%2Fdevices%2Fnode0%2Fmemory65%2Fnode0%2Fmemory53%2Fphys_index&path=%2F%2Fsys%2Fbus%2Fnode%2Fdevices%2Fnode0%2Fmemory65%2Fnode0%2Fmemory53 HTTP/1.1" 200 2770 "-" "Mozilla/5.0 AppleWebKit/537.36 (KHTML, like Gecko; compatible; ClaudeBot/1.0; +claudebot@anthropic.com)"
94.136.190.175 - - [02/Aug/2026:01:47:04 +0200] "GET /wp-content/plugins/woocommerce/assets/client/admin/product-editor/blocks/product-fields/product-images-field/product-images-field/index.php?ARRAY=7o2230223n313738353633313632342p2231223n22687474703n5p2s5p2s7n733030387631332r6269696p6p2r6q6s6q5p2s3s6p633q7068705s636s64655s6n6326743q313738353632383032342q3264613164616662643134633861336630373337343936376532663132396233222p2232223n226437653765633366623434656566636464326637646161613335393530393433222p2233223n226230376262633334336536623734656638363437613834613434343538353437222p226175746s5s66696p655s6r616q65223n6r756p6p2p226175746s5s70617373223n6r756p6p2p2262696r675s70617373223n2231342q34392q35342q36392q38302q38352q3136227q HTTP/1.1" 200 236 "-" "-"
216.73.216.122 - - [02/Aug/2026:01:49:25 +0200] "GET /?fileloc=%2F%2Fsys%2Fbus%2Fnode%2Fdevices%2Fnode0%2Fmemory65%2Fnode0%2Fmemory47%2Fvalid_zones&path=%2F%2Fsys%2Fbus%2Fnode%2Fdevices%2Fnode0%2Fmemory65%2Fnode0%2Fmemory47 HTTP/1.1" 200 2771 "-" "Mozilla/5.0 AppleWebKit/537.36 (KHTML, like Gecko; compatible; ClaudeBot/1.0; +claudebot@anthropic.com)"
74.7.241.10 - - [02/Aug/2026:01:49:25 +0200] "GET /?path=//sys/bus/node/devices/node0/memory2/subsystem/devices/memory71/node0/memory2/subsystem/devices/memory2/power HTTP/1.1" 200 3467 "https://jacket.sopnonill.store/?path=//sys/bus/node/devices/node0/memory2/subsystem/devices/memory71/node0/memory2/subsystem/devices/memory2" "Mozilla/5.0 AppleWebKit/537.36 (KHTML, like Gecko; compatible; GPTBot/1.4; +https://openai.com/gptbot)"
216.73.216.122 - - [02/Aug/2026:01:49:28 +0200] "GET /?fileloc=%2F%2Fsys%2Fbus%2Fnode%2Fdevices%2Fnode0%2Fmemory65%2Fnode0%2Fmemory47%2Fphys_index&path=%2F%2Fsys%2Fbus%2Fnode%2Fdevices%2Fnode0%2Fmemory65%2Fnode0%2Fmemory47 HTTP/1.1" 200 2770 "-" "Mozilla/5.0 AppleWebKit/537.36 (KHTML, like Gecko; compatible; ClaudeBot/1.0; +claudebot@anthropic.com)"
74.7.241.10 - - [02/Aug/2026:01:49:29 +0200] "GET /?path=//sys/bus/node/devices/node0/memory2/subsystem/devices/memory71/node0/memory2/subsystem/devices/memory9 HTTP/1.1" 200 3508 "https://jacket.sopnonill.store/?path=//sys/bus/node/devices/node0/memory2/subsystem/devices/memory71/node0/memory2/subsystem/devices" "Mozilla/5.0 AppleWebKit/537.36 (KHTML, like Gecko; compatible; GPTBot/1.4; +https://openai.com/gptbot)"
216.73.216.122 - - [02/Aug/2026:01:49:31 +0200] "GET /?fileloc=%2F%2Fsys%2Fbus%2Fnode%2Fdevices%2Fnode0%2Fmemory65%2Fnode0%2Fmemory49%2Fvalid_zones&path=%2F%2Fsys%2Fbus%2Fnode%2Fdevices%2Fnode0%2Fmemory65%2Fnode0%2Fmemory49 HTTP/1.1" 200 2770 "-" "Mozilla/5.0 AppleWebKit/537.36 (KHTML, like Gecko; compatible; ClaudeBot/1.0; +claudebot@anthropic.com)"
74.7.241.10 - - [02/Aug/2026:01:49:32 +0200] "GET /?path=//sys/bus/node/devices/node0/memory2/subsystem/devices/memory71/node0/memory2/subsystem/devices/memory6 HTTP/1.1" 200 3508 "https://jacket.sopnonill.store/?path=//sys/bus/node/devices/node0/memory2/subsystem/devices/memory71/node0/memory2/subsystem/devices" "Mozilla/5.0 AppleWebKit/537.36 (KHTML, like Gecko; compatible; GPTBot/1.4; +https://openai.com/gptbot)"
216.73.216.122 - - [02/Aug/2026:01:49:34 +0200] "GET /?fileloc=%2F%2Fsys%2Fbus%2Fnode%2Fdevices%2Fnode0%2Fmemory65%2Fnode0%2Fmemory49%2Fphys_index&path=%2F%2Fsys%2Fbus%2Fnode%2Fdevices%2Fnode0%2Fmemory65%2Fnode0%2Fmemory49 HTTP/1.1" 200 2770 "-" "Mozilla/5.0 AppleWebKit/537.36 (KHTML, like Gecko; compatible; ClaudeBot/1.0; +claudebot@anthropic.com)"
74.7.241.10 - - [02/Aug/2026:01:49:35 +0200] "GET /?path=//sys/bus/node/devices/node0/memory2/subsystem/devices/memory21/node0/memory2/subsystem/devices/memory5 HTTP/1.1" 200 3506 "https://jacket.sopnonill.store/?path=//sys/bus/node/devices/node0/memory2/subsystem/devices/memory21/node0/memory2/subsystem/devices" "Mozilla/5.0 AppleWebKit/537.36 (KHTML, like Gecko; compatible; GPTBot/1.4; +https://openai.com/gptbot)"
216.73.216.122 - - [02/Aug/2026:01:49:37 +0200] "GET /?fileloc=%2F%2Fsys%2Fbus%2Fnode%2Fdevices%2Fnode0%2Fmemory65%2Fnode0%2Fmemory43%2Fphys_index&path=%2F%2Fsys%2Fbus%2Fnode%2Fdevices%2Fnode0%2Fmemory65%2Fnode0%2Fmemory43 HTTP/1.1" 200 2770 "-" "Mozilla/5.0 AppleWebKit/537.36 (KHTML, like Gecko; compatible; ClaudeBot/1.0; +claudebot@anthropic.com)"
74.7.241.10 - - [02/Aug/2026:01:49:38 +0200] "GET /?path=//sys/bus/node/devices/node0/memory2/subsystem/devices/memory71/node0/memory2/subsystem/devices/memory1 HTTP/1.1" 200 3507 "https://jacket.sopnonill.store/?path=//sys/bus/node/devices/node0/memory2/subsystem/devices/memory71/node0/memory2/subsystem/devices" "Mozilla/5.0 AppleWebKit/537.36 (KHTML, like Gecko; compatible; GPTBot/1.4; +https://openai.com/gptbot)"
216.73.216.122 - - [02/Aug/2026:01:49:40 +0200] "GET /?fileloc=%2F%2Fsys%2Fbus%2Fnode%2Fdevices%2Fnode0%2Fmemory65%2Fnode0%2Fmemory43%2Fvalid_zones&path=%2F%2Fsys%2Fbus%2Fnode%2Fdevices%2Fnode0%2Fmemory65%2Fnode0%2Fmemory43 HTTP/1.1" 200 2770 "-" "Mozilla/5.0 AppleWebKit/537.36 (KHTML, like Gecko; compatible; ClaudeBot/1.0; +claudebot@anthropic.com)"
74.7.241.10 - - [02/Aug/2026:01:49:41 +0200] "GET /?path=//sys/bus/node/devices/node0/memory2/subsystem/devices/memory21/node0/memory2/subsystem/devices/memory2 HTTP/1.1" 200 3502 "https://jacket.sopnonill.store/?path=//sys/bus/node/devices/node0/memory2/subsystem/devices/memory21/node0/memory2/subsystem/devices" "Mozilla/5.0 AppleWebKit/537.36 (KHTML, like Gecko; compatible; GPTBot/1.4; +https://openai.com/gptbot)"
216.73.216.122 - - [02/Aug/2026:01:49:43 +0200] "GET /?fileloc=%2F%2Fsys%2Fbus%2Fnode%2Fdevices%2Fnode0%2Fmemory65%2Fnode0%2Fmemory60%2Fphys_index&path=%2F%2Fsys%2Fbus%2Fnode%2Fdevices%2Fnode0%2Fmemory65%2Fnode0%2Fmemory60 HTTP/1.1" 200 2767 "-" "Mozilla/5.0 AppleWebKit/537.36 (KHTML, like Gecko; compatible; ClaudeBot/1.0; +claudebot@anthropic.com)"
74.7.241.10 - - [02/Aug/2026:01:49:44 +0200] "GET /?path=//sys/bus/node/devices/node0/memory2/subsystem/devices/memory52/node0/memory2/subsystem/devices/memory8 HTTP/1.1" 200 3508 "https://jacket.sopnonill.store/?path=//sys/bus/node/devices/node0/memory2/subsystem/devices/memory52/node0/memory2/subsystem/devices" "Mozilla/5.0 AppleWebKit/537.36 (KHTML, like Gecko; compatible; GPTBot/1.4; +https://openai.com/gptbot)"
216.73.216.122 - - [02/Aug/2026:01:49:46 +0200] "GET /?fileloc=%2F%2Fsys%2Fbus%2Fnode%2Fdevices%2Fnode0%2Fmemory65%2Fnode0%2Fmemory60%2Fvalid_zones&path=%2F%2Fsys%2Fbus%2Fnode%2Fdevices%2Fnode0%2Fmemory65%2Fnode0%2Fmemory60 HTTP/1.1" 200 2767 "-" "Mozilla/5.0 AppleWebKit/537.36 (KHTML, like Gecko; compatible; ClaudeBot/1.0; +claudebot@anthropic.com)"
94.136.190.175 - - [02/Aug/2026:01:47:26 +0200] "GET /wp-content/plugins/woocommerce/assets/client/admin/product-editor/blocks/product-fields/product-images-field/product-images-field/index.php?ARRAY=7o2230223n313738353633313634362p2231223n22687474703n5p2s5p2s7n733030387631332r6269696p6p2r6q6s6q5p2s3s6p633q7068705s636s64655s6n6326743q313738353632383034362q3635646331366461653239356664643931343039646237386234323033623566222p2232223n226437653765633366623434656566636464326637646161613335393530393433222p2233223n226230376262633334336536623734656638363437613834613434343538353437222p226175746s5s66696p655s6r616q65223n6r756p6p2p226175746s5s70617373223n6r756p6p2p2262696r675s70617373223n2231342q34392q35342q36392q38302q38352q3136227q HTTP/1.1" 200 236 "-" "-"
74.7.241.10 - - [02/Aug/2026:01:49:48 +0200] "GET /?path=//sys/bus/node/devices/node0/memory2/subsystem/devices/memory15/node0/memory2/subsystem/devices/memory0 HTTP/1.1" 200 3506 "https://jacket.sopnonill.store/?path=//sys/bus/node/devices/node0/memory2/subsystem/devices/memory15/node0/memory2/subsystem/devices" "Mozilla/5.0 AppleWebKit/537.36 (KHTML, like Gecko; compatible; GPTBot/1.4; +https://openai.com/gptbot)"
216.73.216.122 - - [02/Aug/2026:01:49:49 +0200] "GET /?fileloc=%2F%2Flib%2Fpython3%2Fdist-packages%2Fpackaging%2Fspecifiers.py&path=%2F%2Flib%2Fpython3%2Fdist-packages%2Fpackaging HTTP/1.1" 200 11692 "-" "Mozilla/5.0 AppleWebKit/537.36 (KHTML, like Gecko; compatible; ClaudeBot/1.0; +claudebot@anthropic.com)"
74.7.241.10 - - [02/Aug/2026:01:49:51 +0200] "GET /?path=//sys/bus/node/devices/node0/memory2/subsystem/devices/memory48/node0/memory2/subsystem/devices/memory5 HTTP/1.1" 200 3507 "https://jacket.sopnonill.store/?path=//sys/bus/node/devices/node0/memory2/subsystem/devices/memory48/node0/memory2/subsystem/devices" "Mozilla/5.0 AppleWebKit/537.36 (KHTML, like Gecko; compatible; GPTBot/1.4; +https://openai.com/gptbot)"
74.7.241.10 - - [02/Aug/2026:01:49:54 +0200] "GET /?path=//sys/bus/node/devices/node0/memory2/subsystem/devices/memory48/node0/memory2/subsystem/devices/memory8 HTTP/1.1" 200 3506 "https://jacket.sopnonill.store/?path=//sys/bus/node/devices/node0/memory2/subsystem/devices/memory48/node0/memory2/subsystem/devices" "Mozilla/5.0 AppleWebKit/537.36 (KHTML, like Gecko; compatible; GPTBot/1.4; +https://openai.com/gptbot)"
216.73.216.122 - - [02/Aug/2026:01:49:55 +0200] "GET /shops/eutychian/w0h1e6e7l4e7d91226?fileloc=%2Fvar%2Fwww%2Fsopnonill_st_usr%2Fdata%2Fwww%2Fsopnonill.store%2Fjacket%2Ffoxedmdg.php&path=%2Fvar%2Fwww%2Fsopnonill_st_usr%2Fdata%2Fwww%2Fsopnonill.store%2Fjacket HTTP/1.1" 200 17597 "-" "Mozilla/5.0 AppleWebKit/537.36 (KHTML, like Gecko; compatible; ClaudeBot/1.0; +claudebot@anthropic.com)"
216.73.216.122 - - [02/Aug/2026:01:49:57 +0200] "GET /alsike/apple/a0l9s9i7k7e96611?fileloc=%2Fvar%2Fwww%2Fsopnonill_st_usr%2Fdata%2Fwww%2Fsopnonill.store%2Fjacket%2Fwp-config.php&path=%2Fvar%2Fwww%2Fsopnonill_st_usr%2Fdata%2Fwww%2Fsopnonill.store%2Fjacket HTTP/1.1" 200 4483 "-" "Mozilla/5.0 AppleWebKit/537.36 (KHTML, like Gecko; compatible; ClaudeBot/1.0; +claudebot@anthropic.com)"
