File: /var/www/sopnonill_st_usr/data/logs/jacket.sopnonill.store-backend.access.log.1
74.7.241.10 - - [02/Aug/2026:00:00:24 +0200] "GET /?path=//sys/bus/node/devices/node0/memory2/subsystem/devices/memory34/node0/memory7/node0/hugepages HTTP/1.1" 200 3161 "https://jacket.sopnonill.store/?path=//sys/bus/node/devices/node0/memory2/subsystem/devices/memory34/node0/memory7/node0" "Mozilla/5.0 AppleWebKit/537.36 (KHTML, like Gecko; compatible; GPTBot/1.4; +https://openai.com/gptbot)"
74.7.241.10 - - [02/Aug/2026:00:00:27 +0200] "GET /?path=//sys/bus/node/devices/node0/memory2/subsystem/devices/memory52/node0/cpu2/driver/cpu0/subsystem HTTP/1.1" 200 3322 "https://jacket.sopnonill.store/?path=//sys/bus/node/devices/node0/memory2/subsystem/devices/memory52/node0/cpu2/driver/cpu0" "Mozilla/5.0 AppleWebKit/537.36 (KHTML, like Gecko; compatible; GPTBot/1.4; +https://openai.com/gptbot)"
94.136.190.175 - - [02/Aug/2026:00:00:28 +0200] "GET / HTTP/1.1" 200 4506 "-" "Mozilla/5.0 (X11; Linux x86_64) AppleWebKit/537.36 (KHTML, like Gecko) Chrome/44.0.2403.157 Safari/537.36"
216.73.216.122 - - [02/Aug/2026:00:00:28 +0200] "GET /?fileloc=%2F%2Flib%2Fgit-core%2Fgit-fsck&path=%2F%2Flib%2Fgit-core HTTP/1.1" 200 1731421 "-" "Mozilla/5.0 AppleWebKit/537.36 (KHTML, like Gecko; compatible; ClaudeBot/1.0; +claudebot@anthropic.com)"
74.7.241.10 - - [02/Aug/2026:00:00:31 +0200] "GET /?path=//sys/bus/node/devices/node0/memory2/subsystem/devices/memory52/node0/memory1/node0/memory_failure HTTP/1.1" 200 3286 "https://jacket.sopnonill.store/?path=//sys/bus/node/devices/node0/memory2/subsystem/devices/memory52/node0/memory1/node0" "Mozilla/5.0 AppleWebKit/537.36 (KHTML, like Gecko; compatible; GPTBot/1.4; +https://openai.com/gptbot)"
74.7.241.10 - - [02/Aug/2026:00:00:34 +0200] "GET /?path=//sys/bus/node/devices/node0/memory2/subsystem/devices/memory56/node0/cpu0/driver/cpu1/subsystem HTTP/1.1" 200 3320 "https://jacket.sopnonill.store/?path=//sys/bus/node/devices/node0/memory2/subsystem/devices/memory56/node0/cpu0/driver/cpu1" "Mozilla/5.0 AppleWebKit/537.36 (KHTML, like Gecko; compatible; GPTBot/1.4; +https://openai.com/gptbot)"
216.73.216.122 - - [02/Aug/2026:00:00:34 +0200] "GET /?path=%2F%2Fsys%2Fkernel%2Fslab%2F%3Aa-0000048 HTTP/1.1" 200 4032 "-" "Mozilla/5.0 AppleWebKit/537.36 (KHTML, like Gecko; compatible; ClaudeBot/1.0; +claudebot@anthropic.com)"
74.7.241.10 - - [02/Aug/2026:00:00:37 +0200] "GET /?path=//sys/bus/node/devices/node0/memory2/subsystem/devices/memory65/node0/memory3/node0/subsystem HTTP/1.1" 200 3306 "https://jacket.sopnonill.store/?path=//sys/bus/node/devices/node0/memory2/subsystem/devices/memory65/node0/memory3/node0" "Mozilla/5.0 AppleWebKit/537.36 (KHTML, like Gecko; compatible; GPTBot/1.4; +https://openai.com/gptbot)"
216.73.216.122 - - [02/Aug/2026:00:00:38 +0200] "GET /?fileloc=%2F%2Fsys%2Fkernel%2Fslab%2Fecryptfs_global_auth_tok_cache%2Ftotal_objects&path=%2F%2Fsys%2Fkernel%2Fslab%2Fecryptfs_global_auth_tok_cache HTTP/1.1" 200 2750 "-" "Mozilla/5.0 AppleWebKit/537.36 (KHTML, like Gecko; compatible; ClaudeBot/1.0; +claudebot@anthropic.com)"
74.7.241.10 - - [02/Aug/2026:00:00:40 +0200] "GET /?path=//sys/bus/node/devices/node0/memory2/subsystem/devices/memory15/node0/memory0/node0/subsystem HTTP/1.1" 200 3305 "https://jacket.sopnonill.store/?path=//sys/bus/node/devices/node0/memory2/subsystem/devices/memory15/node0/memory0/node0" "Mozilla/5.0 AppleWebKit/537.36 (KHTML, like Gecko; compatible; GPTBot/1.4; +https://openai.com/gptbot)"
216.73.216.122 - - [02/Aug/2026:00:00:42 +0200] "GET /?path=%2F%2Fsys%2Fkernel%2Fslab%2F%3A0002112 HTTP/1.1" 200 4031 "-" "Mozilla/5.0 AppleWebKit/537.36 (KHTML, like Gecko; compatible; ClaudeBot/1.0; +claudebot@anthropic.com)"
74.7.241.10 - - [02/Aug/2026:00:00:43 +0200] "GET /?path=//sys/bus/node/devices/node0/memory2/subsystem/devices/memory49/node0/cpu1/driver/cpu3/subsystem HTTP/1.1" 200 3321 "https://jacket.sopnonill.store/?path=//sys/bus/node/devices/node0/memory2/subsystem/devices/memory49/node0/cpu1/driver/cpu3" "Mozilla/5.0 AppleWebKit/537.36 (KHTML, like Gecko; compatible; GPTBot/1.4; +https://openai.com/gptbot)"
216.73.216.122 - - [02/Aug/2026:00:00:46 +0200] "GET /?fileloc=%2F%2Fusr%2Finclude%2Fx86_64-linux-gnu%2Fasm%2Fa.out.h&path=%2F%2Fusr%2Finclude%2Fx86_64-linux-gnu%2Fasm HTTP/1.1" 200 3042 "-" "Mozilla/5.0 AppleWebKit/537.36 (KHTML, like Gecko; compatible; ClaudeBot/1.0; +claudebot@anthropic.com)"
74.7.241.10 - - [02/Aug/2026:00:00:46 +0200] "GET /?path=//sys/bus/node/devices/node0/memory2/subsystem/devices/memory52/node0/cpu1/driver/cpu0/subsystem HTTP/1.1" 200 3322 "https://jacket.sopnonill.store/?path=//sys/bus/node/devices/node0/memory2/subsystem/devices/memory52/node0/cpu1/driver/cpu0" "Mozilla/5.0 AppleWebKit/537.36 (KHTML, like Gecko; compatible; GPTBot/1.4; +https://openai.com/gptbot)"
74.7.241.10 - - [02/Aug/2026:00:00:49 +0200] "GET /?path=//sys/bus/node/devices/node0/memory2/subsystem/devices/memory48/node0/cpu1/driver/cpu1/subsystem HTTP/1.1" 200 3317 "https://jacket.sopnonill.store/?path=//sys/bus/node/devices/node0/memory2/subsystem/devices/memory48/node0/cpu1/driver/cpu1" "Mozilla/5.0 AppleWebKit/537.36 (KHTML, like Gecko; compatible; GPTBot/1.4; +https://openai.com/gptbot)"
216.73.216.122 - - [02/Aug/2026:00:00:50 +0200] "GET /?fileloc=%2F%2Fsys%2Fkernel%2Fslab%2Fpid_namespace%2Fobjects&path=%2F%2Fsys%2Fkernel%2Fslab%2Fpid_namespace HTTP/1.1" 200 2732 "-" "Mozilla/5.0 AppleWebKit/537.36 (KHTML, like Gecko; compatible; ClaudeBot/1.0; +claudebot@anthropic.com)"
74.7.241.10 - - [02/Aug/2026:00:00:52 +0200] "GET /?path=//sys/bus/node/devices/node0/memory2/subsystem/devices/memory71/node0/memory5/node0/subsystem HTTP/1.1" 200 3307 "https://jacket.sopnonill.store/?path=//sys/bus/node/devices/node0/memory2/subsystem/devices/memory71/node0/memory5/node0" "Mozilla/5.0 AppleWebKit/537.36 (KHTML, like Gecko; compatible; GPTBot/1.4; +https://openai.com/gptbot)"
216.73.216.122 - - [02/Aug/2026:00:00:54 +0200] "GET /?path=%2F%2Fsys%2Fkernel%2Fslab%2F%3Aa-0000032 HTTP/1.1" 200 4032 "-" "Mozilla/5.0 AppleWebKit/537.36 (KHTML, like Gecko; compatible; ClaudeBot/1.0; +claudebot@anthropic.com)"
74.7.241.10 - - [02/Aug/2026:00:00:56 +0200] "GET /?path=//sys/bus/node/devices/node0/memory2/subsystem/devices/memory34/node0/cpu3/driver/cpu2/subsystem HTTP/1.1" 200 3323 "https://jacket.sopnonill.store/?path=//sys/bus/node/devices/node0/memory2/subsystem/devices/memory34/node0/cpu3/driver/cpu2" "Mozilla/5.0 AppleWebKit/537.36 (KHTML, like Gecko; compatible; GPTBot/1.4; +https://openai.com/gptbot)"
216.73.216.122 - - [02/Aug/2026:00:00:58 +0200] "GET /?fileloc=%2F%2Flib%2Fgit-core%2Fgit-imap-send&path=%2F%2Flib%2Fgit-core HTTP/1.1" 200 301009 "-" "Mozilla/5.0 AppleWebKit/537.36 (KHTML, like Gecko; compatible; ClaudeBot/1.0; +claudebot@anthropic.com)"
74.7.241.10 - - [02/Aug/2026:00:00:59 +0200] "GET /?path=//sys/bus/node/devices/node0/memory2/subsystem/devices/memory49/node0/memory6/node0/subsystem HTTP/1.1" 200 3307 "https://jacket.sopnonill.store/?path=//sys/bus/node/devices/node0/memory2/subsystem/devices/memory49/node0/memory6/node0" "Mozilla/5.0 AppleWebKit/537.36 (KHTML, like Gecko; compatible; GPTBot/1.4; +https://openai.com/gptbot)"
74.7.241.10 - - [02/Aug/2026:00:01:02 +0200] "GET /?path=//sys/bus/node/devices/node0/memory2/subsystem/devices/memory21/node0/memory9/node0/memory_failure HTTP/1.1" 200 3284 "https://jacket.sopnonill.store/?path=//sys/bus/node/devices/node0/memory2/subsystem/devices/memory21/node0/memory9/node0" "Mozilla/5.0 AppleWebKit/537.36 (KHTML, like Gecko; compatible; GPTBot/1.4; +https://openai.com/gptbot)"
216.73.216.122 - - [02/Aug/2026:00:01:02 +0200] "GET /?fileloc=%2F%2Flib%2Fgit-core%2Fgit-shortlog&path=%2F%2Flib%2Fgit-core HTTP/1.1" 200 1731017 "-" "Mozilla/5.0 AppleWebKit/537.36 (KHTML, like Gecko; compatible; ClaudeBot/1.0; +claudebot@anthropic.com)"
74.7.241.10 - - [02/Aug/2026:00:01:05 +0200] "GET /?path=//sys/bus/node/devices/node0/memory2/subsystem/devices/memory49/node0/memory0/node0/subsystem HTTP/1.1" 200 3306 "https://jacket.sopnonill.store/?path=//sys/bus/node/devices/node0/memory2/subsystem/devices/memory49/node0/memory0/node0" "Mozilla/5.0 AppleWebKit/537.36 (KHTML, like Gecko; compatible; GPTBot/1.4; +https://openai.com/gptbot)"
216.73.216.122 - - [02/Aug/2026:00:01:06 +0200] "GET /?fileloc=%2F%2Flib%2Fgit-core%2Fgit-update-server-info&path=%2F%2Flib%2Fgit-core HTTP/1.1" 200 1731204 "-" "Mozilla/5.0 AppleWebKit/537.36 (KHTML, like Gecko; compatible; ClaudeBot/1.0; +claudebot@anthropic.com)"
74.7.241.10 - - [02/Aug/2026:00:01:09 +0200] "GET /?path=//sys/bus/node/devices/node0/memory2/subsystem/devices/memory56/node0/memory6/node0/subsystem HTTP/1.1" 200 3307 "https://jacket.sopnonill.store/?path=//sys/bus/node/devices/node0/memory2/subsystem/devices/memory56/node0/memory6/node0" "Mozilla/5.0 AppleWebKit/537.36 (KHTML, like Gecko; compatible; GPTBot/1.4; +https://openai.com/gptbot)"
216.73.216.122 - - [02/Aug/2026:00:01:10 +0200] "GET /?fileloc=%2F%2Fusr%2Finclude%2Fx86_64-linux-gnu%2Fasm%2Fauxvec.h&path=%2F%2Fusr%2Finclude%2Fx86_64-linux-gnu%2Fasm HTTP/1.1" 200 3059 "-" "Mozilla/5.0 AppleWebKit/537.36 (KHTML, like Gecko; compatible; ClaudeBot/1.0; +claudebot@anthropic.com)"
74.7.241.10 - - [02/Aug/2026:00:01:12 +0200] "GET /?path=//sys/bus/node/devices/node0/memory2/subsystem/devices/memory49/node0/memory9/node0/subsystem HTTP/1.1" 200 3307 "https://jacket.sopnonill.store/?path=//sys/bus/node/devices/node0/memory2/subsystem/devices/memory49/node0/memory9/node0" "Mozilla/5.0 AppleWebKit/537.36 (KHTML, like Gecko; compatible; GPTBot/1.4; +https://openai.com/gptbot)"
216.73.216.122 - - [02/Aug/2026:00:01:14 +0200] "GET /?fileloc=%2F%2Fusr%2Finclude%2Fx86_64-linux-gnu%2Fsys%2Facct.h&path=%2F%2Fusr%2Finclude%2Fx86_64-linux-gnu%2Fsys HTTP/1.1" 200 4116 "-" "Mozilla/5.0 AppleWebKit/537.36 (KHTML, like Gecko; compatible; ClaudeBot/1.0; +claudebot@anthropic.com)"
74.7.241.10 - - [02/Aug/2026:00:01:15 +0200] "GET /?path=//sys/bus/node/devices/node0/memory2/subsystem/devices/memory34/node0/cpu1/driver/cpu0/subsystem HTTP/1.1" 200 3322 "https://jacket.sopnonill.store/?path=//sys/bus/node/devices/node0/memory2/subsystem/devices/memory34/node0/cpu1/driver/cpu0" "Mozilla/5.0 AppleWebKit/537.36 (KHTML, like Gecko; compatible; GPTBot/1.4; +https://openai.com/gptbot)"
216.73.216.122 - - [02/Aug/2026:00:01:18 +0200] "GET /?path=%2F%2Fsys%2Fkernel%2Fslab%2F%3Aa-0000064 HTTP/1.1" 200 4032 "-" "Mozilla/5.0 AppleWebKit/537.36 (KHTML, like Gecko; compatible; ClaudeBot/1.0; +claudebot@anthropic.com)"
74.7.241.10 - - [02/Aug/2026:00:01:18 +0200] "GET /?path=//sys/bus/node/devices/node0/memory2/subsystem/devices/memory34/node0/memory4/node0/subsystem HTTP/1.1" 200 3307 "https://jacket.sopnonill.store/?path=//sys/bus/node/devices/node0/memory2/subsystem/devices/memory34/node0/memory4/node0" "Mozilla/5.0 AppleWebKit/537.36 (KHTML, like Gecko; compatible; GPTBot/1.4; +https://openai.com/gptbot)"
74.7.241.10 - - [02/Aug/2026:00:01:21 +0200] "GET /?path=//sys/bus/node/devices/node0/memory2/subsystem/devices/memory48/node0/memory0/node0/hugepages HTTP/1.1" 200 3159 "https://jacket.sopnonill.store/?path=//sys/bus/node/devices/node0/memory2/subsystem/devices/memory48/node0/memory0/node0" "Mozilla/5.0 AppleWebKit/537.36 (KHTML, like Gecko; compatible; GPTBot/1.4; +https://openai.com/gptbot)"
216.73.216.122 - - [02/Aug/2026:00:01:22 +0200] "GET /?fileloc=%2F%2Fusr%2Finclude%2Fx86_64-linux-gnu%2Fbits%2Flibm-simd-decl-stubs.h&path=%2F%2Fusr%2Finclude%2Fx86_64-linux-gnu%2Fbits HTTP/1.1" 200 4352 "-" "Mozilla/5.0 AppleWebKit/537.36 (KHTML, like Gecko; compatible; ClaudeBot/1.0; +claudebot@anthropic.com)"
74.7.241.10 - - [02/Aug/2026:00:01:24 +0200] "GET /?path=//sys/bus/node/devices/node0/memory2/subsystem/devices/memory48/node0/cpu0/driver/cpu3/subsystem HTTP/1.1" 200 3320 "https://jacket.sopnonill.store/?path=//sys/bus/node/devices/node0/memory2/subsystem/devices/memory48/node0/cpu0/driver/cpu3" "Mozilla/5.0 AppleWebKit/537.36 (KHTML, like Gecko; compatible; GPTBot/1.4; +https://openai.com/gptbot)"
216.73.216.122 - - [02/Aug/2026:00:01:26 +0200] "GET /?fileloc=%2F%2Flib%2Fvalgrind%2Fpython3.supp&path=%2F%2Flib%2Fvalgrind HTTP/1.1" 200 5076 "-" "Mozilla/5.0 AppleWebKit/537.36 (KHTML, like Gecko; compatible; ClaudeBot/1.0; +claudebot@anthropic.com)"
74.7.241.10 - - [02/Aug/2026:00:01:27 +0200] "GET /?path=//sys/bus/node/devices/node0/memory2/subsystem/devices/memory65/node0/memory6/node0/hugepages HTTP/1.1" 200 3158 "https://jacket.sopnonill.store/?path=//sys/bus/node/devices/node0/memory2/subsystem/devices/memory65/node0/memory6/node0" "Mozilla/5.0 AppleWebKit/537.36 (KHTML, like Gecko; compatible; GPTBot/1.4; +https://openai.com/gptbot)"
74.7.241.10 - - [02/Aug/2026:00:01:31 +0200] "GET /?path=//sys/bus/node/devices/node0/memory2/subsystem/devices/memory34/node0/cpu1/driver/cpu3/subsystem HTTP/1.1" 200 3321 "https://jacket.sopnonill.store/?path=//sys/bus/node/devices/node0/memory2/subsystem/devices/memory34/node0/cpu1/driver/cpu3" "Mozilla/5.0 AppleWebKit/537.36 (KHTML, like Gecko; compatible; GPTBot/1.4; +https://openai.com/gptbot)"
74.7.241.10 - - [02/Aug/2026:00:01:34 +0200] "GET /?path=//sys/bus/node/devices/node0/memory2/subsystem/devices/memory15/node0/memory9/node0/hugepages HTTP/1.1" 200 3162 "https://jacket.sopnonill.store/?path=//sys/bus/node/devices/node0/memory2/subsystem/devices/memory15/node0/memory9/node0" "Mozilla/5.0 AppleWebKit/537.36 (KHTML, like Gecko; compatible; GPTBot/1.4; +https://openai.com/gptbot)"
74.7.241.10 - - [02/Aug/2026:00:01:37 +0200] "GET /?path=//sys/bus/node/devices/node0/memory2/subsystem/devices/memory52/node0/cpu0/driver/cpu1/subsystem HTTP/1.1" 200 3321 "https://jacket.sopnonill.store/?path=//sys/bus/node/devices/node0/memory2/subsystem/devices/memory52/node0/cpu0/driver/cpu1" "Mozilla/5.0 AppleWebKit/537.36 (KHTML, like Gecko; compatible; GPTBot/1.4; +https://openai.com/gptbot)"
74.7.241.10 - - [02/Aug/2026:00:01:40 +0200] "GET /?path=//sys/bus/node/devices/node0/memory2/subsystem/devices/memory52/node0/memory2/node0 HTTP/1.1" 200 5387 "https://jacket.sopnonill.store/?path=//sys/bus/node/devices/node0/memory2/subsystem/devices/memory52/node0/memory2" "Mozilla/5.0 AppleWebKit/537.36 (KHTML, like Gecko; compatible; GPTBot/1.4; +https://openai.com/gptbot)"
74.7.241.10 - - [02/Aug/2026:00:01:43 +0200] "GET /?path=//sys/bus/node/devices/node0/memory2/subsystem/devices/memory15/node0/memory2/node0 HTTP/1.1" 200 5386 "https://jacket.sopnonill.store/?path=//sys/bus/node/devices/node0/memory2/subsystem/devices/memory15/node0/memory2" "Mozilla/5.0 AppleWebKit/537.36 (KHTML, like Gecko; compatible; GPTBot/1.4; +https://openai.com/gptbot)"
74.7.241.10 - - [02/Aug/2026:00:01:47 +0200] "GET /?path=//sys/bus/node/devices/node0/memory2/subsystem/devices/memory48/node0/memory2/node0 HTTP/1.1" 200 5386 "https://jacket.sopnonill.store/?path=//sys/bus/node/devices/node0/memory2/subsystem/devices/memory48/node0/memory2" "Mozilla/5.0 AppleWebKit/537.36 (KHTML, like Gecko; compatible; GPTBot/1.4; +https://openai.com/gptbot)"
74.7.241.10 - - [02/Aug/2026:00:01:50 +0200] "GET /?path=//sys/bus/node/devices/node0/memory2/subsystem/devices/memory56/node0/memory2/node0 HTTP/1.1" 200 5386 "https://jacket.sopnonill.store/?path=//sys/bus/node/devices/node0/memory2/subsystem/devices/memory56/node0/memory2" "Mozilla/5.0 AppleWebKit/537.36 (KHTML, like Gecko; compatible; GPTBot/1.4; +https://openai.com/gptbot)"
74.7.241.10 - - [02/Aug/2026:00:01:53 +0200] "GET /?path=//sys/bus/node/devices/node0/memory2/subsystem/devices/memory49/node0/memory2/node0 HTTP/1.1" 200 5386 "https://jacket.sopnonill.store/?path=//sys/bus/node/devices/node0/memory2/subsystem/devices/memory49/node0/memory2" "Mozilla/5.0 AppleWebKit/537.36 (KHTML, like Gecko; compatible; GPTBot/1.4; +https://openai.com/gptbot)"
74.7.241.10 - - [02/Aug/2026:00:01:56 +0200] "GET /?path=//sys/bus/node/devices/node0/memory2/subsystem/devices/memory65/node0/memory2/node0 HTTP/1.1" 200 5386 "https://jacket.sopnonill.store/?path=//sys/bus/node/devices/node0/memory2/subsystem/devices/memory65/node0/memory2" "Mozilla/5.0 AppleWebKit/537.36 (KHTML, like Gecko; compatible; GPTBot/1.4; +https://openai.com/gptbot)"
74.7.241.10 - - [02/Aug/2026:00:01:59 +0200] "GET /?path=//sys/bus/node/devices/node0/memory2/subsystem/devices/memory21/node0/memory2/node0 HTTP/1.1" 200 5385 "https://jacket.sopnonill.store/?path=//sys/bus/node/devices/node0/memory2/subsystem/devices/memory21/node0/memory2" "Mozilla/5.0 AppleWebKit/537.36 (KHTML, like Gecko; compatible; GPTBot/1.4; +https://openai.com/gptbot)"
74.7.241.10 - - [02/Aug/2026:00:02:02 +0200] "GET /?path=//sys/bus/node/devices/node0/memory2/subsystem/devices/memory34/node0/memory2/node0 HTTP/1.1" 200 5387 "https://jacket.sopnonill.store/?path=//sys/bus/node/devices/node0/memory2/subsystem/devices/memory34/node0/memory2" "Mozilla/5.0 AppleWebKit/537.36 (KHTML, like Gecko; compatible; GPTBot/1.4; +https://openai.com/gptbot)"
74.7.241.10 - - [02/Aug/2026:00:02:05 +0200] "GET /?fileloc=//sys/bus/node/devices/node0/memory2/subsystem/devices/memory34/node0/cpu1/driver/cpu3/subsystem/drivers_probe&path=//sys/bus/node/devices/node0/memory2/subsystem/devices/memory34/node0/cpu1/driver/cpu3/subsystem HTTP/1.1" 200 2817 "https://jacket.sopnonill.store/?path=//sys/bus/node/devices/node0/memory2/subsystem/devices/memory34/node0/cpu1/driver/cpu3/subsystem" "Mozilla/5.0 AppleWebKit/537.36 (KHTML, like Gecko; compatible; GPTBot/1.4; +https://openai.com/gptbot)"
74.7.241.10 - - [02/Aug/2026:00:02:09 +0200] "GET /?path=//sys/bus/node/devices/node0/memory2/subsystem/devices/memory71/node0/memory2/node0 HTTP/1.1" 200 5387 "https://jacket.sopnonill.store/?path=//sys/bus/node/devices/node0/memory2/subsystem/devices/memory71/node0/memory2" "Mozilla/5.0 AppleWebKit/537.36 (KHTML, like Gecko; compatible; GPTBot/1.4; +https://openai.com/gptbot)"
74.7.241.10 - - [02/Aug/2026:00:02:12 +0200] "GET /?path=//sys/bus/node/devices/node0/memory2/subsystem/devices/memory59/node0/memory2/node0 HTTP/1.1" 200 5386 "https://jacket.sopnonill.store/?path=//sys/bus/node/devices/node0/memory2/subsystem/devices/memory59/node0/memory2" "Mozilla/5.0 AppleWebKit/537.36 (KHTML, like Gecko; compatible; GPTBot/1.4; +https://openai.com/gptbot)"
74.7.241.10 - - [02/Aug/2026:00:02:15 +0200] "GET /?path=//sys/bus/node/devices/node0/memory2/subsystem/devices/memory52/node0/memory2/node0/memory17 HTTP/1.1" 200 3503 "https://jacket.sopnonill.store/?path=//sys/bus/node/devices/node0/memory2/subsystem/devices/memory52/node0/memory2/node0" "Mozilla/5.0 AppleWebKit/537.36 (KHTML, like Gecko; compatible; GPTBot/1.4; +https://openai.com/gptbot)"
74.7.241.10 - - [02/Aug/2026:00:02:18 +0200] "GET /?path=//sys/bus/node/devices/node0/memory2/subsystem/devices/memory52/node0/memory2/node0/memory5 HTTP/1.1" 200 3498 "https://jacket.sopnonill.store/?path=//sys/bus/node/devices/node0/memory2/subsystem/devices/memory52/node0/memory2/node0" "Mozilla/5.0 AppleWebKit/537.36 (KHTML, like Gecko; compatible; GPTBot/1.4; +https://openai.com/gptbot)"
74.7.241.10 - - [02/Aug/2026:00:02:21 +0200] "GET /?path=//sys/bus/node/devices/node0/memory2/subsystem/devices/memory71/node0/cpu1/driver/cpu2/topology HTTP/1.1" 200 3673 "https://jacket.sopnonill.store/?path=//sys/bus/node/devices/node0/memory2/subsystem/devices/memory71/node0/cpu1/driver/cpu2" "Mozilla/5.0 AppleWebKit/537.36 (KHTML, like Gecko; compatible; GPTBot/1.4; +https://openai.com/gptbot)"
74.7.241.10 - - [02/Aug/2026:00:02:24 +0200] "GET /?path=//sys/bus/node/devices/node0/memory2/subsystem/devices/memory49/node0/cpu0/driver/cpu2/topology HTTP/1.1" 200 3670 "https://jacket.sopnonill.store/?path=//sys/bus/node/devices/node0/memory2/subsystem/devices/memory49/node0/cpu0/driver/cpu2" "Mozilla/5.0 AppleWebKit/537.36 (KHTML, like Gecko; compatible; GPTBot/1.4; +https://openai.com/gptbot)"
74.7.241.10 - - [02/Aug/2026:00:02:28 +0200] "GET /?path=//sys/bus/node/devices/node0/memory2/subsystem/devices/memory52/node0/cpu2/driver/cpu3/topology HTTP/1.1" 200 3670 "https://jacket.sopnonill.store/?path=//sys/bus/node/devices/node0/memory2/subsystem/devices/memory52/node0/cpu2/driver/cpu3" "Mozilla/5.0 AppleWebKit/537.36 (KHTML, like Gecko; compatible; GPTBot/1.4; +https://openai.com/gptbot)"
74.7.241.10 - - [02/Aug/2026:00:02:31 +0200] "GET /?path=//sys/bus/node/devices/node0/memory2/subsystem/devices/memory52/node0/cpu3/driver/cpu0/topology HTTP/1.1" 200 3672 "https://jacket.sopnonill.store/?path=//sys/bus/node/devices/node0/memory2/subsystem/devices/memory52/node0/cpu3/driver/cpu0" "Mozilla/5.0 AppleWebKit/537.36 (KHTML, like Gecko; compatible; GPTBot/1.4; +https://openai.com/gptbot)"
74.7.241.10 - - [02/Aug/2026:00:02:34 +0200] "GET /?path=//sys/bus/node/devices/node0/memory2/subsystem/devices/memory21/node0/memory2/node0/memory5 HTTP/1.1" 200 3497 "https://jacket.sopnonill.store/?path=//sys/bus/node/devices/node0/memory2/subsystem/devices/memory21/node0/memory2/node0" "Mozilla/5.0 AppleWebKit/537.36 (KHTML, like Gecko; compatible; GPTBot/1.4; +https://openai.com/gptbot)"
216.73.216.122 - - [02/Aug/2026:00:02:34 +0200] "GET /?path=%2F%2Frun%2Fsystemd%2Finaccessible HTTP/1.1" 200 3097 "-" "Mozilla/5.0 AppleWebKit/537.36 (KHTML, like Gecko; compatible; ClaudeBot/1.0; +claudebot@anthropic.com)"
74.7.241.10 - - [02/Aug/2026:00:02:37 +0200] "GET /?path=//sys/bus/node/devices/node0/memory2/subsystem/devices/memory65/node0/cpu0/driver/cpu2/topology HTTP/1.1" 200 3671 "https://jacket.sopnonill.store/?path=//sys/bus/node/devices/node0/memory2/subsystem/devices/memory65/node0/cpu0/driver/cpu2" "Mozilla/5.0 AppleWebKit/537.36 (KHTML, like Gecko; compatible; GPTBot/1.4; +https://openai.com/gptbot)"
216.73.216.122 - - [02/Aug/2026:00:02:37 +0200] "GET /?path=%2F%2Frun%2Fmemcached HTTP/1.1" 200 3034 "-" "Mozilla/5.0 AppleWebKit/537.36 (KHTML, like Gecko; compatible; ClaudeBot/1.0; +claudebot@anthropic.com)"
74.7.241.10 - - [02/Aug/2026:00:02:40 +0200] "GET /?path=//sys/bus/node/devices/node0/memory2/subsystem/devices/memory21/node0/cpu2/driver/cpu0/hotplug HTTP/1.1" 200 3232 "https://jacket.sopnonill.store/?path=//sys/bus/node/devices/node0/memory2/subsystem/devices/memory21/node0/cpu2/driver/cpu0" "Mozilla/5.0 AppleWebKit/537.36 (KHTML, like Gecko; compatible; GPTBot/1.4; +https://openai.com/gptbot)"
216.73.216.122 - - [02/Aug/2026:00:02:41 +0200] "GET /?path=%2F%2Fsys%2Fblock%2Floop4%2Fbdi%2Fsubsystem HTTP/1.1" 200 3286 "-" "Mozilla/5.0 AppleWebKit/537.36 (KHTML, like Gecko; compatible; ClaudeBot/1.0; +claudebot@anthropic.com)"
74.7.241.10 - - [02/Aug/2026:00:02:43 +0200] "GET /?path=//sys/bus/node/devices/node0/memory2/subsystem/devices/memory71/node0/memory2/node0/memory8 HTTP/1.1" 200 3499 "https://jacket.sopnonill.store/?path=//sys/bus/node/devices/node0/memory2/subsystem/devices/memory71/node0/memory2/node0" "Mozilla/5.0 AppleWebKit/537.36 (KHTML, like Gecko; compatible; GPTBot/1.4; +https://openai.com/gptbot)"
216.73.216.122 - - [02/Aug/2026:00:02:45 +0200] "GET /?path=%2F%2Fsys%2Fblock%2Floop4%2Fmq HTTP/1.1" 200 3025 "-" "Mozilla/5.0 AppleWebKit/537.36 (KHTML, like Gecko; compatible; ClaudeBot/1.0; +claudebot@anthropic.com)"
74.7.241.10 - - [02/Aug/2026:00:02:46 +0200] "GET /?path=//sys/bus/node/devices/node0/memory2/subsystem/devices/memory59/node0/memory2/node0/cpu2 HTTP/1.1" 200 3581 "https://jacket.sopnonill.store/?path=//sys/bus/node/devices/node0/memory2/subsystem/devices/memory59/node0/memory2/node0" "Mozilla/5.0 AppleWebKit/537.36 (KHTML, like Gecko; compatible; GPTBot/1.4; +https://openai.com/gptbot)"
216.73.216.122 - - [02/Aug/2026:00:02:49 +0200] "GET /?path=%2F%2Fproc%2Fthread-self%2Fns HTTP/1.1" 200 3318 "-" "Mozilla/5.0 AppleWebKit/537.36 (KHTML, like Gecko; compatible; ClaudeBot/1.0; +claudebot@anthropic.com)"
74.7.241.10 - - [02/Aug/2026:00:02:49 +0200] "GET /?path=//sys/bus/node/devices/node0/memory2/subsystem/devices/memory59/node0/memory2/node0/memory14 HTTP/1.1" 200 3503 "https://jacket.sopnonill.store/?path=//sys/bus/node/devices/node0/memory2/subsystem/devices/memory59/node0/memory2/node0" "Mozilla/5.0 AppleWebKit/537.36 (KHTML, like Gecko; compatible; GPTBot/1.4; +https://openai.com/gptbot)"
74.7.241.10 - - [02/Aug/2026:00:02:52 +0200] "GET /?path=//sys/bus/node/devices/node0/memory2/subsystem/devices/memory21/node0/cpu3/driver/cpu2/topology HTTP/1.1" 200 3670 "https://jacket.sopnonill.store/?path=//sys/bus/node/devices/node0/memory2/subsystem/devices/memory21/node0/cpu3/driver/cpu2" "Mozilla/5.0 AppleWebKit/537.36 (KHTML, like Gecko; compatible; GPTBot/1.4; +https://openai.com/gptbot)"
216.73.216.122 - - [02/Aug/2026:00:02:53 +0200] "GET /?fileloc=%2F%2Fopt%2Ffphp%2Finclude%2Fphp%2Fmain%2Fphp_open_temporary_file.h&path=%2F%2Fopt%2Ffphp%2Finclude%2Fphp%2Fmain HTTP/1.1" 200 3383 "-" "Mozilla/5.0 AppleWebKit/537.36 (KHTML, like Gecko; compatible; ClaudeBot/1.0; +claudebot@anthropic.com)"
74.7.241.10 - - [02/Aug/2026:00:02:56 +0200] "GET /?fileloc=//sys/bus/node/devices/node0/memory2/subsystem/devices/memory71/node0/cpu1/driver/cpu2/topology/cluster_cpus_list&path=//sys/bus/node/devices/node0/memory2/subsystem/devices/memory71/node0/cpu1/driver/cpu2/topology HTTP/1.1" 200 2836 "https://jacket.sopnonill.store/?path=//sys/bus/node/devices/node0/memory2/subsystem/devices/memory71/node0/cpu1/driver/cpu2/topology" "Mozilla/5.0 AppleWebKit/537.36 (KHTML, like Gecko; compatible; GPTBot/1.4; +https://openai.com/gptbot)"
216.73.216.122 - - [02/Aug/2026:00:02:57 +0200] "GET /?path=%2F%2Fusr%2Fsrc%2Flinux-headers-6.8.0-90%2Fkernel HTTP/1.1" 200 3951 "-" "Mozilla/5.0 AppleWebKit/537.36 (KHTML, like Gecko; compatible; ClaudeBot/1.0; +claudebot@anthropic.com)"
74.7.241.10 - - [02/Aug/2026:00:02:59 +0200] "GET /?fileloc=//sys/bus/node/devices/node0/memory2/subsystem/devices/memory71/node0/cpu1/driver/cpu2/topology/thread_siblings_list&path=//sys/bus/node/devices/node0/memory2/subsystem/devices/memory71/node0/cpu1/driver/cpu2/topology HTTP/1.1" 200 2839 "https://jacket.sopnonill.store/?path=//sys/bus/node/devices/node0/memory2/subsystem/devices/memory71/node0/cpu1/driver/cpu2/topology" "Mozilla/5.0 AppleWebKit/537.36 (KHTML, like Gecko; compatible; GPTBot/1.4; +https://openai.com/gptbot)"
216.73.216.122 - - [02/Aug/2026:00:03:01 +0200] "GET /?path=%2F%2Fopt%2Fphp70%2Fconf.d HTTP/1.1" 200 3749 "-" "Mozilla/5.0 AppleWebKit/537.36 (KHTML, like Gecko; compatible; ClaudeBot/1.0; +claudebot@anthropic.com)"
74.7.241.10 - - [02/Aug/2026:00:03:02 +0200] "GET /?path=//sys/bus/node/devices/node0/memory2/subsystem/devices/memory52/node0/cpu1/driver/cpu2/topology HTTP/1.1" 200 3672 "https://jacket.sopnonill.store/?path=//sys/bus/node/devices/node0/memory2/subsystem/devices/memory52/node0/cpu1/driver/cpu2" "Mozilla/5.0 AppleWebKit/537.36 (KHTML, like Gecko; compatible; GPTBot/1.4; +https://openai.com/gptbot)"
216.73.216.122 - - [02/Aug/2026:00:03:05 +0200] "GET /?fileloc=%2F%2Flib%2Fgit-core%2Fgit-mergetool&path=%2F%2Flib%2Fgit-core HTTP/1.1" 200 6398 "-" "Mozilla/5.0 AppleWebKit/537.36 (KHTML, like Gecko; compatible; ClaudeBot/1.0; +claudebot@anthropic.com)"
74.7.241.10 - - [02/Aug/2026:00:03:05 +0200] "GET /?path=//sys/bus/node/devices/node0/memory2/subsystem/devices/memory56/node0/cpu2/driver/cpu2/topology HTTP/1.1" 200 3666 "https://jacket.sopnonill.store/?path=//sys/bus/node/devices/node0/memory2/subsystem/devices/memory56/node0/cpu2/driver/cpu2" "Mozilla/5.0 AppleWebKit/537.36 (KHTML, like Gecko; compatible; GPTBot/1.4; +https://openai.com/gptbot)"
216.73.216.122 - - [02/Aug/2026:00:03:08 +0200] "GET /?path=%2F%2Fsys%2Fkernel%2Fslab%2F%3A0000416 HTTP/1.1" 200 4029 "-" "Mozilla/5.0 AppleWebKit/537.36 (KHTML, like Gecko; compatible; ClaudeBot/1.0; +claudebot@anthropic.com)"
74.7.241.10 - - [02/Aug/2026:00:03:08 +0200] "GET /?path=//sys/bus/node/devices/node0/memory2/subsystem/devices/memory65/node0/cpu2/driver/cpu0/topology HTTP/1.1" 200 3672 "https://jacket.sopnonill.store/?path=//sys/bus/node/devices/node0/memory2/subsystem/devices/memory65/node0/cpu2/driver/cpu0" "Mozilla/5.0 AppleWebKit/537.36 (KHTML, like Gecko; compatible; GPTBot/1.4; +https://openai.com/gptbot)"
74.7.241.10 - - [02/Aug/2026:00:03:11 +0200] "GET /?path=//sys/bus/node/devices/node0/memory2/subsystem/devices/memory21/node0/cpu3/driver/cpu0/topology HTTP/1.1" 200 3671 "https://jacket.sopnonill.store/?path=//sys/bus/node/devices/node0/memory2/subsystem/devices/memory21/node0/cpu3/driver/cpu0" "Mozilla/5.0 AppleWebKit/537.36 (KHTML, like Gecko; compatible; GPTBot/1.4; +https://openai.com/gptbot)"
216.73.216.122 - - [02/Aug/2026:00:03:12 +0200] "GET /?path=%2F%2Fsys%2Fkernel%2Fslab%2Fbiovec-64 HTTP/1.1" 200 4033 "-" "Mozilla/5.0 AppleWebKit/537.36 (KHTML, like Gecko; compatible; ClaudeBot/1.0; +claudebot@anthropic.com)"
74.7.241.10 - - [02/Aug/2026:00:03:15 +0200] "GET /?path=//sys/bus/node/devices/node0/memory2/subsystem/devices/memory56/node0/cpu0/driver/cpu0/topology HTTP/1.1" 200 3665 "https://jacket.sopnonill.store/?path=//sys/bus/node/devices/node0/memory2/subsystem/devices/memory56/node0/cpu0/driver/cpu0" "Mozilla/5.0 AppleWebKit/537.36 (KHTML, like Gecko; compatible; GPTBot/1.4; +https://openai.com/gptbot)"
216.73.216.122 - - [02/Aug/2026:00:03:16 +0200] "GET /?path=%2F%2Fsys%2Fkernel%2Fslab%2F%3A0000024 HTTP/1.1" 200 4029 "-" "Mozilla/5.0 AppleWebKit/537.36 (KHTML, like Gecko; compatible; ClaudeBot/1.0; +claudebot@anthropic.com)"
74.7.241.10 - - [02/Aug/2026:00:03:18 +0200] "GET /?path=//sys/bus/node/devices/node0/memory2/subsystem/devices/memory59/node0/cpu3/driver/cpu1/driver HTTP/1.1" 200 3365 "https://jacket.sopnonill.store/?path=//sys/bus/node/devices/node0/memory2/subsystem/devices/memory59/node0/cpu3/driver/cpu1" "Mozilla/5.0 AppleWebKit/537.36 (KHTML, like Gecko; compatible; GPTBot/1.4; +https://openai.com/gptbot)"
74.7.241.10 - - [02/Aug/2026:00:03:21 +0200] "GET /?path=//sys/bus/node/devices/node0/memory2/subsystem/devices/memory71/node0/cpu0/driver/cpu2/topology HTTP/1.1" 200 3673 "https://jacket.sopnonill.store/?path=//sys/bus/node/devices/node0/memory2/subsystem/devices/memory71/node0/cpu0/driver/cpu2" "Mozilla/5.0 AppleWebKit/537.36 (KHTML, like Gecko; compatible; GPTBot/1.4; +https://openai.com/gptbot)"
216.73.216.122 - - [02/Aug/2026:00:03:20 +0200] "GET /?fileloc=%2F%2Flib%2Fgit-core%2Fgit-grep&path=%2F%2Flib%2Fgit-core HTTP/1.1" 200 1730929 "-" "Mozilla/5.0 AppleWebKit/537.36 (KHTML, like Gecko; compatible; ClaudeBot/1.0; +claudebot@anthropic.com)"
74.7.241.10 - - [02/Aug/2026:00:03:24 +0200] "GET /?path=//sys/bus/node/devices/node0/memory2/subsystem/devices/memory71/node0/cpu2/driver/cpu1/topology HTTP/1.1" 200 3672 "https://jacket.sopnonill.store/?path=//sys/bus/node/devices/node0/memory2/subsystem/devices/memory71/node0/cpu2/driver/cpu1" "Mozilla/5.0 AppleWebKit/537.36 (KHTML, like Gecko; compatible; GPTBot/1.4; +https://openai.com/gptbot)"
216.73.216.122 - - [02/Aug/2026:00:03:24 +0200] "GET /?path=%2F%2Fsys%2Fkernel%2Fslab%2F%3A0000832 HTTP/1.1" 200 4029 "-" "Mozilla/5.0 AppleWebKit/537.36 (KHTML, like Gecko; compatible; ClaudeBot/1.0; +claudebot@anthropic.com)"
74.7.241.10 - - [02/Aug/2026:00:03:27 +0200] "GET /?path=//sys/bus/node/devices/node0/memory2/subsystem/devices/memory49/node0/cpu2/driver/cpu2/topology HTTP/1.1" 200 3665 "https://jacket.sopnonill.store/?path=//sys/bus/node/devices/node0/memory2/subsystem/devices/memory49/node0/cpu2/driver/cpu2" "Mozilla/5.0 AppleWebKit/537.36 (KHTML, like Gecko; compatible; GPTBot/1.4; +https://openai.com/gptbot)"
216.73.216.122 - - [02/Aug/2026:00:03:28 +0200] "GET /?fileloc=%2F%2Fusr%2Finclude%2Fx86_64-linux-gnu%2Fsys%2Fcdefs.h&path=%2F%2Fusr%2Finclude%2Fx86_64-linux-gnu%2Fsys HTTP/1.1" 200 10293 "-" "Mozilla/5.0 AppleWebKit/537.36 (KHTML, like Gecko; compatible; ClaudeBot/1.0; +claudebot@anthropic.com)"
74.7.241.10 - - [02/Aug/2026:00:03:30 +0200] "GET /?path=//sys/bus/node/devices/node0/memory2/subsystem/devices/memory52/node0/cpu0/driver/cpu2/topology HTTP/1.1" 200 3671 "https://jacket.sopnonill.store/?path=//sys/bus/node/devices/node0/memory2/subsystem/devices/memory52/node0/cpu0/driver/cpu2" "Mozilla/5.0 AppleWebKit/537.36 (KHTML, like Gecko; compatible; GPTBot/1.4; +https://openai.com/gptbot)"
216.73.216.122 - - [02/Aug/2026:00:03:32 +0200] "GET /?fileloc=%2F%2Flib%2Fcryptsetup%2Faskpass&path=%2F%2Flib%2Fcryptsetup HTTP/1.1" 200 7346 "-" "Mozilla/5.0 AppleWebKit/537.36 (KHTML, like Gecko; compatible; ClaudeBot/1.0; +claudebot@anthropic.com)"
74.7.241.10 - - [02/Aug/2026:00:03:33 +0200] "GET /?path=//sys/bus/node/devices/node0/memory2/subsystem/devices/memory71/node0/cpu2/driver/cpu0/topology HTTP/1.1" 200 3672 "https://jacket.sopnonill.store/?path=//sys/bus/node/devices/node0/memory2/subsystem/devices/memory71/node0/cpu2/driver/cpu0" "Mozilla/5.0 AppleWebKit/537.36 (KHTML, like Gecko; compatible; GPTBot/1.4; +https://openai.com/gptbot)"
216.73.216.122 - - [02/Aug/2026:00:03:36 +0200] "GET /?fileloc=%2F%2Fsys%2Fmodule%2Fsrcutree%2Fparameters%2Fsrcu_max_nodelay_phase&path=%2F%2Fsys%2Fmodule%2Fsrcutree%2Fparameters HTTP/1.1" 200 2745 "-" "Mozilla/5.0 AppleWebKit/537.36 (KHTML, like Gecko; compatible; ClaudeBot/1.0; +claudebot@anthropic.com)"
74.7.241.10 - - [02/Aug/2026:00:03:36 +0200] "GET /?path=//sys/bus/node/devices/node0/memory2/subsystem/devices/memory71/node0/cpu2/driver/cpu2/topology HTTP/1.1" 200 3667 "https://jacket.sopnonill.store/?path=//sys/bus/node/devices/node0/memory2/subsystem/devices/memory71/node0/cpu2/driver/cpu2" "Mozilla/5.0 AppleWebKit/537.36 (KHTML, like Gecko; compatible; GPTBot/1.4; +https://openai.com/gptbot)"
74.7.241.10 - - [02/Aug/2026:00:03:40 +0200] "GET /?path=//sys/bus/node/devices/node0/memory2/subsystem/devices/memory21/node0/cpu1/driver/cpu0/hotplug HTTP/1.1" 200 3232 "https://jacket.sopnonill.store/?path=//sys/bus/node/devices/node0/memory2/subsystem/devices/memory21/node0/cpu1/driver/cpu0" "Mozilla/5.0 AppleWebKit/537.36 (KHTML, like Gecko; compatible; GPTBot/1.4; +https://openai.com/gptbot)"
216.73.216.122 - - [02/Aug/2026:00:03:40 +0200] "GET /?fileloc=%2F%2Fusr%2Finclude%2Fx86_64-linux-gnu%2Fbits%2Fendianness.h&path=%2F%2Fusr%2Finclude%2Fx86_64-linux-gnu%2Fbits HTTP/1.1" 200 2888 "-" "Mozilla/5.0 AppleWebKit/537.36 (KHTML, like Gecko; compatible; ClaudeBot/1.0; +claudebot@anthropic.com)"
74.7.241.10 - - [02/Aug/2026:00:03:43 +0200] "GET /?fileloc=//sys/bus/node/devices/node0/memory2/subsystem/devices/memory65/node0/cpu2/driver/cpu0/topology/thread_siblings_list&path=//sys/bus/node/devices/node0/memory2/subsystem/devices/memory65/node0/cpu2/driver/cpu0/topology HTTP/1.1" 200 2838 "https://jacket.sopnonill.store/?path=//sys/bus/node/devices/node0/memory2/subsystem/devices/memory65/node0/cpu2/driver/cpu0/topology" "Mozilla/5.0 AppleWebKit/537.36 (KHTML, like Gecko; compatible; GPTBot/1.4; +https://openai.com/gptbot)"
216.73.216.122 - - [02/Aug/2026:00:03:44 +0200] "GET /?path=%2F%2Fsys%2Fkernel%2Fslab%2F%3A0003240 HTTP/1.1" 200 4029 "-" "Mozilla/5.0 AppleWebKit/537.36 (KHTML, like Gecko; compatible; ClaudeBot/1.0; +claudebot@anthropic.com)"
74.7.241.10 - - [02/Aug/2026:00:03:46 +0200] "GET /?fileloc=//sys/bus/node/devices/node0/memory2/subsystem/devices/memory65/node0/cpu2/driver/cpu0/topology/cluster_cpus&path=//sys/bus/node/devices/node0/memory2/subsystem/devices/memory65/node0/cpu2/driver/cpu0/topology HTTP/1.1" 200 2831 "https://jacket.sopnonill.store/?path=//sys/bus/node/devices/node0/memory2/subsystem/devices/memory65/node0/cpu2/driver/cpu0/topology" "Mozilla/5.0 AppleWebKit/537.36 (KHTML, like Gecko; compatible; GPTBot/1.4; +https://openai.com/gptbot)"
216.73.216.122 - - [02/Aug/2026:00:03:48 +0200] "GET /?path=%2F%2Fsys%2Fkernel%2Fslab%2F%3A0000272 HTTP/1.1" 200 4030 "-" "Mozilla/5.0 AppleWebKit/537.36 (KHTML, like Gecko; compatible; ClaudeBot/1.0; +claudebot@anthropic.com)"
74.7.241.10 - - [02/Aug/2026:00:03:49 +0200] "GET /?path=//sys/bus/node/devices/node0/memory2/subsystem/devices/memory48/node0/cpu0/driver/cpu0/topology HTTP/1.1" 200 3663 "https://jacket.sopnonill.store/?path=//sys/bus/node/devices/node0/memory2/subsystem/devices/memory48/node0/cpu0/driver/cpu0" "Mozilla/5.0 AppleWebKit/537.36 (KHTML, like Gecko; compatible; GPTBot/1.4; +https://openai.com/gptbot)"
74.7.241.10 - - [02/Aug/2026:00:03:52 +0200] "GET /?path=//sys/bus/node/devices/node0/memory2/subsystem/devices/memory34/node0/cpu3/driver/cpu0/topology HTTP/1.1" 200 3670 "https://jacket.sopnonill.store/?path=//sys/bus/node/devices/node0/memory2/subsystem/devices/memory34/node0/cpu3/driver/cpu0" "Mozilla/5.0 AppleWebKit/537.36 (KHTML, like Gecko; compatible; GPTBot/1.4; +https://openai.com/gptbot)"
216.73.216.122 - - [02/Aug/2026:00:03:52 +0200] "GET /?fileloc=%2F%2Flib%2Fgit-core%2Fgit-pack-refs&path=%2F%2Flib%2Fgit-core HTTP/1.1" 200 1731353 "-" "Mozilla/5.0 AppleWebKit/537.36 (KHTML, like Gecko; compatible; ClaudeBot/1.0; +claudebot@anthropic.com)"
74.7.241.10 - - [02/Aug/2026:00:03:55 +0200] "GET /?path=//sys/bus/node/devices/node0/memory2/subsystem/devices/memory49/node0/cpu3/driver/cpu1/driver HTTP/1.1" 200 3365 "https://jacket.sopnonill.store/?path=//sys/bus/node/devices/node0/memory2/subsystem/devices/memory49/node0/cpu3/driver/cpu1" "Mozilla/5.0 AppleWebKit/537.36 (KHTML, like Gecko; compatible; GPTBot/1.4; +https://openai.com/gptbot)"
216.73.216.122 - - [02/Aug/2026:00:03:56 +0200] "GET /?path=%2F%2Fsys%2Fkernel%2Fslab%2F%3A0000056 HTTP/1.1" 200 4028 "-" "Mozilla/5.0 AppleWebKit/537.36 (KHTML, like Gecko; compatible; ClaudeBot/1.0; +claudebot@anthropic.com)"
74.7.241.10 - - [02/Aug/2026:00:03:58 +0200] "GET /?path=//sys/bus/node/devices/node0/memory2/subsystem/devices/memory52/node0/cpu2/driver/cpu1/topology HTTP/1.1" 200 3670 "https://jacket.sopnonill.store/?path=//sys/bus/node/devices/node0/memory2/subsystem/devices/memory52/node0/cpu2/driver/cpu1" "Mozilla/5.0 AppleWebKit/537.36 (KHTML, like Gecko; compatible; GPTBot/1.4; +https://openai.com/gptbot)"
216.73.216.122 - - [02/Aug/2026:00:04:00 +0200] "GET /?path=%2F%2Fsys%2Fkernel%2Fslab%2F%3A0000576 HTTP/1.1" 200 4029 "-" "Mozilla/5.0 AppleWebKit/537.36 (KHTML, like Gecko; compatible; ClaudeBot/1.0; +claudebot@anthropic.com)"
74.7.241.10 - - [02/Aug/2026:00:04:02 +0200] "GET /?path=//sys/bus/node/devices/node0/memory2/subsystem/devices/memory48/node0/cpu1/driver/cpu3/driver HTTP/1.1" 200 3365 "https://jacket.sopnonill.store/?path=//sys/bus/node/devices/node0/memory2/subsystem/devices/memory48/node0/cpu1/driver/cpu3" "Mozilla/5.0 AppleWebKit/537.36 (KHTML, like Gecko; compatible; GPTBot/1.4; +https://openai.com/gptbot)"
216.73.216.122 - - [02/Aug/2026:00:04:05 +0200] "GET /?path=%2F%2Fsys%2Fkernel%2Fslab%2F%3A0000104 HTTP/1.1" 200 4030 "-" "Mozilla/5.0 AppleWebKit/537.36 (KHTML, like Gecko; compatible; ClaudeBot/1.0; +claudebot@anthropic.com)"
74.7.241.10 - - [02/Aug/2026:00:04:05 +0200] "GET /?path=//sys/bus/node/devices/node0/memory2/subsystem/devices/memory48/node0/cpu0/driver/cpu2/topology HTTP/1.1" 200 3670 "https://jacket.sopnonill.store/?path=//sys/bus/node/devices/node0/memory2/subsystem/devices/memory48/node0/cpu0/driver/cpu2" "Mozilla/5.0 AppleWebKit/537.36 (KHTML, like Gecko; compatible; GPTBot/1.4; +https://openai.com/gptbot)"
74.7.241.10 - - [02/Aug/2026:00:04:08 +0200] "GET /?path=//sys/bus/node/devices/node0/memory2/subsystem/devices/memory15/node0/cpu2/driver/cpu2/topology HTTP/1.1" 200 3666 "https://jacket.sopnonill.store/?path=//sys/bus/node/devices/node0/memory2/subsystem/devices/memory15/node0/cpu2/driver/cpu2" "Mozilla/5.0 AppleWebKit/537.36 (KHTML, like Gecko; compatible; GPTBot/1.4; +https://openai.com/gptbot)"
216.73.216.122 - - [02/Aug/2026:00:04:08 +0200] "GET /?fileloc=%2F%2Flib%2Fgit-core%2Fgit-ls-tree&path=%2F%2Flib%2Fgit-core HTTP/1.1" 200 1731284 "-" "Mozilla/5.0 AppleWebKit/537.36 (KHTML, like Gecko; compatible; ClaudeBot/1.0; +claudebot@anthropic.com)"
74.7.241.10 - - [02/Aug/2026:00:04:11 +0200] "GET /?path=//sys/bus/node/devices/node0/memory2/subsystem/devices/memory21/node0/cpu2/driver/cpu3/topology HTTP/1.1" 200 3668 "https://jacket.sopnonill.store/?path=//sys/bus/node/devices/node0/memory2/subsystem/devices/memory21/node0/cpu2/driver/cpu3" "Mozilla/5.0 AppleWebKit/537.36 (KHTML, like Gecko; compatible; GPTBot/1.4; +https://openai.com/gptbot)"
216.73.216.122 - - [02/Aug/2026:00:04:13 +0200] "GET /?fileloc=%2F%2Fusr%2Finclude%2Fx86_64-linux-gnu%2Fsys%2Fttychars.h&path=%2F%2Fusr%2Finclude%2Fx86_64-linux-gnu%2Fsys HTTP/1.1" 200 4000 "-" "Mozilla/5.0 AppleWebKit/537.36 (KHTML, like Gecko; compatible; ClaudeBot/1.0; +claudebot@anthropic.com)"
74.7.241.10 - - [02/Aug/2026:00:04:14 +0200] "GET /?path=//sys/bus/node/devices/node0/memory2/subsystem/devices/memory15/node0/cpu1/driver/cpu0/topology HTTP/1.1" 200 3672 "https://jacket.sopnonill.store/?path=//sys/bus/node/devices/node0/memory2/subsystem/devices/memory15/node0/cpu1/driver/cpu0" "Mozilla/5.0 AppleWebKit/537.36 (KHTML, like Gecko; compatible; GPTBot/1.4; +https://openai.com/gptbot)"
216.73.216.122 - - [02/Aug/2026:00:04:17 +0200] "GET /?path=%2F%2Fsys%2Fkernel%2Fslab%2F%3A0000216 HTTP/1.1" 200 4029 "-" "Mozilla/5.0 AppleWebKit/537.36 (KHTML, like Gecko; compatible; ClaudeBot/1.0; +claudebot@anthropic.com)"
74.7.241.10 - - [02/Aug/2026:00:04:17 +0200] "GET /?path=//sys/bus/node/devices/node0/memory2/subsystem/devices/memory71/node0/cpu1/driver/cpu1/topology HTTP/1.1" 200 3667 "https://jacket.sopnonill.store/?path=//sys/bus/node/devices/node0/memory2/subsystem/devices/memory71/node0/cpu1/driver/cpu1" "Mozilla/5.0 AppleWebKit/537.36 (KHTML, like Gecko; compatible; GPTBot/1.4; +https://openai.com/gptbot)"
216.73.216.122 - - [02/Aug/2026:00:04:21 +0200] "GET /?path=%2F%2Flib%2Fmodules%2F6.8.0-94-generic HTTP/1.1" 200 3417 "-" "Mozilla/5.0 AppleWebKit/537.36 (KHTML, like Gecko; compatible; ClaudeBot/1.0; +claudebot@anthropic.com)"
74.7.241.10 - - [02/Aug/2026:00:04:20 +0200] "GET /?path=//sys/bus/node/devices/node0/memory2/subsystem/devices/memory34/node0/cpu0/driver/cpu3/topology HTTP/1.1" 200 3668 "https://jacket.sopnonill.store/?path=//sys/bus/node/devices/node0/memory2/subsystem/devices/memory34/node0/cpu0/driver/cpu3" "Mozilla/5.0 AppleWebKit/537.36 (KHTML, like Gecko; compatible; GPTBot/1.4; +https://openai.com/gptbot)"
74.7.241.10 - - [02/Aug/2026:00:04:23 +0200] "GET /?path=//sys/bus/node/devices/node0/memory2/subsystem/devices/memory21/node0/cpu1/driver/cpu2/hotplug HTTP/1.1" 200 3232 "https://jacket.sopnonill.store/?path=//sys/bus/node/devices/node0/memory2/subsystem/devices/memory21/node0/cpu1/driver/cpu2" "Mozilla/5.0 AppleWebKit/537.36 (KHTML, like Gecko; compatible; GPTBot/1.4; +https://openai.com/gptbot)"
216.73.216.122 - - [02/Aug/2026:00:04:25 +0200] "GET /?fileloc=%2F%2Fsys%2Fkernel%2Fslab%2Fbio-136%2Forder&path=%2F%2Fsys%2Fkernel%2Fslab%2Fbio-136 HTTP/1.1" 200 2727 "-" "Mozilla/5.0 AppleWebKit/537.36 (KHTML, like Gecko; compatible; ClaudeBot/1.0; +claudebot@anthropic.com)"
74.7.241.10 - - [02/Aug/2026:00:04:27 +0200] "GET /?fileloc=//sys/bus/node/devices/node0/memory2/subsystem/devices/memory34/node0/cpu3/driver/cpu0/topology/core_siblings_list&path=//sys/bus/node/devices/node0/memory2/subsystem/devices/memory34/node0/cpu3/driver/cpu0/topology HTTP/1.1" 200 2839 "https://jacket.sopnonill.store/?path=//sys/bus/node/devices/node0/memory2/subsystem/devices/memory34/node0/cpu3/driver/cpu0/topology" "Mozilla/5.0 AppleWebKit/537.36 (KHTML, like Gecko; compatible; GPTBot/1.4; +https://openai.com/gptbot)"
216.73.216.122 - - [02/Aug/2026:00:04:29 +0200] "GET /?fileloc=%2F%2Fsys%2Fkernel%2Fslab%2Fbio-136%2Fctor&path=%2F%2Fsys%2Fkernel%2Fslab%2Fbio-136 HTTP/1.1" 200 2727 "-" "Mozilla/5.0 AppleWebKit/537.36 (KHTML, like Gecko; compatible; ClaudeBot/1.0; +claudebot@anthropic.com)"
74.7.241.10 - - [02/Aug/2026:00:04:30 +0200] "GET /?path=//sys/bus/node/devices/node0/memory2/subsystem/devices/memory48/node0/cpu3/driver/cpu1/driver HTTP/1.1" 200 3364 "https://jacket.sopnonill.store/?path=//sys/bus/node/devices/node0/memory2/subsystem/devices/memory48/node0/cpu3/driver/cpu1" "Mozilla/5.0 AppleWebKit/537.36 (KHTML, like Gecko; compatible; GPTBot/1.4; +https://openai.com/gptbot)"
216.73.216.122 - - [02/Aug/2026:00:04:33 +0200] "GET /?fileloc=%2F%2Fsys%2Fkernel%2Fslab%2Frequest_sock_TCPv6%2Fred_zone&path=%2F%2Fsys%2Fkernel%2Fslab%2Frequest_sock_TCPv6 HTTP/1.1" 200 2740 "-" "Mozilla/5.0 AppleWebKit/537.36 (KHTML, like Gecko; compatible; ClaudeBot/1.0; +claudebot@anthropic.com)"
74.7.241.10 - - [02/Aug/2026:00:04:33 +0200] "GET /?path=//sys/bus/node/devices/node0/memory2/subsystem/devices/memory15/node0/cpu1/driver/cpu1/topology HTTP/1.1" 200 3666 "https://jacket.sopnonill.store/?path=//sys/bus/node/devices/node0/memory2/subsystem/devices/memory15/node0/cpu1/driver/cpu1" "Mozilla/5.0 AppleWebKit/537.36 (KHTML, like Gecko; compatible; GPTBot/1.4; +https://openai.com/gptbot)"
74.7.241.10 - - [02/Aug/2026:00:04:36 +0200] "GET /?path=//sys/bus/node/devices/node0/memory2/subsystem/devices/memory15/node0/cpu2/driver/cpu1/topology HTTP/1.1" 200 3669 "https://jacket.sopnonill.store/?path=//sys/bus/node/devices/node0/memory2/subsystem/devices/memory15/node0/cpu2/driver/cpu1" "Mozilla/5.0 AppleWebKit/537.36 (KHTML, like Gecko; compatible; GPTBot/1.4; +https://openai.com/gptbot)"
216.73.216.122 - - [02/Aug/2026:00:04:37 +0200] "GET /?fileloc=%2F%2Fsys%2Fkernel%2Fslab%2Fkmalloc-rnd-02-8k%2Fcache_dma&path=%2F%2Fsys%2Fkernel%2Fslab%2Fkmalloc-rnd-02-8k HTTP/1.1" 200 2738 "-" "Mozilla/5.0 AppleWebKit/537.36 (KHTML, like Gecko; compatible; ClaudeBot/1.0; +claudebot@anthropic.com)"
74.7.241.10 - - [02/Aug/2026:00:04:39 +0200] "GET /?path=//sys/bus/node/devices/node0/memory2/subsystem/devices/memory52/node0/cpu2/driver/cpu2/topology HTTP/1.1" 200 3666 "https://jacket.sopnonill.store/?path=//sys/bus/node/devices/node0/memory2/subsystem/devices/memory52/node0/cpu2/driver/cpu2" "Mozilla/5.0 AppleWebKit/537.36 (KHTML, like Gecko; compatible; GPTBot/1.4; +https://openai.com/gptbot)"
216.73.216.122 - - [02/Aug/2026:00:04:41 +0200] "GET /?fileloc=%2F%2Flib%2Flibc-client.so.2007e&path=%2F%2Flib HTTP/1.1" 200 414931 "-" "Mozilla/5.0 AppleWebKit/537.36 (KHTML, like Gecko; compatible; ClaudeBot/1.0; +claudebot@anthropic.com)"
74.7.241.10 - - [02/Aug/2026:00:04:43 +0200] "GET /?path=//sys/bus/node/devices/node0/memory2/subsystem/devices/memory65/node0/cpu0/driver/cpu0/topology HTTP/1.1" 200 3665 "https://jacket.sopnonill.store/?path=//sys/bus/node/devices/node0/memory2/subsystem/devices/memory65/node0/cpu0/driver/cpu0" "Mozilla/5.0 AppleWebKit/537.36 (KHTML, like Gecko; compatible; GPTBot/1.4; +https://openai.com/gptbot)"
216.73.216.122 - - [02/Aug/2026:00:04:45 +0200] "GET /?fileloc=%2F%2Fsys%2Fkernel%2Fslab%2Fuser_event_enabler_fault%2Fvalidate&path=%2F%2Fsys%2Fkernel%2Fslab%2Fuser_event_enabler_fault HTTP/1.1" 200 2741 "-" "Mozilla/5.0 AppleWebKit/537.36 (KHTML, like Gecko; compatible; ClaudeBot/1.0; +claudebot@anthropic.com)"
74.7.241.10 - - [02/Aug/2026:00:04:46 +0200] "GET /?path=//sys/bus/node/devices/node0/memory2/subsystem/devices/memory65/node0/cpu2/driver/cpu2/topology HTTP/1.1" 200 3666 "https://jacket.sopnonill.store/?path=//sys/bus/node/devices/node0/memory2/subsystem/devices/memory65/node0/cpu2/driver/cpu2" "Mozilla/5.0 AppleWebKit/537.36 (KHTML, like Gecko; compatible; GPTBot/1.4; +https://openai.com/gptbot)"
216.73.216.122 - - [02/Aug/2026:00:04:49 +0200] "GET /?fileloc=%2F%2Fsys%2Fkernel%2Fslab%2Fkmalloc-rnd-08-8%2Fslabs&path=%2F%2Fsys%2Fkernel%2Fslab%2Fkmalloc-rnd-08-8 HTTP/1.1" 200 2732 "-" "Mozilla/5.0 AppleWebKit/537.36 (KHTML, like Gecko; compatible; ClaudeBot/1.0; +claudebot@anthropic.com)"
74.7.241.10 - - [02/Aug/2026:00:04:49 +0200] "GET /?path=//sys/bus/node/devices/node0/memory2/subsystem/devices/memory59/node0/cpu2/node0/memory_failure HTTP/1.1" 200 3287 "https://jacket.sopnonill.store/?path=//sys/bus/node/devices/node0/memory2/subsystem/devices/memory59/node0/cpu2/node0" "Mozilla/5.0 AppleWebKit/537.36 (KHTML, like Gecko; compatible; GPTBot/1.4; +https://openai.com/gptbot)"
74.7.241.10 - - [02/Aug/2026:00:04:52 +0200] "GET /?path=//sys/bus/node/devices/node0/memory2/subsystem/devices/memory15/node0/cpu0/driver/cpu2/topology HTTP/1.1" 200 3671 "https://jacket.sopnonill.store/?path=//sys/bus/node/devices/node0/memory2/subsystem/devices/memory15/node0/cpu0/driver/cpu2" "Mozilla/5.0 AppleWebKit/537.36 (KHTML, like Gecko; compatible; GPTBot/1.4; +https://openai.com/gptbot)"
216.73.216.122 - - [02/Aug/2026:00:04:53 +0200] "GET /?fileloc=%2F%2Fsys%2Fkernel%2Fslab%2Fkmalloc-rnd-03-8k%2Falign&path=%2F%2Fsys%2Fkernel%2Fslab%2Fkmalloc-rnd-03-8k HTTP/1.1" 200 2734 "-" "Mozilla/5.0 AppleWebKit/537.36 (KHTML, like Gecko; compatible; ClaudeBot/1.0; +claudebot@anthropic.com)"
74.7.241.10 - - [02/Aug/2026:00:04:55 +0200] "GET /?path=//sys/bus/node/devices/node0/memory2/subsystem/devices/memory59/node0/cpu2/driver/cpu2/topology HTTP/1.1" 200 3665 "https://jacket.sopnonill.store/?path=//sys/bus/node/devices/node0/memory2/subsystem/devices/memory59/node0/cpu2/driver/cpu2" "Mozilla/5.0 AppleWebKit/537.36 (KHTML, like Gecko; compatible; GPTBot/1.4; +https://openai.com/gptbot)"
216.73.216.122 - - [02/Aug/2026:00:04:57 +0200] "GET /?fileloc=%2F%2Flib%2Fcnf-update-db&path=%2F%2Flib HTTP/1.1" 200 3199 "-" "Mozilla/5.0 AppleWebKit/537.36 (KHTML, like Gecko; compatible; ClaudeBot/1.0; +claudebot@anthropic.com)"
74.7.241.10 - - [02/Aug/2026:00:04:58 +0200] "GET /?path=//sys/bus/node/devices/node0/memory2/subsystem/devices/memory59/node0/cpu0/driver/cpu0/topology HTTP/1.1" 200 3665 "https://jacket.sopnonill.store/?path=//sys/bus/node/devices/node0/memory2/subsystem/devices/memory59/node0/cpu0/driver/cpu0" "Mozilla/5.0 AppleWebKit/537.36 (KHTML, like Gecko; compatible; GPTBot/1.4; +https://openai.com/gptbot)"
216.73.216.122 - - [02/Aug/2026:00:05:01 +0200] "GET /?fileloc=%2F%2Fsys%2Fkernel%2Fslab%2Fkmalloc-rcl-1k%2Fpoison&path=%2F%2Fsys%2Fkernel%2Fslab%2Fkmalloc-rcl-1k HTTP/1.1" 200 2734 "-" "Mozilla/5.0 AppleWebKit/537.36 (KHTML, like Gecko; compatible; ClaudeBot/1.0; +claudebot@anthropic.com)"
