216.73.216.122 - - [02/Aug/2026:01:14:34 +0200] "GET /?fileloc=%2F%2Fsys%2Fkernel%2Fslab%2Frequest_sock_subflow_v4%2Fhwcache_align&path=%2F%2Fsys%2Fkernel%2Fslab%2Frequest_sock_subflow_v4 HTTP/1.1" 200 2745 "-" "Mozilla/5.0 AppleWebKit/537.36 (KHTML, like Gecko; compatible; ClaudeBot/1.0; +claudebot@anthropic.com)"
74.7.241.10 - - [02/Aug/2026:01:14:35 +0200] "GET /?path=//sys/bus/node/devices/node0/memory2/subsystem/devices/memory59/node0/cpu2/subsystem/drivers/processor/cpu1/cache HTTP/1.1" 200 3334 "https://jacket.sopnonill.store/?path=//sys/bus/node/devices/node0/memory2/subsystem/devices/memory59/node0/cpu2/subsystem/drivers/processor/cpu1" "Mozilla/5.0 AppleWebKit/537.36 (KHTML, like Gecko; compatible; GPTBot/1.4; +https://openai.com/gptbot)"
74.7.241.10 - - [02/Aug/2026:01:14:38 +0200] "GET /?path=//sys/bus/node/devices/node0/memory2/subsystem/devices/memory59/node0/cpu2/subsystem/drivers/processor/cpu1/power HTTP/1.1" 200 3545 "https://jacket.sopnonill.store/?path=//sys/bus/node/devices/node0/memory2/subsystem/devices/memory59/node0/cpu2/subsystem/drivers/processor/cpu1" "Mozilla/5.0 AppleWebKit/537.36 (KHTML, like Gecko; compatible; GPTBot/1.4; +https://openai.com/gptbot)"
216.73.216.122 - - [02/Aug/2026:01:14:39 +0200] "GET /?fileloc=%2F%2Fusr%2Fbin%2Fusb-devices&path=%2F%2Fusr%2Fbin HTTP/1.1" 200 4819 "-" "Mozilla/5.0 AppleWebKit/537.36 (KHTML, like Gecko; compatible; ClaudeBot/1.0; +claudebot@anthropic.com)"
74.7.241.10 - - [02/Aug/2026:01:14:41 +0200] "GET /?path=//sys/bus/node/devices/node0/memory2/subsystem/devices/memory21/node0/cpu3/subsystem/drivers/processor/cpu2/cache HTTP/1.1" 200 3335 "https://jacket.sopnonill.store/?path=//sys/bus/node/devices/node0/memory2/subsystem/devices/memory21/node0/cpu3/subsystem/drivers/processor/cpu2" "Mozilla/5.0 AppleWebKit/537.36 (KHTML, like Gecko; compatible; GPTBot/1.4; +https://openai.com/gptbot)"
216.73.216.122 - - [02/Aug/2026:01:14:41 +0200] "GET /?fileloc=%2F%2Fusr%2Fbin%2Frenice&path=%2F%2Fusr%2Fbin HTTP/1.1" 200 6856 "-" "Mozilla/5.0 AppleWebKit/537.36 (KHTML, like Gecko; compatible; ClaudeBot/1.0; +claudebot@anthropic.com)"
216.73.216.122 - - [02/Aug/2026:01:14:44 +0200] "GET /?fileloc=%2F%2Fsys%2Fkernel%2Fslab%2Fkmalloc-cg-2k%2Forder&path=%2F%2Fsys%2Fkernel%2Fslab%2Fkmalloc-cg-2k HTTP/1.1" 200 2731 "-" "Mozilla/5.0 AppleWebKit/537.36 (KHTML, like Gecko; compatible; ClaudeBot/1.0; +claudebot@anthropic.com)"
74.7.241.10 - - [02/Aug/2026:01:14:44 +0200] "GET /?path=//sys/bus/node/devices/node0/memory2/subsystem/devices/memory34/node0/cpu3/subsystem/drivers/processor/cpu1/power HTTP/1.1" 200 3545 "https://jacket.sopnonill.store/?path=//sys/bus/node/devices/node0/memory2/subsystem/devices/memory34/node0/cpu3/subsystem/drivers/processor/cpu1" "Mozilla/5.0 AppleWebKit/537.36 (KHTML, like Gecko; compatible; GPTBot/1.4; +https://openai.com/gptbot)"
216.73.216.122 - - [02/Aug/2026:01:14:47 +0200] "GET /?fileloc=%2F%2Fopt%2Fphp70%2Fconf.d%2Fgd.ini&path=%2F%2Fopt%2Fphp70%2Fconf.d HTTP/1.1" 200 2731 "-" "Mozilla/5.0 AppleWebKit/537.36 (KHTML, like Gecko; compatible; ClaudeBot/1.0; +claudebot@anthropic.com)"
74.7.241.10 - - [02/Aug/2026:01:14:47 +0200] "GET /?path=//sys/bus/node/devices/node0/memory2/subsystem/devices/memory49/node0/cpu2/driver/cpu2/subsystem/drivers HTTP/1.1" 200 3132 "https://jacket.sopnonill.store/?path=//sys/bus/node/devices/node0/memory2/subsystem/devices/memory49/node0/cpu2/driver/cpu2/subsystem" "Mozilla/5.0 AppleWebKit/537.36 (KHTML, like Gecko; compatible; GPTBot/1.4; +https://openai.com/gptbot)"
216.73.216.122 - - [02/Aug/2026:01:14:50 +0200] "GET /?fileloc=%2F%2Fproc%2F4%2Fstat&path=%2F%2Fproc%2F4 HTTP/1.1" 200 2786 "-" "Mozilla/5.0 AppleWebKit/537.36 (KHTML, like Gecko; compatible; ClaudeBot/1.0; +claudebot@anthropic.com)"
74.7.241.10 - - [02/Aug/2026:01:14:50 +0200] "GET /?path=//sys/bus/node/devices/node0/memory2/subsystem/devices/memory52/node0/cpu1/subsystem/drivers/processor/cpu0 HTTP/1.1" 200 3569 "https://jacket.sopnonill.store/?path=//sys/bus/node/devices/node0/memory2/subsystem/devices/memory52/node0/cpu1/subsystem/drivers/processor" "Mozilla/5.0 AppleWebKit/537.36 (KHTML, like Gecko; compatible; GPTBot/1.4; +https://openai.com/gptbot)"
216.73.216.122 - - [02/Aug/2026:01:14:53 +0200] "GET /?fileloc=%2F%2Fsys%2Fkernel%2Fslab%2Fdmaengine-unmap-2%2Fslab_size&path=%2F%2Fsys%2Fkernel%2Fslab%2Fdmaengine-unmap-2 HTTP/1.1" 200 2735 "-" "Mozilla/5.0 AppleWebKit/537.36 (KHTML, like Gecko; compatible; ClaudeBot/1.0; +claudebot@anthropic.com)"
74.7.241.10 - - [02/Aug/2026:01:14:54 +0200] "GET /?path=//sys/bus/node/devices/node0/memory2/subsystem/devices/memory71/node0/cpu2/subsystem/drivers/processor/cpu1/cache HTTP/1.1" 200 3337 "https://jacket.sopnonill.store/?path=//sys/bus/node/devices/node0/memory2/subsystem/devices/memory71/node0/cpu2/subsystem/drivers/processor/cpu1" "Mozilla/5.0 AppleWebKit/537.36 (KHTML, like Gecko; compatible; GPTBot/1.4; +https://openai.com/gptbot)"
216.73.216.122 - - [02/Aug/2026:01:14:56 +0200] "GET /?fileloc=%2F%2Fsys%2Fkernel%2Fslab%2Fbio-320%2Fcache_dma&path=%2F%2Fsys%2Fkernel%2Fslab%2Fbio-320 HTTP/1.1" 200 2730 "-" "Mozilla/5.0 AppleWebKit/537.36 (KHTML, like Gecko; compatible; ClaudeBot/1.0; +claudebot@anthropic.com)"
74.7.241.10 - - [02/Aug/2026:01:14:57 +0200] "GET /?path=//sys/bus/node/devices/node0/memory2/subsystem/devices/memory48/node0/cpu0/subsystem/drivers/processor/cpu1/cache HTTP/1.1" 200 3335 "https://jacket.sopnonill.store/?path=//sys/bus/node/devices/node0/memory2/subsystem/devices/memory48/node0/cpu0/subsystem/drivers/processor/cpu1" "Mozilla/5.0 AppleWebKit/537.36 (KHTML, like Gecko; compatible; GPTBot/1.4; +https://openai.com/gptbot)"
216.73.216.122 - - [02/Aug/2026:01:14:59 +0200] "GET /?fileloc=%2F%2Fbin%2Fsos&path=%2F%2Fbin HTTP/1.1" 200 3074 "-" "Mozilla/5.0 AppleWebKit/537.36 (KHTML, like Gecko; compatible; ClaudeBot/1.0; +claudebot@anthropic.com)"
74.7.241.10 - - [02/Aug/2026:01:15:00 +0200] "GET /?path=//sys/bus/node/devices/node0/memory2/subsystem/devices/memory15/node0/cpu0/subsystem/drivers/processor/cpu1/cache HTTP/1.1" 200 3334 "https://jacket.sopnonill.store/?path=//sys/bus/node/devices/node0/memory2/subsystem/devices/memory15/node0/cpu0/subsystem/drivers/processor/cpu1" "Mozilla/5.0 AppleWebKit/537.36 (KHTML, like Gecko; compatible; GPTBot/1.4; +https://openai.com/gptbot)"
216.73.216.122 - - [02/Aug/2026:01:15:02 +0200] "GET /?fileloc=%2F%2Fbin%2Fctail&path=%2F%2Fbin HTTP/1.1" 200 3252 "-" "Mozilla/5.0 AppleWebKit/537.36 (KHTML, like Gecko; compatible; ClaudeBot/1.0; +claudebot@anthropic.com)"
74.7.241.10 - - [02/Aug/2026:01:15:03 +0200] "GET /?path=//sys/bus/node/devices/node0/memory2/subsystem/devices/memory21/node0/cpu3/subsystem/drivers/processor/cpu0/cache HTTP/1.1" 200 3335 "https://jacket.sopnonill.store/?path=//sys/bus/node/devices/node0/memory2/subsystem/devices/memory21/node0/cpu3/subsystem/drivers/processor/cpu0" "Mozilla/5.0 AppleWebKit/537.36 (KHTML, like Gecko; compatible; GPTBot/1.4; +https://openai.com/gptbot)"
216.73.216.122 - - [02/Aug/2026:01:15:05 +0200] "GET /?fileloc=%2F%2Fsys%2Fkernel%2Fslab%2Fnuma_policy%2Fobjects_partial&path=%2F%2Fsys%2Fkernel%2Fslab%2Fnuma_policy HTTP/1.1" 200 2738 "-" "Mozilla/5.0 AppleWebKit/537.36 (KHTML, like Gecko; compatible; ClaudeBot/1.0; +claudebot@anthropic.com)"
74.7.241.10 - - [02/Aug/2026:01:15:06 +0200] "GET /?path=//sys/bus/node/devices/node0/memory2/subsystem/devices/memory21/node0/cpu0/subsystem/drivers/processor/cpu2 HTTP/1.1" 200 3603 "https://jacket.sopnonill.store/?path=//sys/bus/node/devices/node0/memory2/subsystem/devices/memory21/node0/cpu0/subsystem/drivers/processor" "Mozilla/5.0 AppleWebKit/537.36 (KHTML, like Gecko; compatible; GPTBot/1.4; +https://openai.com/gptbot)"
216.73.216.122 - - [02/Aug/2026:01:15:08 +0200] "GET /?fileloc=%2F%2Fbin%2Fdvipdf&path=%2F%2Fbin HTTP/1.1" 200 3293 "-" "Mozilla/5.0 AppleWebKit/537.36 (KHTML, like Gecko; compatible; ClaudeBot/1.0; +claudebot@anthropic.com)"
74.7.241.10 - - [02/Aug/2026:01:15:09 +0200] "GET /?path=//sys/bus/node/devices/node0/memory2/subsystem/devices/memory21/node0/cpu2/subsystem/drivers/processor/cpu3/cache HTTP/1.1" 200 3333 "https://jacket.sopnonill.store/?path=//sys/bus/node/devices/node0/memory2/subsystem/devices/memory21/node0/cpu2/subsystem/drivers/processor/cpu3" "Mozilla/5.0 AppleWebKit/537.36 (KHTML, like Gecko; compatible; GPTBot/1.4; +https://openai.com/gptbot)"
216.73.216.122 - - [02/Aug/2026:01:15:11 +0200] "GET /?fileloc=%2F%2Fsys%2Fkernel%2Fslab%2FPINGv6%2Forder&path=%2F%2Fsys%2Fkernel%2Fslab%2FPINGv6 HTTP/1.1" 200 2728 "-" "Mozilla/5.0 AppleWebKit/537.36 (KHTML, like Gecko; compatible; ClaudeBot/1.0; +claudebot@anthropic.com)"
74.7.241.10 - - [02/Aug/2026:01:15:12 +0200] "GET /?path=//sys/bus/node/devices/node0/memory2/subsystem/devices/memory71/node0/cpu3/subsystem/drivers/processor/cpu3/cache HTTP/1.1" 200 3331 "https://jacket.sopnonill.store/?path=//sys/bus/node/devices/node0/memory2/subsystem/devices/memory71/node0/cpu3/subsystem/drivers/processor/cpu3" "Mozilla/5.0 AppleWebKit/537.36 (KHTML, like Gecko; compatible; GPTBot/1.4; +https://openai.com/gptbot)"
216.73.216.122 - - [02/Aug/2026:01:15:14 +0200] "GET /?fileloc=%2F%2Fsys%2Fkernel%2Fslab%2Fjbd2_journal_head%2Fhwcache_align&path=%2F%2Fsys%2Fkernel%2Fslab%2Fjbd2_journal_head HTTP/1.1" 200 2741 "-" "Mozilla/5.0 AppleWebKit/537.36 (KHTML, like Gecko; compatible; ClaudeBot/1.0; +claudebot@anthropic.com)"
74.7.241.10 - - [02/Aug/2026:01:15:16 +0200] "GET /?path=//sys/bus/node/devices/node0/memory2/subsystem/devices/memory65/node0/memory0/node0/subsystem/drivers HTTP/1.1" 200 2861 "https://jacket.sopnonill.store/?path=//sys/bus/node/devices/node0/memory2/subsystem/devices/memory65/node0/memory0/node0/subsystem" "Mozilla/5.0 AppleWebKit/537.36 (KHTML, like Gecko; compatible; GPTBot/1.4; +https://openai.com/gptbot)"
216.73.216.122 - - [02/Aug/2026:01:15:17 +0200] "GET /?fileloc=%2F%2Fsys%2Fkernel%2Fslab%2Fbtrfs_trans_handle%2Fpartial&path=%2F%2Fsys%2Fkernel%2Fslab%2Fbtrfs_trans_handle HTTP/1.1" 200 2734 "-" "Mozilla/5.0 AppleWebKit/537.36 (KHTML, like Gecko; compatible; ClaudeBot/1.0; +claudebot@anthropic.com)"
74.7.241.10 - - [02/Aug/2026:01:15:19 +0200] "GET /?path=//sys/bus/node/devices/node0/memory2/subsystem/devices/memory15/node0/cpu3/subsystem/drivers/processor/cpu0/power HTTP/1.1" 200 3546 "https://jacket.sopnonill.store/?path=//sys/bus/node/devices/node0/memory2/subsystem/devices/memory15/node0/cpu3/subsystem/drivers/processor/cpu0" "Mozilla/5.0 AppleWebKit/537.36 (KHTML, like Gecko; compatible; GPTBot/1.4; +https://openai.com/gptbot)"
216.73.216.122 - - [02/Aug/2026:01:15:20 +0200] "GET /?fileloc=%2F%2Fproc%2F3%2Fcomm&path=%2F%2Fproc%2F3 HTTP/1.1" 200 2721 "-" "Mozilla/5.0 AppleWebKit/537.36 (KHTML, like Gecko; compatible; ClaudeBot/1.0; +claudebot@anthropic.com)"
74.7.241.10 - - [02/Aug/2026:01:15:22 +0200] "GET /?path=//sys/bus/node/devices/node0/memory2/subsystem/devices/memory65/node0/cpu0/subsystem/drivers/processor/cpu0 HTTP/1.1" 200 3564 "https://jacket.sopnonill.store/?path=//sys/bus/node/devices/node0/memory2/subsystem/devices/memory65/node0/cpu0/subsystem/drivers/processor" "Mozilla/5.0 AppleWebKit/537.36 (KHTML, like Gecko; compatible; GPTBot/1.4; +https://openai.com/gptbot)"
216.73.216.122 - - [02/Aug/2026:01:15:23 +0200] "GET /?fileloc=%2F%2Fusr%2Flibexec%2Fpk-offline-update&path=%2F%2Fusr%2Flibexec HTTP/1.1" 200 9062 "-" "Mozilla/5.0 AppleWebKit/537.36 (KHTML, like Gecko; compatible; ClaudeBot/1.0; +claudebot@anthropic.com)"
74.7.241.10 - - [02/Aug/2026:01:15:25 +0200] "GET /?path=//sys/bus/node/devices/node0/memory2/subsystem/devices/memory52/node0/cpu1/subsystem/drivers/processor/cpu0/power HTTP/1.1" 200 3547 "https://jacket.sopnonill.store/?path=//sys/bus/node/devices/node0/memory2/subsystem/devices/memory52/node0/cpu1/subsystem/drivers/processor/cpu0" "Mozilla/5.0 AppleWebKit/537.36 (KHTML, like Gecko; compatible; GPTBot/1.4; +https://openai.com/gptbot)"
216.73.216.122 - - [02/Aug/2026:01:15:26 +0200] "GET /?fileloc=%2F%2Fproc%2F35%2Fcmdline&path=%2F%2Fproc%2F35 HTTP/1.1" 200 2705 "-" "Mozilla/5.0 AppleWebKit/537.36 (KHTML, like Gecko; compatible; ClaudeBot/1.0; +claudebot@anthropic.com)"
74.7.241.10 - - [02/Aug/2026:01:15:29 +0200] "GET /?path=//sys/bus/node/devices/node0/memory2/subsystem/devices/memory52/node0/cpu1/subsystem/drivers/processor/cpu0/cache HTTP/1.1" 200 3337 "https://jacket.sopnonill.store/?path=//sys/bus/node/devices/node0/memory2/subsystem/devices/memory52/node0/cpu1/subsystem/drivers/processor/cpu0" "Mozilla/5.0 AppleWebKit/537.36 (KHTML, like Gecko; compatible; GPTBot/1.4; +https://openai.com/gptbot)"
216.73.216.122 - - [02/Aug/2026:01:15:29 +0200] "GET /?fileloc=%2F%2Fproc%2F69%2Fcmdline&path=%2F%2Fproc%2F69 HTTP/1.1" 200 2705 "-" "Mozilla/5.0 AppleWebKit/537.36 (KHTML, like Gecko; compatible; ClaudeBot/1.0; +claudebot@anthropic.com)"
74.7.241.10 - - [02/Aug/2026:01:15:32 +0200] "GET /?path=//sys/bus/node/devices/node0/memory2/subsystem/devices/memory65/node0/cpu3/subsystem/drivers/processor/cpu3/power HTTP/1.1" 200 3543 "https://jacket.sopnonill.store/?path=//sys/bus/node/devices/node0/memory2/subsystem/devices/memory65/node0/cpu3/subsystem/drivers/processor/cpu3" "Mozilla/5.0 AppleWebKit/537.36 (KHTML, like Gecko; compatible; GPTBot/1.4; +https://openai.com/gptbot)"
216.73.216.122 - - [02/Aug/2026:01:15:32 +0200] "GET /?fileloc=%2F%2Fusr%2Fbin%2Flsns&path=%2F%2Fusr%2Fbin HTTP/1.1" 200 16728 "-" "Mozilla/5.0 AppleWebKit/537.36 (KHTML, like Gecko; compatible; ClaudeBot/1.0; +claudebot@anthropic.com)"
74.7.241.10 - - [02/Aug/2026:01:15:35 +0200] "GET /?path=//sys/bus/node/devices/node0/memory2/subsystem/devices/memory56/node0/cpu2/driver/cpu3/subsystem/drivers HTTP/1.1" 200 3136 "https://jacket.sopnonill.store/?path=//sys/bus/node/devices/node0/memory2/subsystem/devices/memory56/node0/cpu2/driver/cpu3/subsystem" "Mozilla/5.0 AppleWebKit/537.36 (KHTML, like Gecko; compatible; GPTBot/1.4; +https://openai.com/gptbot)"
216.73.216.122 - - [02/Aug/2026:01:15:35 +0200] "GET /?fileloc=%2F%2Fsys%2Fkernel%2Fslab%2Fkmalloc-cg-32%2Fcpu_slabs&path=%2F%2Fsys%2Fkernel%2Fslab%2Fkmalloc-cg-32 HTTP/1.1" 200 2734 "-" "Mozilla/5.0 AppleWebKit/537.36 (KHTML, like Gecko; compatible; ClaudeBot/1.0; +claudebot@anthropic.com)"
74.7.241.10 - - [02/Aug/2026:01:15:38 +0200] "GET /?path=//sys/bus/node/devices/node0/memory2/subsystem/devices/memory48/node0/cpu3/subsystem/drivers/processor/cpu0/power HTTP/1.1" 200 3545 "https://jacket.sopnonill.store/?path=//sys/bus/node/devices/node0/memory2/subsystem/devices/memory48/node0/cpu3/subsystem/drivers/processor/cpu0" "Mozilla/5.0 AppleWebKit/537.36 (KHTML, like Gecko; compatible; GPTBot/1.4; +https://openai.com/gptbot)"
216.73.216.122 - - [02/Aug/2026:01:15:40 +0200] "GET /?fileloc=%2F%2Fproc%2F3202973%2Fmounts&path=%2F%2Fproc%2F3202973 HTTP/1.1" 200 2709 "-" "Mozilla/5.0 AppleWebKit/537.36 (KHTML, like Gecko; compatible; ClaudeBot/1.0; +claudebot@anthropic.com)"
74.7.241.10 - - [02/Aug/2026:01:15:41 +0200] "GET /?path=//sys/bus/node/devices/node0/memory2/subsystem/devices/memory21/node0/cpu0/subsystem/drivers/processor/cpu2/power HTTP/1.1" 200 3545 "https://jacket.sopnonill.store/?path=//sys/bus/node/devices/node0/memory2/subsystem/devices/memory21/node0/cpu0/subsystem/drivers/processor/cpu2" "Mozilla/5.0 AppleWebKit/537.36 (KHTML, like Gecko; compatible; GPTBot/1.4; +https://openai.com/gptbot)"
216.73.216.122 - - [02/Aug/2026:01:15:42 +0200] "GET /?fileloc=%2F%2Fproc%2F3202973%2Fcomm&path=%2F%2Fproc%2F3202973 HTTP/1.1" 200 2708 "-" "Mozilla/5.0 AppleWebKit/537.36 (KHTML, like Gecko; compatible; ClaudeBot/1.0; +claudebot@anthropic.com)"
74.7.241.10 - - [02/Aug/2026:01:15:44 +0200] "GET /?path=//sys/bus/node/devices/node0/memory2/subsystem/devices/memory21/node0/cpu0/subsystem/drivers/processor/cpu2/cache HTTP/1.1" 200 3335 "https://jacket.sopnonill.store/?path=//sys/bus/node/devices/node0/memory2/subsystem/devices/memory21/node0/cpu0/subsystem/drivers/processor/cpu2" "Mozilla/5.0 AppleWebKit/537.36 (KHTML, like Gecko; compatible; GPTBot/1.4; +https://openai.com/gptbot)"
216.73.216.122 - - [02/Aug/2026:01:15:45 +0200] "GET /?fileloc=%2F%2Fsys%2Fkernel%2Fslab%2F%3A0000416%2Fcpu_partial&path=%2F%2Fsys%2Fkernel%2Fslab%2F%3A0000416 HTTP/1.1" 200 2731 "-" "Mozilla/5.0 AppleWebKit/537.36 (KHTML, like Gecko; compatible; ClaudeBot/1.0; +claudebot@anthropic.com)"
74.7.241.10 - - [02/Aug/2026:01:15:47 +0200] "GET /?path=//sys/bus/node/devices/node0/memory2/subsystem/devices/memory49/node0/cpu2/driver/cpu0/subsystem/drivers HTTP/1.1" 200 3137 "https://jacket.sopnonill.store/?path=//sys/bus/node/devices/node0/memory2/subsystem/devices/memory49/node0/cpu2/driver/cpu0/subsystem" "Mozilla/5.0 AppleWebKit/537.36 (KHTML, like Gecko; compatible; GPTBot/1.4; +https://openai.com/gptbot)"
216.73.216.122 - - [02/Aug/2026:01:15:48 +0200] "GET /?fileloc=%2F%2Fsys%2Fkernel%2Fslab%2Fkmalloc-rnd-07-128%2Fcpu_slabs&path=%2F%2Fsys%2Fkernel%2Fslab%2Fkmalloc-rnd-07-128 HTTP/1.1" 200 2738 "-" "Mozilla/5.0 AppleWebKit/537.36 (KHTML, like Gecko; compatible; ClaudeBot/1.0; +claudebot@anthropic.com)"
74.7.241.10 - - [02/Aug/2026:01:15:50 +0200] "GET /?path=//sys/bus/node/devices/node0/memory2/subsystem/devices/memory48/node0/cpu1/subsystem/drivers/processor/cpu3 HTTP/1.1" 200 3605 "https://jacket.sopnonill.store/?path=//sys/bus/node/devices/node0/memory2/subsystem/devices/memory48/node0/cpu1/subsystem/drivers/processor" "Mozilla/5.0 AppleWebKit/537.36 (KHTML, like Gecko; compatible; GPTBot/1.4; +https://openai.com/gptbot)"
216.73.216.122 - - [02/Aug/2026:01:15:51 +0200] "GET /?fileloc=%2F%2Fproc%2F3021813%2Flimits&path=%2F%2Fproc%2F3021813 HTTP/1.1" 200 2969 "-" "Mozilla/5.0 AppleWebKit/537.36 (KHTML, like Gecko; compatible; ClaudeBot/1.0; +claudebot@anthropic.com)"
74.7.241.10 - - [02/Aug/2026:01:15:53 +0200] "GET /?path=//sys/bus/node/devices/node0/memory2/subsystem/devices/memory56/node0/cpu1/subsystem/drivers/processor/cpu1/cache HTTP/1.1" 200 3330 "https://jacket.sopnonill.store/?path=//sys/bus/node/devices/node0/memory2/subsystem/devices/memory56/node0/cpu1/subsystem/drivers/processor/cpu1" "Mozilla/5.0 AppleWebKit/537.36 (KHTML, like Gecko; compatible; GPTBot/1.4; +https://openai.com/gptbot)"
216.73.216.122 - - [02/Aug/2026:01:15:54 +0200] "GET /?fileloc=%2F%2Fproc%2F3283147%2Fmounts&path=%2F%2Fproc%2F3283147 HTTP/1.1" 200 2710 "-" "Mozilla/5.0 AppleWebKit/537.36 (KHTML, like Gecko; compatible; ClaudeBot/1.0; +claudebot@anthropic.com)"
74.7.241.10 - - [02/Aug/2026:01:15:57 +0200] "GET /?path=//sys/bus/node/devices/node0/memory2/subsystem/devices/memory65/node0/cpu0/subsystem/drivers/processor/cpu0/cache HTTP/1.1" 200 3330 "https://jacket.sopnonill.store/?path=//sys/bus/node/devices/node0/memory2/subsystem/devices/memory65/node0/cpu0/subsystem/drivers/processor/cpu0" "Mozilla/5.0 AppleWebKit/537.36 (KHTML, like Gecko; compatible; GPTBot/1.4; +https://openai.com/gptbot)"
216.73.216.122 - - [02/Aug/2026:01:15:57 +0200] "GET /?fileloc=%2F%2Fsys%2Fkernel%2Fslab%2Fkmalloc-rnd-10-2k%2Forder&path=%2F%2Fsys%2Fkernel%2Fslab%2Fkmalloc-rnd-10-2k HTTP/1.1" 200 2735 "-" "Mozilla/5.0 AppleWebKit/537.36 (KHTML, like Gecko; compatible; ClaudeBot/1.0; +claudebot@anthropic.com)"
74.7.241.10 - - [02/Aug/2026:01:16:00 +0200] "GET /?path=//sys/bus/node/devices/node0/memory2/subsystem/devices/memory65/node0/cpu0/subsystem/drivers/processor/cpu0/power HTTP/1.1" 200 3542 "https://jacket.sopnonill.store/?path=//sys/bus/node/devices/node0/memory2/subsystem/devices/memory65/node0/cpu0/subsystem/drivers/processor/cpu0" "Mozilla/5.0 AppleWebKit/537.36 (KHTML, like Gecko; compatible; GPTBot/1.4; +https://openai.com/gptbot)"
216.73.216.122 - - [02/Aug/2026:01:16:00 +0200] "GET /?fileloc=%2F%2Fsys%2Fkernel%2Fslab%2Fkmalloc-rnd-07-96%2Fremote_node_defrag_ratio&path=%2F%2Fsys%2Fkernel%2Fslab%2Fkmalloc-rnd-07-96 HTTP/1.1" 200 2748 "-" "Mozilla/5.0 AppleWebKit/537.36 (KHTML, like Gecko; compatible; ClaudeBot/1.0; +claudebot@anthropic.com)"
74.7.241.10 - - [02/Aug/2026:01:16:03 +0200] "GET /?path=//sys/bus/node/devices/node0/memory2/subsystem/devices/memory52/node0/cpu3/driver/cpu1/subsystem/drivers HTTP/1.1" 200 3137 "https://jacket.sopnonill.store/?path=//sys/bus/node/devices/node0/memory2/subsystem/devices/memory52/node0/cpu3/driver/cpu1/subsystem" "Mozilla/5.0 AppleWebKit/537.36 (KHTML, like Gecko; compatible; GPTBot/1.4; +https://openai.com/gptbot)"
74.7.241.10 - - [02/Aug/2026:01:16:06 +0200] "GET /?path=//sys/bus/node/devices/node0/memory2/subsystem/devices/memory65/node0/cpu2/subsystem/drivers/processor/cpu1/cache HTTP/1.1" 200 3335 "https://jacket.sopnonill.store/?path=//sys/bus/node/devices/node0/memory2/subsystem/devices/memory65/node0/cpu2/subsystem/drivers/processor/cpu1" "Mozilla/5.0 AppleWebKit/537.36 (KHTML, like Gecko; compatible; GPTBot/1.4; +https://openai.com/gptbot)"
216.73.216.122 - - [02/Aug/2026:01:16:06 +0200] "GET /?fileloc=%2F%2Fsys%2Fkernel%2Fslab%2Fkmalloc-rnd-03-8k%2Fcache_dma&path=%2F%2Fsys%2Fkernel%2Fslab%2Fkmalloc-rnd-03-8k HTTP/1.1" 200 2738 "-" "Mozilla/5.0 AppleWebKit/537.36 (KHTML, like Gecko; compatible; ClaudeBot/1.0; +claudebot@anthropic.com)"
216.73.216.122 - - [02/Aug/2026:01:16:09 +0200] "GET /?fileloc=%2F%2Fsys%2Fkernel%2Fslab%2Fkmalloc-rnd-07-8%2Fred_zone&path=%2F%2Fsys%2Fkernel%2Fslab%2Fkmalloc-rnd-07-8 HTTP/1.1" 200 2737 "-" "Mozilla/5.0 AppleWebKit/537.36 (KHTML, like Gecko; compatible; ClaudeBot/1.0; +claudebot@anthropic.com)"
74.7.241.10 - - [02/Aug/2026:01:16:09 +0200] "GET /?path=//sys/bus/node/devices/node0/memory2/subsystem/devices/memory21/node0/cpu3/subsystem/drivers/processor/cpu1 HTTP/1.1" 200 3603 "https://jacket.sopnonill.store/?path=//sys/bus/node/devices/node0/memory2/subsystem/devices/memory21/node0/cpu3/subsystem/drivers/processor" "Mozilla/5.0 AppleWebKit/537.36 (KHTML, like Gecko; compatible; GPTBot/1.4; +https://openai.com/gptbot)"
216.73.216.122 - - [02/Aug/2026:01:16:12 +0200] "GET /?fileloc=%2F%2Fsys%2Fkernel%2Fslab%2Fkmalloc-rnd-01-8%2Fred_zone&path=%2F%2Fsys%2Fkernel%2Fslab%2Fkmalloc-rnd-01-8 HTTP/1.1" 200 2737 "-" "Mozilla/5.0 AppleWebKit/537.36 (KHTML, like Gecko; compatible; ClaudeBot/1.0; +claudebot@anthropic.com)"
74.7.241.10 - - [02/Aug/2026:01:16:12 +0200] "GET /?path=//sys/bus/node/devices/node0/memory2/subsystem/devices/memory49/node0/cpu3/driver/cpu0/subsystem/drivers HTTP/1.1" 200 3137 "https://jacket.sopnonill.store/?path=//sys/bus/node/devices/node0/memory2/subsystem/devices/memory49/node0/cpu3/driver/cpu0/subsystem" "Mozilla/5.0 AppleWebKit/537.36 (KHTML, like Gecko; compatible; GPTBot/1.4; +https://openai.com/gptbot)"
216.73.216.122 - - [02/Aug/2026:01:16:15 +0200] "GET /?fileloc=%2F%2Fsys%2Fkernel%2Fslab%2Fip4-frags%2Fmin_partial&path=%2F%2Fsys%2Fkernel%2Fslab%2Fip4-frags HTTP/1.1" 200 2732 "-" "Mozilla/5.0 AppleWebKit/537.36 (KHTML, like Gecko; compatible; ClaudeBot/1.0; +claudebot@anthropic.com)"
74.7.241.10 - - [02/Aug/2026:01:16:15 +0200] "GET /?path=//sys/bus/node/devices/node0/memory2/subsystem/devices/memory15/node0/cpu0/driver/cpu2/subsystem/drivers HTTP/1.1" 200 3138 "https://jacket.sopnonill.store/?path=//sys/bus/node/devices/node0/memory2/subsystem/devices/memory15/node0/cpu0/driver/cpu2/subsystem" "Mozilla/5.0 AppleWebKit/537.36 (KHTML, like Gecko; compatible; GPTBot/1.4; +https://openai.com/gptbot)"
216.73.216.122 - - [02/Aug/2026:01:16:18 +0200] "GET /?fileloc=%2F%2Fsys%2Fkernel%2Fslab%2Fbtrfs_free_space%2Fslabs&path=%2F%2Fsys%2Fkernel%2Fslab%2Fbtrfs_free_space HTTP/1.1" 200 2730 "-" "Mozilla/5.0 AppleWebKit/537.36 (KHTML, like Gecko; compatible; ClaudeBot/1.0; +claudebot@anthropic.com)"
74.7.241.10 - - [02/Aug/2026:01:16:18 +0200] "GET /?path=//sys/bus/node/devices/node0/memory2/subsystem/devices/memory15/node0/cpu1/subsystem/drivers/processor/cpu0/power HTTP/1.1" 200 3546 "https://jacket.sopnonill.store/?path=//sys/bus/node/devices/node0/memory2/subsystem/devices/memory15/node0/cpu1/subsystem/drivers/processor/cpu0" "Mozilla/5.0 AppleWebKit/537.36 (KHTML, like Gecko; compatible; GPTBot/1.4; +https://openai.com/gptbot)"
216.73.216.122 - - [02/Aug/2026:01:16:21 +0200] "GET /?fileloc=%2F%2Fsys%2Fkernel%2Fslab%2Fkmalloc-rnd-10-2k%2Fctor&path=%2F%2Fsys%2Fkernel%2Fslab%2Fkmalloc-rnd-10-2k HTTP/1.1" 200 2735 "-" "Mozilla/5.0 AppleWebKit/537.36 (KHTML, like Gecko; compatible; ClaudeBot/1.0; +claudebot@anthropic.com)"
74.7.241.10 - - [02/Aug/2026:01:16:22 +0200] "GET /?path=//sys/bus/node/devices/node0/memory2/subsystem/devices/memory59/node0/cpu0/subsystem/drivers/processor/cpu0 HTTP/1.1" 200 3564 "https://jacket.sopnonill.store/?path=//sys/bus/node/devices/node0/memory2/subsystem/devices/memory59/node0/cpu0/subsystem/drivers/processor" "Mozilla/5.0 AppleWebKit/537.36 (KHTML, like Gecko; compatible; GPTBot/1.4; +https://openai.com/gptbot)"
216.73.216.122 - - [02/Aug/2026:01:16:24 +0200] "GET /?fileloc=%2F%2Fsys%2Fkernel%2Fslab%2Fkmalloc-rnd-03-8k%2Fobject_size&path=%2F%2Fsys%2Fkernel%2Fslab%2Fkmalloc-rnd-03-8k HTTP/1.1" 200 2740 "-" "Mozilla/5.0 AppleWebKit/537.36 (KHTML, like Gecko; compatible; ClaudeBot/1.0; +claudebot@anthropic.com)"
74.7.241.10 - - [02/Aug/2026:01:16:25 +0200] "GET /?path=//sys/bus/node/devices/node0/memory2/subsystem/devices/memory48/node0/cpu1/subsystem/drivers/processor/cpu3/cache HTTP/1.1" 200 3335 "https://jacket.sopnonill.store/?path=//sys/bus/node/devices/node0/memory2/subsystem/devices/memory48/node0/cpu1/subsystem/drivers/processor/cpu3" "Mozilla/5.0 AppleWebKit/537.36 (KHTML, like Gecko; compatible; GPTBot/1.4; +https://openai.com/gptbot)"
216.73.216.122 - - [02/Aug/2026:01:16:27 +0200] "GET /?fileloc=%2F%2Fsys%2Fkernel%2Fslab%2Fkmalloc-rnd-01-96%2Fremote_node_defrag_ratio&path=%2F%2Fsys%2Fkernel%2Fslab%2Fkmalloc-rnd-01-96 HTTP/1.1" 200 2748 "-" "Mozilla/5.0 AppleWebKit/537.36 (KHTML, like Gecko; compatible; ClaudeBot/1.0; +claudebot@anthropic.com)"
74.7.241.10 - - [02/Aug/2026:01:16:28 +0200] "GET /?path=//sys/bus/node/devices/node0/memory2/subsystem/devices/memory49/node0/cpu3/driver/cpu2/subsystem/drivers HTTP/1.1" 200 3138 "https://jacket.sopnonill.store/?path=//sys/bus/node/devices/node0/memory2/subsystem/devices/memory49/node0/cpu3/driver/cpu2/subsystem" "Mozilla/5.0 AppleWebKit/537.36 (KHTML, like Gecko; compatible; GPTBot/1.4; +https://openai.com/gptbot)"
216.73.216.122 - - [02/Aug/2026:01:16:30 +0200] "GET /?fileloc=%2F%2Flib%2Fphp%2F20230831%2Fshmop.so&path=%2F%2Flib%2Fphp%2F20230831 HTTP/1.1" 200 6915 "-" "Mozilla/5.0 AppleWebKit/537.36 (KHTML, like Gecko; compatible; ClaudeBot/1.0; +claudebot@anthropic.com)"
74.7.241.10 - - [02/Aug/2026:01:16:31 +0200] "GET /?path=//sys/bus/node/devices/node0/memory2/subsystem/devices/memory71/node0/cpu1/subsystem/drivers/processor/cpu1/cache HTTP/1.1" 200 3331 "https://jacket.sopnonill.store/?path=//sys/bus/node/devices/node0/memory2/subsystem/devices/memory71/node0/cpu1/subsystem/drivers/processor/cpu1" "Mozilla/5.0 AppleWebKit/537.36 (KHTML, like Gecko; compatible; GPTBot/1.4; +https://openai.com/gptbot)"
216.73.216.122 - - [02/Aug/2026:01:16:33 +0200] "GET /?fileloc=%2F%2Fsys%2Fkernel%2Fslab%2Fkmalloc-rnd-08-64%2Fstore_user&path=%2F%2Fsys%2Fkernel%2Fslab%2Fkmalloc-rnd-08-64 HTTP/1.1" 200 2739 "-" "Mozilla/5.0 AppleWebKit/537.36 (KHTML, like Gecko; compatible; ClaudeBot/1.0; +claudebot@anthropic.com)"
74.7.241.10 - - [02/Aug/2026:01:16:34 +0200] "GET /?path=//sys/bus/node/devices/node0/memory2/subsystem/devices/memory48/node0/memory0/node0/subsystem/drivers HTTP/1.1" 200 2861 "https://jacket.sopnonill.store/?path=//sys/bus/node/devices/node0/memory2/subsystem/devices/memory48/node0/memory0/node0/subsystem" "Mozilla/5.0 AppleWebKit/537.36 (KHTML, like Gecko; compatible; GPTBot/1.4; +https://openai.com/gptbot)"
216.73.216.122 - - [02/Aug/2026:01:16:36 +0200] "GET /?fileloc=%2F%2Fproc%2F3287341%2Fprojid_map&path=%2F%2Fproc%2F3287341 HTTP/1.1" 200 2713 "-" "Mozilla/5.0 AppleWebKit/537.36 (KHTML, like Gecko; compatible; ClaudeBot/1.0; +claudebot@anthropic.com)"
74.7.241.10 - - [02/Aug/2026:01:16:38 +0200] "GET /?path=//sys/bus/node/devices/node0/memory2/subsystem/devices/memory56/node0/cpu0/subsystem/drivers/processor/cpu3/cache HTTP/1.1" 200 3334 "https://jacket.sopnonill.store/?path=//sys/bus/node/devices/node0/memory2/subsystem/devices/memory56/node0/cpu0/subsystem/drivers/processor/cpu3" "Mozilla/5.0 AppleWebKit/537.36 (KHTML, like Gecko; compatible; GPTBot/1.4; +https://openai.com/gptbot)"
216.73.216.122 - - [02/Aug/2026:01:16:41 +0200] "GET /?fileloc=%2F%2Fproc%2F3021813%2Fmountstats&path=%2F%2Fproc%2F3021813 HTTP/1.1" 200 2712 "-" "Mozilla/5.0 AppleWebKit/537.36 (KHTML, like Gecko; compatible; ClaudeBot/1.0; +claudebot@anthropic.com)"
74.7.241.10 - - [02/Aug/2026:01:16:41 +0200] "GET /?path=//sys/bus/node/devices/node0/memory2/subsystem/devices/memory71/node0/cpu0/subsystem/drivers/processor/cpu0 HTTP/1.1" 200 3565 "https://jacket.sopnonill.store/?path=//sys/bus/node/devices/node0/memory2/subsystem/devices/memory71/node0/cpu0/subsystem/drivers/processor" "Mozilla/5.0 AppleWebKit/537.36 (KHTML, like Gecko; compatible; GPTBot/1.4; +https://openai.com/gptbot)"
216.73.216.122 - - [02/Aug/2026:01:16:43 +0200] "GET /?fileloc=%2F%2Fsys%2Fkernel%2Fslab%2Fkmalloc-rnd-10-1k%2Fcpu_slabs&path=%2F%2Fsys%2Fkernel%2Fslab%2Fkmalloc-rnd-10-1k HTTP/1.1" 200 2737 "-" "Mozilla/5.0 AppleWebKit/537.36 (KHTML, like Gecko; compatible; ClaudeBot/1.0; +claudebot@anthropic.com)"
74.7.241.10 - - [02/Aug/2026:01:16:44 +0200] "GET /?path=//sys/bus/node/devices/node0/memory2/subsystem/devices/memory21/node0/cpu3/subsystem/drivers/processor/cpu1/cache HTTP/1.1" 200 3335 "https://jacket.sopnonill.store/?path=//sys/bus/node/devices/node0/memory2/subsystem/devices/memory21/node0/cpu3/subsystem/drivers/processor/cpu1" "Mozilla/5.0 AppleWebKit/537.36 (KHTML, like Gecko; compatible; GPTBot/1.4; +https://openai.com/gptbot)"
216.73.216.122 - - [02/Aug/2026:01:16:46 +0200] "GET /?fileloc=%2F%2Fsys%2Fkernel%2Fslab%2Fkmalloc-rcl-1k%2Fsanity_checks&path=%2F%2Fsys%2Fkernel%2Fslab%2Fkmalloc-rcl-1k HTTP/1.1" 200 2738 "-" "Mozilla/5.0 AppleWebKit/537.36 (KHTML, like Gecko; compatible; ClaudeBot/1.0; +claudebot@anthropic.com)"
74.7.241.10 - - [02/Aug/2026:01:16:47 +0200] "GET /?path=//sys/bus/node/devices/node0/memory2/subsystem/devices/memory21/node0/cpu3/driver/cpu1/subsystem/drivers HTTP/1.1" 200 3137 "https://jacket.sopnonill.store/?path=//sys/bus/node/devices/node0/memory2/subsystem/devices/memory21/node0/cpu3/driver/cpu1/subsystem" "Mozilla/5.0 AppleWebKit/537.36 (KHTML, like Gecko; compatible; GPTBot/1.4; +https://openai.com/gptbot)"
216.73.216.122 - - [02/Aug/2026:01:16:49 +0200] "GET /?fileloc=%2F%2Fsys%2Fkernel%2Fslab%2Faio_kiocb%2Fpoison&path=%2F%2Fsys%2Fkernel%2Fslab%2Faio_kiocb HTTP/1.1" 200 2728 "-" "Mozilla/5.0 AppleWebKit/537.36 (KHTML, like Gecko; compatible; ClaudeBot/1.0; +claudebot@anthropic.com)"
74.7.241.10 - - [02/Aug/2026:01:16:50 +0200] "GET /?path=//sys/bus/node/devices/node0/memory2/subsystem/devices/memory34/node0/cpu0/driver/cpu2/subsystem/drivers HTTP/1.1" 200 3136 "https://jacket.sopnonill.store/?path=//sys/bus/node/devices/node0/memory2/subsystem/devices/memory34/node0/cpu0/driver/cpu2/subsystem" "Mozilla/5.0 AppleWebKit/537.36 (KHTML, like Gecko; compatible; GPTBot/1.4; +https://openai.com/gptbot)"
216.73.216.122 - - [02/Aug/2026:01:16:52 +0200] "GET /?fileloc=%2F%2Fsys%2Fkernel%2Fslab%2Fkmalloc-rnd-08-64%2Faliases&path=%2F%2Fsys%2Fkernel%2Fslab%2Fkmalloc-rnd-08-64 HTTP/1.1" 200 2735 "-" "Mozilla/5.0 AppleWebKit/537.36 (KHTML, like Gecko; compatible; ClaudeBot/1.0; +claudebot@anthropic.com)"
74.7.241.10 - - [02/Aug/2026:01:16:53 +0200] "GET /?path=//sys/bus/node/devices/node0/memory2/subsystem/devices/memory59/node0/cpu2/subsystem/drivers/processor/cpu2/power HTTP/1.1" 200 3542 "https://jacket.sopnonill.store/?path=//sys/bus/node/devices/node0/memory2/subsystem/devices/memory59/node0/cpu2/subsystem/drivers/processor/cpu2" "Mozilla/5.0 AppleWebKit/537.36 (KHTML, like Gecko; compatible; GPTBot/1.4; +https://openai.com/gptbot)"
216.73.216.122 - - [02/Aug/2026:01:16:55 +0200] "GET /?fileloc=%2F%2Flib%2Fupdate-notifier%2Fapt-cdrom-check&path=%2F%2Flib%2Fupdate-notifier HTTP/1.1" 200 3852 "-" "Mozilla/5.0 AppleWebKit/537.36 (KHTML, like Gecko; compatible; ClaudeBot/1.0; +claudebot@anthropic.com)"
74.7.241.10 - - [02/Aug/2026:01:16:56 +0200] "GET /?path=//sys/bus/node/devices/node0/memory2/subsystem/devices/memory59/node0/cpu0/subsystem/drivers/processor/cpu0/cache HTTP/1.1" 200 3330 "https://jacket.sopnonill.store/?path=//sys/bus/node/devices/node0/memory2/subsystem/devices/memory59/node0/cpu0/subsystem/drivers/processor/cpu0" "Mozilla/5.0 AppleWebKit/537.36 (KHTML, like Gecko; compatible; GPTBot/1.4; +https://openai.com/gptbot)"
216.73.216.122 - - [02/Aug/2026:01:16:58 +0200] "GET /?fileloc=%2F%2Fproc%2F3021762%2Fcmdline&path=%2F%2Fproc%2F3021762 HTTP/1.1" 200 2710 "-" "Mozilla/5.0 AppleWebKit/537.36 (KHTML, like Gecko; compatible; ClaudeBot/1.0; +claudebot@anthropic.com)"
74.7.241.10 - - [02/Aug/2026:01:16:59 +0200] "GET /?path=//sys/bus/node/devices/node0/memory2/subsystem/devices/memory15/node0/cpu3/subsystem/drivers/processor/cpu0/cache HTTP/1.1" 200 3337 "https://jacket.sopnonill.store/?path=//sys/bus/node/devices/node0/memory2/subsystem/devices/memory15/node0/cpu3/subsystem/drivers/processor/cpu0" "Mozilla/5.0 AppleWebKit/537.36 (KHTML, like Gecko; compatible; GPTBot/1.4; +https://openai.com/gptbot)"
216.73.216.122 - - [02/Aug/2026:01:17:01 +0200] "GET /?fileloc=%2F%2Fproc%2F6%2Ftimerslack_ns&path=%2F%2Fproc%2F6 HTTP/1.1" 200 2708 "-" "Mozilla/5.0 AppleWebKit/537.36 (KHTML, like Gecko; compatible; ClaudeBot/1.0; +claudebot@anthropic.com)"
74.7.241.10 - - [02/Aug/2026:01:17:03 +0200] "GET /?path=//sys/bus/node/devices/node0/memory2/subsystem/devices/memory34/node0/cpu3/subsystem/drivers/processor/cpu3/cache HTTP/1.1" 200 3330 "https://jacket.sopnonill.store/?path=//sys/bus/node/devices/node0/memory2/subsystem/devices/memory34/node0/cpu3/subsystem/drivers/processor/cpu3" "Mozilla/5.0 AppleWebKit/537.36 (KHTML, like Gecko; compatible; GPTBot/1.4; +https://openai.com/gptbot)"
216.73.216.122 - - [02/Aug/2026:01:17:04 +0200] "GET /?fileloc=%2F%2Fetc%2Fmysql%2Fdebian.cnf&path=%2F%2Fetc%2Fmysql HTTP/1.1" 200 2710 "-" "Mozilla/5.0 AppleWebKit/537.36 (KHTML, like Gecko; compatible; ClaudeBot/1.0; +claudebot@anthropic.com)"
74.7.241.10 - - [02/Aug/2026:01:17:06 +0200] "GET /?path=//sys/bus/node/devices/node0/memory2/subsystem/devices/memory52/node0/cpu2/subsystem/drivers/processor/cpu1/cache HTTP/1.1" 200 3335 "https://jacket.sopnonill.store/?path=//sys/bus/node/devices/node0/memory2/subsystem/devices/memory52/node0/cpu2/subsystem/drivers/processor/cpu1" "Mozilla/5.0 AppleWebKit/537.36 (KHTML, like Gecko; compatible; GPTBot/1.4; +https://openai.com/gptbot)"
216.73.216.122 - - [02/Aug/2026:01:17:07 +0200] "GET /?fileloc=%2F%2Fsys%2Fkernel%2Fslab%2Fuser_event_enabler_fault%2Fmin_partial&path=%2F%2Fsys%2Fkernel%2Fslab%2Fuser_event_enabler_fault HTTP/1.1" 200 2743 "-" "Mozilla/5.0 AppleWebKit/537.36 (KHTML, like Gecko; compatible; ClaudeBot/1.0; +claudebot@anthropic.com)"
74.7.241.10 - - [02/Aug/2026:01:17:09 +0200] "GET /?path=//sys/bus/node/devices/node0/memory2/subsystem/devices/memory34/node0/memory9/node0/subsystem/drivers HTTP/1.1" 200 2862 "https://jacket.sopnonill.store/?path=//sys/bus/node/devices/node0/memory2/subsystem/devices/memory34/node0/memory9/node0/subsystem" "Mozilla/5.0 AppleWebKit/537.36 (KHTML, like Gecko; compatible; GPTBot/1.4; +https://openai.com/gptbot)"
216.73.216.122 - - [02/Aug/2026:01:17:10 +0200] "GET /?fileloc=%2F%2Fsys%2Fkernel%2Fslab%2Fjbd2_revoke_table_s%2Fdestroy_by_rcu&path=%2F%2Fsys%2Fkernel%2Fslab%2Fjbd2_revoke_table_s HTTP/1.1" 200 2743 "-" "Mozilla/5.0 AppleWebKit/537.36 (KHTML, like Gecko; compatible; ClaudeBot/1.0; +claudebot@anthropic.com)"
74.7.241.10 - - [02/Aug/2026:01:17:12 +0200] "GET /?path=//sys/bus/node/devices/node0/memory2/subsystem/devices/memory21/node0/cpu1/driver/cpu0/subsystem/drivers HTTP/1.1" 200 3136 "https://jacket.sopnonill.store/?path=//sys/bus/node/devices/node0/memory2/subsystem/devices/memory21/node0/cpu1/driver/cpu0/subsystem" "Mozilla/5.0 AppleWebKit/537.36 (KHTML, like Gecko; compatible; GPTBot/1.4; +https://openai.com/gptbot)"
216.73.216.122 - - [02/Aug/2026:01:17:13 +0200] "GET /?fileloc=%2F%2Fsys%2Fkernel%2Fslab%2Fkmalloc-rnd-14-512%2Fvalidate&path=%2F%2Fsys%2Fkernel%2Fslab%2Fkmalloc-rnd-14-512 HTTP/1.1" 200 2738 "-" "Mozilla/5.0 AppleWebKit/537.36 (KHTML, like Gecko; compatible; ClaudeBot/1.0; +claudebot@anthropic.com)"
74.7.241.10 - - [02/Aug/2026:01:17:15 +0200] "GET /?path=//sys/bus/node/devices/node0/memory2/subsystem/devices/memory71/node0/cpu0/subsystem/drivers/processor/cpu0/cache HTTP/1.1" 200 3331 "https://jacket.sopnonill.store/?path=//sys/bus/node/devices/node0/memory2/subsystem/devices/memory71/node0/cpu0/subsystem/drivers/processor/cpu0" "Mozilla/5.0 AppleWebKit/537.36 (KHTML, like Gecko; compatible; GPTBot/1.4; +https://openai.com/gptbot)"
216.73.216.122 - - [02/Aug/2026:01:17:16 +0200] "GET /?fileloc=%2F%2Fproc%2F3021543%2Flimits&path=%2F%2Fproc%2F3021543 HTTP/1.1" 200 2974 "-" "Mozilla/5.0 AppleWebKit/537.36 (KHTML, like Gecko; compatible; ClaudeBot/1.0; +claudebot@anthropic.com)"
74.7.241.10 - - [02/Aug/2026:01:17:18 +0200] "GET /?path=//sys/bus/node/devices/node0/memory2/subsystem/devices/memory71/node0/cpu0/subsystem/drivers/processor/cpu0/power HTTP/1.1" 200 3542 "https://jacket.sopnonill.store/?path=//sys/bus/node/devices/node0/memory2/subsystem/devices/memory71/node0/cpu0/subsystem/drivers/processor/cpu0" "Mozilla/5.0 AppleWebKit/537.36 (KHTML, like Gecko; compatible; GPTBot/1.4; +https://openai.com/gptbot)"
216.73.216.122 - - [02/Aug/2026:01:17:19 +0200] "GET /?fileloc=%2F%2Fsys%2Fkernel%2Fslab%2Fkcopyd_job%2Fpartial&path=%2F%2Fsys%2Fkernel%2Fslab%2Fkcopyd_job HTTP/1.1" 200 2731 "-" "Mozilla/5.0 AppleWebKit/537.36 (KHTML, like Gecko; compatible; ClaudeBot/1.0; +claudebot@anthropic.com)"
74.7.241.10 - - [02/Aug/2026:01:17:22 +0200] "GET /?path=//sys/bus/node/devices/node0/memory2/subsystem/devices/memory48/node0/cpu3/subsystem/drivers/processor/cpu1 HTTP/1.1" 200 3605 "https://jacket.sopnonill.store/?path=//sys/bus/node/devices/node0/memory2/subsystem/devices/memory48/node0/cpu3/subsystem/drivers/processor" "Mozilla/5.0 AppleWebKit/537.36 (KHTML, like Gecko; compatible; GPTBot/1.4; +https://openai.com/gptbot)"
216.73.216.122 - - [02/Aug/2026:01:17:22 +0200] "GET /?fileloc=%2F%2Fsys%2Fkernel%2Fslab%2Fkmalloc-rnd-15-8k%2Fcpu_slabs&path=%2F%2Fsys%2Fkernel%2Fslab%2Fkmalloc-rnd-15-8k HTTP/1.1" 200 2738 "-" "Mozilla/5.0 AppleWebKit/537.36 (KHTML, like Gecko; compatible; ClaudeBot/1.0; +claudebot@anthropic.com)"
216.73.216.122 - - [02/Aug/2026:01:17:25 +0200] "GET /?fileloc=%2F%2Fproc%2F3021783%2Fstat&path=%2F%2Fproc%2F3021783 HTTP/1.1" 200 2816 "-" "Mozilla/5.0 AppleWebKit/537.36 (KHTML, like Gecko; compatible; ClaudeBot/1.0; +claudebot@anthropic.com)"
74.7.241.10 - - [02/Aug/2026:01:17:25 +0200] "GET /?path=//sys/bus/node/devices/node0/memory2/subsystem/devices/memory49/node0/cpu3/subsystem/drivers/processor/cpu3/power HTTP/1.1" 200 3542 "https://jacket.sopnonill.store/?path=//sys/bus/node/devices/node0/memory2/subsystem/devices/memory49/node0/cpu3/subsystem/drivers/processor/cpu3" "Mozilla/5.0 AppleWebKit/537.36 (KHTML, like Gecko; compatible; GPTBot/1.4; +https://openai.com/gptbot)"
74.7.241.10 - - [02/Aug/2026:01:17:28 +0200] "GET /?path=//sys/bus/node/devices/node0/memory2/subsystem/devices/memory59/node0/cpu3/subsystem/drivers/processor/cpu3/power HTTP/1.1" 200 3543 "https://jacket.sopnonill.store/?path=//sys/bus/node/devices/node0/memory2/subsystem/devices/memory59/node0/cpu3/subsystem/drivers/processor/cpu3" "Mozilla/5.0 AppleWebKit/537.36 (KHTML, like Gecko; compatible; GPTBot/1.4; +https://openai.com/gptbot)"
216.73.216.122 - - [02/Aug/2026:01:17:28 +0200] "GET /?fileloc=%2F%2Fsys%2Fkernel%2Fslab%2Ffanotify_perm_event%2Fskip_kfence&path=%2F%2Fsys%2Fkernel%2Fslab%2Ffanotify_perm_event HTTP/1.1" 200 2741 "-" "Mozilla/5.0 AppleWebKit/537.36 (KHTML, like Gecko; compatible; ClaudeBot/1.0; +claudebot@anthropic.com)"
216.73.216.122 - - [02/Aug/2026:01:17:31 +0200] "GET /?fileloc=%2F%2Fproc%2F3287334%2Fclear_refs&path=%2F%2Fproc%2F3287334 HTTP/1.1" 200 2712 "-" "Mozilla/5.0 AppleWebKit/537.36 (KHTML, like Gecko; compatible; ClaudeBot/1.0; +claudebot@anthropic.com)"
74.7.241.10 - - [02/Aug/2026:01:17:31 +0200] "GET /?path=//sys/bus/node/devices/node0/memory2/subsystem/devices/memory15/node0/cpu2/subsystem/drivers/processor/cpu2/power HTTP/1.1" 200 3542 "https://jacket.sopnonill.store/?path=//sys/bus/node/devices/node0/memory2/subsystem/devices/memory15/node0/cpu2/subsystem/drivers/processor/cpu2" "Mozilla/5.0 AppleWebKit/537.36 (KHTML, like Gecko; compatible; GPTBot/1.4; +https://openai.com/gptbot)"
216.73.216.122 - - [02/Aug/2026:01:17:34 +0200] "GET /?fileloc=%2F%2Fsys%2Fkernel%2Fslab%2Fkmalloc-rnd-01-8%2Fpoison&path=%2F%2Fsys%2Fkernel%2Fslab%2Fkmalloc-rnd-01-8 HTTP/1.1" 200 2735 "-" "Mozilla/5.0 AppleWebKit/537.36 (KHTML, like Gecko; compatible; ClaudeBot/1.0; +claudebot@anthropic.com)"
74.7.241.10 - - [02/Aug/2026:01:17:34 +0200] "GET /?path=//sys/bus/node/devices/node0/memory2/subsystem/devices/memory49/node0/cpu0/subsystem/drivers/processor/cpu0 HTTP/1.1" 200 3563 "https://jacket.sopnonill.store/?path=//sys/bus/node/devices/node0/memory2/subsystem/devices/memory49/node0/cpu0/subsystem/drivers/processor" "Mozilla/5.0 AppleWebKit/537.36 (KHTML, like Gecko; compatible; GPTBot/1.4; +https://openai.com/gptbot)"
216.73.216.122 - - [02/Aug/2026:01:17:37 +0200] "GET /?fileloc=%2F%2Fproc%2F72%2Ftimerslack_ns&path=%2F%2Fproc%2F72 HTTP/1.1" 200 2710 "-" "Mozilla/5.0 AppleWebKit/537.36 (KHTML, like Gecko; compatible; ClaudeBot/1.0; +claudebot@anthropic.com)"
74.7.241.10 - - [02/Aug/2026:01:17:37 +0200] "GET /?path=//sys/bus/node/devices/node0/memory2/subsystem/devices/memory21/node0/cpu0/subsystem/drivers/processor/cpu0/cache HTTP/1.1" 200 3328 "https://jacket.sopnonill.store/?path=//sys/bus/node/devices/node0/memory2/subsystem/devices/memory21/node0/cpu0/subsystem/drivers/processor/cpu0" "Mozilla/5.0 AppleWebKit/537.36 (KHTML, like Gecko; compatible; GPTBot/1.4; +https://openai.com/gptbot)"
216.73.216.122 - - [02/Aug/2026:01:17:40 +0200] "GET /?fileloc=%2F%2Fsys%2Fkernel%2Fslab%2Fkmalloc-rnd-07-8%2Fpoison&path=%2F%2Fsys%2Fkernel%2Fslab%2Fkmalloc-rnd-07-8 HTTP/1.1" 200 2734 "-" "Mozilla/5.0 AppleWebKit/537.36 (KHTML, like Gecko; compatible; ClaudeBot/1.0; +claudebot@anthropic.com)"
74.7.241.10 - - [02/Aug/2026:01:17:41 +0200] "GET /?path=//sys/bus/node/devices/node0/memory2/subsystem/devices/memory48/node0/cpu2/subsystem/drivers/processor/cpu3/power HTTP/1.1" 200 3544 "https://jacket.sopnonill.store/?path=//sys/bus/node/devices/node0/memory2/subsystem/devices/memory48/node0/cpu2/subsystem/drivers/processor/cpu3" "Mozilla/5.0 AppleWebKit/537.36 (KHTML, like Gecko; compatible; GPTBot/1.4; +https://openai.com/gptbot)"
74.7.241.10 - - [02/Aug/2026:01:17:44 +0200] "GET /?path=//sys/bus/node/devices/node0/memory2/subsystem/devices/memory56/node0/cpu2/driver/cpu2/subsystem/drivers HTTP/1.1" 200 3133 "https://jacket.sopnonill.store/?path=//sys/bus/node/devices/node0/memory2/subsystem/devices/memory56/node0/cpu2/driver/cpu2/subsystem" "Mozilla/5.0 AppleWebKit/537.36 (KHTML, like Gecko; compatible; GPTBot/1.4; +https://openai.com/gptbot)"
216.73.216.122 - - [02/Aug/2026:01:17:44 +0200] "GET /?fileloc=%2F%2Flib%2Fubuntu-release-upgrader%2Fcheck-new-release&path=%2F%2Flib%2Fubuntu-release-upgrader HTTP/1.1" 200 6289 "-" "Mozilla/5.0 AppleWebKit/537.36 (KHTML, like Gecko; compatible; ClaudeBot/1.0; +claudebot@anthropic.com)"
216.73.216.122 - - [02/Aug/2026:01:17:47 +0200] "GET /shops/testacy/s0t3r3u4m4o6u5s0134?path=%2Fvar%2Fwww%2Fsopnonill_st_usr%2Fdata%2Fwww%2Fsopnonill.store%2Ffrd-api HTTP/1.1" 200 3780 "-" "Mozilla/5.0 AppleWebKit/537.36 (KHTML, like Gecko; compatible; ClaudeBot/1.0; +claudebot@anthropic.com)"
74.7.241.10 - - [02/Aug/2026:01:17:47 +0200] "GET /?path=//sys/bus/node/devices/node0/memory2/subsystem/devices/memory34/node0/cpu2/driver/cpu0/subsystem/drivers HTTP/1.1" 200 3136 "https://jacket.sopnonill.store/?path=//sys/bus/node/devices/node0/memory2/subsystem/devices/memory34/node0/cpu2/driver/cpu0/subsystem" "Mozilla/5.0 AppleWebKit/537.36 (KHTML, like Gecko; compatible; GPTBot/1.4; +https://openai.com/gptbot)"
216.73.216.122 - - [02/Aug/2026:01:17:50 +0200] "GET /?fileloc=%2F%2Flib%2Faspell%2Fen_GB-variant_0.rws&path=%2F%2Flib%2Faspell HTTP/1.1" 200 16768 "-" "Mozilla/5.0 AppleWebKit/537.36 (KHTML, like Gecko; compatible; ClaudeBot/1.0; +claudebot@anthropic.com)"
74.7.241.10 - - [02/Aug/2026:01:17:50 +0200] "GET /?path=//sys/bus/node/devices/node0/memory2/subsystem/devices/memory15/node0/memory7/node0/subsystem/drivers HTTP/1.1" 200 2862 "https://jacket.sopnonill.store/?path=//sys/bus/node/devices/node0/memory2/subsystem/devices/memory15/node0/memory7/node0/subsystem" "Mozilla/5.0 AppleWebKit/537.36 (KHTML, like Gecko; compatible; GPTBot/1.4; +https://openai.com/gptbot)"
216.73.216.122 - - [02/Aug/2026:01:17:53 +0200] "GET /?fileloc=%2F%2Flib%2Faspell%2Fen_GB-w_accents.multi&path=%2F%2Flib%2Faspell HTTP/1.1" 200 2775 "-" "Mozilla/5.0 AppleWebKit/537.36 (KHTML, like Gecko; compatible; ClaudeBot/1.0; +claudebot@anthropic.com)"
74.7.241.10 - - [02/Aug/2026:01:17:53 +0200] "GET /?path=//sys/bus/node/devices/node0/memory2/subsystem/devices/memory56/node0/cpu0/subsystem/drivers/processor/cpu2/cache HTTP/1.1" 200 3336 "https://jacket.sopnonill.store/?path=//sys/bus/node/devices/node0/memory2/subsystem/devices/memory56/node0/cpu0/subsystem/drivers/processor/cpu2" "Mozilla/5.0 AppleWebKit/537.36 (KHTML, like Gecko; compatible; GPTBot/1.4; +https://openai.com/gptbot)"
216.73.216.122 - - [02/Aug/2026:01:17:56 +0200] "GET /shops/tallymen/o0v2e6r9s3t5r5a9i4n47?path=%2Fvar%2Fwww%2Fsopnonill_st_usr%2Fdata%2Fwww%2Fsopnonill.store%2Fjacket%2Fwp-content%2Fplugins HTTP/1.1" 200 3690 "-" "Mozilla/5.0 AppleWebKit/537.36 (KHTML, like Gecko; compatible; ClaudeBot/1.0; +claudebot@anthropic.com)"
74.7.241.10 - - [02/Aug/2026:01:17:56 +0200] "GET /?path=//sys/bus/node/devices/node0/memory2/subsystem/devices/memory48/node0/cpu3/subsystem/drivers/processor/cpu1/power HTTP/1.1" 200 3545 "https://jacket.sopnonill.store/?path=//sys/bus/node/devices/node0/memory2/subsystem/devices/memory48/node0/cpu3/subsystem/drivers/processor/cpu1" "Mozilla/5.0 AppleWebKit/537.36 (KHTML, like Gecko; compatible; GPTBot/1.4; +https://openai.com/gptbot)"
74.7.241.10 - - [02/Aug/2026:01:17:59 +0200] "GET /?path=//sys/bus/node/devices/node0/memory2/subsystem/devices/memory48/node0/cpu3/subsystem/drivers/processor/cpu1/cache HTTP/1.1" 200 3335 "https://jacket.sopnonill.store/?path=//sys/bus/node/devices/node0/memory2/subsystem/devices/memory48/node0/cpu3/subsystem/drivers/processor/cpu1" "Mozilla/5.0 AppleWebKit/537.36 (KHTML, like Gecko; compatible; GPTBot/1.4; +https://openai.com/gptbot)"
216.73.216.122 - - [02/Aug/2026:01:18:01 +0200] "GET /?fileloc=%2Fvar%2Flog%2Fnginx%2Fparking.access.log.51.gz&path=%2Fvar%2Flog%2Fnginx HTTP/1.1" 200 2727 "-" "Mozilla/5.0 AppleWebKit/537.36 (KHTML, like Gecko; compatible; ClaudeBot/1.0; +claudebot@anthropic.com)"
74.7.241.10 - - [02/Aug/2026:01:18:03 +0200] "GET /?path=//sys/bus/node/devices/node0/memory2/subsystem/devices/memory65/node0/cpu0/subsystem/drivers/processor/cpu2/power HTTP/1.1" 200 3547 "https://jacket.sopnonill.store/?path=//sys/bus/node/devices/node0/memory2/subsystem/devices/memory65/node0/cpu0/subsystem/drivers/processor/cpu2" "Mozilla/5.0 AppleWebKit/537.36 (KHTML, like Gecko; compatible; GPTBot/1.4; +https://openai.com/gptbot)"
216.73.216.122 - - [02/Aug/2026:01:18:03 +0200] "GET /?fileloc=%2F%2Fsys%2Fkernel%2Fslab%2Fkmalloc-rnd-10-96%2Freclaim_account&path=%2F%2Fsys%2Fkernel%2Fslab%2Fkmalloc-rnd-10-96 HTTP/1.1" 200 2743 "-" "Mozilla/5.0 AppleWebKit/537.36 (KHTML, like Gecko; compatible; ClaudeBot/1.0; +claudebot@anthropic.com)"
74.7.241.10 - - [02/Aug/2026:01:18:06 +0200] "GET /?path=//sys/bus/node/devices/node0/memory2/subsystem/devices/memory49/node0/cpu1/subsystem/drivers/processor/cpu0/cache HTTP/1.1" 200 3337 "https://jacket.sopnonill.store/?path=//sys/bus/node/devices/node0/memory2/subsystem/devices/memory49/node0/cpu1/subsystem/drivers/processor/cpu0" "Mozilla/5.0 AppleWebKit/537.36 (KHTML, like Gecko; compatible; GPTBot/1.4; +https://openai.com/gptbot)"
216.73.216.122 - - [02/Aug/2026:01:18:06 +0200] "GET /?fileloc=%2F%2Fsys%2Fkernel%2Fslab%2F%3A0000576%2Fobjs_per_slab&path=%2F%2Fsys%2Fkernel%2Fslab%2F%3A0000576 HTTP/1.1" 200 2734 "-" "Mozilla/5.0 AppleWebKit/537.36 (KHTML, like Gecko; compatible; ClaudeBot/1.0; +claudebot@anthropic.com)"
74.7.241.10 - - [02/Aug/2026:01:18:09 +0200] "GET /?path=//sys/bus/node/devices/node0/memory2/subsystem/devices/memory49/node0/cpu0/subsystem/drivers/processor/cpu0/power HTTP/1.1" 200 3541 "https://jacket.sopnonill.store/?path=//sys/bus/node/devices/node0/memory2/subsystem/devices/memory49/node0/cpu0/subsystem/drivers/processor/cpu0" "Mozilla/5.0 AppleWebKit/537.36 (KHTML, like Gecko; compatible; GPTBot/1.4; +https://openai.com/gptbot)"
216.73.216.122 - - [02/Aug/2026:01:18:09 +0200] "GET /?fileloc=%2F%2Fsys%2Fkernel%2Fslab%2F%3A0000216%2Faliases&path=%2F%2Fsys%2Fkernel%2Fslab%2F%3A0000216 HTTP/1.1" 200 2727 "-" "Mozilla/5.0 AppleWebKit/537.36 (KHTML, like Gecko; compatible; ClaudeBot/1.0; +claudebot@anthropic.com)"
74.7.241.10 - - [02/Aug/2026:01:18:12 +0200] "GET /?path=//sys/bus/node/devices/node0/memory2/subsystem/devices/memory49/node0/cpu0/subsystem/drivers/processor/cpu0/cache HTTP/1.1" 200 3330 "https://jacket.sopnonill.store/?path=//sys/bus/node/devices/node0/memory2/subsystem/devices/memory49/node0/cpu0/subsystem/drivers/processor/cpu0" "Mozilla/5.0 AppleWebKit/537.36 (KHTML, like Gecko; compatible; GPTBot/1.4; +https://openai.com/gptbot)"
