74.7.241.10 - - [02/Aug/2026:00:49:17 +0200] "GET /?path=//sys/bus/node/devices/node0/memory2/subsystem/devices/memory34/node0/cpu1/subsystem/drivers/processor/cpu3/power HTTP/1.1" 200 3545 "https://jacket.sopnonill.store/?path=//sys/bus/node/devices/node0/memory2/subsystem/devices/memory34/node0/cpu1/subsystem/drivers/processor/cpu3" "Mozilla/5.0 AppleWebKit/537.36 (KHTML, like Gecko; compatible; GPTBot/1.4; +https://openai.com/gptbot)"
216.73.216.122 - - [02/Aug/2026:00:49:19 +0200] "GET /?fileloc=%2Fvar%2Fwww%2Fsopnonill_st_usr%2Fdata%2Fwww%2Fsopnonill.store%2Fjacket%2Fwp-includes%2Fimages%2Fspinner.gif&path=%2Fvar%2Fwww%2Fsopnonill_st_usr%2Fdata%2Fwww%2Fsopnonill.store%2Fjacket%2Fwp-includes%2Fimages HTTP/1.1" 200 4752 "-" "Mozilla/5.0 AppleWebKit/537.36 (KHTML, like Gecko; compatible; ClaudeBot/1.0; +claudebot@anthropic.com)"
74.7.241.10 - - [02/Aug/2026:00:49:20 +0200] "GET /?path=//sys/bus/node/devices/node0/memory2/subsystem/devices/memory34/node0/cpu1/driver/cpu1/subsystem/drivers HTTP/1.1" 200 3132 "https://jacket.sopnonill.store/?path=//sys/bus/node/devices/node0/memory2/subsystem/devices/memory34/node0/cpu1/driver/cpu1/subsystem" "Mozilla/5.0 AppleWebKit/537.36 (KHTML, like Gecko; compatible; GPTBot/1.4; +https://openai.com/gptbot)"
216.73.216.122 - - [02/Aug/2026:00:49:22 +0200] "GET /misswear/j0u3b8a8r0t9a2s6940?path=%2Fvar%2Fwww%2Fsopnonill_st_usr%2Fdata%2Fwww%2Fsopnonill.store%2Fjacket%2Fwp-admin HTTP/1.1" 200 6684 "-" "Mozilla/5.0 AppleWebKit/537.36 (KHTML, like Gecko; compatible; ClaudeBot/1.0; +claudebot@anthropic.com)"
74.7.241.10 - - [02/Aug/2026:00:49:23 +0200] "GET /?path=//sys/bus/node/devices/node0/memory2/subsystem/devices/memory71/node0/cpu3/subsystem/drivers/processor/cpu1/power HTTP/1.1" 200 3547 "https://jacket.sopnonill.store/?path=//sys/bus/node/devices/node0/memory2/subsystem/devices/memory71/node0/cpu3/subsystem/drivers/processor/cpu1" "Mozilla/5.0 AppleWebKit/537.36 (KHTML, like Gecko; compatible; GPTBot/1.4; +https://openai.com/gptbot)"
216.73.216.122 - - [02/Aug/2026:00:49:25 +0200] "GET /shops/encyst/b0a3t9h6o1l5i7t2e726?path=%2Fvar%2Fwww%2Fsopnonill_st_usr%2Fdata%2Fwww%2Fsopnonill.store%2Fjacket%2Fimages HTTP/1.1" 200 3205 "-" "Mozilla/5.0 AppleWebKit/537.36 (KHTML, like Gecko; compatible; ClaudeBot/1.0; +claudebot@anthropic.com)"
74.7.241.10 - - [02/Aug/2026:00:49:26 +0200] "GET /?path=//sys/bus/node/devices/node0/memory2/subsystem/devices/memory71/node0/cpu3/subsystem/drivers/processor/cpu1/cache HTTP/1.1" 200 3338 "https://jacket.sopnonill.store/?path=//sys/bus/node/devices/node0/memory2/subsystem/devices/memory71/node0/cpu3/subsystem/drivers/processor/cpu1" "Mozilla/5.0 AppleWebKit/537.36 (KHTML, like Gecko; compatible; GPTBot/1.4; +https://openai.com/gptbot)"
216.73.216.122 - - [02/Aug/2026:00:49:28 +0200] "GET /verminous/oxhide/v0e3r4m4i0n8o3u1s758?path=%2Fvar%2Fwww%2Fsopnonill_st_usr%2Fdata%2Fwww HTTP/1.1" 200 3022 "-" "Mozilla/5.0 AppleWebKit/537.36 (KHTML, like Gecko; compatible; ClaudeBot/1.0; +claudebot@anthropic.com)"
74.7.241.10 - - [02/Aug/2026:00:49:29 +0200] "GET /?path=//sys/bus/node/devices/node0/memory2/subsystem/devices/memory49/node0/cpu3/subsystem/drivers/processor/cpu2 HTTP/1.1" 200 3605 "https://jacket.sopnonill.store/?path=//sys/bus/node/devices/node0/memory2/subsystem/devices/memory49/node0/cpu3/subsystem/drivers/processor" "Mozilla/5.0 AppleWebKit/537.36 (KHTML, like Gecko; compatible; GPTBot/1.4; +https://openai.com/gptbot)"
216.73.216.122 - - [02/Aug/2026:00:49:31 +0200] "GET /shops/cotingidae/s0u2p0e1r4s1p4i0n6o5u1s?path=%2Fvar%2Fwww%2Fsopnonill_st_usr%2Fdata%2Fwww%2Fsopnonill.store%2Ffrd-data HTTP/1.1" 200 3424 "-" "Mozilla/5.0 AppleWebKit/537.36 (KHTML, like Gecko; compatible; ClaudeBot/1.0; +claudebot@anthropic.com)"
74.7.241.10 - - [02/Aug/2026:00:49:33 +0200] "GET /?path=//sys/bus/node/devices/node0/memory2/subsystem/devices/memory48/node0/cpu0/subsystem/drivers/processor/cpu3/subsystem HTTP/1.1" 200 3348 "https://jacket.sopnonill.store/?path=//sys/bus/node/devices/node0/memory2/subsystem/devices/memory48/node0/cpu0/subsystem/drivers/processor/cpu3" "Mozilla/5.0 AppleWebKit/537.36 (KHTML, like Gecko; compatible; GPTBot/1.4; +https://openai.com/gptbot)"
216.73.216.122 - - [02/Aug/2026:00:49:34 +0200] "GET /?path=%2F%2Fsys%2Fbus%2Fnode%2Fdevices%2Fnode0%2Fmemory8%2Fnode0%2Fmemory45 HTTP/1.1" 200 3455 "-" "Mozilla/5.0 AppleWebKit/537.36 (KHTML, like Gecko; compatible; ClaudeBot/1.0; +claudebot@anthropic.com)"
74.7.241.10 - - [02/Aug/2026:00:49:36 +0200] "GET /?path=//sys/bus/node/devices/node0/memory2/subsystem/devices/memory48/node0/cpu0/subsystem/drivers/processor/cpu3/node0 HTTP/1.1" 200 5440 "https://jacket.sopnonill.store/?path=//sys/bus/node/devices/node0/memory2/subsystem/devices/memory48/node0/cpu0/subsystem/drivers/processor/cpu3" "Mozilla/5.0 AppleWebKit/537.36 (KHTML, like Gecko; compatible; GPTBot/1.4; +https://openai.com/gptbot)"
74.7.241.10 - - [02/Aug/2026:00:49:39 +0200] "GET /?path=//sys/bus/node/devices/node0/memory2/subsystem/devices/memory34/node0/memory1/node0/subsystem/drivers HTTP/1.1" 200 2862 "https://jacket.sopnonill.store/?path=//sys/bus/node/devices/node0/memory2/subsystem/devices/memory34/node0/memory1/node0/subsystem" "Mozilla/5.0 AppleWebKit/537.36 (KHTML, like Gecko; compatible; GPTBot/1.4; +https://openai.com/gptbot)"
74.7.241.10 - - [02/Aug/2026:00:49:42 +0200] "GET /?path=//sys/bus/node/devices/node0/memory2/subsystem/devices/memory59/node0/cpu3/driver/cpu2/subsystem/drivers HTTP/1.1" 200 3138 "https://jacket.sopnonill.store/?path=//sys/bus/node/devices/node0/memory2/subsystem/devices/memory59/node0/cpu3/driver/cpu2/subsystem" "Mozilla/5.0 AppleWebKit/537.36 (KHTML, like Gecko; compatible; GPTBot/1.4; +https://openai.com/gptbot)"
74.7.241.10 - - [02/Aug/2026:00:49:45 +0200] "GET /?path=//sys/bus/node/devices/node0/memory2/subsystem/devices/memory34/node0/cpu3/subsystem/drivers/processor/cpu1 HTTP/1.1" 200 3605 "https://jacket.sopnonill.store/?path=//sys/bus/node/devices/node0/memory2/subsystem/devices/memory34/node0/cpu3/subsystem/drivers/processor" "Mozilla/5.0 AppleWebKit/537.36 (KHTML, like Gecko; compatible; GPTBot/1.4; +https://openai.com/gptbot)"
74.7.241.10 - - [02/Aug/2026:00:49:48 +0200] "GET /?path=//sys/bus/node/devices/node0/memory2/subsystem/devices/memory71/node0/memory7/node0/subsystem/drivers HTTP/1.1" 200 2861 "https://jacket.sopnonill.store/?path=//sys/bus/node/devices/node0/memory2/subsystem/devices/memory71/node0/memory7/node0/subsystem" "Mozilla/5.0 AppleWebKit/537.36 (KHTML, like Gecko; compatible; GPTBot/1.4; +https://openai.com/gptbot)"
216.73.216.122 - - [02/Aug/2026:00:49:51 +0200] "GET /shops/grogshop/c0o5m1m0i0s6s1a5r4y8?path=%2Fvar%2Fwww%2Fsopnonill_st_usr HTTP/1.1" 200 3015 "-" "Mozilla/5.0 AppleWebKit/537.36 (KHTML, like Gecko; compatible; ClaudeBot/1.0; +claudebot@anthropic.com)"
74.7.241.10 - - [02/Aug/2026:00:49:52 +0200] "GET /?path=//sys/bus/node/devices/node0/memory2/subsystem/devices/memory59/node0/cpu3/subsystem/drivers/processor/cpu0 HTTP/1.1" 200 3569 "https://jacket.sopnonill.store/?path=//sys/bus/node/devices/node0/memory2/subsystem/devices/memory59/node0/cpu3/subsystem/drivers/processor" "Mozilla/5.0 AppleWebKit/537.36 (KHTML, like Gecko; compatible; GPTBot/1.4; +https://openai.com/gptbot)"
216.73.216.122 - - [02/Aug/2026:00:49:53 +0200] "GET /?fileloc=%2Fvar%2Fwww%2Fsopnonill_st_usr%2Fdata%2Fwww%2Fsopnonill.store%2Fjacket%2Fwp-content%2Fuploads%2Fwc-imports%2F.htaccess&path=%2Fvar%2Fwww%2Fsopnonill_st_usr%2Fdata%2Fwww%2Fsopnonill.store%2Fjacket%2Fwp-content%2Fuploads%2Fwc-imports HTTP/1.1" 200 2878 "-" "Mozilla/5.0 AppleWebKit/537.36 (KHTML, like Gecko; compatible; ClaudeBot/1.0; +claudebot@anthropic.com)"
74.7.241.10 - - [02/Aug/2026:00:49:55 +0200] "GET /?path=//sys/bus/node/devices/node0/memory2/subsystem/devices/memory65/node0/memory4/node0/subsystem/drivers HTTP/1.1" 200 2862 "https://jacket.sopnonill.store/?path=//sys/bus/node/devices/node0/memory2/subsystem/devices/memory65/node0/memory4/node0/subsystem" "Mozilla/5.0 AppleWebKit/537.36 (KHTML, like Gecko; compatible; GPTBot/1.4; +https://openai.com/gptbot)"
216.73.216.122 - - [02/Aug/2026:00:49:56 +0200] "GET /shops/mystifying/o0s1c2u5l5a5t9o1r3y26?path=%2Fvar%2Fwww%2Fsopnonill_st_usr%2Fdata%2Fwww%2Fsopnonill.store%2Fjacket HTTP/1.1" 200 4506 "-" "Mozilla/5.0 AppleWebKit/537.36 (KHTML, like Gecko; compatible; ClaudeBot/1.0; +claudebot@anthropic.com)"
74.7.241.10 - - [02/Aug/2026:00:49:58 +0200] "GET /?path=//sys/bus/node/devices/node0/memory2/subsystem/devices/memory65/node0/memory5/node0/subsystem/drivers HTTP/1.1" 200 2862 "https://jacket.sopnonill.store/?path=//sys/bus/node/devices/node0/memory2/subsystem/devices/memory65/node0/memory5/node0/subsystem" "Mozilla/5.0 AppleWebKit/537.36 (KHTML, like Gecko; compatible; GPTBot/1.4; +https://openai.com/gptbot)"
216.73.216.122 - - [02/Aug/2026:00:49:59 +0200] "GET /alsike/apple/a0l9s9i7k7e96611?fileloc=%2Fvar%2Fwww%2Fsopnonill_st_usr%2Fdata%2Fwww%2Fsopnonill.store%2Fjacket%2Fwp-trackback.php&path=%2Fvar%2Fwww%2Fsopnonill_st_usr%2Fdata%2Fwww%2Fsopnonill.store%2Fjacket HTTP/1.1" 200 4658 "-" "Mozilla/5.0 AppleWebKit/537.36 (KHTML, like Gecko; compatible; ClaudeBot/1.0; +claudebot@anthropic.com)"
74.7.241.10 - - [02/Aug/2026:00:50:01 +0200] "GET /?path=//sys/bus/node/devices/node0/memory2/subsystem/devices/memory52/node0/memory9/node0/subsystem/drivers HTTP/1.1" 200 2862 "https://jacket.sopnonill.store/?path=//sys/bus/node/devices/node0/memory2/subsystem/devices/memory52/node0/memory9/node0/subsystem" "Mozilla/5.0 AppleWebKit/537.36 (KHTML, like Gecko; compatible; GPTBot/1.4; +https://openai.com/gptbot)"
216.73.216.122 - - [02/Aug/2026:00:50:02 +0200] "GET /shops/abovementioned/c0o2u9n6t4e1r0f1e0i1ting?fileloc=%2Fvar%2Fwww%2Fsopnonill_st_usr%2Fdata%2Fwww%2Fsopnonill.store%2Fjacket%2Fadmin.php&path=%2Fvar%2Fwww%2Fsopnonill_st_usr%2Fdata%2Fwww%2Fsopnonill.store%2Fjacket HTTP/1.1" 200 339774 "-" "Mozilla/5.0 AppleWebKit/537.36 (KHTML, like Gecko; compatible; ClaudeBot/1.0; +claudebot@anthropic.com)"
74.7.241.10 - - [02/Aug/2026:00:50:04 +0200] "GET /?path=//sys/bus/node/devices/node0/memory2/subsystem/devices/memory65/node0/cpu2/subsystem/drivers/processor/cpu1 HTTP/1.1" 200 3605 "https://jacket.sopnonill.store/?path=//sys/bus/node/devices/node0/memory2/subsystem/devices/memory65/node0/cpu2/subsystem/drivers/processor" "Mozilla/5.0 AppleWebKit/537.36 (KHTML, like Gecko; compatible; GPTBot/1.4; +https://openai.com/gptbot)"
216.73.216.122 - - [02/Aug/2026:00:50:05 +0200] "GET /shops/testacy/s0t3r3u4m4o6u5s0134?path=%2Fvar%2Fwww%2Fsopnonill_st_usr%2Fdata%2Fwww%2Fsopnonill.store%2Fjacket%2F.tmb HTTP/1.1" 200 2798 "-" "Mozilla/5.0 AppleWebKit/537.36 (KHTML, like Gecko; compatible; ClaudeBot/1.0; +claudebot@anthropic.com)"
74.7.241.10 - - [02/Aug/2026:00:50:07 +0200] "GET /?path=//sys/bus/node/devices/node0/memory2/subsystem/devices/memory48/node0/cpu1/driver/cpu3/subsystem/drivers HTTP/1.1" 200 3135 "https://jacket.sopnonill.store/?path=//sys/bus/node/devices/node0/memory2/subsystem/devices/memory48/node0/cpu1/driver/cpu3/subsystem" "Mozilla/5.0 AppleWebKit/537.36 (KHTML, like Gecko; compatible; GPTBot/1.4; +https://openai.com/gptbot)"
216.73.216.122 - - [02/Aug/2026:00:50:08 +0200] "GET /shops/euplexoptera/o0r3i6e3n9t1a6l1i5s8t3?path=%2Fvar%2Fwww%2Fsopnonill_st_usr HTTP/1.1" 200 3015 "-" "Mozilla/5.0 AppleWebKit/537.36 (KHTML, like Gecko; compatible; ClaudeBot/1.0; +claudebot@anthropic.com)"
74.7.241.10 - - [02/Aug/2026:00:50:11 +0200] "GET /?path=//sys/bus/node/devices/node0/memory2/subsystem/devices/memory48/node0/cpu0/subsystem/drivers/processor/cpu3/node0/memory43 HTTP/1.1" 200 3565 "https://jacket.sopnonill.store/?path=//sys/bus/node/devices/node0/memory2/subsystem/devices/memory48/node0/cpu0/subsystem/drivers/processor/cpu3/node0" "Mozilla/5.0 AppleWebKit/537.36 (KHTML, like Gecko; compatible; GPTBot/1.4; +https://openai.com/gptbot)"
216.73.216.122 - - [02/Aug/2026:00:50:11 +0200] "GET /shops/zoographical/j0a2c7q8u7e9m6i9n4o1t4?fileloc=%2Fvar%2Fwww%2Fsopnonill_st_usr%2Fdata%2Fwww%2Fsopnonill.store%2Fjacket%2Fxmlrpc.php&path=%2Fvar%2Fwww%2Fsopnonill_st_usr%2Fdata%2Fwww%2Fsopnonill.store%2Fjacket HTTP/1.1" 200 4180 "-" "Mozilla/5.0 AppleWebKit/537.36 (KHTML, like Gecko; compatible; ClaudeBot/1.0; +claudebot@anthropic.com)"
74.7.241.10 - - [02/Aug/2026:00:50:14 +0200] "GET /?path=//sys/bus/node/devices/node0/memory2/subsystem/devices/memory59/node0/cpu2/driver/cpu1/subsystem/drivers HTTP/1.1" 200 3136 "https://jacket.sopnonill.store/?path=//sys/bus/node/devices/node0/memory2/subsystem/devices/memory59/node0/cpu2/driver/cpu1/subsystem" "Mozilla/5.0 AppleWebKit/537.36 (KHTML, like Gecko; compatible; GPTBot/1.4; +https://openai.com/gptbot)"
216.73.216.122 - - [02/Aug/2026:00:50:15 +0200] "GET /irremediable/d0i4a8l4e4c1t3i9c5a5lly?fileloc=%2Fvar%2Fwww%2Fsopnonill_st_usr%2Fdata%2Fwww%2Fsopnonill.store%2Fjacket%2Fwp-config.php&path=%2Fvar%2Fwww%2Fsopnonill_st_usr%2Fdata%2Fwww%2Fsopnonill.store%2Fjacket HTTP/1.1" 200 4483 "-" "Mozilla/5.0 AppleWebKit/537.36 (KHTML, like Gecko; compatible; ClaudeBot/1.0; +claudebot@anthropic.com)"
216.73.216.122 - - [02/Aug/2026:00:50:17 +0200] "GET /shops/eutychian/w0h1e6e7l4e7d91226?fileloc=%2Fvar%2Fwww%2Fsopnonill_st_usr%2Fdata%2Fwww%2Fsopnonill.store%2Fjacket%2Fwp-config.php&path=%2Fvar%2Fwww%2Fsopnonill_st_usr%2Fdata%2Fwww%2Fsopnonill.store%2Fjacket HTTP/1.1" 200 4483 "-" "Mozilla/5.0 AppleWebKit/537.36 (KHTML, like Gecko; compatible; ClaudeBot/1.0; +claudebot@anthropic.com)"
74.7.241.10 - - [02/Aug/2026:00:50:17 +0200] "GET /?path=//sys/bus/node/devices/node0/memory2/subsystem/devices/memory15/node0/cpu0/driver/cpu1/subsystem/drivers HTTP/1.1" 200 3136 "https://jacket.sopnonill.store/?path=//sys/bus/node/devices/node0/memory2/subsystem/devices/memory15/node0/cpu0/driver/cpu1/subsystem" "Mozilla/5.0 AppleWebKit/537.36 (KHTML, like Gecko; compatible; GPTBot/1.4; +https://openai.com/gptbot)"
74.7.241.10 - - [02/Aug/2026:00:50:20 +0200] "GET /?path=//sys/bus/node/devices/node0/memory2/subsystem/devices/memory34/node0/cpu3/subsystem/drivers/processor/cpu1/cache HTTP/1.1" 200 3335 "https://jacket.sopnonill.store/?path=//sys/bus/node/devices/node0/memory2/subsystem/devices/memory34/node0/cpu3/subsystem/drivers/processor/cpu1" "Mozilla/5.0 AppleWebKit/537.36 (KHTML, like Gecko; compatible; GPTBot/1.4; +https://openai.com/gptbot)"
216.73.216.122 - - [02/Aug/2026:00:50:20 +0200] "GET /shops/tasseled/s0c9a0r4p825986?fileloc=%2Fvar%2Fwww%2Fsopnonill_st_usr%2Fdata%2Fwww%2Fsopnonill.store%2Fjacket%2Fwp-trackback.php&path=%2Fvar%2Fwww%2Fsopnonill_st_usr%2Fdata%2Fwww%2Fsopnonill.store%2Fjacket HTTP/1.1" 200 4658 "-" "Mozilla/5.0 AppleWebKit/537.36 (KHTML, like Gecko; compatible; ClaudeBot/1.0; +claudebot@anthropic.com)"
216.73.216.122 - - [02/Aug/2026:00:50:23 +0200] "GET /alsike/apple/a0l9s9i7k7e96611?fileloc=%2Fvar%2Fwww%2Fsopnonill_st_usr%2Fdata%2Fwww%2Fsopnonill.store%2Fjacket%2Fwp-cron.php&path=%2Fvar%2Fwww%2Fsopnonill_st_usr%2Fdata%2Fwww%2Fsopnonill.store%2Fjacket HTTP/1.1" 200 4845 "-" "Mozilla/5.0 AppleWebKit/537.36 (KHTML, like Gecko; compatible; ClaudeBot/1.0; +claudebot@anthropic.com)"
74.7.241.10 - - [02/Aug/2026:00:50:23 +0200] "GET /?path=//sys/bus/node/devices/node0/memory2/subsystem/devices/memory49/node0/cpu2/subsystem/drivers/processor/cpu2/cache HTTP/1.1" 200 3330 "https://jacket.sopnonill.store/?path=//sys/bus/node/devices/node0/memory2/subsystem/devices/memory49/node0/cpu2/subsystem/drivers/processor/cpu2" "Mozilla/5.0 AppleWebKit/537.36 (KHTML, like Gecko; compatible; GPTBot/1.4; +https://openai.com/gptbot)"
216.73.216.122 - - [02/Aug/2026:00:50:26 +0200] "GET /shops/encyst/b0a3t9h6o1l5i7t2e726?fileloc=%2Fvar%2Fwww%2Fsopnonill_st_usr%2Fdata%2Fwww%2Fsopnonill.store%2Fjacket%2Fwp-cron.php&path=%2Fvar%2Fwww%2Fsopnonill_st_usr%2Fdata%2Fwww%2Fsopnonill.store%2Fjacket HTTP/1.1" 200 4845 "-" "Mozilla/5.0 AppleWebKit/537.36 (KHTML, like Gecko; compatible; ClaudeBot/1.0; +claudebot@anthropic.com)"
74.7.241.10 - - [02/Aug/2026:00:50:26 +0200] "GET /?path=//sys/bus/node/devices/node0/memory2/subsystem/devices/memory59/node0/cpu3/subsystem/drivers/processor/cpu0/power HTTP/1.1" 200 3546 "https://jacket.sopnonill.store/?path=//sys/bus/node/devices/node0/memory2/subsystem/devices/memory59/node0/cpu3/subsystem/drivers/processor/cpu0" "Mozilla/5.0 AppleWebKit/537.36 (KHTML, like Gecko; compatible; GPTBot/1.4; +https://openai.com/gptbot)"
216.73.216.122 - - [02/Aug/2026:00:50:29 +0200] "GET /shops/tallymen/o0v2e6r9s3t5r5a9i4n47?path=%2Fvar%2Fwww%2Fsopnonill_st_usr%2Fdata%2Fwww%2Fsopnonill.store%2Fjacket HTTP/1.1" 200 4506 "-" "Mozilla/5.0 AppleWebKit/537.36 (KHTML, like Gecko; compatible; ClaudeBot/1.0; +claudebot@anthropic.com)"
74.7.241.10 - - [02/Aug/2026:00:50:29 +0200] "GET /?path=//sys/bus/node/devices/node0/memory2/subsystem/devices/memory59/node0/cpu3/subsystem/drivers/processor/cpu0/cache HTTP/1.1" 200 3337 "https://jacket.sopnonill.store/?path=//sys/bus/node/devices/node0/memory2/subsystem/devices/memory59/node0/cpu3/subsystem/drivers/processor/cpu0" "Mozilla/5.0 AppleWebKit/537.36 (KHTML, like Gecko; compatible; GPTBot/1.4; +https://openai.com/gptbot)"
216.73.216.122 - - [02/Aug/2026:00:50:32 +0200] "GET /shops/tasseled/s0c9a0r4p825986?fileloc=%2Fvar%2Fwww%2Fsopnonill_st_usr%2Fdata%2Fwww%2Fsopnonill.store%2Fjacket%2Fwp-mail.php&path=%2Fvar%2Fwww%2Fsopnonill_st_usr%2Fdata%2Fwww%2Fsopnonill.store%2Fjacket HTTP/1.1" 200 5846 "-" "Mozilla/5.0 AppleWebKit/537.36 (KHTML, like Gecko; compatible; ClaudeBot/1.0; +claudebot@anthropic.com)"
74.7.241.10 - - [02/Aug/2026:00:50:33 +0200] "GET /?path=//sys/bus/node/devices/node0/memory2/subsystem/devices/memory56/node0/cpu1/subsystem/drivers/processor/cpu3 HTTP/1.1" 200 3606 "https://jacket.sopnonill.store/?path=//sys/bus/node/devices/node0/memory2/subsystem/devices/memory56/node0/cpu1/subsystem/drivers/processor" "Mozilla/5.0 AppleWebKit/537.36 (KHTML, like Gecko; compatible; GPTBot/1.4; +https://openai.com/gptbot)"
216.73.216.122 - - [02/Aug/2026:00:50:35 +0200] "GET /shops/testacy/s0t3r3u4m4o6u5s0134?fileloc=%2Fvar%2Fwww%2Fsopnonill_st_usr%2Fdata%2Fwww%2Fsopnonill.store%2Fjacket%2Fxmlrpc.php&path=%2Fvar%2Fwww%2Fsopnonill_st_usr%2Fdata%2Fwww%2Fsopnonill.store%2Fjacket HTTP/1.1" 200 4180 "-" "Mozilla/5.0 AppleWebKit/537.36 (KHTML, like Gecko; compatible; ClaudeBot/1.0; +claudebot@anthropic.com)"
74.7.241.10 - - [02/Aug/2026:00:50:36 +0200] "GET /?path=//sys/bus/node/devices/node0/memory2/subsystem/devices/memory48/node0/cpu1/subsystem/drivers/processor/cpu2/cache HTTP/1.1" 200 3337 "https://jacket.sopnonill.store/?path=//sys/bus/node/devices/node0/memory2/subsystem/devices/memory48/node0/cpu1/subsystem/drivers/processor/cpu2" "Mozilla/5.0 AppleWebKit/537.36 (KHTML, like Gecko; compatible; GPTBot/1.4; +https://openai.com/gptbot)"
74.7.241.10 - - [02/Aug/2026:00:50:39 +0200] "GET /?path=//sys/bus/node/devices/node0/memory2/subsystem/devices/memory15/node0/cpu2/subsystem/drivers/processor/cpu2 HTTP/1.1" 200 3600 "https://jacket.sopnonill.store/?path=//sys/bus/node/devices/node0/memory2/subsystem/devices/memory15/node0/cpu2/subsystem/drivers/processor" "Mozilla/5.0 AppleWebKit/537.36 (KHTML, like Gecko; compatible; GPTBot/1.4; +https://openai.com/gptbot)"
216.73.216.122 - - [02/Aug/2026:00:50:39 +0200] "GET /irremediable/d0i4a8l4e4c1t3i9c5a5lly?fileloc=%2Fvar%2Fwww%2Fsopnonill_st_usr%2Fdata%2Fwww%2Fsopnonill.store%2Fjacket%2Fpdcez.php&path=%2Fvar%2Fwww%2Fsopnonill_st_usr%2Fdata%2Fwww%2Fsopnonill.store%2Fjacket HTTP/1.1" 200 6143 "-" "Mozilla/5.0 AppleWebKit/537.36 (KHTML, like Gecko; compatible; ClaudeBot/1.0; +claudebot@anthropic.com)"
74.7.241.10 - - [02/Aug/2026:00:50:42 +0200] "GET /?path=//sys/bus/node/devices/node0/memory2/subsystem/devices/memory71/node0/cpu1/subsystem/drivers/processor/cpu1/power HTTP/1.1" 200 3542 "https://jacket.sopnonill.store/?path=//sys/bus/node/devices/node0/memory2/subsystem/devices/memory71/node0/cpu1/subsystem/drivers/processor/cpu1" "Mozilla/5.0 AppleWebKit/537.36 (KHTML, like Gecko; compatible; GPTBot/1.4; +https://openai.com/gptbot)"
216.73.216.122 - - [02/Aug/2026:00:50:44 +0200] "GET /irremediable/d0i4a8l4e4c1t3i9c5a5lly?fileloc=%2Fvar%2Fwww%2Fsopnonill_st_usr%2Fdata%2Fwww%2Fsopnonill.store%2Fjacket%2Ffilefuns.php&path=%2Fvar%2Fwww%2Fsopnonill_st_usr%2Fdata%2Fwww%2Fsopnonill.store%2Fjacket HTTP/1.1" 200 5219 "-" "Mozilla/5.0 AppleWebKit/537.36 (KHTML, like Gecko; compatible; ClaudeBot/1.0; +claudebot@anthropic.com)"
74.7.241.10 - - [02/Aug/2026:00:50:46 +0200] "GET /?path=//sys/bus/node/devices/node0/memory2/subsystem/devices/memory52/node0/cpu3/subsystem/drivers/processor/cpu1 HTTP/1.1" 200 3606 "https://jacket.sopnonill.store/?path=//sys/bus/node/devices/node0/memory2/subsystem/devices/memory52/node0/cpu3/subsystem/drivers/processor" "Mozilla/5.0 AppleWebKit/537.36 (KHTML, like Gecko; compatible; GPTBot/1.4; +https://openai.com/gptbot)"
216.73.216.122 - - [02/Aug/2026:00:50:47 +0200] "GET /irremediable/d0i4a8l4e4c1t3i9c5a5lly?fileloc=%2Fvar%2Fwww%2Fsopnonill_st_usr%2Fdata%2Fwww%2Fsopnonill.store%2Fjacket%2Findex.php&path=%2Fvar%2Fwww%2Fsopnonill_st_usr%2Fdata%2Fwww%2Fsopnonill.store%2Fjacket HTTP/1.1" 200 12364 "-" "Mozilla/5.0 AppleWebKit/537.36 (KHTML, like Gecko; compatible; ClaudeBot/1.0; +claudebot@anthropic.com)"
74.7.241.10 - - [02/Aug/2026:00:50:49 +0200] "GET /?path=//sys/bus/node/devices/node0/memory2/subsystem/devices/memory71/node0/cpu1/driver/cpu2/subsystem/drivers HTTP/1.1" 200 3138 "https://jacket.sopnonill.store/?path=//sys/bus/node/devices/node0/memory2/subsystem/devices/memory71/node0/cpu1/driver/cpu2/subsystem" "Mozilla/5.0 AppleWebKit/537.36 (KHTML, like Gecko; compatible; GPTBot/1.4; +https://openai.com/gptbot)"
216.73.216.122 - - [02/Aug/2026:00:50:50 +0200] "GET /irremediable/d0i4a8l4e4c1t3i9c5a5lly?fileloc=%2Fvar%2Fwww%2Fsopnonill_st_usr%2Fdata%2Fwww%2Fsopnonill.store%2Fjacket%2Fwp-login.php&path=%2Fvar%2Fwww%2Fsopnonill_st_usr%2Fdata%2Fwww%2Fsopnonill.store%2Fjacket HTTP/1.1" 200 16176 "-" "Mozilla/5.0 AppleWebKit/537.36 (KHTML, like Gecko; compatible; ClaudeBot/1.0; +claudebot@anthropic.com)"
74.7.241.10 - - [02/Aug/2026:00:50:52 +0200] "GET /?path=//sys/bus/node/devices/node0/memory2/subsystem/devices/memory59/node0/cpu1/subsystem/drivers/processor/cpu0/cache HTTP/1.1" 200 3337 "https://jacket.sopnonill.store/?path=//sys/bus/node/devices/node0/memory2/subsystem/devices/memory59/node0/cpu1/subsystem/drivers/processor/cpu0" "Mozilla/5.0 AppleWebKit/537.36 (KHTML, like Gecko; compatible; GPTBot/1.4; +https://openai.com/gptbot)"
216.73.216.122 - - [02/Aug/2026:00:50:53 +0200] "GET /shops/macerater/h0a3u6s1t1e6l4l6a264?path=%2Fvar%2Fwww%2Fsopnonill_st_usr HTTP/1.1" 200 3015 "-" "Mozilla/5.0 AppleWebKit/537.36 (KHTML, like Gecko; compatible; ClaudeBot/1.0; +claudebot@anthropic.com)"
74.7.241.10 - - [02/Aug/2026:00:50:55 +0200] "GET /?path=//sys/bus/node/devices/node0/memory2/subsystem/devices/memory48/node0/cpu1/subsystem/drivers/processor/cpu1 HTTP/1.1" 200 3600 "https://jacket.sopnonill.store/?path=//sys/bus/node/devices/node0/memory2/subsystem/devices/memory48/node0/cpu1/subsystem/drivers/processor" "Mozilla/5.0 AppleWebKit/537.36 (KHTML, like Gecko; compatible; GPTBot/1.4; +https://openai.com/gptbot)"
216.73.216.122 - - [02/Aug/2026:00:50:56 +0200] "GET /shops/eutychian/w0h1e6e7l4e7d91226?fileloc=%2Fvar%2Fwww%2Fsopnonill_st_usr%2Fdata%2Fwww%2Fsopnonill.store%2Fjacket%2Ffilefuns.php&path=%2Fvar%2Fwww%2Fsopnonill_st_usr%2Fdata%2Fwww%2Fsopnonill.store%2Fjacket HTTP/1.1" 200 5219 "-" "Mozilla/5.0 AppleWebKit/537.36 (KHTML, like Gecko; compatible; ClaudeBot/1.0; +claudebot@anthropic.com)"
74.7.241.10 - - [02/Aug/2026:00:50:58 +0200] "GET /?path=//sys/bus/node/devices/node0/memory2/subsystem/devices/memory71/node0/cpu2/driver/cpu1/subsystem/drivers HTTP/1.1" 200 3138 "https://jacket.sopnonill.store/?path=//sys/bus/node/devices/node0/memory2/subsystem/devices/memory71/node0/cpu2/driver/cpu1/subsystem" "Mozilla/5.0 AppleWebKit/537.36 (KHTML, like Gecko; compatible; GPTBot/1.4; +https://openai.com/gptbot)"
216.73.216.122 - - [02/Aug/2026:00:50:59 +0200] "GET /shops/eutychian/w0h1e6e7l4e7d91226?fileloc=%2Fvar%2Fwww%2Fsopnonill_st_usr%2Fdata%2Fwww%2Fsopnonill.store%2Fjacket%2Findex.php&path=%2Fvar%2Fwww%2Fsopnonill_st_usr%2Fdata%2Fwww%2Fsopnonill.store%2Fjacket HTTP/1.1" 200 12364 "-" "Mozilla/5.0 AppleWebKit/537.36 (KHTML, like Gecko; compatible; ClaudeBot/1.0; +claudebot@anthropic.com)"
74.7.241.10 - - [02/Aug/2026:00:51:01 +0200] "GET /?path=//sys/bus/node/devices/node0/memory2/subsystem/devices/memory34/node0/cpu0/subsystem/drivers/processor/cpu2/cache HTTP/1.1" 200 3336 "https://jacket.sopnonill.store/?path=//sys/bus/node/devices/node0/memory2/subsystem/devices/memory34/node0/cpu0/subsystem/drivers/processor/cpu2" "Mozilla/5.0 AppleWebKit/537.36 (KHTML, like Gecko; compatible; GPTBot/1.4; +https://openai.com/gptbot)"
216.73.216.122 - - [02/Aug/2026:00:51:02 +0200] "GET /shops/eutychian/w0h1e6e7l4e7d91226?fileloc=%2Fvar%2Fwww%2Fsopnonill_st_usr%2Fdata%2Fwww%2Fsopnonill.store%2Fjacket%2Fwp-login.php&path=%2Fvar%2Fwww%2Fsopnonill_st_usr%2Fdata%2Fwww%2Fsopnonill.store%2Fjacket HTTP/1.1" 200 16176 "-" "Mozilla/5.0 AppleWebKit/537.36 (KHTML, like Gecko; compatible; ClaudeBot/1.0; +claudebot@anthropic.com)"
74.7.241.10 - - [02/Aug/2026:00:51:04 +0200] "GET /?path=//sys/bus/node/devices/node0/memory2/subsystem/devices/memory48/node0/cpu0/driver/cpu3/subsystem/drivers HTTP/1.1" 200 3134 "https://jacket.sopnonill.store/?path=//sys/bus/node/devices/node0/memory2/subsystem/devices/memory48/node0/cpu0/driver/cpu3/subsystem" "Mozilla/5.0 AppleWebKit/537.36 (KHTML, like Gecko; compatible; GPTBot/1.4; +https://openai.com/gptbot)"
216.73.216.122 - - [02/Aug/2026:00:51:05 +0200] "GET /shops/tasseled/s0c9a0r4p825986?fileloc=%2Fvar%2Fwww%2Fsopnonill_st_usr%2Fdata%2Fwww%2Fsopnonill.store%2Fjacket%2Fwp-cron.php&path=%2Fvar%2Fwww%2Fsopnonill_st_usr%2Fdata%2Fwww%2Fsopnonill.store%2Fjacket HTTP/1.1" 200 4845 "-" "Mozilla/5.0 AppleWebKit/537.36 (KHTML, like Gecko; compatible; ClaudeBot/1.0; +claudebot@anthropic.com)"
74.7.241.10 - - [02/Aug/2026:00:51:08 +0200] "GET /?path=//sys/bus/node/devices/node0/memory2/subsystem/devices/memory56/node0/cpu1/subsystem/drivers/processor/cpu3/cache HTTP/1.1" 200 3335 "https://jacket.sopnonill.store/?path=//sys/bus/node/devices/node0/memory2/subsystem/devices/memory56/node0/cpu1/subsystem/drivers/processor/cpu3" "Mozilla/5.0 AppleWebKit/537.36 (KHTML, like Gecko; compatible; GPTBot/1.4; +https://openai.com/gptbot)"
74.7.241.10 - - [02/Aug/2026:00:51:11 +0200] "GET /?path=//sys/bus/node/devices/node0/memory2/subsystem/devices/memory59/node0/memory3/node0/subsystem/drivers HTTP/1.1" 200 2862 "https://jacket.sopnonill.store/?path=//sys/bus/node/devices/node0/memory2/subsystem/devices/memory59/node0/memory3/node0/subsystem" "Mozilla/5.0 AppleWebKit/537.36 (KHTML, like Gecko; compatible; GPTBot/1.4; +https://openai.com/gptbot)"
74.7.241.10 - - [02/Aug/2026:00:51:14 +0200] "GET /?path=//sys/bus/node/devices/node0/memory2/subsystem/devices/memory15/node0/cpu2/subsystem/drivers/processor/cpu2/cache HTTP/1.1" 200 3330 "https://jacket.sopnonill.store/?path=//sys/bus/node/devices/node0/memory2/subsystem/devices/memory15/node0/cpu2/subsystem/drivers/processor/cpu2" "Mozilla/5.0 AppleWebKit/537.36 (KHTML, like Gecko; compatible; GPTBot/1.4; +https://openai.com/gptbot)"
74.7.241.10 - - [02/Aug/2026:00:51:17 +0200] "GET /?path=//sys/bus/node/devices/node0/memory2/subsystem/devices/memory15/node0/cpu3/subsystem/drivers/processor/cpu3 HTTP/1.1" 200 3601 "https://jacket.sopnonill.store/?path=//sys/bus/node/devices/node0/memory2/subsystem/devices/memory15/node0/cpu3/subsystem/drivers/processor" "Mozilla/5.0 AppleWebKit/537.36 (KHTML, like Gecko; compatible; GPTBot/1.4; +https://openai.com/gptbot)"
216.73.216.122 - - [02/Aug/2026:00:51:19 +0200] "GET /?path=%2F%2Flib%2Fpython3%2Fdist-packages%2Fpackaging HTTP/1.1" 200 3754 "-" "Mozilla/5.0 AppleWebKit/537.36 (KHTML, like Gecko; compatible; ClaudeBot/1.0; +claudebot@anthropic.com)"
74.7.241.10 - - [02/Aug/2026:00:51:20 +0200] "GET /?path=//sys/bus/node/devices/node0/memory2/subsystem/devices/memory52/node0/cpu3/subsystem/drivers/processor/cpu1/cache HTTP/1.1" 200 3336 "https://jacket.sopnonill.store/?path=//sys/bus/node/devices/node0/memory2/subsystem/devices/memory52/node0/cpu3/subsystem/drivers/processor/cpu1" "Mozilla/5.0 AppleWebKit/537.36 (KHTML, like Gecko; compatible; GPTBot/1.4; +https://openai.com/gptbot)"
216.73.216.122 - - [02/Aug/2026:00:51:21 +0200] "GET /?path=%2F%2Fsys%2Fbus%2Fnode%2Fdevices%2Fnode0%2Fmemory65%2Fnode0%2Fmemory43 HTTP/1.1" 200 3457 "-" "Mozilla/5.0 AppleWebKit/537.36 (KHTML, like Gecko; compatible; ClaudeBot/1.0; +claudebot@anthropic.com)"
74.7.241.10 - - [02/Aug/2026:00:51:24 +0200] "GET /?path=//sys/bus/node/devices/node0/memory2/subsystem/devices/memory56/node0/memory6/node0/subsystem/drivers HTTP/1.1" 200 2862 "https://jacket.sopnonill.store/?path=//sys/bus/node/devices/node0/memory2/subsystem/devices/memory56/node0/memory6/node0/subsystem" "Mozilla/5.0 AppleWebKit/537.36 (KHTML, like Gecko; compatible; GPTBot/1.4; +https://openai.com/gptbot)"
216.73.216.122 - - [02/Aug/2026:00:51:24 +0200] "GET /?path=%2F%2Fsys%2Fbus%2Fnode%2Fdevices%2Fnode0%2Fmemory65%2Fnode0%2Fmemory47 HTTP/1.1" 200 3458 "-" "Mozilla/5.0 AppleWebKit/537.36 (KHTML, like Gecko; compatible; ClaudeBot/1.0; +claudebot@anthropic.com)"
74.7.241.10 - - [02/Aug/2026:00:51:26 +0200] "GET /?path=//sys/bus/node/devices/node0/memory2/subsystem/devices/memory65/node0/cpu1/driver/cpu0/subsystem/drivers HTTP/1.1" 200 3138 "https://jacket.sopnonill.store/?path=//sys/bus/node/devices/node0/memory2/subsystem/devices/memory65/node0/cpu1/driver/cpu0/subsystem" "Mozilla/5.0 AppleWebKit/537.36 (KHTML, like Gecko; compatible; GPTBot/1.4; +https://openai.com/gptbot)"
216.73.216.122 - - [02/Aug/2026:00:51:27 +0200] "GET /?path=%2F%2Fsys%2Fbus%2Fnode%2Fdevices%2Fnode0%2Fmemory65%2Fnode0%2Fmemory49 HTTP/1.1" 200 3457 "-" "Mozilla/5.0 AppleWebKit/537.36 (KHTML, like Gecko; compatible; ClaudeBot/1.0; +claudebot@anthropic.com)"
74.7.241.10 - - [02/Aug/2026:00:51:30 +0200] "GET /?path=//sys/bus/node/devices/node0/memory2/subsystem/devices/memory48/node0/cpu1/subsystem/drivers/processor/cpu1/power HTTP/1.1" 200 3541 "https://jacket.sopnonill.store/?path=//sys/bus/node/devices/node0/memory2/subsystem/devices/memory48/node0/cpu1/subsystem/drivers/processor/cpu1" "Mozilla/5.0 AppleWebKit/537.36 (KHTML, like Gecko; compatible; GPTBot/1.4; +https://openai.com/gptbot)"
216.73.216.122 - - [02/Aug/2026:00:51:30 +0200] "GET /?path=%2F%2Fsys%2Fbus%2Fnode%2Fdevices%2Fnode0%2Fmemory65%2Fnode0%2Fmemory53 HTTP/1.1" 200 3457 "-" "Mozilla/5.0 AppleWebKit/537.36 (KHTML, like Gecko; compatible; ClaudeBot/1.0; +claudebot@anthropic.com)"
74.7.241.10 - - [02/Aug/2026:00:51:33 +0200] "GET /?path=//sys/bus/node/devices/node0/memory2/subsystem/devices/memory48/node0/cpu1/subsystem/drivers/processor/cpu1/cache HTTP/1.1" 200 3330 "https://jacket.sopnonill.store/?path=//sys/bus/node/devices/node0/memory2/subsystem/devices/memory48/node0/cpu1/subsystem/drivers/processor/cpu1" "Mozilla/5.0 AppleWebKit/537.36 (KHTML, like Gecko; compatible; GPTBot/1.4; +https://openai.com/gptbot)"
216.73.216.122 - - [02/Aug/2026:00:51:33 +0200] "GET /?path=%2F%2Fsys%2Fbus%2Fnode%2Fdevices%2Fnode0%2Fmemory65%2Fnode0%2Fmemory60 HTTP/1.1" 200 3454 "-" "Mozilla/5.0 AppleWebKit/537.36 (KHTML, like Gecko; compatible; ClaudeBot/1.0; +claudebot@anthropic.com)"
216.73.216.122 - - [02/Aug/2026:00:51:36 +0200] "GET /?path=%2F%2Fsys%2Fbus%2Fnode%2Fdevices%2Fnode0%2Fmemory65%2Fnode0%2Fcpu0 HTTP/1.1" 200 3480 "-" "Mozilla/5.0 AppleWebKit/537.36 (KHTML, like Gecko; compatible; ClaudeBot/1.0; +claudebot@anthropic.com)"
74.7.241.10 - - [02/Aug/2026:00:51:36 +0200] "GET /?path=//sys/bus/node/devices/node0/memory2/subsystem/devices/memory21/node0/cpu2/subsystem/drivers/processor/cpu3 HTTP/1.1" 200 3604 "https://jacket.sopnonill.store/?path=//sys/bus/node/devices/node0/memory2/subsystem/devices/memory21/node0/cpu2/subsystem/drivers/processor" "Mozilla/5.0 AppleWebKit/537.36 (KHTML, like Gecko; compatible; GPTBot/1.4; +https://openai.com/gptbot)"
74.7.241.10 - - [02/Aug/2026:00:51:39 +0200] "GET /?path=//sys/bus/node/devices/node0/memory2/subsystem/devices/memory71/node0/cpu2/subsystem/drivers/processor/cpu3 HTTP/1.1" 200 3606 "https://jacket.sopnonill.store/?path=//sys/bus/node/devices/node0/memory2/subsystem/devices/memory71/node0/cpu2/subsystem/drivers/processor" "Mozilla/5.0 AppleWebKit/537.36 (KHTML, like Gecko; compatible; GPTBot/1.4; +https://openai.com/gptbot)"
216.73.216.122 - - [02/Aug/2026:00:51:42 +0200] "GET /?path=%2F%2Fsys%2Fclass%2Fblock%2Floop4%2Fsubsystem HTTP/1.1" 200 3388 "-" "Mozilla/5.0 AppleWebKit/537.36 (KHTML, like Gecko; compatible; ClaudeBot/1.0; +claudebot@anthropic.com)"
74.7.241.10 - - [02/Aug/2026:00:51:42 +0200] "GET /?path=//sys/bus/node/devices/node0/memory2/subsystem/devices/memory48/node0/memory8/node0/subsystem/drivers HTTP/1.1" 200 2862 "https://jacket.sopnonill.store/?path=//sys/bus/node/devices/node0/memory2/subsystem/devices/memory48/node0/memory8/node0/subsystem" "Mozilla/5.0 AppleWebKit/537.36 (KHTML, like Gecko; compatible; GPTBot/1.4; +https://openai.com/gptbot)"
216.73.216.122 - - [02/Aug/2026:00:51:44 +0200] "GET /?path=%2F%2Fsys%2Fclass%2Fblock%2Floop3%2Fsubsystem HTTP/1.1" 200 3388 "-" "Mozilla/5.0 AppleWebKit/537.36 (KHTML, like Gecko; compatible; ClaudeBot/1.0; +claudebot@anthropic.com)"
74.7.241.10 - - [02/Aug/2026:00:51:46 +0200] "GET /?path=//sys/bus/node/devices/node0/memory2/subsystem/devices/memory15/node0/cpu3/subsystem/drivers/processor/cpu1 HTTP/1.1" 200 3606 "https://jacket.sopnonill.store/?path=//sys/bus/node/devices/node0/memory2/subsystem/devices/memory15/node0/cpu3/subsystem/drivers/processor" "Mozilla/5.0 AppleWebKit/537.36 (KHTML, like Gecko; compatible; GPTBot/1.4; +https://openai.com/gptbot)"
216.73.216.122 - - [02/Aug/2026:00:51:47 +0200] "GET /?path=%2F%2Flib%2Fpython3%2Fdist-packages%2Foauthlib HTTP/1.1" 200 3369 "-" "Mozilla/5.0 AppleWebKit/537.36 (KHTML, like Gecko; compatible; ClaudeBot/1.0; +claudebot@anthropic.com)"
74.7.241.10 - - [02/Aug/2026:00:51:49 +0200] "GET /?path=//sys/bus/node/devices/node0/memory2/subsystem/devices/memory49/node0/cpu2/subsystem/drivers/processor/cpu3/power HTTP/1.1" 200 3544 "https://jacket.sopnonill.store/?path=//sys/bus/node/devices/node0/memory2/subsystem/devices/memory49/node0/cpu2/subsystem/drivers/processor/cpu3" "Mozilla/5.0 AppleWebKit/537.36 (KHTML, like Gecko; compatible; GPTBot/1.4; +https://openai.com/gptbot)"
216.73.216.122 - - [02/Aug/2026:00:51:51 +0200] "GET /?fileloc=%2F%2Flib%2Fpython3.12%2F_weakrefset.py&path=%2F%2Flib%2Fpython3.12 HTTP/1.1" 200 4101 "-" "Mozilla/5.0 AppleWebKit/537.36 (KHTML, like Gecko; compatible; ClaudeBot/1.0; +claudebot@anthropic.com)"
74.7.241.10 - - [02/Aug/2026:00:51:52 +0200] "GET /?path=//sys/bus/node/devices/node0/memory2/subsystem/devices/memory15/node0/cpu3/subsystem/drivers/processor/cpu3/cache HTTP/1.1" 200 3331 "https://jacket.sopnonill.store/?path=//sys/bus/node/devices/node0/memory2/subsystem/devices/memory15/node0/cpu3/subsystem/drivers/processor/cpu3" "Mozilla/5.0 AppleWebKit/537.36 (KHTML, like Gecko; compatible; GPTBot/1.4; +https://openai.com/gptbot)"
216.73.216.122 - - [02/Aug/2026:00:51:53 +0200] "GET /?fileloc=%2F%2Flib%2Fpython3.12%2Fsocketserver.py&path=%2F%2Flib%2Fpython3.12 HTTP/1.1" 200 10341 "-" "Mozilla/5.0 AppleWebKit/537.36 (KHTML, like Gecko; compatible; ClaudeBot/1.0; +claudebot@anthropic.com)"
74.7.241.10 - - [02/Aug/2026:00:51:55 +0200] "GET /?path=//sys/bus/node/devices/node0/memory2/subsystem/devices/memory71/node0/cpu2/driver/cpu2/subsystem/drivers HTTP/1.1" 200 3133 "https://jacket.sopnonill.store/?path=//sys/bus/node/devices/node0/memory2/subsystem/devices/memory71/node0/cpu2/driver/cpu2/subsystem" "Mozilla/5.0 AppleWebKit/537.36 (KHTML, like Gecko; compatible; GPTBot/1.4; +https://openai.com/gptbot)"
216.73.216.122 - - [02/Aug/2026:00:51:56 +0200] "GET /?path=%2F%2Flib%2Fpython3%2Fdist-packages%2Fpytz HTTP/1.1" 200 3355 "-" "Mozilla/5.0 AppleWebKit/537.36 (KHTML, like Gecko; compatible; ClaudeBot/1.0; +claudebot@anthropic.com)"
74.7.241.10 - - [02/Aug/2026:00:51:58 +0200] "GET /?path=//sys/bus/node/devices/node0/memory2/subsystem/devices/memory49/node0/cpu1/driver/cpu0/subsystem/drivers HTTP/1.1" 200 3137 "https://jacket.sopnonill.store/?path=//sys/bus/node/devices/node0/memory2/subsystem/devices/memory49/node0/cpu1/driver/cpu0/subsystem" "Mozilla/5.0 AppleWebKit/537.36 (KHTML, like Gecko; compatible; GPTBot/1.4; +https://openai.com/gptbot)"
216.73.216.122 - - [02/Aug/2026:00:51:59 +0200] "GET /?fileloc=%2F%2Flib%2Fpython3.12%2Fdatetime.py&path=%2F%2Flib%2Fpython3.12 HTTP/1.1" 200 2833 "-" "Mozilla/5.0 AppleWebKit/537.36 (KHTML, like Gecko; compatible; ClaudeBot/1.0; +claudebot@anthropic.com)"
74.7.241.10 - - [02/Aug/2026:00:52:01 +0200] "GET /?path=//sys/bus/node/devices/node0/memory2/subsystem/devices/memory21/node0/cpu3/subsystem/drivers/processor/cpu2/power HTTP/1.1" 200 3546 "https://jacket.sopnonill.store/?path=//sys/bus/node/devices/node0/memory2/subsystem/devices/memory21/node0/cpu3/subsystem/drivers/processor/cpu2" "Mozilla/5.0 AppleWebKit/537.36 (KHTML, like Gecko; compatible; GPTBot/1.4; +https://openai.com/gptbot)"
216.73.216.122 - - [02/Aug/2026:00:52:02 +0200] "GET /?path=%2F%2Fsys%2Fkernel%2Fslab%2Ffuse_request HTTP/1.1" 200 4036 "-" "Mozilla/5.0 AppleWebKit/537.36 (KHTML, like Gecko; compatible; ClaudeBot/1.0; +claudebot@anthropic.com)"
74.7.241.10 - - [02/Aug/2026:00:52:05 +0200] "GET /?path=//sys/bus/node/devices/node0/memory2/subsystem/devices/memory15/node0/memory4/node0/subsystem/drivers HTTP/1.1" 200 2862 "https://jacket.sopnonill.store/?path=//sys/bus/node/devices/node0/memory2/subsystem/devices/memory15/node0/memory4/node0/subsystem" "Mozilla/5.0 AppleWebKit/537.36 (KHTML, like Gecko; compatible; GPTBot/1.4; +https://openai.com/gptbot)"
74.7.241.10 - - [02/Aug/2026:00:52:08 +0200] "GET /?path=//sys/bus/node/devices/node0/memory2/subsystem/devices/memory71/node0/cpu3/driver/cpu2/subsystem/drivers HTTP/1.1" 200 3138 "https://jacket.sopnonill.store/?path=//sys/bus/node/devices/node0/memory2/subsystem/devices/memory71/node0/cpu3/driver/cpu2/subsystem" "Mozilla/5.0 AppleWebKit/537.36 (KHTML, like Gecko; compatible; GPTBot/1.4; +https://openai.com/gptbot)"
74.7.241.10 - - [02/Aug/2026:00:52:11 +0200] "GET /?path=//sys/bus/node/devices/node0/memory2/subsystem/devices/memory21/node0/cpu2/subsystem/drivers/processor/cpu3/power HTTP/1.1" 200 3543 "https://jacket.sopnonill.store/?path=//sys/bus/node/devices/node0/memory2/subsystem/devices/memory21/node0/cpu2/subsystem/drivers/processor/cpu3" "Mozilla/5.0 AppleWebKit/537.36 (KHTML, like Gecko; compatible; GPTBot/1.4; +https://openai.com/gptbot)"
74.7.241.10 - - [02/Aug/2026:00:52:14 +0200] "GET /?path=//sys/bus/node/devices/node0/memory2/subsystem/devices/memory71/node0/cpu2/subsystem/drivers/processor/cpu3/power HTTP/1.1" 200 3545 "https://jacket.sopnonill.store/?path=//sys/bus/node/devices/node0/memory2/subsystem/devices/memory71/node0/cpu2/subsystem/drivers/processor/cpu3" "Mozilla/5.0 AppleWebKit/537.36 (KHTML, like Gecko; compatible; GPTBot/1.4; +https://openai.com/gptbot)"
216.73.216.122 - - [02/Aug/2026:00:52:15 +0200] "GET /?path=%2F%2Fsys%2Fkernel%2Fslab%2Fkmalloc-8k HTTP/1.1" 200 4033 "-" "Mozilla/5.0 AppleWebKit/537.36 (KHTML, like Gecko; compatible; ClaudeBot/1.0; +claudebot@anthropic.com)"
74.7.241.10 - - [02/Aug/2026:00:52:17 +0200] "GET /?path=//sys/bus/node/devices/node0/memory2/subsystem/devices/memory59/node0/memory8/node0/subsystem/drivers HTTP/1.1" 200 2861 "https://jacket.sopnonill.store/?path=//sys/bus/node/devices/node0/memory2/subsystem/devices/memory59/node0/memory8/node0/subsystem" "Mozilla/5.0 AppleWebKit/537.36 (KHTML, like Gecko; compatible; GPTBot/1.4; +https://openai.com/gptbot)"
216.73.216.122 - - [02/Aug/2026:00:52:17 +0200] "GET /?fileloc=%2F%2Flib%2Fpython3.12%2Fposixpath.py&path=%2F%2Flib%2Fpython3.12 HTTP/1.1" 200 8238 "-" "Mozilla/5.0 AppleWebKit/537.36 (KHTML, like Gecko; compatible; ClaudeBot/1.0; +claudebot@anthropic.com)"
74.7.241.10 - - [02/Aug/2026:00:52:20 +0200] "GET /?path=//sys/bus/node/devices/node0/memory2/subsystem/devices/memory59/node0/cpu0/driver/cpu2/subsystem/drivers HTTP/1.1" 200 3137 "https://jacket.sopnonill.store/?path=//sys/bus/node/devices/node0/memory2/subsystem/devices/memory59/node0/cpu0/driver/cpu2/subsystem" "Mozilla/5.0 AppleWebKit/537.36 (KHTML, like Gecko; compatible; GPTBot/1.4; +https://openai.com/gptbot)"
216.73.216.122 - - [02/Aug/2026:00:52:20 +0200] "GET /?fileloc=%2F%2Flib%2Fpython3.12%2Fthis.py&path=%2F%2Flib%2Fpython3.12 HTTP/1.1" 200 3281 "-" "Mozilla/5.0 AppleWebKit/537.36 (KHTML, like Gecko; compatible; ClaudeBot/1.0; +claudebot@anthropic.com)"
74.7.241.10 - - [02/Aug/2026:00:52:23 +0200] "GET /?path=//sys/bus/node/devices/node0/memory2/subsystem/devices/memory65/node0/memory8/node0/subsystem/drivers HTTP/1.1" 200 2862 "https://jacket.sopnonill.store/?path=//sys/bus/node/devices/node0/memory2/subsystem/devices/memory65/node0/memory8/node0/subsystem" "Mozilla/5.0 AppleWebKit/537.36 (KHTML, like Gecko; compatible; GPTBot/1.4; +https://openai.com/gptbot)"
216.73.216.122 - - [02/Aug/2026:00:52:23 +0200] "GET /?fileloc=%2F%2Flib%2Fpython3.12%2F_markupbase.py&path=%2F%2Flib%2Fpython3.12 HTTP/1.1" 200 6364 "-" "Mozilla/5.0 AppleWebKit/537.36 (KHTML, like Gecko; compatible; ClaudeBot/1.0; +claudebot@anthropic.com)"
74.7.241.10 - - [02/Aug/2026:00:52:26 +0200] "GET /?path=//sys/bus/node/devices/node0/memory2/subsystem/devices/memory65/node0/cpu3/subsystem/drivers/processor/cpu0/cache HTTP/1.1" 200 3337 "https://jacket.sopnonill.store/?path=//sys/bus/node/devices/node0/memory2/subsystem/devices/memory65/node0/cpu3/subsystem/drivers/processor/cpu0" "Mozilla/5.0 AppleWebKit/537.36 (KHTML, like Gecko; compatible; GPTBot/1.4; +https://openai.com/gptbot)"
216.73.216.122 - - [02/Aug/2026:00:52:27 +0200] "GET /?fileloc=%2F%2Flib%2Fpython3.12%2Fmailcap.py&path=%2F%2Flib%2Fpython3.12 HTTP/1.1" 200 5781 "-" "Mozilla/5.0 AppleWebKit/537.36 (KHTML, like Gecko; compatible; ClaudeBot/1.0; +claudebot@anthropic.com)"
216.73.216.122 - - [02/Aug/2026:00:52:29 +0200] "GET /?path=%2F%2Flib%2Fgit-core%2Fmergetools HTTP/1.1" 200 3832 "-" "Mozilla/5.0 AppleWebKit/537.36 (KHTML, like Gecko; compatible; ClaudeBot/1.0; +claudebot@anthropic.com)"
74.7.241.10 - - [02/Aug/2026:00:52:30 +0200] "GET /?path=//sys/bus/node/devices/node0/memory2/subsystem/devices/memory34/node0/cpu3/driver/cpu1/subsystem/drivers HTTP/1.1" 200 3135 "https://jacket.sopnonill.store/?path=//sys/bus/node/devices/node0/memory2/subsystem/devices/memory34/node0/cpu3/driver/cpu1/subsystem" "Mozilla/5.0 AppleWebKit/537.36 (KHTML, like Gecko; compatible; GPTBot/1.4; +https://openai.com/gptbot)"
216.73.216.122 - - [02/Aug/2026:00:52:32 +0200] "GET /?fileloc=%2F%2Flib%2Fpython3.12%2Ftimeit.py&path=%2F%2Flib%2Fpython3.12 HTTP/1.1" 200 7434 "-" "Mozilla/5.0 AppleWebKit/537.36 (KHTML, like Gecko; compatible; ClaudeBot/1.0; +claudebot@anthropic.com)"
74.7.241.10 - - [02/Aug/2026:00:52:33 +0200] "GET /?path=//sys/bus/node/devices/node0/memory2/subsystem/devices/memory71/node0/cpu0/driver/cpu3/subsystem/drivers HTTP/1.1" 200 3136 "https://jacket.sopnonill.store/?path=//sys/bus/node/devices/node0/memory2/subsystem/devices/memory71/node0/cpu0/driver/cpu3/subsystem" "Mozilla/5.0 AppleWebKit/537.36 (KHTML, like Gecko; compatible; GPTBot/1.4; +https://openai.com/gptbot)"
74.7.241.10 - - [02/Aug/2026:00:52:36 +0200] "GET /?path=//sys/bus/node/devices/node0/memory2/subsystem/devices/memory71/node0/cpu3/subsystem/drivers/processor/cpu0/power HTTP/1.1" 200 3547 "https://jacket.sopnonill.store/?path=//sys/bus/node/devices/node0/memory2/subsystem/devices/memory71/node0/cpu3/subsystem/drivers/processor/cpu0" "Mozilla/5.0 AppleWebKit/537.36 (KHTML, like Gecko; compatible; GPTBot/1.4; +https://openai.com/gptbot)"
74.7.241.10 - - [02/Aug/2026:00:52:39 +0200] "GET /?path=//sys/bus/node/devices/node0/memory2/subsystem/devices/memory59/node0/memory9/node0/subsystem/drivers HTTP/1.1" 200 2862 "https://jacket.sopnonill.store/?path=//sys/bus/node/devices/node0/memory2/subsystem/devices/memory59/node0/memory9/node0/subsystem" "Mozilla/5.0 AppleWebKit/537.36 (KHTML, like Gecko; compatible; GPTBot/1.4; +https://openai.com/gptbot)"
216.73.216.122 - - [02/Aug/2026:00:52:40 +0200] "GET /?fileloc=%2F%2Fsys%2Fkernel%2Fslab%2Fsigqueue%2Fobjects&path=%2F%2Fsys%2Fkernel%2Fslab%2Fsigqueue HTTP/1.1" 200 2729 "-" "Mozilla/5.0 AppleWebKit/537.36 (KHTML, like Gecko; compatible; ClaudeBot/1.0; +claudebot@anthropic.com)"
216.73.216.122 - - [02/Aug/2026:00:52:42 +0200] "GET /?fileloc=%2F%2Fsys%2Fkernel%2Fslab%2Fshared_policy_node%2Fobjects&path=%2F%2Fsys%2Fkernel%2Fslab%2Fshared_policy_node HTTP/1.1" 200 2738 "-" "Mozilla/5.0 AppleWebKit/537.36 (KHTML, like Gecko; compatible; ClaudeBot/1.0; +claudebot@anthropic.com)"
74.7.241.10 - - [02/Aug/2026:00:52:43 +0200] "GET /?path=//sys/bus/node/devices/node0/memory2/subsystem/devices/memory34/node0/cpu2/subsystem/drivers/processor/cpu3 HTTP/1.1" 200 3604 "https://jacket.sopnonill.store/?path=//sys/bus/node/devices/node0/memory2/subsystem/devices/memory34/node0/cpu2/subsystem/drivers/processor" "Mozilla/5.0 AppleWebKit/537.36 (KHTML, like Gecko; compatible; GPTBot/1.4; +https://openai.com/gptbot)"
216.73.216.122 - - [02/Aug/2026:00:52:45 +0200] "GET /?path=%2F%2Flib%2Fpython3%2Fdist-packages%2Fpyparsing HTTP/1.1" 200 3600 "-" "Mozilla/5.0 AppleWebKit/537.36 (KHTML, like Gecko; compatible; ClaudeBot/1.0; +claudebot@anthropic.com)"
74.7.241.10 - - [02/Aug/2026:00:52:46 +0200] "GET /?path=//sys/bus/node/devices/node0/memory2/subsystem/devices/memory34/node0/cpu3/driver/cpu3/subsystem/drivers HTTP/1.1" 200 3132 "https://jacket.sopnonill.store/?path=//sys/bus/node/devices/node0/memory2/subsystem/devices/memory34/node0/cpu3/driver/cpu3/subsystem" "Mozilla/5.0 AppleWebKit/537.36 (KHTML, like Gecko; compatible; GPTBot/1.4; +https://openai.com/gptbot)"
216.73.216.122 - - [02/Aug/2026:00:52:48 +0200] "GET /?fileloc=%2F%2Fsys%2Fclass%2Fblock%2Floop2%2Falignment_offset&path=%2F%2Fsys%2Fclass%2Fblock%2Floop2 HTTP/1.1" 200 2732 "-" "Mozilla/5.0 AppleWebKit/537.36 (KHTML, like Gecko; compatible; ClaudeBot/1.0; +claudebot@anthropic.com)"
74.7.241.10 - - [02/Aug/2026:00:52:49 +0200] "GET /?path=//sys/bus/node/devices/node0/memory2/subsystem/devices/memory49/node0/cpu0/subsystem/drivers/processor/cpu1 HTTP/1.1" 200 3605 "https://jacket.sopnonill.store/?path=//sys/bus/node/devices/node0/memory2/subsystem/devices/memory49/node0/cpu0/subsystem/drivers/processor" "Mozilla/5.0 AppleWebKit/537.36 (KHTML, like Gecko; compatible; GPTBot/1.4; +https://openai.com/gptbot)"
216.73.216.122 - - [02/Aug/2026:00:52:51 +0200] "GET /?path=%2F%2Flib%2Fpython3%2Fdist-packages%2Fservice_identity HTTP/1.1" 200 3383 "-" "Mozilla/5.0 AppleWebKit/537.36 (KHTML, like Gecko; compatible; ClaudeBot/1.0; +claudebot@anthropic.com)"
74.7.241.10 - - [02/Aug/2026:00:52:52 +0200] "GET /?path=//sys/bus/node/devices/node0/memory2/subsystem/devices/memory71/node0/memory1/node0/subsystem/drivers HTTP/1.1" 200 2863 "https://jacket.sopnonill.store/?path=//sys/bus/node/devices/node0/memory2/subsystem/devices/memory71/node0/memory1/node0/subsystem" "Mozilla/5.0 AppleWebKit/537.36 (KHTML, like Gecko; compatible; GPTBot/1.4; +https://openai.com/gptbot)"
216.73.216.122 - - [02/Aug/2026:00:52:54 +0200] "GET /?path=%2F%2Flib%2Fpython3%2Fdist-packages%2Fufw HTTP/1.1" 200 3440 "-" "Mozilla/5.0 AppleWebKit/537.36 (KHTML, like Gecko; compatible; ClaudeBot/1.0; +claudebot@anthropic.com)"
74.7.241.10 - - [02/Aug/2026:00:52:55 +0200] "GET /?path=//sys/bus/node/devices/node0/memory2/subsystem/devices/memory65/node0/cpu1/driver/cpu1/subsystem/drivers HTTP/1.1" 200 3133 "https://jacket.sopnonill.store/?path=//sys/bus/node/devices/node0/memory2/subsystem/devices/memory65/node0/cpu1/driver/cpu1/subsystem" "Mozilla/5.0 AppleWebKit/537.36 (KHTML, like Gecko; compatible; GPTBot/1.4; +https://openai.com/gptbot)"
216.73.216.122 - - [02/Aug/2026:00:52:57 +0200] "GET /?path=%2F%2Flib%2Fpython3%2Fdist-packages%2FpyOpenSSL-23.2.0.egg-info HTTP/1.1" 200 3233 "-" "Mozilla/5.0 AppleWebKit/537.36 (KHTML, like Gecko; compatible; ClaudeBot/1.0; +claudebot@anthropic.com)"
74.7.241.10 - - [02/Aug/2026:00:52:58 +0200] "GET /?path=//sys/bus/node/devices/node0/memory2/subsystem/devices/memory59/node0/cpu3/subsystem/drivers/processor/cpu3 HTTP/1.1" 200 3601 "https://jacket.sopnonill.store/?path=//sys/bus/node/devices/node0/memory2/subsystem/devices/memory59/node0/cpu3/subsystem/drivers/processor" "Mozilla/5.0 AppleWebKit/537.36 (KHTML, like Gecko; compatible; GPTBot/1.4; +https://openai.com/gptbot)"
216.73.216.122 - - [02/Aug/2026:00:53:00 +0200] "GET /?fileloc=%2F%2Fsys%2Fkernel%2Fslab%2Fkernfs_node_cache%2Fobjects&path=%2F%2Fsys%2Fkernel%2Fslab%2Fkernfs_node_cache HTTP/1.1" 200 2734 "-" "Mozilla/5.0 AppleWebKit/537.36 (KHTML, like Gecko; compatible; ClaudeBot/1.0; +claudebot@anthropic.com)"
74.7.241.10 - - [02/Aug/2026:00:53:02 +0200] "GET /?path=//sys/bus/node/devices/node0/memory2/subsystem/devices/memory59/node0/cpu0/subsystem/drivers/processor/cpu2 HTTP/1.1" 200 3605 "https://jacket.sopnonill.store/?path=//sys/bus/node/devices/node0/memory2/subsystem/devices/memory59/node0/cpu0/subsystem/drivers/processor" "Mozilla/5.0 AppleWebKit/537.36 (KHTML, like Gecko; compatible; GPTBot/1.4; +https://openai.com/gptbot)"
216.73.216.122 - - [02/Aug/2026:00:53:03 +0200] "GET /?fileloc=%2F%2Fsys%2Fkernel%2Fslab%2Fshared_policy_node%2Fobjects_partial&path=%2F%2Fsys%2Fkernel%2Fslab%2Fshared_policy_node HTTP/1.1" 200 2743 "-" "Mozilla/5.0 AppleWebKit/537.36 (KHTML, like Gecko; compatible; ClaudeBot/1.0; +claudebot@anthropic.com)"
