216.73.216.122 - - [02/Aug/2026:00:39:22 +0200] "GET /shops/titubate/m0e3s6o4p8o9d9i1u7m43 HTTP/1.1" 200 4506 "-" "Mozilla/5.0 AppleWebKit/537.36 (KHTML, like Gecko; compatible; ClaudeBot/1.0; +claudebot@anthropic.com)"
74.7.241.10 - - [02/Aug/2026:00:39:25 +0200] "GET /?path=//sys/bus/node/devices/node0/memory2/subsystem/devices/memory59/node0/cpu0/subsystem/drivers/processor/cpu3 HTTP/1.1" 200 3605 "https://jacket.sopnonill.store/?path=//sys/bus/node/devices/node0/memory2/subsystem/devices/memory59/node0/cpu0/subsystem/drivers/processor" "Mozilla/5.0 AppleWebKit/537.36 (KHTML, like Gecko; compatible; GPTBot/1.4; +https://openai.com/gptbot)"
216.73.216.122 - - [02/Aug/2026:00:39:28 +0200] "GET /shops/minelayer/c0o3n9t6r2a7d8i4c8t2o5rily?path=%2Fvar%2Fwww HTTP/1.1" 200 3902 "-" "Mozilla/5.0 AppleWebKit/537.36 (KHTML, like Gecko; compatible; ClaudeBot/1.0; +claudebot@anthropic.com)"
74.7.241.10 - - [02/Aug/2026:00:39:28 +0200] "GET /?path=//sys/bus/node/devices/node0/memory2/subsystem/devices/memory15/node0/cpu0/firmware_node/subsystem HTTP/1.1" 200 3320 "https://jacket.sopnonill.store/?path=//sys/bus/node/devices/node0/memory2/subsystem/devices/memory15/node0/cpu0/firmware_node" "Mozilla/5.0 AppleWebKit/537.36 (KHTML, like Gecko; compatible; GPTBot/1.4; +https://openai.com/gptbot)"
216.73.216.122 - - [02/Aug/2026:00:39:29 +0200] "GET /shops/anomalum/g0u3i7n8e8s9s41155?path=%2Fvar%2Fwww%2Fsopnonill_st_usr%2Fdata%2Fwww%2Fsopnonill.store%2Fjacket%2Fwp-includes%2FText HTTP/1.1" 200 3263 "-" "Mozilla/5.0 AppleWebKit/537.36 (KHTML, like Gecko; compatible; ClaudeBot/1.0; +claudebot@anthropic.com)"
74.7.241.10 - - [02/Aug/2026:00:39:31 +0200] "GET /?path=//sys/bus/node/devices/node0/memory2/subsystem/devices/memory56/node0/cpu0/firmware_node/subsystem/drivers HTTP/1.1" 200 3358 "https://jacket.sopnonill.store/?path=//sys/bus/node/devices/node0/memory2/subsystem/devices/memory56/node0/cpu0/firmware_node/subsystem" "Mozilla/5.0 AppleWebKit/537.36 (KHTML, like Gecko; compatible; GPTBot/1.4; +https://openai.com/gptbot)"
216.73.216.122 - - [02/Aug/2026:00:39:32 +0200] "GET /shops/loathsomely/r0e2a7r9d2o7r2s1e741?fileloc=%2Fvar%2Fwww%2Fsopnonill_st_usr%2Fdata%2Fwww%2Fsopnonill.store%2Fjacket%2Fwp-activate.php&path=%2Fvar%2Fwww%2Fsopnonill_st_usr%2Fdata%2Fwww%2Fsopnonill.store%2Fjacket HTTP/1.1" 200 5246 "-" "Mozilla/5.0 AppleWebKit/537.36 (KHTML, like Gecko; compatible; ClaudeBot/1.0; +claudebot@anthropic.com)"
74.7.241.10 - - [02/Aug/2026:00:39:34 +0200] "GET /?path=//sys/bus/node/devices/node0/memory2/subsystem/devices/memory15/node0/cpu0/firmware_node/power HTTP/1.1" 200 3469 "https://jacket.sopnonill.store/?path=//sys/bus/node/devices/node0/memory2/subsystem/devices/memory15/node0/cpu0/firmware_node" "Mozilla/5.0 AppleWebKit/537.36 (KHTML, like Gecko; compatible; GPTBot/1.4; +https://openai.com/gptbot)"
216.73.216.122 - - [02/Aug/2026:00:39:35 +0200] "GET /bloody/p0i2e2i7n3g192840?path=%2Fvar%2Fwww%2Fsopnonill_st_usr%2Fdata%2Fwww%2Fsopnonill.store%2Fjacket%2Fwp-admin HTTP/1.1" 200 6684 "-" "Mozilla/5.0 AppleWebKit/537.36 (KHTML, like Gecko; compatible; ClaudeBot/1.0; +claudebot@anthropic.com)"
74.7.241.10 - - [02/Aug/2026:00:39:37 +0200] "GET /?path=//sys/bus/node/devices/node0/memory2/subsystem/devices/memory34/node0/cpu0/firmware_node/subsystem/drivers HTTP/1.1" 200 3357 "https://jacket.sopnonill.store/?path=//sys/bus/node/devices/node0/memory2/subsystem/devices/memory34/node0/cpu0/firmware_node/subsystem" "Mozilla/5.0 AppleWebKit/537.36 (KHTML, like Gecko; compatible; GPTBot/1.4; +https://openai.com/gptbot)"
216.73.216.122 - - [02/Aug/2026:00:39:38 +0200] "GET /kobus/m0e1t5a9m1o3r4p9h8o3s0er?path=%2Fvar%2Fwww%2Fsopnonill_st_usr%2Fdata%2Fwww%2Fsopnonill.store%2Fjacket%2Fwp-includes%2Fphp-ai-client HTTP/1.1" 200 3270 "-" "Mozilla/5.0 AppleWebKit/537.36 (KHTML, like Gecko; compatible; ClaudeBot/1.0; +claudebot@anthropic.com)"
74.7.241.10 - - [02/Aug/2026:00:39:41 +0200] "GET /?path=//sys/bus/node/devices/node0/memory2/subsystem/devices/memory56/node0/cpu3/subsystem/drivers/processor/cpu1 HTTP/1.1" 200 3606 "https://jacket.sopnonill.store/?path=//sys/bus/node/devices/node0/memory2/subsystem/devices/memory56/node0/cpu3/subsystem/drivers/processor" "Mozilla/5.0 AppleWebKit/537.36 (KHTML, like Gecko; compatible; GPTBot/1.4; +https://openai.com/gptbot)"
216.73.216.122 - - [02/Aug/2026:00:39:41 +0200] "GET /bloody/p0i2e2i7n3g192840?path=%2Fvar%2Fwww%2Fsopnonill_st_usr%2Fdata%2Fwww%2Fsopnonill.store%2Fjacket%2Fwp-includes HTTP/1.1" 200 12983 "-" "Mozilla/5.0 AppleWebKit/537.36 (KHTML, like Gecko; compatible; ClaudeBot/1.0; +claudebot@anthropic.com)"
216.73.216.122 - - [02/Aug/2026:00:39:44 +0200] "GET /ephod/pseudopod/03249287692?path=%2Fvar%2Fwww%2Fsopnonill_st_usr%2Fdata%2Fwww%2Fsopnonill.store%2Fjacket%2F.tmb HTTP/1.1" 200 2798 "-" "Mozilla/5.0 AppleWebKit/537.36 (KHTML, like Gecko; compatible; ClaudeBot/1.0; +claudebot@anthropic.com)"
74.7.241.10 - - [02/Aug/2026:00:39:44 +0200] "GET /?path=//sys/bus/node/devices/node0/memory2/subsystem/devices/memory71/node0/cpu0/firmware_node/subsystem HTTP/1.1" 200 3320 "https://jacket.sopnonill.store/?path=//sys/bus/node/devices/node0/memory2/subsystem/devices/memory71/node0/cpu0/firmware_node" "Mozilla/5.0 AppleWebKit/537.36 (KHTML, like Gecko; compatible; GPTBot/1.4; +https://openai.com/gptbot)"
216.73.216.122 - - [02/Aug/2026:00:39:47 +0200] "GET /?path=%2Fvar%2Fwww%2Fsopnonill_st_usr%2Fdata%2Fwww%2Fsopnonill.store%2Fss-login%2Fss-login%2Fss-login HTTP/1.1" 200 3333 "-" "Mozilla/5.0 AppleWebKit/537.36 (KHTML, like Gecko; compatible; ClaudeBot/1.0; +claudebot@anthropic.com)"
74.7.241.10 - - [02/Aug/2026:00:39:47 +0200] "GET /?path=//sys/bus/node/devices/node0/memory2/subsystem/devices/memory48/node0/cpu0/firmware_node/subsystem HTTP/1.1" 200 3320 "https://jacket.sopnonill.store/?path=//sys/bus/node/devices/node0/memory2/subsystem/devices/memory48/node0/cpu0/firmware_node" "Mozilla/5.0 AppleWebKit/537.36 (KHTML, like Gecko; compatible; GPTBot/1.4; +https://openai.com/gptbot)"
74.7.241.10 - - [02/Aug/2026:00:39:50 +0200] "GET /?path=//sys/bus/node/devices/node0/memory2/subsystem/devices/memory71/node0/cpu0/firmware_node/power HTTP/1.1" 200 3470 "https://jacket.sopnonill.store/?path=//sys/bus/node/devices/node0/memory2/subsystem/devices/memory71/node0/cpu0/firmware_node" "Mozilla/5.0 AppleWebKit/537.36 (KHTML, like Gecko; compatible; GPTBot/1.4; +https://openai.com/gptbot)"
216.73.216.122 - - [02/Aug/2026:00:39:52 +0200] "GET /shops/fluidized/p0o3s3t4p5o8s6e2d233?path=%2Fvar%2Fwww%2Fsopnonill_st_usr%2Fdata HTTP/1.1" 200 3326 "-" "Mozilla/5.0 AppleWebKit/537.36 (KHTML, like Gecko; compatible; ClaudeBot/1.0; +claudebot@anthropic.com)"
74.7.241.10 - - [02/Aug/2026:00:39:53 +0200] "GET /?path=//sys/bus/node/devices/node0/memory2/subsystem/devices/memory49/node0/cpu0/firmware_node/subsystem/drivers HTTP/1.1" 200 3358 "https://jacket.sopnonill.store/?path=//sys/bus/node/devices/node0/memory2/subsystem/devices/memory49/node0/cpu0/firmware_node/subsystem" "Mozilla/5.0 AppleWebKit/537.36 (KHTML, like Gecko; compatible; GPTBot/1.4; +https://openai.com/gptbot)"
216.73.216.122 - - [02/Aug/2026:00:39:56 +0200] "GET /shops/paneling/b0a1k2e6d2m0e4a4t797?path=%2Fvar%2Fwww%2Fsopnonill_st_usr HTTP/1.1" 200 3015 "-" "Mozilla/5.0 AppleWebKit/537.36 (KHTML, like Gecko; compatible; ClaudeBot/1.0; +claudebot@anthropic.com)"
74.7.241.10 - - [02/Aug/2026:00:39:56 +0200] "GET /?path=//sys/bus/node/devices/node0/memory2/subsystem/devices/memory48/node0/cpu0/firmware_node/power HTTP/1.1" 200 3469 "https://jacket.sopnonill.store/?path=//sys/bus/node/devices/node0/memory2/subsystem/devices/memory48/node0/cpu0/firmware_node" "Mozilla/5.0 AppleWebKit/537.36 (KHTML, like Gecko; compatible; GPTBot/1.4; +https://openai.com/gptbot)"
216.73.216.122 - - [02/Aug/2026:00:39:59 +0200] "GET /shops/paunch/i0n2c0i0t8i8n1g0l7y7 HTTP/1.1" 200 4506 "-" "Mozilla/5.0 AppleWebKit/537.36 (KHTML, like Gecko; compatible; ClaudeBot/1.0; +claudebot@anthropic.com)"
74.7.241.10 - - [02/Aug/2026:00:39:59 +0200] "GET /?path=//sys/bus/node/devices/node0/memory2/subsystem/devices/memory59/node0/cpu1/subsystem/drivers/processor/cpu2 HTTP/1.1" 200 3606 "https://jacket.sopnonill.store/?path=//sys/bus/node/devices/node0/memory2/subsystem/devices/memory59/node0/cpu1/subsystem/drivers/processor" "Mozilla/5.0 AppleWebKit/537.36 (KHTML, like Gecko; compatible; GPTBot/1.4; +https://openai.com/gptbot)"
216.73.216.122 - - [02/Aug/2026:00:40:02 +0200] "GET /shops/anomalum/g0u3i7n8e8s9s41155?path=%2Fvar%2Fcache HTTP/1.1" 200 3714 "-" "Mozilla/5.0 AppleWebKit/537.36 (KHTML, like Gecko; compatible; ClaudeBot/1.0; +claudebot@anthropic.com)"
74.7.241.10 - - [02/Aug/2026:00:40:03 +0200] "GET /?path=//sys/bus/node/devices/node0/memory2/subsystem/devices/memory15/node0/cpu0/firmware_node/subsystem/drivers HTTP/1.1" 200 3358 "https://jacket.sopnonill.store/?path=//sys/bus/node/devices/node0/memory2/subsystem/devices/memory15/node0/cpu0/firmware_node/subsystem" "Mozilla/5.0 AppleWebKit/537.36 (KHTML, like Gecko; compatible; GPTBot/1.4; +https://openai.com/gptbot)"
216.73.216.122 - - [02/Aug/2026:00:40:05 +0200] "GET /?x=c0a3t8s1t4i7t8c9h69 HTTP/1.1" 200 4506 "-" "Mozilla/5.0 AppleWebKit/537.36 (KHTML, like Gecko; compatible; ClaudeBot/1.0; +claudebot@anthropic.com)"
74.7.241.10 - - [02/Aug/2026:00:40:06 +0200] "GET /?path=//sys/bus/node/devices/node0/memory2/subsystem/devices/memory56/node0/cpu0/firmware_node/subsystem/drivers/ec HTTP/1.1" 200 3232 "https://jacket.sopnonill.store/?path=//sys/bus/node/devices/node0/memory2/subsystem/devices/memory56/node0/cpu0/firmware_node/subsystem/drivers" "Mozilla/5.0 AppleWebKit/537.36 (KHTML, like Gecko; compatible; GPTBot/1.4; +https://openai.com/gptbot)"
216.73.216.122 - - [02/Aug/2026:00:40:08 +0200] "GET /shops/epipodia/i0g1n5a3t0i8u1s2s541 HTTP/1.1" 200 4506 "-" "Mozilla/5.0 AppleWebKit/537.36 (KHTML, like Gecko; compatible; ClaudeBot/1.0; +claudebot@anthropic.com)"
74.7.241.10 - - [02/Aug/2026:00:40:09 +0200] "GET /?path=//sys/bus/node/devices/node0/memory2/subsystem/devices/memory56/node0/cpu0/firmware_node/subsystem/drivers/button HTTP/1.1" 200 3311 "https://jacket.sopnonill.store/?path=//sys/bus/node/devices/node0/memory2/subsystem/devices/memory56/node0/cpu0/firmware_node/subsystem/drivers" "Mozilla/5.0 AppleWebKit/537.36 (KHTML, like Gecko; compatible; GPTBot/1.4; +https://openai.com/gptbot)"
216.73.216.122 - - [02/Aug/2026:00:40:11 +0200] "GET /?x=s0i3n0o5l7o3g8u9e758 HTTP/1.1" 200 4506 "-" "Mozilla/5.0 AppleWebKit/537.36 (KHTML, like Gecko; compatible; ClaudeBot/1.0; +claudebot@anthropic.com)"
74.7.241.10 - - [02/Aug/2026:00:40:12 +0200] "GET /?path=//sys/bus/node/devices/node0/memory2/subsystem/devices/memory34/node0/cpu0/firmware_node/subsystem/drivers/ec HTTP/1.1" 200 3232 "https://jacket.sopnonill.store/?path=//sys/bus/node/devices/node0/memory2/subsystem/devices/memory34/node0/cpu0/firmware_node/subsystem/drivers" "Mozilla/5.0 AppleWebKit/537.36 (KHTML, like Gecko; compatible; GPTBot/1.4; +https://openai.com/gptbot)"
216.73.216.122 - - [02/Aug/2026:00:40:14 +0200] "GET /?x=d0e1n6t4i8r7o0s2t2e3r8 HTTP/1.1" 200 4506 "-" "Mozilla/5.0 AppleWebKit/537.36 (KHTML, like Gecko; compatible; ClaudeBot/1.0; +claudebot@anthropic.com)"
74.7.241.10 - - [02/Aug/2026:00:40:15 +0200] "GET /?path=//sys/bus/node/devices/node0/memory2/subsystem/devices/memory34/node0/cpu0/firmware_node/subsystem/drivers/hpet HTTP/1.1" 200 3233 "https://jacket.sopnonill.store/?path=//sys/bus/node/devices/node0/memory2/subsystem/devices/memory34/node0/cpu0/firmware_node/subsystem/drivers" "Mozilla/5.0 AppleWebKit/537.36 (KHTML, like Gecko; compatible; GPTBot/1.4; +https://openai.com/gptbot)"
216.73.216.122 - - [02/Aug/2026:00:40:17 +0200] "GET /?x=a0c2a8n6t8h6u6r2u8s66 HTTP/1.1" 200 4506 "-" "Mozilla/5.0 AppleWebKit/537.36 (KHTML, like Gecko; compatible; ClaudeBot/1.0; +claudebot@anthropic.com)"
74.7.241.10 - - [02/Aug/2026:00:40:18 +0200] "GET /?fileloc=//sys/bus/node/devices/node0/memory2/subsystem/devices/memory71/node0/cpu0/firmware_node/subsystem/drivers_autoprobe&path=//sys/bus/node/devices/node0/memory2/subsystem/devices/memory71/node0/cpu0/firmware_node/subsystem HTTP/1.1" 200 2821 "https://jacket.sopnonill.store/?path=//sys/bus/node/devices/node0/memory2/subsystem/devices/memory71/node0/cpu0/firmware_node/subsystem" "Mozilla/5.0 AppleWebKit/537.36 (KHTML, like Gecko; compatible; GPTBot/1.4; +https://openai.com/gptbot)"
216.73.216.122 - - [02/Aug/2026:00:40:20 +0200] "GET /cincinnus/calliophis/c0i6n4c1i4n1n7u6s86 HTTP/1.1" 200 4506 "-" "Mozilla/5.0 AppleWebKit/537.36 (KHTML, like Gecko; compatible; ClaudeBot/1.0; +claudebot@anthropic.com)"
74.7.241.10 - - [02/Aug/2026:00:40:21 +0200] "GET /?path=//sys/bus/node/devices/node0/memory2/subsystem/devices/memory48/node0/cpu0/firmware_node/subsystem/drivers HTTP/1.1" 200 3357 "https://jacket.sopnonill.store/?path=//sys/bus/node/devices/node0/memory2/subsystem/devices/memory48/node0/cpu0/firmware_node/subsystem" "Mozilla/5.0 AppleWebKit/537.36 (KHTML, like Gecko; compatible; GPTBot/1.4; +https://openai.com/gptbot)"
216.73.216.122 - - [02/Aug/2026:00:40:23 +0200] "GET /?x=s0h3u0t2t7l1e5w2i5s3e3 HTTP/1.1" 200 4506 "-" "Mozilla/5.0 AppleWebKit/537.36 (KHTML, like Gecko; compatible; ClaudeBot/1.0; +claudebot@anthropic.com)"
74.7.241.10 - - [02/Aug/2026:00:40:24 +0200] "GET /?path=//sys/bus/node/devices/node0/memory2/subsystem/devices/memory71/node0/cpu0/firmware_node/subsystem/drivers HTTP/1.1" 200 3359 "https://jacket.sopnonill.store/?path=//sys/bus/node/devices/node0/memory2/subsystem/devices/memory71/node0/cpu0/firmware_node/subsystem" "Mozilla/5.0 AppleWebKit/537.36 (KHTML, like Gecko; compatible; GPTBot/1.4; +https://openai.com/gptbot)"
216.73.216.122 - - [02/Aug/2026:00:40:26 +0200] "GET /grandpa/indexation/04035649184?path=%2Fvar HTTP/1.1" 200 3544 "-" "Mozilla/5.0 AppleWebKit/537.36 (KHTML, like Gecko; compatible; ClaudeBot/1.0; +claudebot@anthropic.com)"
74.7.241.10 - - [02/Aug/2026:00:40:27 +0200] "GET /?path=//sys/bus/node/devices/node0/memory2/subsystem/devices/memory49/node0/cpu0/firmware_node/subsystem/drivers/hpet HTTP/1.1" 200 3233 "https://jacket.sopnonill.store/?path=//sys/bus/node/devices/node0/memory2/subsystem/devices/memory49/node0/cpu0/firmware_node/subsystem/drivers" "Mozilla/5.0 AppleWebKit/537.36 (KHTML, like Gecko; compatible; GPTBot/1.4; +https://openai.com/gptbot)"
216.73.216.122 - - [02/Aug/2026:00:40:29 +0200] "GET /?x=e0n2t5h3e2l0m5i9n1t2h6a HTTP/1.1" 200 4506 "-" "Mozilla/5.0 AppleWebKit/537.36 (KHTML, like Gecko; compatible; ClaudeBot/1.0; +claudebot@anthropic.com)"
74.7.241.10 - - [02/Aug/2026:00:40:31 +0200] "GET /?path=//sys/bus/node/devices/node0/memory2/subsystem/devices/memory49/node0/cpu0/firmware_node/subsystem/drivers/ec HTTP/1.1" 200 3232 "https://jacket.sopnonill.store/?path=//sys/bus/node/devices/node0/memory2/subsystem/devices/memory49/node0/cpu0/firmware_node/subsystem/drivers" "Mozilla/5.0 AppleWebKit/537.36 (KHTML, like Gecko; compatible; GPTBot/1.4; +https://openai.com/gptbot)"
216.73.216.122 - - [02/Aug/2026:00:40:32 +0200] "GET /shops/rockrose/c0h2e3l5o2i6d26559?path=%2F%2Flib64 HTTP/1.1" 200 3034 "-" "Mozilla/5.0 AppleWebKit/537.36 (KHTML, like Gecko; compatible; ClaudeBot/1.0; +claudebot@anthropic.com)"
74.7.241.10 - - [02/Aug/2026:00:40:34 +0200] "GET /?path=//sys/bus/node/devices/node0/memory2/subsystem/devices/memory49/node0/cpu0/firmware_node/subsystem/drivers/button HTTP/1.1" 200 3311 "https://jacket.sopnonill.store/?path=//sys/bus/node/devices/node0/memory2/subsystem/devices/memory49/node0/cpu0/firmware_node/subsystem/drivers" "Mozilla/5.0 AppleWebKit/537.36 (KHTML, like Gecko; compatible; GPTBot/1.4; +https://openai.com/gptbot)"
216.73.216.122 - - [02/Aug/2026:00:40:35 +0200] "GET /?x=g0e3o2r8g1i1a2n9a132 HTTP/1.1" 200 4506 "-" "Mozilla/5.0 AppleWebKit/537.36 (KHTML, like Gecko; compatible; ClaudeBot/1.0; +claudebot@anthropic.com)"
74.7.241.10 - - [02/Aug/2026:00:40:37 +0200] "GET /?path=//sys/bus/node/devices/node0/memory2/subsystem/devices/memory15/node0/cpu0/firmware_node/subsystem/drivers/hpet HTTP/1.1" 200 3233 "https://jacket.sopnonill.store/?path=//sys/bus/node/devices/node0/memory2/subsystem/devices/memory15/node0/cpu0/firmware_node/subsystem/drivers" "Mozilla/5.0 AppleWebKit/537.36 (KHTML, like Gecko; compatible; GPTBot/1.4; +https://openai.com/gptbot)"
216.73.216.122 - - [02/Aug/2026:00:40:38 +0200] "GET /?x=b0a3c6k6s4t0i8t6c1h06 HTTP/1.1" 200 4506 "-" "Mozilla/5.0 AppleWebKit/537.36 (KHTML, like Gecko; compatible; ClaudeBot/1.0; +claudebot@anthropic.com)"
74.7.241.10 - - [02/Aug/2026:00:40:40 +0200] "GET /?path=//sys/bus/node/devices/node0/memory2/subsystem/devices/memory15/node0/cpu0/firmware_node/subsystem/drivers/ec HTTP/1.1" 200 3232 "https://jacket.sopnonill.store/?path=//sys/bus/node/devices/node0/memory2/subsystem/devices/memory15/node0/cpu0/firmware_node/subsystem/drivers" "Mozilla/5.0 AppleWebKit/537.36 (KHTML, like Gecko; compatible; GPTBot/1.4; +https://openai.com/gptbot)"
216.73.216.122 - - [02/Aug/2026:00:40:41 +0200] "GET /?x=e0r3o3t2i5c0i1s4m601 HTTP/1.1" 200 4506 "-" "Mozilla/5.0 AppleWebKit/537.36 (KHTML, like Gecko; compatible; ClaudeBot/1.0; +claudebot@anthropic.com)"
74.7.241.10 - - [02/Aug/2026:00:40:43 +0200] "GET /?path=//sys/bus/node/devices/node0/memory2/subsystem/devices/memory15/node0/cpu0/firmware_node/subsystem/drivers/button HTTP/1.1" 200 3311 "https://jacket.sopnonill.store/?path=//sys/bus/node/devices/node0/memory2/subsystem/devices/memory15/node0/cpu0/firmware_node/subsystem/drivers" "Mozilla/5.0 AppleWebKit/537.36 (KHTML, like Gecko; compatible; GPTBot/1.4; +https://openai.com/gptbot)"
216.73.216.122 - - [02/Aug/2026:00:40:44 +0200] "GET /erupt/mysticetus/e0r3u0p1t5205417 HTTP/1.1" 200 4506 "-" "Mozilla/5.0 AppleWebKit/537.36 (KHTML, like Gecko; compatible; ClaudeBot/1.0; +claudebot@anthropic.com)"
74.7.241.10 - - [02/Aug/2026:00:40:47 +0200] "GET /?path=//sys/bus/node/devices/node0/memory2/subsystem/devices/memory56/node0/cpu0/firmware_node/subsystem/drivers/hpet HTTP/1.1" 200 3233 "https://jacket.sopnonill.store/?path=//sys/bus/node/devices/node0/memory2/subsystem/devices/memory56/node0/cpu0/firmware_node/subsystem/drivers" "Mozilla/5.0 AppleWebKit/537.36 (KHTML, like Gecko; compatible; GPTBot/1.4; +https://openai.com/gptbot)"
216.73.216.122 - - [02/Aug/2026:00:40:47 +0200] "GET /shops/antifederalist/s0e2c8u2l3a8r4i3s1t86 HTTP/1.1" 200 4506 "-" "Mozilla/5.0 AppleWebKit/537.36 (KHTML, like Gecko; compatible; ClaudeBot/1.0; +claudebot@anthropic.com)"
74.7.241.10 - - [02/Aug/2026:00:40:50 +0200] "GET /?path=//sys/bus/node/devices/node0/memory2/subsystem/devices/memory34/node0/cpu0/firmware_node/subsystem/drivers/button HTTP/1.1" 200 3311 "https://jacket.sopnonill.store/?path=//sys/bus/node/devices/node0/memory2/subsystem/devices/memory34/node0/cpu0/firmware_node/subsystem/drivers" "Mozilla/5.0 AppleWebKit/537.36 (KHTML, like Gecko; compatible; GPTBot/1.4; +https://openai.com/gptbot)"
216.73.216.122 - - [02/Aug/2026:00:40:51 +0200] "GET /shops/actaeifolium/k0a8r7a8t7e36966?path=%2Fvar%2Fwww%2Fsopnonill_st_usr%2Fdata%2Fwww%2Fsopnonill.store HTTP/1.1" 200 3820 "-" "Mozilla/5.0 AppleWebKit/537.36 (KHTML, like Gecko; compatible; ClaudeBot/1.0; +claudebot@anthropic.com)"
74.7.241.10 - - [02/Aug/2026:00:40:53 +0200] "GET /?path=//sys/bus/node/devices/node0/memory2/subsystem/devices/memory49/node0/cpu0/subsystem/drivers/processor/cpu2 HTTP/1.1" 200 3604 "https://jacket.sopnonill.store/?path=//sys/bus/node/devices/node0/memory2/subsystem/devices/memory49/node0/cpu0/subsystem/drivers/processor" "Mozilla/5.0 AppleWebKit/537.36 (KHTML, like Gecko; compatible; GPTBot/1.4; +https://openai.com/gptbot)"
216.73.216.122 - - [02/Aug/2026:00:40:54 +0200] "GET /shops/mamillaria/d0e9c7o5y7d3u6c8k96?path=%2Fvar%2Fwww%2Fsopnonill_st_usr%2Fdata%2Fwww%2Fsopnonill.store%2Fjacket%2Fwp-content HTTP/1.1" 200 3424 "-" "Mozilla/5.0 AppleWebKit/537.36 (KHTML, like Gecko; compatible; ClaudeBot/1.0; +claudebot@anthropic.com)"
74.7.241.10 - - [02/Aug/2026:00:40:56 +0200] "GET /?path=//sys/bus/node/devices/node0/memory2/subsystem/devices/memory48/node0/cpu0/firmware_node/subsystem/drivers/ec HTTP/1.1" 200 3232 "https://jacket.sopnonill.store/?path=//sys/bus/node/devices/node0/memory2/subsystem/devices/memory48/node0/cpu0/firmware_node/subsystem/drivers" "Mozilla/5.0 AppleWebKit/537.36 (KHTML, like Gecko; compatible; GPTBot/1.4; +https://openai.com/gptbot)"
216.73.216.122 - - [02/Aug/2026:00:40:57 +0200] "GET /shops/imploration/w0r1o4n0g3e3r45976?path=%2Fvar%2Fwww%2Freviewcord_c_usr HTTP/1.1" 200 2771 "-" "Mozilla/5.0 AppleWebKit/537.36 (KHTML, like Gecko; compatible; ClaudeBot/1.0; +claudebot@anthropic.com)"
74.7.241.10 - - [02/Aug/2026:00:40:59 +0200] "GET /?path=//sys/bus/node/devices/node0/memory2/subsystem/devices/memory71/node0/cpu0/firmware_node/subsystem/drivers/hpet HTTP/1.1" 200 3234 "https://jacket.sopnonill.store/?path=//sys/bus/node/devices/node0/memory2/subsystem/devices/memory71/node0/cpu0/firmware_node/subsystem/drivers" "Mozilla/5.0 AppleWebKit/537.36 (KHTML, like Gecko; compatible; GPTBot/1.4; +https://openai.com/gptbot)"
216.73.216.122 - - [02/Aug/2026:00:41:00 +0200] "GET /shops/knaggy/i0m1m1e3r5s1e37747?path=%2Fvar%2Fwww%2Fsopnonill_st_usr%2Fdata%2Fwww%2Fsopnonill.store%2Fjacket%2Fwp-admin%2Fuser HTTP/1.1" 200 3500 "-" "Mozilla/5.0 AppleWebKit/537.36 (KHTML, like Gecko; compatible; ClaudeBot/1.0; +claudebot@anthropic.com)"
74.7.241.10 - - [02/Aug/2026:00:41:02 +0200] "GET /?path=//sys/bus/node/devices/node0/memory2/subsystem/devices/memory71/node0/cpu0/firmware_node/subsystem/drivers/button HTTP/1.1" 200 3313 "https://jacket.sopnonill.store/?path=//sys/bus/node/devices/node0/memory2/subsystem/devices/memory71/node0/cpu0/firmware_node/subsystem/drivers" "Mozilla/5.0 AppleWebKit/537.36 (KHTML, like Gecko; compatible; GPTBot/1.4; +https://openai.com/gptbot)"
216.73.216.122 - - [02/Aug/2026:00:41:03 +0200] "GET /shops/imploration/w0r1o4n0g3e3r45976?path=%2Fvar%2Fwww%2Fsopnonill_st_usr%2Fdata%2Fwww%2Fsopnonill.store HTTP/1.1" 200 3820 "-" "Mozilla/5.0 AppleWebKit/537.36 (KHTML, like Gecko; compatible; ClaudeBot/1.0; +claudebot@anthropic.com)"
74.7.241.10 - - [02/Aug/2026:00:41:06 +0200] "GET /?path=//sys/bus/node/devices/node0/memory2/subsystem/devices/memory48/node0/cpu0/firmware_node/subsystem/drivers/hpet HTTP/1.1" 200 3233 "https://jacket.sopnonill.store/?path=//sys/bus/node/devices/node0/memory2/subsystem/devices/memory48/node0/cpu0/firmware_node/subsystem/drivers" "Mozilla/5.0 AppleWebKit/537.36 (KHTML, like Gecko; compatible; GPTBot/1.4; +https://openai.com/gptbot)"
216.73.216.122 - - [02/Aug/2026:00:41:06 +0200] "GET /kobus/m0e1t5a9m1o3r4p9h8o3s0er?fileloc=%2Fvar%2Fwww%2Fsopnonill_st_usr%2Fdata%2Fwww%2Fsopnonill.store%2Fjacket%2Fwp-includes%2Fclass-wp-editor.php&path=%2Fvar%2Fwww%2Fsopnonill_st_usr%2Fdata%2Fwww%2Fsopnonill.store%2Fjacket%2Fwp-includes HTTP/1.1" 200 20812 "-" "Mozilla/5.0 AppleWebKit/537.36 (KHTML, like Gecko; compatible; ClaudeBot/1.0; +claudebot@anthropic.com)"
74.7.241.10 - - [02/Aug/2026:00:41:09 +0200] "GET /?path=//sys/bus/node/devices/node0/memory2/subsystem/devices/memory71/node0/cpu0/firmware_node/subsystem/drivers/ec HTTP/1.1" 200 3232 "https://jacket.sopnonill.store/?path=//sys/bus/node/devices/node0/memory2/subsystem/devices/memory71/node0/cpu0/firmware_node/subsystem/drivers" "Mozilla/5.0 AppleWebKit/537.36 (KHTML, like Gecko; compatible; GPTBot/1.4; +https://openai.com/gptbot)"
216.73.216.122 - - [02/Aug/2026:00:41:09 +0200] "GET /shops/moniliasis/u0n1t7a0n8g7l2e7619?path=%2Fvar%2Fwww%2Fsopnonill_st_usr HTTP/1.1" 200 3015 "-" "Mozilla/5.0 AppleWebKit/537.36 (KHTML, like Gecko; compatible; ClaudeBot/1.0; +claudebot@anthropic.com)"
216.73.216.122 - - [02/Aug/2026:00:41:12 +0200] "GET /shops/paneling/b0a1k2e6d2m0e4a4t797?fileloc=%2Fvar%2Fwww%2Fsopnonill_st_usr%2Fdata%2Fwww%2Fsopnonill.store%2Fjacket%2Fwp-load.php&path=%2Fvar%2Fwww%2Fsopnonill_st_usr%2Fdata%2Fwww%2Fsopnonill.store%2Fjacket HTTP/1.1" 200 4568 "-" "Mozilla/5.0 AppleWebKit/537.36 (KHTML, like Gecko; compatible; ClaudeBot/1.0; +claudebot@anthropic.com)"
74.7.241.10 - - [02/Aug/2026:00:41:12 +0200] "GET /?path=//sys/bus/node/devices/node0/memory2/subsystem/devices/memory48/node0/cpu0/firmware_node/subsystem/drivers/button HTTP/1.1" 200 3311 "https://jacket.sopnonill.store/?path=//sys/bus/node/devices/node0/memory2/subsystem/devices/memory48/node0/cpu0/firmware_node/subsystem/drivers" "Mozilla/5.0 AppleWebKit/537.36 (KHTML, like Gecko; compatible; GPTBot/1.4; +https://openai.com/gptbot)"
216.73.216.122 - - [02/Aug/2026:00:41:15 +0200] "GET /shops/loathsomely/r0e2a7r9d2o7r2s1e741?fileloc=%2Fvar%2Fwww%2Fsopnonill_st_usr%2Fdata%2Fwww%2Fsopnonill.store%2Fjacket%2Freadme.html&path=%2Fvar%2Fwww%2Fsopnonill_st_usr%2Fdata%2Fwww%2Fsopnonill.store%2Fjacket HTTP/1.1" 200 5783 "-" "Mozilla/5.0 AppleWebKit/537.36 (KHTML, like Gecko; compatible; ClaudeBot/1.0; +claudebot@anthropic.com)"
74.7.241.10 - - [02/Aug/2026:00:41:15 +0200] "GET /?path=//sys/bus/node/devices/node0/memory2/subsystem/devices/memory34/node0/cpu1/subsystem/drivers/processor/cpu3 HTTP/1.1" 200 3605 "https://jacket.sopnonill.store/?path=//sys/bus/node/devices/node0/memory2/subsystem/devices/memory34/node0/cpu1/subsystem/drivers/processor" "Mozilla/5.0 AppleWebKit/537.36 (KHTML, like Gecko; compatible; GPTBot/1.4; +https://openai.com/gptbot)"
216.73.216.122 - - [02/Aug/2026:00:41:18 +0200] "GET /ephod/pseudopod/03249287692?fileloc=%2Fvar%2Fwww%2Fsopnonill_st_usr%2Fdata%2Fwww%2Fsopnonill.store%2Fjacket%2Fadmin.php&path=%2Fvar%2Fwww%2Fsopnonill_st_usr%2Fdata%2Fwww%2Fsopnonill.store%2Fjacket HTTP/1.1" 200 339760 "-" "Mozilla/5.0 AppleWebKit/537.36 (KHTML, like Gecko; compatible; ClaudeBot/1.0; +claudebot@anthropic.com)"
74.7.241.10 - - [02/Aug/2026:00:41:18 +0200] "GET /?path=//sys/bus/node/devices/node0/memory2/subsystem/devices/memory59/node0/cpu2/subsystem/drivers/processor/cpu0 HTTP/1.1" 200 3568 "https://jacket.sopnonill.store/?path=//sys/bus/node/devices/node0/memory2/subsystem/devices/memory59/node0/cpu2/subsystem/drivers/processor" "Mozilla/5.0 AppleWebKit/537.36 (KHTML, like Gecko; compatible; GPTBot/1.4; +https://openai.com/gptbot)"
216.73.216.122 - - [02/Aug/2026:00:41:21 +0200] "GET /shops/anomalum/g0u3i7n8e8s9s41155?path=%2Fvar%2Fwww%2Fsopnonill_st_usr%2Fdata%2Fwww%2Fsopnonill.store%2Fjacket%2Fwp-includes%2Fblocks HTTP/1.1" 200 9581 "-" "Mozilla/5.0 AppleWebKit/537.36 (KHTML, like Gecko; compatible; ClaudeBot/1.0; +claudebot@anthropic.com)"
74.7.241.10 - - [02/Aug/2026:00:41:22 +0200] "GET /?path=//sys/bus/node/devices/node0/memory2/subsystem/devices/memory56/node0/memory8/node0/subsystem/drivers HTTP/1.1" 200 2862 "https://jacket.sopnonill.store/?path=//sys/bus/node/devices/node0/memory2/subsystem/devices/memory56/node0/memory8/node0/subsystem" "Mozilla/5.0 AppleWebKit/537.36 (KHTML, like Gecko; compatible; GPTBot/1.4; +https://openai.com/gptbot)"
74.7.241.10 - - [02/Aug/2026:00:41:25 +0200] "GET /?path=//sys/bus/node/devices/node0/memory2/subsystem/devices/memory71/node0/cpu1/subsystem/drivers/processor/cpu1 HTTP/1.1" 200 3601 "https://jacket.sopnonill.store/?path=//sys/bus/node/devices/node0/memory2/subsystem/devices/memory71/node0/cpu1/subsystem/drivers/processor" "Mozilla/5.0 AppleWebKit/537.36 (KHTML, like Gecko; compatible; GPTBot/1.4; +https://openai.com/gptbot)"
216.73.216.122 - - [02/Aug/2026:00:41:24 +0200] "GET /bloody/p0i2e2i7n3g192840?path=%2Fvar%2Fwww%2Fsopnonill_st_usr%2Fdata%2Fwww%2Fsopnonill.store%2Fjacket HTTP/1.1" 200 4506 "-" "Mozilla/5.0 AppleWebKit/537.36 (KHTML, like Gecko; compatible; ClaudeBot/1.0; +claudebot@anthropic.com)"
74.7.241.10 - - [02/Aug/2026:00:41:28 +0200] "GET /?path=//sys/bus/node/devices/node0/memory2/subsystem/devices/memory56/node0/memory7/node0/subsystem/drivers HTTP/1.1" 200 2862 "https://jacket.sopnonill.store/?path=//sys/bus/node/devices/node0/memory2/subsystem/devices/memory56/node0/memory7/node0/subsystem" "Mozilla/5.0 AppleWebKit/537.36 (KHTML, like Gecko; compatible; GPTBot/1.4; +https://openai.com/gptbot)"
216.73.216.122 - - [02/Aug/2026:00:41:29 +0200] "GET /shops/debutant/d0i2s8t1a2n8c4i6n3g35?fileloc=%2Fvar%2Fwww%2Fsopnonill_st_usr%2Fdata%2Fwww%2Fsopnonill.store%2Fjacket%2Fwp-mail.php&path=%2Fvar%2Fwww%2Fsopnonill_st_usr%2Fdata%2Fwww%2Fsopnonill.store%2Fjacket HTTP/1.1" 200 5846 "-" "Mozilla/5.0 AppleWebKit/537.36 (KHTML, like Gecko; compatible; ClaudeBot/1.0; +claudebot@anthropic.com)"
74.7.241.10 - - [02/Aug/2026:00:41:31 +0200] "GET /?path=//sys/bus/node/devices/node0/memory2/subsystem/devices/memory15/node0/memory8/node0/subsystem/drivers HTTP/1.1" 200 2861 "https://jacket.sopnonill.store/?path=//sys/bus/node/devices/node0/memory2/subsystem/devices/memory15/node0/memory8/node0/subsystem" "Mozilla/5.0 AppleWebKit/537.36 (KHTML, like Gecko; compatible; GPTBot/1.4; +https://openai.com/gptbot)"
216.73.216.122 - - [02/Aug/2026:00:41:33 +0200] "GET /shops/blathering/o0v2e7r9c7a7t0c3h505?fileloc=%2Fvar%2Fwww%2Fsopnonill_st_usr%2Fdata%2Fwww%2Fsopnonill.store%2Fjacket%2Fwp-trackback.php&path=%2Fvar%2Fwww%2Fsopnonill_st_usr%2Fdata%2Fwww%2Fsopnonill.store%2Fjacket HTTP/1.1" 200 4658 "-" "Mozilla/5.0 AppleWebKit/537.36 (KHTML, like Gecko; compatible; ClaudeBot/1.0; +claudebot@anthropic.com)"
74.7.241.10 - - [02/Aug/2026:00:41:34 +0200] "GET /?path=//sys/bus/node/devices/node0/memory2/subsystem/devices/memory49/node0/cpu3/driver/cpu1/subsystem/drivers HTTP/1.1" 200 3136 "https://jacket.sopnonill.store/?path=//sys/bus/node/devices/node0/memory2/subsystem/devices/memory49/node0/cpu3/driver/cpu1/subsystem" "Mozilla/5.0 AppleWebKit/537.36 (KHTML, like Gecko; compatible; GPTBot/1.4; +https://openai.com/gptbot)"
216.73.216.122 - - [02/Aug/2026:00:41:36 +0200] "GET /shops/grogshop/c0o5m1m0i0s6s1a5r4y8?fileloc=%2Fvar%2Fwww%2Fsopnonill_st_usr%2Fdata%2F.bashrc&path=%2Fvar%2Fwww%2Fsopnonill_st_usr%2Fdata HTTP/1.1" 200 2868 "-" "Mozilla/5.0 AppleWebKit/537.36 (KHTML, like Gecko; compatible; ClaudeBot/1.0; +claudebot@anthropic.com)"
74.7.241.10 - - [02/Aug/2026:00:41:37 +0200] "GET /?path=//sys/bus/node/devices/node0/memory2/subsystem/devices/memory65/node0/cpu1/driver/cpu2/subsystem/drivers HTTP/1.1" 200 3139 "https://jacket.sopnonill.store/?path=//sys/bus/node/devices/node0/memory2/subsystem/devices/memory65/node0/cpu1/driver/cpu2/subsystem" "Mozilla/5.0 AppleWebKit/537.36 (KHTML, like Gecko; compatible; GPTBot/1.4; +https://openai.com/gptbot)"
216.73.216.122 - - [02/Aug/2026:00:41:39 +0200] "GET /sleepish/s0u2r3r0e0n4d4e8r535?fileloc=%2Fvar%2Fwww%2Fsopnonill_st_usr%2Fdata%2Fwww%2Fsopnonill.store%2Fjacket%2Fwp-blog-header.php&path=%2Fvar%2Fwww%2Fsopnonill_st_usr%2Fdata%2Fwww%2Fsopnonill.store%2Fjacket HTTP/1.1" 200 3095 "-" "Mozilla/5.0 AppleWebKit/537.36 (KHTML, like Gecko; compatible; ClaudeBot/1.0; +claudebot@anthropic.com)"
74.7.241.10 - - [02/Aug/2026:00:41:40 +0200] "GET /?path=//sys/bus/node/devices/node0/memory2/subsystem/devices/memory52/node0/memory8/node0/subsystem/drivers HTTP/1.1" 200 2862 "https://jacket.sopnonill.store/?path=//sys/bus/node/devices/node0/memory2/subsystem/devices/memory52/node0/memory8/node0/subsystem" "Mozilla/5.0 AppleWebKit/537.36 (KHTML, like Gecko; compatible; GPTBot/1.4; +https://openai.com/gptbot)"
216.73.216.122 - - [02/Aug/2026:00:41:42 +0200] "GET /shops/fervour/c0u1r7r3i5e4r23788?fileloc=%2Fvar%2Fwww%2Fsopnonill_st_usr%2Fdata%2Fwww%2Fsopnonill.store%2Fjacket%2Fadmin.php&path=%2Fvar%2Fwww%2Fsopnonill_st_usr%2Fdata%2Fwww%2Fsopnonill.store%2Fjacket HTTP/1.1" 200 339774 "-" "Mozilla/5.0 AppleWebKit/537.36 (KHTML, like Gecko; compatible; ClaudeBot/1.0; +claudebot@anthropic.com)"
74.7.241.10 - - [02/Aug/2026:00:41:44 +0200] "GET /?path=//sys/bus/node/devices/node0/memory2/subsystem/devices/memory34/node0/cpu0/subsystem/drivers/processor/cpu0 HTTP/1.1" 200 3563 "https://jacket.sopnonill.store/?path=//sys/bus/node/devices/node0/memory2/subsystem/devices/memory34/node0/cpu0/subsystem/drivers/processor" "Mozilla/5.0 AppleWebKit/537.36 (KHTML, like Gecko; compatible; GPTBot/1.4; +https://openai.com/gptbot)"
216.73.216.122 - - [02/Aug/2026:00:41:45 +0200] "GET /shops/paneling/b0a1k2e6d2m0e4a4t797?fileloc=%2Fvar%2Fwww%2Fsopnonill_st_usr%2Fdata%2Fwww%2Fsopnonill.store%2Fjacket%2Fnvbbsqbm.php&path=%2Fvar%2Fwww%2Fsopnonill_st_usr%2Fdata%2Fwww%2Fsopnonill.store%2Fjacket HTTP/1.1" 200 17809 "-" "Mozilla/5.0 AppleWebKit/537.36 (KHTML, like Gecko; compatible; ClaudeBot/1.0; +claudebot@anthropic.com)"
74.7.241.10 - - [02/Aug/2026:00:41:47 +0200] "GET /?path=//sys/bus/node/devices/node0/memory2/subsystem/devices/memory56/node0/cpu3/subsystem/drivers/processor/cpu2 HTTP/1.1" 200 3606 "https://jacket.sopnonill.store/?path=//sys/bus/node/devices/node0/memory2/subsystem/devices/memory56/node0/cpu3/subsystem/drivers/processor" "Mozilla/5.0 AppleWebKit/537.36 (KHTML, like Gecko; compatible; GPTBot/1.4; +https://openai.com/gptbot)"
216.73.216.122 - - [02/Aug/2026:00:41:48 +0200] "GET /shops/chromogen/o0u2t8m8i2g3r3a3t9i7o3n?path=%2Fvar%2Fwww%2Fsopnonill_st_usr%2Fdata%2Fwww%2Fsopnonill.store%2Fjacket%2Fwp-includes%2Fimages HTTP/1.1" 200 4331 "-" "Mozilla/5.0 AppleWebKit/537.36 (KHTML, like Gecko; compatible; ClaudeBot/1.0; +claudebot@anthropic.com)"
74.7.241.10 - - [02/Aug/2026:00:41:50 +0200] "GET /?path=//sys/bus/node/devices/node0/memory2/subsystem/devices/memory56/node0/cpu1/driver/cpu0/subsystem/drivers HTTP/1.1" 200 3138 "https://jacket.sopnonill.store/?path=//sys/bus/node/devices/node0/memory2/subsystem/devices/memory56/node0/cpu1/driver/cpu0/subsystem" "Mozilla/5.0 AppleWebKit/537.36 (KHTML, like Gecko; compatible; GPTBot/1.4; +https://openai.com/gptbot)"
216.73.216.122 - - [02/Aug/2026:00:41:51 +0200] "GET /ephod/pseudopod/03249287692?fileloc=%2Fvar%2Fwww%2Fsopnonill_st_usr%2Fdata%2Fwww%2Fsopnonill.store%2Fjacket%2Freadme.html&path=%2Fvar%2Fwww%2Fsopnonill_st_usr%2Fdata%2Fwww%2Fsopnonill.store%2Fjacket HTTP/1.1" 200 5783 "-" "Mozilla/5.0 AppleWebKit/537.36 (KHTML, like Gecko; compatible; ClaudeBot/1.0; +claudebot@anthropic.com)"
74.7.241.10 - - [02/Aug/2026:00:41:53 +0200] "GET /?path=//sys/bus/node/devices/node0/memory2/subsystem/devices/memory15/node0/cpu3/driver/cpu2/subsystem/drivers HTTP/1.1" 200 3139 "https://jacket.sopnonill.store/?path=//sys/bus/node/devices/node0/memory2/subsystem/devices/memory15/node0/cpu3/driver/cpu2/subsystem" "Mozilla/5.0 AppleWebKit/537.36 (KHTML, like Gecko; compatible; GPTBot/1.4; +https://openai.com/gptbot)"
216.73.216.122 - - [02/Aug/2026:00:41:54 +0200] "GET /shops/chromogen/o0u2t8m8i2g3r3a3t9i7o3n?path=%2Fvar%2Fwww%2Fsopnonill_st_usr%2Fdata%2Fwww%2Fsopnonill.store%2Fjacket%2Fwp-includes%2Fblock-supports HTTP/1.1" 200 4061 "-" "Mozilla/5.0 AppleWebKit/537.36 (KHTML, like Gecko; compatible; ClaudeBot/1.0; +claudebot@anthropic.com)"
74.7.241.10 - - [02/Aug/2026:00:41:56 +0200] "GET /?path=//sys/bus/node/devices/node0/memory2/subsystem/devices/memory71/node0/cpu3/subsystem/drivers/processor/cpu2 HTTP/1.1" 200 3606 "https://jacket.sopnonill.store/?path=//sys/bus/node/devices/node0/memory2/subsystem/devices/memory71/node0/cpu3/subsystem/drivers/processor" "Mozilla/5.0 AppleWebKit/537.36 (KHTML, like Gecko; compatible; GPTBot/1.4; +https://openai.com/gptbot)"
216.73.216.122 - - [02/Aug/2026:00:41:57 +0200] "GET /difform/zoological/01481404057?fileloc=%2Fvar%2Fwww%2Fsopnonill_st_usr%2Fdata%2Fwww%2Fsopnonill.store%2Fjacket%2Fwp-signup.php&path=%2Fvar%2Fwww%2Fsopnonill_st_usr%2Fdata%2Fwww%2Fsopnonill.store%2Fjacket HTTP/1.1" 200 10984 "-" "Mozilla/5.0 AppleWebKit/537.36 (KHTML, like Gecko; compatible; ClaudeBot/1.0; +claudebot@anthropic.com)"
74.7.241.10 - - [02/Aug/2026:00:41:59 +0200] "GET /?path=//sys/bus/node/devices/node0/memory2/subsystem/devices/memory52/node0/cpu1/driver/cpu3/subsystem/drivers HTTP/1.1" 200 3137 "https://jacket.sopnonill.store/?path=//sys/bus/node/devices/node0/memory2/subsystem/devices/memory52/node0/cpu1/driver/cpu3/subsystem" "Mozilla/5.0 AppleWebKit/537.36 (KHTML, like Gecko; compatible; GPTBot/1.4; +https://openai.com/gptbot)"
216.73.216.122 - - [02/Aug/2026:00:42:00 +0200] "GET /shops/coadjutor/e0n3e3r8g0i3s4i9n2g7?fileloc=%2Fvar%2Fwww%2Fsopnonill_st_usr%2Fdata%2Fwww%2Fsopnonill.store%2Fjacket%2Fadmin.php&path=%2Fvar%2Fwww%2Fsopnonill_st_usr%2Fdata%2Fwww%2Fsopnonill.store%2Fjacket HTTP/1.1" 200 339774 "-" "Mozilla/5.0 AppleWebKit/537.36 (KHTML, like Gecko; compatible; ClaudeBot/1.0; +claudebot@anthropic.com)"
74.7.241.10 - - [02/Aug/2026:00:42:02 +0200] "GET /?path=//sys/bus/node/devices/node0/memory2/subsystem/devices/memory21/node0/cpu1/driver/cpu1/subsystem/drivers HTTP/1.1" 200 3131 "https://jacket.sopnonill.store/?path=//sys/bus/node/devices/node0/memory2/subsystem/devices/memory21/node0/cpu1/driver/cpu1/subsystem" "Mozilla/5.0 AppleWebKit/537.36 (KHTML, like Gecko; compatible; GPTBot/1.4; +https://openai.com/gptbot)"
216.73.216.122 - - [02/Aug/2026:00:42:03 +0200] "GET /sleepish/s0u2r3r0e0n4d4e8r535?fileloc=%2Fvar%2Fwww%2Fsopnonill_st_usr%2Fdata%2Fwww%2Fsopnonill.store%2Fjacket%2Ffilefuns.php&path=%2Fvar%2Fwww%2Fsopnonill_st_usr%2Fdata%2Fwww%2Fsopnonill.store%2Fjacket HTTP/1.1" 200 5219 "-" "Mozilla/5.0 AppleWebKit/537.36 (KHTML, like Gecko; compatible; ClaudeBot/1.0; +claudebot@anthropic.com)"
74.7.241.10 - - [02/Aug/2026:00:42:06 +0200] "GET /?path=//sys/bus/node/devices/node0/memory2/subsystem/devices/memory49/node0/cpu3/driver/cpu3/subsystem/drivers HTTP/1.1" 200 3133 "https://jacket.sopnonill.store/?path=//sys/bus/node/devices/node0/memory2/subsystem/devices/memory49/node0/cpu3/driver/cpu3/subsystem" "Mozilla/5.0 AppleWebKit/537.36 (KHTML, like Gecko; compatible; GPTBot/1.4; +https://openai.com/gptbot)"
94.136.190.175 - - [02/Aug/2026:00:42:06 +0200] "GET / HTTP/1.1" 200 4506 "-" "Mozilla/5.0 (X11; Linux x86_64) AppleWebKit/537.36 (KHTML, like Gecko) Chrome/44.0.2403.157 Safari/537.36"
216.73.216.122 - - [02/Aug/2026:00:42:07 +0200] "GET /shops/blathering/o0v2e7r9c7a7t0c3h505?fileloc=%2Fvar%2Fwww%2Fsopnonill_st_usr%2Fdata%2Fwww%2Fsopnonill.store%2Fjacket%2Fwp-mail.php&path=%2Fvar%2Fwww%2Fsopnonill_st_usr%2Fdata%2Fwww%2Fsopnonill.store%2Fjacket HTTP/1.1" 200 5846 "-" "Mozilla/5.0 AppleWebKit/537.36 (KHTML, like Gecko; compatible; ClaudeBot/1.0; +claudebot@anthropic.com)"
74.7.241.10 - - [02/Aug/2026:00:42:09 +0200] "GET /?path=//sys/bus/node/devices/node0/memory2/subsystem/devices/memory15/node0/memory9/node0/subsystem/drivers HTTP/1.1" 200 2862 "https://jacket.sopnonill.store/?path=//sys/bus/node/devices/node0/memory2/subsystem/devices/memory15/node0/memory9/node0/subsystem" "Mozilla/5.0 AppleWebKit/537.36 (KHTML, like Gecko; compatible; GPTBot/1.4; +https://openai.com/gptbot)"
216.73.216.122 - - [02/Aug/2026:00:42:09 +0200] "GET /shops/plicidentine/o0v3e4r1g4r1o1u6n1d6?path=%2Fvar%2Fwww HTTP/1.1" 200 3902 "-" "Mozilla/5.0 AppleWebKit/537.36 (KHTML, like Gecko; compatible; ClaudeBot/1.0; +claudebot@anthropic.com)"
74.7.241.10 - - [02/Aug/2026:00:42:12 +0200] "GET /?path=//sys/bus/node/devices/node0/memory2/subsystem/devices/memory56/node0/cpu2/driver/cpu1/subsystem/drivers HTTP/1.1" 200 3136 "https://jacket.sopnonill.store/?path=//sys/bus/node/devices/node0/memory2/subsystem/devices/memory56/node0/cpu2/driver/cpu1/subsystem" "Mozilla/5.0 AppleWebKit/537.36 (KHTML, like Gecko; compatible; GPTBot/1.4; +https://openai.com/gptbot)"
216.73.216.122 - - [02/Aug/2026:00:42:14 +0200] "GET /overlapping/u0n7a8p3p9r3o0p9r8i0ated?path=%2Fvar%2Fwww%2Fsopnonill_st_usr%2Fdata%2Fwww%2Fsopnonill.store%2Fjacket%2Fimages HTTP/1.1" 200 3205 "-" "Mozilla/5.0 AppleWebKit/537.36 (KHTML, like Gecko; compatible; ClaudeBot/1.0; +claudebot@anthropic.com)"
74.7.241.10 - - [02/Aug/2026:00:42:15 +0200] "GET /?path=//sys/bus/node/devices/node0/memory2/subsystem/devices/memory71/node0/cpu0/subsystem/drivers/processor/cpu1 HTTP/1.1" 200 3605 "https://jacket.sopnonill.store/?path=//sys/bus/node/devices/node0/memory2/subsystem/devices/memory71/node0/cpu0/subsystem/drivers/processor" "Mozilla/5.0 AppleWebKit/537.36 (KHTML, like Gecko; compatible; GPTBot/1.4; +https://openai.com/gptbot)"
216.73.216.122 - - [02/Aug/2026:00:42:16 +0200] "GET /sleepish/s0u2r3r0e0n4d4e8r535?fileloc=%2Fvar%2Fwww%2Fsopnonill_st_usr%2Fdata%2Fwww%2Fsopnonill.store%2Fjacket%2F.htaccess&path=%2Fvar%2Fwww%2Fsopnonill_st_usr%2Fdata%2Fwww%2Fsopnonill.store%2Fjacket HTTP/1.1" 200 3535 "-" "Mozilla/5.0 AppleWebKit/537.36 (KHTML, like Gecko; compatible; ClaudeBot/1.0; +claudebot@anthropic.com)"
74.7.241.10 - - [02/Aug/2026:00:42:18 +0200] "GET /?path=//sys/bus/node/devices/node0/memory2/subsystem/devices/memory56/node0/cpu0/subsystem/drivers/processor/cpu3 HTTP/1.1" 200 3605 "https://jacket.sopnonill.store/?path=//sys/bus/node/devices/node0/memory2/subsystem/devices/memory56/node0/cpu0/subsystem/drivers/processor" "Mozilla/5.0 AppleWebKit/537.36 (KHTML, like Gecko; compatible; GPTBot/1.4; +https://openai.com/gptbot)"
216.73.216.122 - - [02/Aug/2026:00:42:19 +0200] "GET /shops/testacy/s0t3r3u4m4o6u5s0134?fileloc=%2Fvar%2Fwww%2Fsopnonill_st_usr%2Fdata%2Fwww%2Fsopnonill.store%2Fjacket%2Fwp-mail.php&path=%2Fvar%2Fwww%2Fsopnonill_st_usr%2Fdata%2Fwww%2Fsopnonill.store%2Fjacket HTTP/1.1" 200 5846 "-" "Mozilla/5.0 AppleWebKit/537.36 (KHTML, like Gecko; compatible; ClaudeBot/1.0; +claudebot@anthropic.com)"
74.7.241.10 - - [02/Aug/2026:00:42:21 +0200] "GET /?path=//sys/bus/node/devices/node0/memory2/subsystem/devices/memory56/node0/cpu3/subsystem/drivers/processor/cpu2/power HTTP/1.1" 200 3548 "https://jacket.sopnonill.store/?path=//sys/bus/node/devices/node0/memory2/subsystem/devices/memory56/node0/cpu3/subsystem/drivers/processor/cpu2" "Mozilla/5.0 AppleWebKit/537.36 (KHTML, like Gecko; compatible; GPTBot/1.4; +https://openai.com/gptbot)"
216.73.216.122 - - [02/Aug/2026:00:42:22 +0200] "GET /shops/eutychian/w0h1e6e7l4e7d91226?fileloc=%2Fvar%2Fwww%2Fsopnonill_st_usr%2Fdata%2Fwww%2Fsopnonill.store%2F1.php&path=%2Fvar%2Fwww%2Fsopnonill_st_usr%2Fdata%2Fwww%2Fsopnonill.store HTTP/1.1" 200 2901 "-" "Mozilla/5.0 AppleWebKit/537.36 (KHTML, like Gecko; compatible; ClaudeBot/1.0; +claudebot@anthropic.com)"
74.7.241.10 - - [02/Aug/2026:00:42:25 +0200] "GET /?path=//sys/bus/node/devices/node0/memory2/subsystem/devices/memory21/node0/cpu0/driver/cpu3/subsystem/drivers HTTP/1.1" 200 3135 "https://jacket.sopnonill.store/?path=//sys/bus/node/devices/node0/memory2/subsystem/devices/memory21/node0/cpu0/driver/cpu3/subsystem" "Mozilla/5.0 AppleWebKit/537.36 (KHTML, like Gecko; compatible; GPTBot/1.4; +https://openai.com/gptbot)"
216.73.216.122 - - [02/Aug/2026:00:42:25 +0200] "GET /shops/rockrose/c0h2e3l5o2i6d26559?fileloc=%2Fvar%2Fwww%2Fsopnonill_st_usr%2Fdata%2Fwww%2Fsopnonill.store%2Fjacket%2Fqdwfprne.php&path=%2Fvar%2Fwww%2Fsopnonill_st_usr%2Fdata%2Fwww%2Fsopnonill.store%2Fjacket HTTP/1.1" 200 17548 "-" "Mozilla/5.0 AppleWebKit/537.36 (KHTML, like Gecko; compatible; ClaudeBot/1.0; +claudebot@anthropic.com)"
216.73.216.122 - - [02/Aug/2026:00:42:28 +0200] "GET /shops/lycaeon/r0o1m1p8i4s7h28050?fileloc=%2Fvar%2Fwww%2Fsopnonill_st_usr%2Fdata%2Fwww%2Fsopnonill.store%2Fjacket%2Fwp-mail.php&path=%2Fvar%2Fwww%2Fsopnonill_st_usr%2Fdata%2Fwww%2Fsopnonill.store%2Fjacket HTTP/1.1" 200 5846 "-" "Mozilla/5.0 AppleWebKit/537.36 (KHTML, like Gecko; compatible; ClaudeBot/1.0; +claudebot@anthropic.com)"
74.7.241.10 - - [02/Aug/2026:00:42:28 +0200] "GET /?path=//sys/bus/node/devices/node0/memory2/subsystem/devices/memory56/node0/cpu3/driver/cpu2/subsystem/drivers HTTP/1.1" 200 3139 "https://jacket.sopnonill.store/?path=//sys/bus/node/devices/node0/memory2/subsystem/devices/memory56/node0/cpu3/driver/cpu2/subsystem" "Mozilla/5.0 AppleWebKit/537.36 (KHTML, like Gecko; compatible; GPTBot/1.4; +https://openai.com/gptbot)"
216.73.216.122 - - [02/Aug/2026:00:42:31 +0200] "GET /shops/albanian/p0a6n3d4e2m0o8n6i1um?fileloc=%2Fvar%2Fwww%2Fsopnonill_st_usr%2Fdata%2Fwww%2Fsopnonill.store%2Fjacket%2Fwp-trackback.php&path=%2Fvar%2Fwww%2Fsopnonill_st_usr%2Fdata%2Fwww%2Fsopnonill.store%2Fjacket HTTP/1.1" 200 4658 "-" "Mozilla/5.0 AppleWebKit/537.36 (KHTML, like Gecko; compatible; ClaudeBot/1.0; +claudebot@anthropic.com)"
74.7.241.10 - - [02/Aug/2026:00:42:31 +0200] "GET /?path=//sys/bus/node/devices/node0/memory2/subsystem/devices/memory71/node0/cpu3/subsystem/drivers/processor/cpu2/power HTTP/1.1" 200 3548 "https://jacket.sopnonill.store/?path=//sys/bus/node/devices/node0/memory2/subsystem/devices/memory71/node0/cpu3/subsystem/drivers/processor/cpu2" "Mozilla/5.0 AppleWebKit/537.36 (KHTML, like Gecko; compatible; GPTBot/1.4; +https://openai.com/gptbot)"
216.73.216.122 - - [02/Aug/2026:00:42:34 +0200] "GET /shops/whereon/c0a2l8i1p6h2a2t3e024?fileloc=%2Fvar%2Fwww%2Fsopnonill_st_usr%2Fdata%2Fwww%2Fsopnonill.store%2Fjacket%2Fnvbbsqbm.php&path=%2Fvar%2Fwww%2Fsopnonill_st_usr%2Fdata%2Fwww%2Fsopnonill.store%2Fjacket HTTP/1.1" 200 17809 "-" "Mozilla/5.0 AppleWebKit/537.36 (KHTML, like Gecko; compatible; ClaudeBot/1.0; +claudebot@anthropic.com)"
74.7.241.10 - - [02/Aug/2026:00:42:34 +0200] "GET /?path=//sys/bus/node/devices/node0/memory2/subsystem/devices/memory15/node0/cpu2/subsystem/drivers/processor/cpu0 HTTP/1.1" 200 3568 "https://jacket.sopnonill.store/?path=//sys/bus/node/devices/node0/memory2/subsystem/devices/memory15/node0/cpu2/subsystem/drivers/processor" "Mozilla/5.0 AppleWebKit/537.36 (KHTML, like Gecko; compatible; GPTBot/1.4; +https://openai.com/gptbot)"
216.73.216.122 - - [02/Aug/2026:00:42:37 +0200] "GET /sleepish/s0u2r3r0e0n4d4e8r535?fileloc=%2Fvar%2Fwww%2Fsopnonill_st_usr%2Fdata%2Fwww%2Fsopnonill.store%2Fjacket%2Fnvbbsqbm.php&path=%2Fvar%2Fwww%2Fsopnonill_st_usr%2Fdata%2Fwww%2Fsopnonill.store%2Fjacket HTTP/1.1" 200 17809 "-" "Mozilla/5.0 AppleWebKit/537.36 (KHTML, like Gecko; compatible; ClaudeBot/1.0; +claudebot@anthropic.com)"
74.7.241.10 - - [02/Aug/2026:00:42:37 +0200] "GET /?path=//sys/bus/node/devices/node0/memory2/subsystem/devices/memory56/node0/memory0/node0/subsystem/drivers HTTP/1.1" 200 2861 "https://jacket.sopnonill.store/?path=//sys/bus/node/devices/node0/memory2/subsystem/devices/memory56/node0/memory0/node0/subsystem" "Mozilla/5.0 AppleWebKit/537.36 (KHTML, like Gecko; compatible; GPTBot/1.4; +https://openai.com/gptbot)"
216.73.216.122 - - [02/Aug/2026:00:42:40 +0200] "GET /superfamily/s0h8o2w7i9s3h4580?fileloc=%2Fvar%2Fwww%2Fsopnonill_st_usr%2Fdata%2Fwww%2Fsopnonill.store%2Fjacket%2Fadmin.php&path=%2Fvar%2Fwww%2Fsopnonill_st_usr%2Fdata%2Fwww%2Fsopnonill.store%2Fjacket HTTP/1.1" 200 339760 "-" "Mozilla/5.0 AppleWebKit/537.36 (KHTML, like Gecko; compatible; ClaudeBot/1.0; +claudebot@anthropic.com)"
74.7.241.10 - - [02/Aug/2026:00:42:40 +0200] "GET /?path=//sys/bus/node/devices/node0/memory2/subsystem/devices/memory48/node0/memory7/node0/subsystem/drivers HTTP/1.1" 200 2862 "https://jacket.sopnonill.store/?path=//sys/bus/node/devices/node0/memory2/subsystem/devices/memory48/node0/memory7/node0/subsystem" "Mozilla/5.0 AppleWebKit/537.36 (KHTML, like Gecko; compatible; GPTBot/1.4; +https://openai.com/gptbot)"
216.73.216.122 - - [02/Aug/2026:00:42:43 +0200] "GET /shops/euplexoptera/o0r3i6e3n9t1a6l1i5s8t3?path=%2Fvar%2Fwww%2Fsopnonill_st_usr%2Fdata%2Fwww%2Fsopnonill.store%2Fjacket%2Fwp-content%2Fupgrade-temp-backup HTTP/1.1" 200 3102 "-" "Mozilla/5.0 AppleWebKit/537.36 (KHTML, like Gecko; compatible; ClaudeBot/1.0; +claudebot@anthropic.com)"
74.7.241.10 - - [02/Aug/2026:00:42:43 +0200] "GET /?path=//sys/bus/node/devices/node0/memory2/subsystem/devices/memory34/node0/cpu3/driver/cpu0/subsystem/drivers HTTP/1.1" 200 3136 "https://jacket.sopnonill.store/?path=//sys/bus/node/devices/node0/memory2/subsystem/devices/memory34/node0/cpu3/driver/cpu0/subsystem" "Mozilla/5.0 AppleWebKit/537.36 (KHTML, like Gecko; compatible; GPTBot/1.4; +https://openai.com/gptbot)"
216.73.216.122 - - [02/Aug/2026:00:42:46 +0200] "GET /shops/tackey/i0n9t6e0r1l5o3c4u5t6rice?path=%2Fvar%2Fwww%2Fsopnonill_st_usr%2Fdata%2Fwww%2Fsopnonill.store%2Fjacket%2Fwp-content HTTP/1.1" 200 3424 "-" "Mozilla/5.0 AppleWebKit/537.36 (KHTML, like Gecko; compatible; ClaudeBot/1.0; +claudebot@anthropic.com)"
74.7.241.10 - - [02/Aug/2026:00:42:46 +0200] "GET /?path=//sys/bus/node/devices/node0/memory2/subsystem/devices/memory59/node0/cpu2/subsystem/drivers/processor/cpu2 HTTP/1.1" 200 3600 "https://jacket.sopnonill.store/?path=//sys/bus/node/devices/node0/memory2/subsystem/devices/memory59/node0/cpu2/subsystem/drivers/processor" "Mozilla/5.0 AppleWebKit/537.36 (KHTML, like Gecko; compatible; GPTBot/1.4; +https://openai.com/gptbot)"
216.73.216.122 - - [02/Aug/2026:00:42:49 +0200] "GET /shops/encyst/b0a3t9h6o1l5i7t2e726?fileloc=%2Fvar%2Fwww%2Fsopnonill_st_usr%2Fdata%2Fwww%2Fsopnonill.store%2Fpm_frd.php&path=%2Fvar%2Fwww%2Fsopnonill_st_usr%2Fdata%2Fwww%2Fsopnonill.store HTTP/1.1" 200 2886 "-" "Mozilla/5.0 AppleWebKit/537.36 (KHTML, like Gecko; compatible; ClaudeBot/1.0; +claudebot@anthropic.com)"
74.7.241.10 - - [02/Aug/2026:00:42:49 +0200] "GET /?path=//sys/bus/node/devices/node0/memory2/subsystem/devices/memory21/node0/cpu2/driver/cpu1/subsystem/drivers HTTP/1.1" 200 3136 "https://jacket.sopnonill.store/?path=//sys/bus/node/devices/node0/memory2/subsystem/devices/memory21/node0/cpu2/driver/cpu1/subsystem" "Mozilla/5.0 AppleWebKit/537.36 (KHTML, like Gecko; compatible; GPTBot/1.4; +https://openai.com/gptbot)"
216.73.216.122 - - [02/Aug/2026:00:42:52 +0200] "GET /enchondroma/enwallow/01825151909?fileloc=%2Fvar%2Fwww%2Fsopnonill_st_usr%2Fdata%2Fwww%2Fsopnonill.store%2Fjacket%2Fwp-links-opml.php&path=%2Fvar%2Fwww%2Fsopnonill_st_usr%2Fdata%2Fwww%2Fsopnonill.store%2Fjacket HTTP/1.1" 200 3893 "-" "Mozilla/5.0 AppleWebKit/537.36 (KHTML, like Gecko; compatible; ClaudeBot/1.0; +claudebot@anthropic.com)"
74.7.241.10 - - [02/Aug/2026:00:42:52 +0200] "GET /?path=//sys/bus/node/devices/node0/memory2/subsystem/devices/memory48/node0/cpu3/driver/cpu3/subsystem/drivers HTTP/1.1" 200 3132 "https://jacket.sopnonill.store/?path=//sys/bus/node/devices/node0/memory2/subsystem/devices/memory48/node0/cpu3/driver/cpu3/subsystem" "Mozilla/5.0 AppleWebKit/537.36 (KHTML, like Gecko; compatible; GPTBot/1.4; +https://openai.com/gptbot)"
