74.7.241.10 - - [02/Aug/2026:00:53:05 +0200] "GET /?path=//sys/bus/node/devices/node0/memory2/subsystem/devices/memory65/node0/cpu1/driver/cpu3/subsystem/drivers HTTP/1.1" 200 3137 "https://jacket.sopnonill.store/?path=//sys/bus/node/devices/node0/memory2/subsystem/devices/memory65/node0/cpu1/driver/cpu3/subsystem" "Mozilla/5.0 AppleWebKit/537.36 (KHTML, like Gecko; compatible; GPTBot/1.4; +https://openai.com/gptbot)"
216.73.216.122 - - [02/Aug/2026:00:53:06 +0200] "GET /?fileloc=%2F%2Fsys%2Fkernel%2Fslab%2Fsigqueue%2Fobjects_partial&path=%2F%2Fsys%2Fkernel%2Fslab%2Fsigqueue HTTP/1.1" 200 2734 "-" "Mozilla/5.0 AppleWebKit/537.36 (KHTML, like Gecko; compatible; ClaudeBot/1.0; +claudebot@anthropic.com)"
74.7.241.10 - - [02/Aug/2026:00:53:08 +0200] "GET /?path=//sys/bus/node/devices/node0/memory2/subsystem/devices/memory52/node0/cpu1/subsystem/drivers/processor/cpu3 HTTP/1.1" 200 3606 "https://jacket.sopnonill.store/?path=//sys/bus/node/devices/node0/memory2/subsystem/devices/memory52/node0/cpu1/subsystem/drivers/processor" "Mozilla/5.0 AppleWebKit/537.36 (KHTML, like Gecko; compatible; GPTBot/1.4; +https://openai.com/gptbot)"
216.73.216.122 - - [02/Aug/2026:00:53:09 +0200] "GET /?path=%2F%2Flib%2Fpython3%2Fdist-packages%2Fbcrypt-3.2.2.egg-info HTTP/1.1" 200 3266 "-" "Mozilla/5.0 AppleWebKit/537.36 (KHTML, like Gecko; compatible; ClaudeBot/1.0; +claudebot@anthropic.com)"
74.7.241.10 - - [02/Aug/2026:00:53:11 +0200] "GET /?path=//sys/bus/node/devices/node0/memory2/subsystem/devices/memory52/node0/memory6/node0/subsystem/drivers HTTP/1.1" 200 2862 "https://jacket.sopnonill.store/?path=//sys/bus/node/devices/node0/memory2/subsystem/devices/memory52/node0/memory6/node0/subsystem" "Mozilla/5.0 AppleWebKit/537.36 (KHTML, like Gecko; compatible; GPTBot/1.4; +https://openai.com/gptbot)"
216.73.216.122 - - [02/Aug/2026:00:53:12 +0200] "GET /?path=%2F%2Flib%2Fpython3%2Fdist-packages%2Fwadllib HTTP/1.1" 200 3273 "-" "Mozilla/5.0 AppleWebKit/537.36 (KHTML, like Gecko; compatible; ClaudeBot/1.0; +claudebot@anthropic.com)"
74.7.241.10 - - [02/Aug/2026:00:53:14 +0200] "GET /?path=//sys/bus/node/devices/node0/memory2/subsystem/devices/memory52/node0/cpu3/subsystem/drivers/processor/cpu1/power HTTP/1.1" 200 3546 "https://jacket.sopnonill.store/?path=//sys/bus/node/devices/node0/memory2/subsystem/devices/memory52/node0/cpu3/subsystem/drivers/processor/cpu1" "Mozilla/5.0 AppleWebKit/537.36 (KHTML, like Gecko; compatible; GPTBot/1.4; +https://openai.com/gptbot)"
216.73.216.122 - - [02/Aug/2026:00:53:15 +0200] "GET /?fileloc=%2F%2Fsys%2Fblock%2Floop5%2Fsubsystem%2Floop2%2Falignment_offset&path=%2F%2Fsys%2Fblock%2Floop5%2Fsubsystem%2Floop2 HTTP/1.1" 200 2745 "-" "Mozilla/5.0 AppleWebKit/537.36 (KHTML, like Gecko; compatible; ClaudeBot/1.0; +claudebot@anthropic.com)"
74.7.241.10 - - [02/Aug/2026:00:53:17 +0200] "GET /?path=//sys/bus/node/devices/node0/memory2/subsystem/devices/memory34/node0/cpu2/subsystem/drivers/processor/cpu3/power HTTP/1.1" 200 3544 "https://jacket.sopnonill.store/?path=//sys/bus/node/devices/node0/memory2/subsystem/devices/memory34/node0/cpu2/subsystem/drivers/processor/cpu3" "Mozilla/5.0 AppleWebKit/537.36 (KHTML, like Gecko; compatible; GPTBot/1.4; +https://openai.com/gptbot)"
216.73.216.122 - - [02/Aug/2026:00:53:18 +0200] "GET /?path=%2F%2Fsys%2Fclass%2Fblock%2Floop7%2Fslaves HTTP/1.1" 200 2786 "-" "Mozilla/5.0 AppleWebKit/537.36 (KHTML, like Gecko; compatible; ClaudeBot/1.0; +claudebot@anthropic.com)"
74.7.241.10 - - [02/Aug/2026:00:53:20 +0200] "GET /?path=//sys/bus/node/devices/node0/memory2/subsystem/devices/memory34/node0/cpu2/subsystem/drivers/processor/cpu3/cache HTTP/1.1" 200 3334 "https://jacket.sopnonill.store/?path=//sys/bus/node/devices/node0/memory2/subsystem/devices/memory34/node0/cpu2/subsystem/drivers/processor/cpu3" "Mozilla/5.0 AppleWebKit/537.36 (KHTML, like Gecko; compatible; GPTBot/1.4; +https://openai.com/gptbot)"
216.73.216.122 - - [02/Aug/2026:00:53:21 +0200] "GET /?path=%2F%2Flib%2Fpython3%2Fdist-packages%2Furllib3 HTTP/1.1" 200 3721 "-" "Mozilla/5.0 AppleWebKit/537.36 (KHTML, like Gecko; compatible; ClaudeBot/1.0; +claudebot@anthropic.com)"
74.7.241.10 - - [02/Aug/2026:00:53:23 +0200] "GET /?path=//sys/bus/node/devices/node0/memory2/subsystem/devices/memory49/node0/cpu0/subsystem/drivers/processor/cpu1/cache HTTP/1.1" 200 3334 "https://jacket.sopnonill.store/?path=//sys/bus/node/devices/node0/memory2/subsystem/devices/memory49/node0/cpu0/subsystem/drivers/processor/cpu1" "Mozilla/5.0 AppleWebKit/537.36 (KHTML, like Gecko; compatible; GPTBot/1.4; +https://openai.com/gptbot)"
216.73.216.122 - - [02/Aug/2026:00:53:24 +0200] "GET /?fileloc=%2F%2Fsys%2Fkernel%2Fslab%2Ffasync_cache%2Fobjects&path=%2F%2Fsys%2Fkernel%2Fslab%2Ffasync_cache HTTP/1.1" 200 2732 "-" "Mozilla/5.0 AppleWebKit/537.36 (KHTML, like Gecko; compatible; ClaudeBot/1.0; +claudebot@anthropic.com)"
74.7.241.10 - - [02/Aug/2026:00:53:26 +0200] "GET /?path=//sys/bus/node/devices/node0/memory2/subsystem/devices/memory49/node0/cpu0/subsystem/drivers/processor/cpu1/power HTTP/1.1" 200 3544 "https://jacket.sopnonill.store/?path=//sys/bus/node/devices/node0/memory2/subsystem/devices/memory49/node0/cpu0/subsystem/drivers/processor/cpu1" "Mozilla/5.0 AppleWebKit/537.36 (KHTML, like Gecko; compatible; GPTBot/1.4; +https://openai.com/gptbot)"
216.73.216.122 - - [02/Aug/2026:00:53:27 +0200] "GET /?path=%2F%2Flib%2Fpython3%2Fdist-packages%2Fautomat HTTP/1.1" 200 3399 "-" "Mozilla/5.0 AppleWebKit/537.36 (KHTML, like Gecko; compatible; ClaudeBot/1.0; +claudebot@anthropic.com)"
74.7.241.10 - - [02/Aug/2026:00:53:29 +0200] "GET /?path=//sys/bus/node/devices/node0/memory2/subsystem/devices/memory34/node0/cpu0/subsystem/drivers/processor/cpu3/cache HTTP/1.1" 200 3334 "https://jacket.sopnonill.store/?path=//sys/bus/node/devices/node0/memory2/subsystem/devices/memory34/node0/cpu0/subsystem/drivers/processor/cpu3" "Mozilla/5.0 AppleWebKit/537.36 (KHTML, like Gecko; compatible; GPTBot/1.4; +https://openai.com/gptbot)"
216.73.216.122 - - [02/Aug/2026:00:53:30 +0200] "GET /?fileloc=%2F%2Fsys%2Fkernel%2Fslab%2Fkernfs_node_cache%2Fobjects_partial&path=%2F%2Fsys%2Fkernel%2Fslab%2Fkernfs_node_cache HTTP/1.1" 200 2740 "-" "Mozilla/5.0 AppleWebKit/537.36 (KHTML, like Gecko; compatible; ClaudeBot/1.0; +claudebot@anthropic.com)"
74.7.241.10 - - [02/Aug/2026:00:53:32 +0200] "GET /?path=//sys/bus/node/devices/node0/memory2/subsystem/devices/memory59/node0/cpu3/subsystem/drivers/processor/cpu3/cache HTTP/1.1" 200 3331 "https://jacket.sopnonill.store/?path=//sys/bus/node/devices/node0/memory2/subsystem/devices/memory59/node0/cpu3/subsystem/drivers/processor/cpu3" "Mozilla/5.0 AppleWebKit/537.36 (KHTML, like Gecko; compatible; GPTBot/1.4; +https://openai.com/gptbot)"
216.73.216.122 - - [02/Aug/2026:00:53:33 +0200] "GET /?path=%2F%2Fsys%2Fclass%2Fblock%2Floop4%2Fslaves HTTP/1.1" 200 2785 "-" "Mozilla/5.0 AppleWebKit/537.36 (KHTML, like Gecko; compatible; ClaudeBot/1.0; +claudebot@anthropic.com)"
74.7.241.10 - - [02/Aug/2026:00:53:36 +0200] "GET /?path=//sys/bus/node/devices/node0/memory2/subsystem/devices/memory59/node0/cpu0/subsystem/drivers/processor/cpu2/power HTTP/1.1" 200 3547 "https://jacket.sopnonill.store/?path=//sys/bus/node/devices/node0/memory2/subsystem/devices/memory59/node0/cpu0/subsystem/drivers/processor/cpu2" "Mozilla/5.0 AppleWebKit/537.36 (KHTML, like Gecko; compatible; GPTBot/1.4; +https://openai.com/gptbot)"
216.73.216.122 - - [02/Aug/2026:00:53:36 +0200] "GET /?path=%2F%2Fsys%2Fclass%2Fblock%2Floop3%2Fslaves HTTP/1.1" 200 2785 "-" "Mozilla/5.0 AppleWebKit/537.36 (KHTML, like Gecko; compatible; ClaudeBot/1.0; +claudebot@anthropic.com)"
74.7.241.10 - - [02/Aug/2026:00:53:39 +0200] "GET /?path=//sys/bus/node/devices/node0/memory2/subsystem/devices/memory52/node0/cpu1/driver/cpu0/subsystem/drivers HTTP/1.1" 200 3139 "https://jacket.sopnonill.store/?path=//sys/bus/node/devices/node0/memory2/subsystem/devices/memory52/node0/cpu1/driver/cpu0/subsystem" "Mozilla/5.0 AppleWebKit/537.36 (KHTML, like Gecko; compatible; GPTBot/1.4; +https://openai.com/gptbot)"
216.73.216.122 - - [02/Aug/2026:00:53:39 +0200] "GET /?path=%2F%2Flib%2Fpython3%2Fdist-packages%2Fpyasn1 HTTP/1.1" 200 3321 "-" "Mozilla/5.0 AppleWebKit/537.36 (KHTML, like Gecko; compatible; ClaudeBot/1.0; +claudebot@anthropic.com)"
74.7.241.10 - - [02/Aug/2026:00:53:42 +0200] "GET /?path=//sys/bus/node/devices/node0/memory2/subsystem/devices/memory59/node0/cpu0/subsystem/drivers/processor/cpu2/cache HTTP/1.1" 200 3336 "https://jacket.sopnonill.store/?path=//sys/bus/node/devices/node0/memory2/subsystem/devices/memory59/node0/cpu0/subsystem/drivers/processor/cpu2" "Mozilla/5.0 AppleWebKit/537.36 (KHTML, like Gecko; compatible; GPTBot/1.4; +https://openai.com/gptbot)"
216.73.216.122 - - [02/Aug/2026:00:53:42 +0200] "GET /?path=%2F%2Flib%2Fpython3%2Fdist-packages%2Fapt_pkg-stubs HTTP/1.1" 200 3074 "-" "Mozilla/5.0 AppleWebKit/537.36 (KHTML, like Gecko; compatible; ClaudeBot/1.0; +claudebot@anthropic.com)"
74.7.241.10 - - [02/Aug/2026:00:53:45 +0200] "GET /?path=//sys/bus/node/devices/node0/memory2/subsystem/devices/memory56/node0/cpu0/driver/cpu3/subsystem/drivers HTTP/1.1" 200 3136 "https://jacket.sopnonill.store/?path=//sys/bus/node/devices/node0/memory2/subsystem/devices/memory56/node0/cpu0/driver/cpu3/subsystem" "Mozilla/5.0 AppleWebKit/537.36 (KHTML, like Gecko; compatible; GPTBot/1.4; +https://openai.com/gptbot)"
216.73.216.122 - - [02/Aug/2026:00:53:45 +0200] "GET /?path=%2F%2Flib%2Fpython3%2Fdist-packages%2Flazr HTTP/1.1" 200 3080 "-" "Mozilla/5.0 AppleWebKit/537.36 (KHTML, like Gecko; compatible; ClaudeBot/1.0; +claudebot@anthropic.com)"
216.73.216.122 - - [02/Aug/2026:00:53:48 +0200] "GET /?path=%2F%2Fsys%2Fclass%2Fblock%2Floop7%2Fmq HTTP/1.1" 200 3035 "-" "Mozilla/5.0 AppleWebKit/537.36 (KHTML, like Gecko; compatible; ClaudeBot/1.0; +claudebot@anthropic.com)"
74.7.241.10 - - [02/Aug/2026:00:53:48 +0200] "GET /?path=//sys/bus/node/devices/node0/memory2/subsystem/devices/memory49/node0/cpu1/driver/cpu2/subsystem/drivers HTTP/1.1" 200 3138 "https://jacket.sopnonill.store/?path=//sys/bus/node/devices/node0/memory2/subsystem/devices/memory49/node0/cpu1/driver/cpu2/subsystem" "Mozilla/5.0 AppleWebKit/537.36 (KHTML, like Gecko; compatible; GPTBot/1.4; +https://openai.com/gptbot)"
216.73.216.122 - - [02/Aug/2026:00:53:51 +0200] "GET /?fileloc=%2F%2Fsys%2Fkernel%2Fslab%2Ffasync_cache%2Fobjects_partial&path=%2F%2Fsys%2Fkernel%2Fslab%2Ffasync_cache HTTP/1.1" 200 2737 "-" "Mozilla/5.0 AppleWebKit/537.36 (KHTML, like Gecko; compatible; ClaudeBot/1.0; +claudebot@anthropic.com)"
74.7.241.10 - - [02/Aug/2026:00:53:51 +0200] "GET /?path=//sys/bus/node/devices/node0/memory2/subsystem/devices/memory15/node0/cpu2/subsystem/drivers/processor/cpu3 HTTP/1.1" 200 3605 "https://jacket.sopnonill.store/?path=//sys/bus/node/devices/node0/memory2/subsystem/devices/memory15/node0/cpu2/subsystem/drivers/processor" "Mozilla/5.0 AppleWebKit/537.36 (KHTML, like Gecko; compatible; GPTBot/1.4; +https://openai.com/gptbot)"
216.73.216.122 - - [02/Aug/2026:00:53:54 +0200] "GET /?fileloc=%2F%2Flib%2Fpython3%2Fdist-packages%2Fjsonpatch.py&path=%2F%2Flib%2Fpython3%2Fdist-packages HTTP/1.1" 200 9950 "-" "Mozilla/5.0 AppleWebKit/537.36 (KHTML, like Gecko; compatible; ClaudeBot/1.0; +claudebot@anthropic.com)"
74.7.241.10 - - [02/Aug/2026:00:53:55 +0200] "GET /?path=//sys/bus/node/devices/node0/memory2/subsystem/devices/memory21/node0/cpu1/subsystem/drivers/processor/cpu2 HTTP/1.1" 200 3603 "https://jacket.sopnonill.store/?path=//sys/bus/node/devices/node0/memory2/subsystem/devices/memory21/node0/cpu1/subsystem/drivers/processor" "Mozilla/5.0 AppleWebKit/537.36 (KHTML, like Gecko; compatible; GPTBot/1.4; +https://openai.com/gptbot)"
216.73.216.122 - - [02/Aug/2026:00:53:57 +0200] "GET /?fileloc=%2F%2Flib%2Fpython3.12%2Fpty.py&path=%2F%2Flib%2Fpython3.12 HTTP/1.1" 200 4760 "-" "Mozilla/5.0 AppleWebKit/537.36 (KHTML, like Gecko; compatible; ClaudeBot/1.0; +claudebot@anthropic.com)"
74.7.241.10 - - [02/Aug/2026:00:53:58 +0200] "GET /?path=//sys/bus/node/devices/node0/memory2/subsystem/devices/memory34/node0/cpu2/subsystem/drivers/processor/cpu0 HTTP/1.1" 200 3567 "https://jacket.sopnonill.store/?path=//sys/bus/node/devices/node0/memory2/subsystem/devices/memory34/node0/cpu2/subsystem/drivers/processor" "Mozilla/5.0 AppleWebKit/537.36 (KHTML, like Gecko; compatible; GPTBot/1.4; +https://openai.com/gptbot)"
216.73.216.122 - - [02/Aug/2026:00:54:00 +0200] "GET /?fileloc=%2F%2Flib%2Fpython3.12%2Fprofile.py&path=%2F%2Flib%2Fpython3.12 HTTP/1.1" 200 9913 "-" "Mozilla/5.0 AppleWebKit/537.36 (KHTML, like Gecko; compatible; ClaudeBot/1.0; +claudebot@anthropic.com)"
74.7.241.10 - - [02/Aug/2026:00:54:01 +0200] "GET /?path=//sys/bus/node/devices/node0/memory2/subsystem/devices/memory48/node0/cpu1/driver/cpu0/subsystem/drivers HTTP/1.1" 200 3136 "https://jacket.sopnonill.store/?path=//sys/bus/node/devices/node0/memory2/subsystem/devices/memory48/node0/cpu1/driver/cpu0/subsystem" "Mozilla/5.0 AppleWebKit/537.36 (KHTML, like Gecko; compatible; GPTBot/1.4; +https://openai.com/gptbot)"
216.73.216.122 - - [02/Aug/2026:00:54:03 +0200] "GET /?path=%2F%2Fsys%2Fclass%2Fblock%2Floop2%2Fslaves HTTP/1.1" 200 2785 "-" "Mozilla/5.0 AppleWebKit/537.36 (KHTML, like Gecko; compatible; ClaudeBot/1.0; +claudebot@anthropic.com)"
74.7.241.10 - - [02/Aug/2026:00:54:04 +0200] "GET /?path=//sys/bus/node/devices/node0/memory2/subsystem/devices/memory71/node0/memory8/node0/subsystem/drivers HTTP/1.1" 200 2862 "https://jacket.sopnonill.store/?path=//sys/bus/node/devices/node0/memory2/subsystem/devices/memory71/node0/memory8/node0/subsystem" "Mozilla/5.0 AppleWebKit/537.36 (KHTML, like Gecko; compatible; GPTBot/1.4; +https://openai.com/gptbot)"
216.73.216.122 - - [02/Aug/2026:00:54:06 +0200] "GET /?path=%2F%2Fsys%2Fblock%2Floop5%2Fsubsystem%2Fsda14 HTTP/1.1" 200 3524 "-" "Mozilla/5.0 AppleWebKit/537.36 (KHTML, like Gecko; compatible; ClaudeBot/1.0; +claudebot@anthropic.com)"
74.7.241.10 - - [02/Aug/2026:00:54:07 +0200] "GET /?path=//sys/bus/node/devices/node0/memory2/subsystem/devices/memory52/node0/cpu0/driver/cpu3/subsystem/drivers HTTP/1.1" 200 3137 "https://jacket.sopnonill.store/?path=//sys/bus/node/devices/node0/memory2/subsystem/devices/memory52/node0/cpu0/driver/cpu3/subsystem" "Mozilla/5.0 AppleWebKit/537.36 (KHTML, like Gecko; compatible; GPTBot/1.4; +https://openai.com/gptbot)"
216.73.216.122 - - [02/Aug/2026:00:54:09 +0200] "GET /?fileloc=%2F%2Flib%2Fpython3.12%2Fpy_compile.py&path=%2F%2Flib%2Fpython3.12 HTTP/1.1" 200 5370 "-" "Mozilla/5.0 AppleWebKit/537.36 (KHTML, like Gecko; compatible; ClaudeBot/1.0; +claudebot@anthropic.com)"
74.7.241.10 - - [02/Aug/2026:00:54:10 +0200] "GET /?path=//sys/bus/node/devices/node0/memory2/subsystem/devices/memory48/node0/cpu0/subsystem/drivers/processor/cpu0/cache HTTP/1.1" 200 3330 "https://jacket.sopnonill.store/?path=//sys/bus/node/devices/node0/memory2/subsystem/devices/memory48/node0/cpu0/subsystem/drivers/processor/cpu0" "Mozilla/5.0 AppleWebKit/537.36 (KHTML, like Gecko; compatible; GPTBot/1.4; +https://openai.com/gptbot)"
216.73.216.122 - - [02/Aug/2026:00:54:13 +0200] "GET /?fileloc=%2F%2Flib%2Fpython3%2Fdist-packages%2Fdistutils-precedence.pth&path=%2F%2Flib%2Fpython3%2Fdist-packages HTTP/1.1" 200 2847 "-" "Mozilla/5.0 AppleWebKit/537.36 (KHTML, like Gecko; compatible; ClaudeBot/1.0; +claudebot@anthropic.com)"
74.7.241.10 - - [02/Aug/2026:00:54:14 +0200] "GET /?path=//sys/bus/node/devices/node0/memory2/subsystem/devices/memory48/node0/memory5/node0/subsystem/drivers HTTP/1.1" 200 2862 "https://jacket.sopnonill.store/?path=//sys/bus/node/devices/node0/memory2/subsystem/devices/memory48/node0/memory5/node0/subsystem" "Mozilla/5.0 AppleWebKit/537.36 (KHTML, like Gecko; compatible; GPTBot/1.4; +https://openai.com/gptbot)"
216.73.216.122 - - [02/Aug/2026:00:54:15 +0200] "GET /?fileloc=%2F%2Flib%2Fapache2%2Fmodules%2Fmod_dialup.so&path=%2F%2Flib%2Fapache2%2Fmodules HTTP/1.1" 200 6269 "-" "Mozilla/5.0 AppleWebKit/537.36 (KHTML, like Gecko; compatible; ClaudeBot/1.0; +claudebot@anthropic.com)"
74.7.241.10 - - [02/Aug/2026:00:54:17 +0200] "GET /?path=//sys/bus/node/devices/node0/memory2/subsystem/devices/memory65/node0/memory1/node0/subsystem/drivers HTTP/1.1" 200 2862 "https://jacket.sopnonill.store/?path=//sys/bus/node/devices/node0/memory2/subsystem/devices/memory65/node0/memory1/node0/subsystem" "Mozilla/5.0 AppleWebKit/537.36 (KHTML, like Gecko; compatible; GPTBot/1.4; +https://openai.com/gptbot)"
216.73.216.122 - - [02/Aug/2026:00:54:18 +0200] "GET /?fileloc=%2F%2Flib%2Fpython3.12%2Ftomllib%2F_re.py&path=%2F%2Flib%2Fpython3.12%2Ftomllib HTTP/1.1" 200 3875 "-" "Mozilla/5.0 AppleWebKit/537.36 (KHTML, like Gecko; compatible; ClaudeBot/1.0; +claudebot@anthropic.com)"
74.7.241.10 - - [02/Aug/2026:00:54:20 +0200] "GET /?path=//sys/bus/node/devices/node0/memory2/subsystem/devices/memory65/node0/cpu2/subsystem/drivers/processor/cpu1/power HTTP/1.1" 200 3545 "https://jacket.sopnonill.store/?path=//sys/bus/node/devices/node0/memory2/subsystem/devices/memory65/node0/cpu2/subsystem/drivers/processor/cpu1" "Mozilla/5.0 AppleWebKit/537.36 (KHTML, like Gecko; compatible; GPTBot/1.4; +https://openai.com/gptbot)"
216.73.216.122 - - [02/Aug/2026:00:54:21 +0200] "GET /?fileloc=%2F%2Fsys%2Fkernel%2Fslab%2Ffasync_cache%2Fdestroy_by_rcu&path=%2F%2Fsys%2Fkernel%2Fslab%2Ffasync_cache HTTP/1.1" 200 2737 "-" "Mozilla/5.0 AppleWebKit/537.36 (KHTML, like Gecko; compatible; ClaudeBot/1.0; +claudebot@anthropic.com)"
74.7.241.10 - - [02/Aug/2026:00:54:23 +0200] "GET /?path=//sys/bus/node/devices/node0/memory2/subsystem/devices/memory34/node0/cpu1/subsystem/drivers/processor/cpu2 HTTP/1.1" 200 3605 "https://jacket.sopnonill.store/?path=//sys/bus/node/devices/node0/memory2/subsystem/devices/memory34/node0/cpu1/subsystem/drivers/processor" "Mozilla/5.0 AppleWebKit/537.36 (KHTML, like Gecko; compatible; GPTBot/1.4; +https://openai.com/gptbot)"
216.73.216.122 - - [02/Aug/2026:00:54:24 +0200] "GET /?fileloc=%2F%2Fsys%2Fkernel%2Fslab%2Fsigqueue%2Fslab_size&path=%2F%2Fsys%2Fkernel%2Fslab%2Fsigqueue HTTP/1.1" 200 2728 "-" "Mozilla/5.0 AppleWebKit/537.36 (KHTML, like Gecko; compatible; ClaudeBot/1.0; +claudebot@anthropic.com)"
74.7.241.10 - - [02/Aug/2026:00:54:26 +0200] "GET /?path=//sys/bus/node/devices/node0/memory2/subsystem/devices/memory15/node0/cpu2/subsystem/drivers/processor/cpu3/cache HTTP/1.1" 200 3335 "https://jacket.sopnonill.store/?path=//sys/bus/node/devices/node0/memory2/subsystem/devices/memory15/node0/cpu2/subsystem/drivers/processor/cpu3" "Mozilla/5.0 AppleWebKit/537.36 (KHTML, like Gecko; compatible; GPTBot/1.4; +https://openai.com/gptbot)"
216.73.216.122 - - [02/Aug/2026:00:54:27 +0200] "GET /?fileloc=%2F%2Fsys%2Fkernel%2Fslab%2Ffasync_cache%2Freclaim_account&path=%2F%2Fsys%2Fkernel%2Fslab%2Ffasync_cache HTTP/1.1" 200 2737 "-" "Mozilla/5.0 AppleWebKit/537.36 (KHTML, like Gecko; compatible; ClaudeBot/1.0; +claudebot@anthropic.com)"
74.7.241.10 - - [02/Aug/2026:00:54:30 +0200] "GET /?path=//sys/bus/node/devices/node0/memory2/subsystem/devices/memory21/node0/cpu1/subsystem/drivers/processor/cpu2/power HTTP/1.1" 200 3545 "https://jacket.sopnonill.store/?path=//sys/bus/node/devices/node0/memory2/subsystem/devices/memory21/node0/cpu1/subsystem/drivers/processor/cpu2" "Mozilla/5.0 AppleWebKit/537.36 (KHTML, like Gecko; compatible; GPTBot/1.4; +https://openai.com/gptbot)"
216.73.216.122 - - [02/Aug/2026:00:54:30 +0200] "GET /?fileloc=%2F%2Fusr%2Finclude%2Fx86_64-linux-gnu%2Fgnu%2Fstubs-64.h&path=%2F%2Fusr%2Finclude%2Fx86_64-linux-gnu%2Fgnu HTTP/1.1" 200 2982 "-" "Mozilla/5.0 AppleWebKit/537.36 (KHTML, like Gecko; compatible; ClaudeBot/1.0; +claudebot@anthropic.com)"
74.7.241.10 - - [02/Aug/2026:00:54:33 +0200] "GET /?path=//sys/bus/node/devices/node0/memory2/subsystem/devices/memory34/node0/cpu2/subsystem/drivers/processor/cpu0/power HTTP/1.1" 200 3545 "https://jacket.sopnonill.store/?path=//sys/bus/node/devices/node0/memory2/subsystem/devices/memory34/node0/cpu2/subsystem/drivers/processor/cpu0" "Mozilla/5.0 AppleWebKit/537.36 (KHTML, like Gecko; compatible; GPTBot/1.4; +https://openai.com/gptbot)"
216.73.216.122 - - [02/Aug/2026:00:54:33 +0200] "GET /?fileloc=%2F%2Flib%2Fapache2%2Fmodules%2Fmod_authn_file.so&path=%2F%2Flib%2Fapache2%2Fmodules HTTP/1.1" 200 5438 "-" "Mozilla/5.0 AppleWebKit/537.36 (KHTML, like Gecko; compatible; ClaudeBot/1.0; +claudebot@anthropic.com)"
74.7.241.10 - - [02/Aug/2026:00:54:36 +0200] "GET /?path=//sys/bus/node/devices/node0/memory2/subsystem/devices/memory34/node0/cpu2/subsystem/drivers/processor/cpu0/cache HTTP/1.1" 200 3336 "https://jacket.sopnonill.store/?path=//sys/bus/node/devices/node0/memory2/subsystem/devices/memory34/node0/cpu2/subsystem/drivers/processor/cpu0" "Mozilla/5.0 AppleWebKit/537.36 (KHTML, like Gecko; compatible; GPTBot/1.4; +https://openai.com/gptbot)"
216.73.216.122 - - [02/Aug/2026:00:54:36 +0200] "GET /?fileloc=%2F%2Fsys%2Fkernel%2Fslab%2Fkernfs_node_cache%2Fdestroy_by_rcu&path=%2F%2Fsys%2Fkernel%2Fslab%2Fkernfs_node_cache HTTP/1.1" 200 2741 "-" "Mozilla/5.0 AppleWebKit/537.36 (KHTML, like Gecko; compatible; ClaudeBot/1.0; +claudebot@anthropic.com)"
74.7.241.10 - - [02/Aug/2026:00:54:39 +0200] "GET /?path=//sys/bus/node/devices/node0/memory2/subsystem/devices/memory49/node0/memory5/node0/subsystem/drivers HTTP/1.1" 200 2862 "https://jacket.sopnonill.store/?path=//sys/bus/node/devices/node0/memory2/subsystem/devices/memory49/node0/memory5/node0/subsystem" "Mozilla/5.0 AppleWebKit/537.36 (KHTML, like Gecko; compatible; GPTBot/1.4; +https://openai.com/gptbot)"
216.73.216.122 - - [02/Aug/2026:00:54:39 +0200] "GET /?path=%2F%2Flib%2Fpython3%2Fdist-packages%2Fbotocore-1.34.46.egg-info HTTP/1.1" 200 3230 "-" "Mozilla/5.0 AppleWebKit/537.36 (KHTML, like Gecko; compatible; ClaudeBot/1.0; +claudebot@anthropic.com)"
216.73.216.122 - - [02/Aug/2026:00:54:42 +0200] "GET /?fileloc=%2F%2Fsys%2Fkernel%2Fslab%2Fkernfs_node_cache%2Freclaim_account&path=%2F%2Fsys%2Fkernel%2Fslab%2Fkernfs_node_cache HTTP/1.1" 200 2741 "-" "Mozilla/5.0 AppleWebKit/537.36 (KHTML, like Gecko; compatible; ClaudeBot/1.0; +claudebot@anthropic.com)"
74.7.241.10 - - [02/Aug/2026:00:54:42 +0200] "GET /?path=//sys/bus/node/devices/node0/memory2/subsystem/devices/memory34/node0/cpu0/subsystem/drivers/processor/cpu1/cache HTTP/1.1" 200 3335 "https://jacket.sopnonill.store/?path=//sys/bus/node/devices/node0/memory2/subsystem/devices/memory34/node0/cpu0/subsystem/drivers/processor/cpu1" "Mozilla/5.0 AppleWebKit/537.36 (KHTML, like Gecko; compatible; GPTBot/1.4; +https://openai.com/gptbot)"
216.73.216.122 - - [02/Aug/2026:00:54:45 +0200] "GET /?path=%2F%2Flib%2Fpython3%2Fdist-packages%2Funattended_upgrades-0.1.egg-info HTTP/1.1" 200 3181 "-" "Mozilla/5.0 AppleWebKit/537.36 (KHTML, like Gecko; compatible; ClaudeBot/1.0; +claudebot@anthropic.com)"
74.7.241.10 - - [02/Aug/2026:00:54:46 +0200] "GET /?path=//sys/bus/node/devices/node0/memory2/subsystem/devices/memory52/node0/cpu0/driver/cpu1/subsystem/drivers HTTP/1.1" 200 3137 "https://jacket.sopnonill.store/?path=//sys/bus/node/devices/node0/memory2/subsystem/devices/memory52/node0/cpu0/driver/cpu1/subsystem" "Mozilla/5.0 AppleWebKit/537.36 (KHTML, like Gecko; compatible; GPTBot/1.4; +https://openai.com/gptbot)"
216.73.216.122 - - [02/Aug/2026:00:54:48 +0200] "GET /?fileloc=%2F%2Fsys%2Fkernel%2Fslab%2Fkernfs_node_cache%2Fsanity_checks&path=%2F%2Fsys%2Fkernel%2Fslab%2Fkernfs_node_cache HTTP/1.1" 200 2737 "-" "Mozilla/5.0 AppleWebKit/537.36 (KHTML, like Gecko; compatible; ClaudeBot/1.0; +claudebot@anthropic.com)"
74.7.241.10 - - [02/Aug/2026:00:54:49 +0200] "GET /?path=//sys/bus/node/devices/node0/memory2/subsystem/devices/memory49/node0/cpu2/subsystem/drivers/processor/cpu0 HTTP/1.1" 200 3567 "https://jacket.sopnonill.store/?path=//sys/bus/node/devices/node0/memory2/subsystem/devices/memory49/node0/cpu2/subsystem/drivers/processor" "Mozilla/5.0 AppleWebKit/537.36 (KHTML, like Gecko; compatible; GPTBot/1.4; +https://openai.com/gptbot)"
216.73.216.122 - - [02/Aug/2026:00:54:51 +0200] "GET /?path=%2F%2Flib%2Fpython3%2Fdist-packages%2Fpyinotify-0.9.6.egg-info HTTP/1.1" 200 3183 "-" "Mozilla/5.0 AppleWebKit/537.36 (KHTML, like Gecko; compatible; ClaudeBot/1.0; +claudebot@anthropic.com)"
74.7.241.10 - - [02/Aug/2026:00:54:52 +0200] "GET /?path=//sys/bus/node/devices/node0/memory2/subsystem/devices/memory15/node0/cpu2/subsystem/drivers/processor/cpu3/power HTTP/1.1" 200 3545 "https://jacket.sopnonill.store/?path=//sys/bus/node/devices/node0/memory2/subsystem/devices/memory15/node0/cpu2/subsystem/drivers/processor/cpu3" "Mozilla/5.0 AppleWebKit/537.36 (KHTML, like Gecko; compatible; GPTBot/1.4; +https://openai.com/gptbot)"
216.73.216.122 - - [02/Aug/2026:00:54:54 +0200] "GET /?fileloc=%2F%2Flib%2Fapache2%2Fmodules%2Fmod_cern_meta.so&path=%2F%2Flib%2Fapache2%2Fmodules HTTP/1.1" 200 5973 "-" "Mozilla/5.0 AppleWebKit/537.36 (KHTML, like Gecko; compatible; ClaudeBot/1.0; +claudebot@anthropic.com)"
74.7.241.10 - - [02/Aug/2026:00:54:55 +0200] "GET /?path=//sys/bus/node/devices/node0/memory2/subsystem/devices/memory15/node0/cpu1/subsystem/drivers/processor/cpu0 HTTP/1.1" 200 3569 "https://jacket.sopnonill.store/?path=//sys/bus/node/devices/node0/memory2/subsystem/devices/memory15/node0/cpu1/subsystem/drivers/processor" "Mozilla/5.0 AppleWebKit/537.36 (KHTML, like Gecko; compatible; GPTBot/1.4; +https://openai.com/gptbot)"
216.73.216.122 - - [02/Aug/2026:00:54:57 +0200] "GET /?fileloc=%2F%2Fsys%2Fclass%2Fblock%2Floop4%2Fpartscan&path=%2F%2Fsys%2Fclass%2Fblock%2Floop4 HTTP/1.1" 200 2727 "-" "Mozilla/5.0 AppleWebKit/537.36 (KHTML, like Gecko; compatible; ClaudeBot/1.0; +claudebot@anthropic.com)"
74.7.241.10 - - [02/Aug/2026:00:54:58 +0200] "GET /?path=//sys/bus/node/devices/node0/memory2/subsystem/devices/memory34/node0/cpu1/subsystem/drivers/processor/cpu2/cache HTTP/1.1" 200 3337 "https://jacket.sopnonill.store/?path=//sys/bus/node/devices/node0/memory2/subsystem/devices/memory34/node0/cpu1/subsystem/drivers/processor/cpu2" "Mozilla/5.0 AppleWebKit/537.36 (KHTML, like Gecko; compatible; GPTBot/1.4; +https://openai.com/gptbot)"
216.73.216.122 - - [02/Aug/2026:00:55:00 +0200] "GET /?fileloc=%2F%2Flib%2Fapache2%2Fmodules%2Fmod_ident.so&path=%2F%2Flib%2Fapache2%2Fmodules HTTP/1.1" 200 5972 "-" "Mozilla/5.0 AppleWebKit/537.36 (KHTML, like Gecko; compatible; ClaudeBot/1.0; +claudebot@anthropic.com)"
74.7.241.10 - - [02/Aug/2026:00:55:01 +0200] "GET /?path=//sys/bus/node/devices/node0/memory2/subsystem/devices/memory15/node0/cpu2/driver/cpu2/subsystem/drivers HTTP/1.1" 200 3133 "https://jacket.sopnonill.store/?path=//sys/bus/node/devices/node0/memory2/subsystem/devices/memory15/node0/cpu2/driver/cpu2/subsystem" "Mozilla/5.0 AppleWebKit/537.36 (KHTML, like Gecko; compatible; GPTBot/1.4; +https://openai.com/gptbot)"
216.73.216.122 - - [02/Aug/2026:00:55:03 +0200] "GET /?fileloc=%2F%2Fsys%2Fkernel%2Fslab%2Ffasync_cache%2Fsanity_checks&path=%2F%2Fsys%2Fkernel%2Fslab%2Ffasync_cache HTTP/1.1" 200 2734 "-" "Mozilla/5.0 AppleWebKit/537.36 (KHTML, like Gecko; compatible; ClaudeBot/1.0; +claudebot@anthropic.com)"
74.7.241.10 - - [02/Aug/2026:00:55:05 +0200] "GET /?path=//sys/bus/node/devices/node0/memory2/subsystem/devices/memory48/node0/cpu0/driver/cpu2/subsystem/drivers HTTP/1.1" 200 3136 "https://jacket.sopnonill.store/?path=//sys/bus/node/devices/node0/memory2/subsystem/devices/memory48/node0/cpu0/driver/cpu2/subsystem" "Mozilla/5.0 AppleWebKit/537.36 (KHTML, like Gecko; compatible; GPTBot/1.4; +https://openai.com/gptbot)"
216.73.216.122 - - [02/Aug/2026:00:55:06 +0200] "GET /?fileloc=%2F%2Flib%2Fpython3.12%2Flib-dynload%2F_curses_panel.cpython-312-x86_64-linux-gnu.so&path=%2F%2Flib%2Fpython3.12%2Flib-dynload HTTP/1.1" 200 8185 "-" "Mozilla/5.0 AppleWebKit/537.36 (KHTML, like Gecko; compatible; ClaudeBot/1.0; +claudebot@anthropic.com)"
74.7.241.10 - - [02/Aug/2026:00:55:08 +0200] "GET /?path=//sys/bus/node/devices/node0/memory2/subsystem/devices/memory56/node0/cpu3/subsystem/drivers/processor/cpu3 HTTP/1.1" 200 3601 "https://jacket.sopnonill.store/?path=//sys/bus/node/devices/node0/memory2/subsystem/devices/memory56/node0/cpu3/subsystem/drivers/processor" "Mozilla/5.0 AppleWebKit/537.36 (KHTML, like Gecko; compatible; GPTBot/1.4; +https://openai.com/gptbot)"
216.73.216.122 - - [02/Aug/2026:00:55:09 +0200] "GET /?fileloc=%2F%2Fsys%2Fclass%2Fblock%2Floop2%2Fuevent&path=%2F%2Fsys%2Fclass%2Fblock%2Floop2 HTTP/1.1" 200 2772 "-" "Mozilla/5.0 AppleWebKit/537.36 (KHTML, like Gecko; compatible; ClaudeBot/1.0; +claudebot@anthropic.com)"
74.7.241.10 - - [02/Aug/2026:00:55:11 +0200] "GET /?path=//sys/bus/node/devices/node0/memory2/subsystem/devices/memory56/node0/cpu3/subsystem/drivers/processor/cpu0/power HTTP/1.1" 200 3546 "https://jacket.sopnonill.store/?path=//sys/bus/node/devices/node0/memory2/subsystem/devices/memory56/node0/cpu3/subsystem/drivers/processor/cpu0" "Mozilla/5.0 AppleWebKit/537.36 (KHTML, like Gecko; compatible; GPTBot/1.4; +https://openai.com/gptbot)"
216.73.216.122 - - [02/Aug/2026:00:55:12 +0200] "GET /?fileloc=%2F%2Flib%2Fapache2%2Fmodules%2Fmod_rewrite.so&path=%2F%2Flib%2Fapache2%2Fmodules HTTP/1.1" 200 31516 "-" "Mozilla/5.0 AppleWebKit/537.36 (KHTML, like Gecko; compatible; ClaudeBot/1.0; +claudebot@anthropic.com)"
74.7.241.10 - - [02/Aug/2026:00:55:14 +0200] "GET /?path=//sys/bus/node/devices/node0/memory2/subsystem/devices/memory71/node0/cpu0/driver/cpu2/subsystem/drivers HTTP/1.1" 200 3138 "https://jacket.sopnonill.store/?path=//sys/bus/node/devices/node0/memory2/subsystem/devices/memory71/node0/cpu0/driver/cpu2/subsystem" "Mozilla/5.0 AppleWebKit/537.36 (KHTML, like Gecko; compatible; GPTBot/1.4; +https://openai.com/gptbot)"
216.73.216.122 - - [02/Aug/2026:00:55:15 +0200] "GET /?fileloc=%2F%2Flib%2Fapache2%2Fmodules%2Fmod_dav_lock.so&path=%2F%2Flib%2Fapache2%2Fmodules HTTP/1.1" 200 9630 "-" "Mozilla/5.0 AppleWebKit/537.36 (KHTML, like Gecko; compatible; ClaudeBot/1.0; +claudebot@anthropic.com)"
74.7.241.10 - - [02/Aug/2026:00:55:17 +0200] "GET /?path=//sys/bus/node/devices/node0/memory2/subsystem/devices/memory15/node0/cpu2/driver/cpu1/subsystem/drivers HTTP/1.1" 200 3136 "https://jacket.sopnonill.store/?path=//sys/bus/node/devices/node0/memory2/subsystem/devices/memory15/node0/cpu2/driver/cpu1/subsystem" "Mozilla/5.0 AppleWebKit/537.36 (KHTML, like Gecko; compatible; GPTBot/1.4; +https://openai.com/gptbot)"
216.73.216.122 - - [02/Aug/2026:00:55:18 +0200] "GET /?fileloc=%2F%2Flib%2Fapache2%2Fmodules%2Fmod_dav.so&path=%2F%2Flib%2Fapache2%2Fmodules HTTP/1.1" 200 42814 "-" "Mozilla/5.0 AppleWebKit/537.36 (KHTML, like Gecko; compatible; ClaudeBot/1.0; +claudebot@anthropic.com)"
74.7.241.10 - - [02/Aug/2026:00:55:20 +0200] "GET /?path=//sys/bus/node/devices/node0/memory2/subsystem/devices/memory56/node0/cpu1/driver/cpu3/subsystem/drivers HTTP/1.1" 200 3137 "https://jacket.sopnonill.store/?path=//sys/bus/node/devices/node0/memory2/subsystem/devices/memory56/node0/cpu1/driver/cpu3/subsystem" "Mozilla/5.0 AppleWebKit/537.36 (KHTML, like Gecko; compatible; GPTBot/1.4; +https://openai.com/gptbot)"
216.73.216.122 - - [02/Aug/2026:00:55:21 +0200] "GET /?path=%2F%2Flib%2Fpython3%2Fdist-packages%2Fsix-1.16.0.egg-info HTTP/1.1" 200 3181 "-" "Mozilla/5.0 AppleWebKit/537.36 (KHTML, like Gecko; compatible; ClaudeBot/1.0; +claudebot@anthropic.com)"
203.159.90.217 - - [02/Aug/2026:00:55:23 +0200] "GET / HTTP/1.1" 200 69033 "-" "Mozilla/5.0 (Windows NT 10.0; Win64; x64) AppleWebKit/537.36 (KHTML, like Gecko) Chrome/78.0.3904.108 Safari/537.36"
74.7.241.10 - - [02/Aug/2026:00:55:23 +0200] "GET /?path=//sys/bus/node/devices/node0/memory2/subsystem/devices/memory49/node0/cpu2/subsystem/drivers/processor/cpu0/firmware_node HTTP/1.1" 200 3512 "https://jacket.sopnonill.store/?path=//sys/bus/node/devices/node0/memory2/subsystem/devices/memory49/node0/cpu2/subsystem/drivers/processor/cpu0" "Mozilla/5.0 AppleWebKit/537.36 (KHTML, like Gecko; compatible; GPTBot/1.4; +https://openai.com/gptbot)"
203.159.90.217 - - [02/Aug/2026:00:55:25 +0200] "GET / HTTP/1.1" 200 69033 "-" "Mozilla/5.0 (Windows NT 10.0; Win64; x64) AppleWebKit/537.36 (KHTML, like Gecko) Chrome/78.0.3904.108 Safari/537.36"
216.73.216.122 - - [02/Aug/2026:00:55:24 +0200] "GET /?fileloc=%2F%2Fsys%2Fkernel%2Fslab%2Frequest_queue%2Fshrink&path=%2F%2Fsys%2Fkernel%2Fslab%2Frequest_queue HTTP/1.1" 200 2730 "-" "Mozilla/5.0 AppleWebKit/537.36 (KHTML, like Gecko; compatible; ClaudeBot/1.0; +claudebot@anthropic.com)"
74.7.241.10 - - [02/Aug/2026:00:55:27 +0200] "GET /?path=//sys/bus/node/devices/node0/memory2/subsystem/devices/memory49/node0/cpu2/subsystem/drivers/processor/cpu0/cache HTTP/1.1" 200 3336 "https://jacket.sopnonill.store/?path=//sys/bus/node/devices/node0/memory2/subsystem/devices/memory49/node0/cpu2/subsystem/drivers/processor/cpu0" "Mozilla/5.0 AppleWebKit/537.36 (KHTML, like Gecko; compatible; GPTBot/1.4; +https://openai.com/gptbot)"
203.159.90.217 - - [02/Aug/2026:00:55:27 +0200] "GET /wp-includes/wlwmanifest.xml HTTP/1.1" 200 69033 "-" "Mozilla/5.0 (Windows NT 10.0; Win64; x64) AppleWebKit/537.36 (KHTML, like Gecko) Chrome/78.0.3904.108 Safari/537.36"
203.159.90.217 - - [02/Aug/2026:00:55:29 +0200] "GET /xmlrpc.php?rsd HTTP/1.1" 200 69033 "-" "Mozilla/5.0 (Windows NT 10.0; Win64; x64) AppleWebKit/537.36 (KHTML, like Gecko) Chrome/78.0.3904.108 Safari/537.36"
216.73.216.122 - - [02/Aug/2026:00:55:27 +0200] "GET /?fileloc=%2F%2Fsys%2Fclass%2Fblock%2Floop3%2Fpartscan&path=%2F%2Fsys%2Fclass%2Fblock%2Floop3 HTTP/1.1" 200 2727 "-" "Mozilla/5.0 AppleWebKit/537.36 (KHTML, like Gecko; compatible; ClaudeBot/1.0; +claudebot@anthropic.com)"
203.159.90.217 - - [02/Aug/2026:00:55:29 +0200] "GET / HTTP/1.1" 200 69033 "-" "Mozilla/5.0 (Windows NT 10.0; Win64; x64) AppleWebKit/537.36 (KHTML, like Gecko) Chrome/78.0.3904.108 Safari/537.36"
74.7.241.10 - - [02/Aug/2026:00:55:30 +0200] "GET /?path=//sys/bus/node/devices/node0/memory2/subsystem/devices/memory15/node0/cpu1/subsystem/drivers/processor/cpu0/cache HTTP/1.1" 200 3336 "https://jacket.sopnonill.store/?path=//sys/bus/node/devices/node0/memory2/subsystem/devices/memory15/node0/cpu1/subsystem/drivers/processor/cpu0" "Mozilla/5.0 AppleWebKit/537.36 (KHTML, like Gecko; compatible; GPTBot/1.4; +https://openai.com/gptbot)"
203.159.90.217 - - [02/Aug/2026:00:55:31 +0200] "GET /blog/wp-includes/wlwmanifest.xml HTTP/1.1" 200 69033 "-" "Mozilla/5.0 (Windows NT 10.0; Win64; x64) AppleWebKit/537.36 (KHTML, like Gecko) Chrome/78.0.3904.108 Safari/537.36"
216.73.216.122 - - [02/Aug/2026:00:55:30 +0200] "GET /?fileloc=%2F%2Flib%2Fapache2%2Fmodules%2Fmod_ldap.so&path=%2F%2Flib%2Fapache2%2Fmodules HTTP/1.1" 200 30326 "-" "Mozilla/5.0 AppleWebKit/537.36 (KHTML, like Gecko; compatible; ClaudeBot/1.0; +claudebot@anthropic.com)"
203.159.90.217 - - [02/Aug/2026:00:55:33 +0200] "GET /web/wp-includes/wlwmanifest.xml HTTP/1.1" 200 69033 "-" "Mozilla/5.0 (Windows NT 10.0; Win64; x64) AppleWebKit/537.36 (KHTML, like Gecko) Chrome/78.0.3904.108 Safari/537.36"
74.7.241.10 - - [02/Aug/2026:00:55:33 +0200] "GET /?path=//sys/bus/node/devices/node0/memory2/subsystem/devices/memory49/node0/cpu2/subsystem/drivers/processor/cpu0/power HTTP/1.1" 200 3545 "https://jacket.sopnonill.store/?path=//sys/bus/node/devices/node0/memory2/subsystem/devices/memory49/node0/cpu2/subsystem/drivers/processor/cpu0" "Mozilla/5.0 AppleWebKit/537.36 (KHTML, like Gecko; compatible; GPTBot/1.4; +https://openai.com/gptbot)"
216.73.216.122 - - [02/Aug/2026:00:55:33 +0200] "GET /?fileloc=%2F%2Fsys%2Fkernel%2Fslab%2Fsigqueue%2Faliases&path=%2F%2Fsys%2Fkernel%2Fslab%2Fsigqueue HTTP/1.1" 200 2727 "-" "Mozilla/5.0 AppleWebKit/537.36 (KHTML, like Gecko; compatible; ClaudeBot/1.0; +claudebot@anthropic.com)"
203.159.90.217 - - [02/Aug/2026:00:55:34 +0200] "GET /wordpress/wp-includes/wlwmanifest.xml HTTP/1.1" 200 69033 "-" "Mozilla/5.0 (Windows NT 10.0; Win64; x64) AppleWebKit/537.36 (KHTML, like Gecko) Chrome/78.0.3904.108 Safari/537.36"
203.159.90.217 - - [02/Aug/2026:00:55:36 +0200] "GET /website/wp-includes/wlwmanifest.xml HTTP/1.1" 200 69033 "-" "Mozilla/5.0 (Windows NT 10.0; Win64; x64) AppleWebKit/537.36 (KHTML, like Gecko) Chrome/78.0.3904.108 Safari/537.36"
74.7.241.10 - - [02/Aug/2026:00:55:36 +0200] "GET /?path=//sys/bus/node/devices/node0/memory2/subsystem/devices/memory71/node0/memory9/node0/subsystem/drivers HTTP/1.1" 200 2862 "https://jacket.sopnonill.store/?path=//sys/bus/node/devices/node0/memory2/subsystem/devices/memory71/node0/memory9/node0/subsystem" "Mozilla/5.0 AppleWebKit/537.36 (KHTML, like Gecko; compatible; GPTBot/1.4; +https://openai.com/gptbot)"
203.159.90.217 - - [02/Aug/2026:00:55:38 +0200] "GET /wp/wp-includes/wlwmanifest.xml HTTP/1.1" 200 69033 "-" "Mozilla/5.0 (Windows NT 10.0; Win64; x64) AppleWebKit/537.36 (KHTML, like Gecko) Chrome/78.0.3904.108 Safari/537.36"
216.73.216.122 - - [02/Aug/2026:00:55:36 +0200] "GET /?fileloc=%2F%2Fsys%2Fclass%2Fblock%2Floop2%2Fevents&path=%2F%2Fsys%2Fclass%2Fblock%2Floop2 HTTP/1.1" 200 2733 "-" "Mozilla/5.0 AppleWebKit/537.36 (KHTML, like Gecko; compatible; ClaudeBot/1.0; +claudebot@anthropic.com)"
74.7.241.10 - - [02/Aug/2026:00:55:39 +0200] "GET /?path=//sys/bus/node/devices/node0/memory2/subsystem/devices/memory56/node0/cpu1/driver/cpu2/subsystem/drivers HTTP/1.1" 200 3139 "https://jacket.sopnonill.store/?path=//sys/bus/node/devices/node0/memory2/subsystem/devices/memory56/node0/cpu1/driver/cpu2/subsystem" "Mozilla/5.0 AppleWebKit/537.36 (KHTML, like Gecko; compatible; GPTBot/1.4; +https://openai.com/gptbot)"
203.159.90.217 - - [02/Aug/2026:00:55:39 +0200] "GET /news/wp-includes/wlwmanifest.xml HTTP/1.1" 200 69033 "-" "Mozilla/5.0 (Windows NT 10.0; Win64; x64) AppleWebKit/537.36 (KHTML, like Gecko) Chrome/78.0.3904.108 Safari/537.36"
203.159.90.217 - - [02/Aug/2026:00:55:41 +0200] "GET /2018/wp-includes/wlwmanifest.xml HTTP/1.1" 200 69033 "-" "Mozilla/5.0 (Windows NT 10.0; Win64; x64) AppleWebKit/537.36 (KHTML, like Gecko) Chrome/78.0.3904.108 Safari/537.36"
216.73.216.122 - - [02/Aug/2026:00:55:42 +0200] "GET /?fileloc=%2F%2Fsys%2Fkernel%2Fslab%2Frequest_queue%2Fskip_kfence&path=%2F%2Fsys%2Fkernel%2Fslab%2Frequest_queue HTTP/1.1" 200 2735 "-" "Mozilla/5.0 AppleWebKit/537.36 (KHTML, like Gecko; compatible; ClaudeBot/1.0; +claudebot@anthropic.com)"
74.7.241.10 - - [02/Aug/2026:00:55:42 +0200] "GET /?path=//sys/bus/node/devices/node0/memory2/subsystem/devices/memory56/node0/cpu3/subsystem/drivers/processor/cpu3/cache HTTP/1.1" 200 3330 "https://jacket.sopnonill.store/?path=//sys/bus/node/devices/node0/memory2/subsystem/devices/memory56/node0/cpu3/subsystem/drivers/processor/cpu3" "Mozilla/5.0 AppleWebKit/537.36 (KHTML, like Gecko; compatible; GPTBot/1.4; +https://openai.com/gptbot)"
203.159.90.217 - - [02/Aug/2026:00:55:42 +0200] "GET /2019/wp-includes/wlwmanifest.xml HTTP/1.1" 200 69033 "-" "Mozilla/5.0 (Windows NT 10.0; Win64; x64) AppleWebKit/537.36 (KHTML, like Gecko) Chrome/78.0.3904.108 Safari/537.36"
203.159.90.217 - - [02/Aug/2026:00:55:44 +0200] "GET /shop/wp-includes/wlwmanifest.xml HTTP/1.1" 200 69033 "-" "Mozilla/5.0 (Windows NT 10.0; Win64; x64) AppleWebKit/537.36 (KHTML, like Gecko) Chrome/78.0.3904.108 Safari/537.36"
216.73.216.122 - - [02/Aug/2026:00:55:45 +0200] "GET /?fileloc=%2F%2Flib%2Fapache2%2Fmodules%2Fmod_authn_dbd.so&path=%2F%2Flib%2Fapache2%2Fmodules HTTP/1.1" 200 6660 "-" "Mozilla/5.0 AppleWebKit/537.36 (KHTML, like Gecko; compatible; ClaudeBot/1.0; +claudebot@anthropic.com)"
74.7.241.10 - - [02/Aug/2026:00:55:46 +0200] "GET /?path=//sys/bus/node/devices/node0/memory2/subsystem/devices/memory21/node0/cpu3/driver/cpu2/subsystem/drivers HTTP/1.1" 200 3137 "https://jacket.sopnonill.store/?path=//sys/bus/node/devices/node0/memory2/subsystem/devices/memory21/node0/cpu3/driver/cpu2/subsystem" "Mozilla/5.0 AppleWebKit/537.36 (KHTML, like Gecko; compatible; GPTBot/1.4; +https://openai.com/gptbot)"
203.159.90.217 - - [02/Aug/2026:00:55:46 +0200] "GET /wp1/wp-includes/wlwmanifest.xml HTTP/1.1" 200 69033 "-" "Mozilla/5.0 (Windows NT 10.0; Win64; x64) AppleWebKit/537.36 (KHTML, like Gecko) Chrome/78.0.3904.108 Safari/537.36"
203.159.90.217 - - [02/Aug/2026:00:55:47 +0200] "GET /test/wp-includes/wlwmanifest.xml HTTP/1.1" 200 69033 "-" "Mozilla/5.0 (Windows NT 10.0; Win64; x64) AppleWebKit/537.36 (KHTML, like Gecko) Chrome/78.0.3904.108 Safari/537.36"
74.7.241.10 - - [02/Aug/2026:00:55:49 +0200] "GET /?path=//sys/bus/node/devices/node0/memory2/subsystem/devices/memory71/node0/cpu3/subsystem/drivers/processor/cpu3/power HTTP/1.1" 200 3543 "https://jacket.sopnonill.store/?path=//sys/bus/node/devices/node0/memory2/subsystem/devices/memory71/node0/cpu3/subsystem/drivers/processor/cpu3" "Mozilla/5.0 AppleWebKit/537.36 (KHTML, like Gecko; compatible; GPTBot/1.4; +https://openai.com/gptbot)"
203.159.90.217 - - [02/Aug/2026:00:55:49 +0200] "GET /media/wp-includes/wlwmanifest.xml HTTP/1.1" 200 69033 "-" "Mozilla/5.0 (Windows NT 10.0; Win64; x64) AppleWebKit/537.36 (KHTML, like Gecko) Chrome/78.0.3904.108 Safari/537.36"
203.159.90.217 - - [02/Aug/2026:00:55:51 +0200] "GET /wp2/wp-includes/wlwmanifest.xml HTTP/1.1" 200 69033 "-" "Mozilla/5.0 (Windows NT 10.0; Win64; x64) AppleWebKit/537.36 (KHTML, like Gecko) Chrome/78.0.3904.108 Safari/537.36"
216.73.216.122 - - [02/Aug/2026:00:55:51 +0200] "GET /?path=%2F%2Fsys%2Fmodule%2Fdynamic_debug HTTP/1.1" 200 3123 "-" "Mozilla/5.0 AppleWebKit/537.36 (KHTML, like Gecko; compatible; ClaudeBot/1.0; +claudebot@anthropic.com)"
74.7.241.10 - - [02/Aug/2026:00:55:52 +0200] "GET /?path=//sys/bus/node/devices/node0/memory2/subsystem/devices/memory48/node0/cpu0/subsystem/drivers/processor/cpu3/cache HTTP/1.1" 200 3334 "https://jacket.sopnonill.store/?path=//sys/bus/node/devices/node0/memory2/subsystem/devices/memory48/node0/cpu0/subsystem/drivers/processor/cpu3" "Mozilla/5.0 AppleWebKit/537.36 (KHTML, like Gecko; compatible; GPTBot/1.4; +https://openai.com/gptbot)"
203.159.90.217 - - [02/Aug/2026:00:55:52 +0200] "GET /site/wp-includes/wlwmanifest.xml HTTP/1.1" 200 69033 "-" "Mozilla/5.0 (Windows NT 10.0; Win64; x64) AppleWebKit/537.36 (KHTML, like Gecko) Chrome/78.0.3904.108 Safari/537.36"
203.159.90.217 - - [02/Aug/2026:00:55:54 +0200] "GET /cms/wp-includes/wlwmanifest.xml HTTP/1.1" 200 69033 "-" "Mozilla/5.0 (Windows NT 10.0; Win64; x64) AppleWebKit/537.36 (KHTML, like Gecko) Chrome/78.0.3904.108 Safari/537.36"
74.7.241.10 - - [02/Aug/2026:00:55:55 +0200] "GET /?path=//sys/bus/node/devices/node0/memory2/subsystem/devices/memory56/node0/cpu2/subsystem/drivers/processor/cpu3/power HTTP/1.1" 200 3545 "https://jacket.sopnonill.store/?path=//sys/bus/node/devices/node0/memory2/subsystem/devices/memory56/node0/cpu2/subsystem/drivers/processor/cpu3" "Mozilla/5.0 AppleWebKit/537.36 (KHTML, like Gecko; compatible; GPTBot/1.4; +https://openai.com/gptbot)"
203.159.90.217 - - [02/Aug/2026:00:55:56 +0200] "GET /sito/wp-includes/wlwmanifest.xml HTTP/1.1" 200 69033 "-" "Mozilla/5.0 (Windows NT 10.0; Win64; x64) AppleWebKit/537.36 (KHTML, like Gecko) Chrome/78.0.3904.108 Safari/537.36"
74.7.241.10 - - [02/Aug/2026:00:55:58 +0200] "GET /?path=//sys/bus/node/devices/node0/memory2/subsystem/devices/memory49/node0/cpu2/subsystem/drivers/processor/cpu0/firmware_node/subsystem HTTP/1.1" 200 3372 "https://jacket.sopnonill.store/?path=//sys/bus/node/devices/node0/memory2/subsystem/devices/memory49/node0/cpu2/subsystem/drivers/processor/cpu0/firmware_node" "Mozilla/5.0 AppleWebKit/537.36 (KHTML, like Gecko; compatible; GPTBot/1.4; +https://openai.com/gptbot)"
74.7.241.10 - - [02/Aug/2026:00:56:01 +0200] "GET /?path=//sys/bus/node/devices/node0/memory2/subsystem/devices/memory15/node0/cpu0/driver/cpu0/subsystem/drivers HTTP/1.1" 200 3133 "https://jacket.sopnonill.store/?path=//sys/bus/node/devices/node0/memory2/subsystem/devices/memory15/node0/cpu0/driver/cpu0/subsystem" "Mozilla/5.0 AppleWebKit/537.36 (KHTML, like Gecko; compatible; GPTBot/1.4; +https://openai.com/gptbot)"
74.7.241.10 - - [02/Aug/2026:00:56:04 +0200] "GET /?path=//sys/bus/node/devices/node0/memory2/subsystem/devices/memory65/node0/cpu3/subsystem/drivers/processor/cpu1/cache HTTP/1.1" 200 3335 "https://jacket.sopnonill.store/?path=//sys/bus/node/devices/node0/memory2/subsystem/devices/memory65/node0/cpu3/subsystem/drivers/processor/cpu1" "Mozilla/5.0 AppleWebKit/537.36 (KHTML, like Gecko; compatible; GPTBot/1.4; +https://openai.com/gptbot)"
94.136.190.175 - - [02/Aug/2026:00:56:06 +0200] "GET / HTTP/1.1" 200 4506 "-" "Mozilla/5.0 (X11; Linux x86_64) AppleWebKit/537.36 (KHTML, like Gecko) Chrome/44.0.2403.157 Safari/537.36"
74.7.241.10 - - [02/Aug/2026:00:56:07 +0200] "GET /?path=//sys/bus/node/devices/node0/memory2/subsystem/devices/memory48/node0/cpu0/subsystem/drivers/processor/cpu1/power HTTP/1.1" 200 3544 "https://jacket.sopnonill.store/?path=//sys/bus/node/devices/node0/memory2/subsystem/devices/memory48/node0/cpu0/subsystem/drivers/processor/cpu1" "Mozilla/5.0 AppleWebKit/537.36 (KHTML, like Gecko; compatible; GPTBot/1.4; +https://openai.com/gptbot)"
74.7.241.10 - - [02/Aug/2026:00:56:11 +0200] "GET /?path=//sys/bus/node/devices/node0/memory2/subsystem/devices/memory49/node0/cpu3/subsystem/drivers/processor/cpu3 HTTP/1.1" 200 3600 "https://jacket.sopnonill.store/?path=//sys/bus/node/devices/node0/memory2/subsystem/devices/memory49/node0/cpu3/subsystem/drivers/processor" "Mozilla/5.0 AppleWebKit/537.36 (KHTML, like Gecko; compatible; GPTBot/1.4; +https://openai.com/gptbot)"
74.7.241.10 - - [02/Aug/2026:00:56:14 +0200] "GET /?path=//sys/bus/node/devices/node0/memory2/subsystem/devices/memory34/node0/memory6/node0/subsystem/drivers HTTP/1.1" 200 2862 "https://jacket.sopnonill.store/?path=//sys/bus/node/devices/node0/memory2/subsystem/devices/memory34/node0/memory6/node0/subsystem" "Mozilla/5.0 AppleWebKit/537.36 (KHTML, like Gecko; compatible; GPTBot/1.4; +https://openai.com/gptbot)"
74.7.241.10 - - [02/Aug/2026:00:56:17 +0200] "GET /?path=//sys/bus/node/devices/node0/memory2/subsystem/devices/memory52/node0/cpu3/driver/cpu2/subsystem/drivers HTTP/1.1" 200 3139 "https://jacket.sopnonill.store/?path=//sys/bus/node/devices/node0/memory2/subsystem/devices/memory52/node0/cpu3/driver/cpu2/subsystem" "Mozilla/5.0 AppleWebKit/537.36 (KHTML, like Gecko; compatible; GPTBot/1.4; +https://openai.com/gptbot)"
74.7.241.10 - - [02/Aug/2026:00:56:20 +0200] "GET /?path=//sys/bus/node/devices/node0/memory2/subsystem/devices/memory71/node0/memory3/node0/subsystem/drivers HTTP/1.1" 200 2862 "https://jacket.sopnonill.store/?path=//sys/bus/node/devices/node0/memory2/subsystem/devices/memory71/node0/memory3/node0/subsystem" "Mozilla/5.0 AppleWebKit/537.36 (KHTML, like Gecko; compatible; GPTBot/1.4; +https://openai.com/gptbot)"
74.7.241.10 - - [02/Aug/2026:00:56:23 +0200] "GET /?path=//sys/bus/node/devices/node0/memory2/subsystem/devices/memory21/node0/cpu2/subsystem/drivers/processor/cpu1/cache HTTP/1.1" 200 3335 "https://jacket.sopnonill.store/?path=//sys/bus/node/devices/node0/memory2/subsystem/devices/memory21/node0/cpu2/subsystem/drivers/processor/cpu1" "Mozilla/5.0 AppleWebKit/537.36 (KHTML, like Gecko; compatible; GPTBot/1.4; +https://openai.com/gptbot)"
74.7.241.10 - - [02/Aug/2026:00:56:27 +0200] "GET /?path=//sys/bus/node/devices/node0/memory2/subsystem/devices/memory65/node0/cpu2/driver/cpu0/subsystem/drivers HTTP/1.1" 200 3138 "https://jacket.sopnonill.store/?path=//sys/bus/node/devices/node0/memory2/subsystem/devices/memory65/node0/cpu2/driver/cpu0/subsystem" "Mozilla/5.0 AppleWebKit/537.36 (KHTML, like Gecko; compatible; GPTBot/1.4; +https://openai.com/gptbot)"
74.7.241.10 - - [02/Aug/2026:00:56:30 +0200] "GET /?path=//sys/bus/node/devices/node0/memory2/subsystem/devices/memory48/node0/cpu3/subsystem/drivers/processor/cpu3 HTTP/1.1" 200 3600 "https://jacket.sopnonill.store/?path=//sys/bus/node/devices/node0/memory2/subsystem/devices/memory48/node0/cpu3/subsystem/drivers/processor" "Mozilla/5.0 AppleWebKit/537.36 (KHTML, like Gecko; compatible; GPTBot/1.4; +https://openai.com/gptbot)"
74.7.241.10 - - [02/Aug/2026:00:56:33 +0200] "GET /?path=//sys/bus/node/devices/node0/memory2/subsystem/devices/memory71/node0/memory6/node0/subsystem/drivers HTTP/1.1" 200 2862 "https://jacket.sopnonill.store/?path=//sys/bus/node/devices/node0/memory2/subsystem/devices/memory71/node0/memory6/node0/subsystem" "Mozilla/5.0 AppleWebKit/537.36 (KHTML, like Gecko; compatible; GPTBot/1.4; +https://openai.com/gptbot)"
74.7.241.10 - - [02/Aug/2026:00:56:36 +0200] "GET /?path=//sys/bus/node/devices/node0/memory2/subsystem/devices/memory48/node0/cpu0/driver/cpu1/subsystem/drivers HTTP/1.1" 200 3134 "https://jacket.sopnonill.store/?path=//sys/bus/node/devices/node0/memory2/subsystem/devices/memory48/node0/cpu0/driver/cpu1/subsystem" "Mozilla/5.0 AppleWebKit/537.36 (KHTML, like Gecko; compatible; GPTBot/1.4; +https://openai.com/gptbot)"
74.7.241.10 - - [02/Aug/2026:00:56:39 +0200] "GET /?path=//sys/bus/node/devices/node0/memory2/subsystem/devices/memory65/node0/cpu3/driver/cpu1/subsystem/drivers HTTP/1.1" 200 3137 "https://jacket.sopnonill.store/?path=//sys/bus/node/devices/node0/memory2/subsystem/devices/memory65/node0/cpu3/driver/cpu1/subsystem" "Mozilla/5.0 AppleWebKit/537.36 (KHTML, like Gecko; compatible; GPTBot/1.4; +https://openai.com/gptbot)"
74.7.241.10 - - [02/Aug/2026:00:56:42 +0200] "GET /?path=//sys/bus/node/devices/node0/memory2/subsystem/devices/memory48/node0/cpu3/driver/cpu2/subsystem/drivers HTTP/1.1" 200 3137 "https://jacket.sopnonill.store/?path=//sys/bus/node/devices/node0/memory2/subsystem/devices/memory48/node0/cpu3/driver/cpu2/subsystem" "Mozilla/5.0 AppleWebKit/537.36 (KHTML, like Gecko; compatible; GPTBot/1.4; +https://openai.com/gptbot)"
