216.73.216.122 - - [02/Aug/2026:11:46:22 +0200] "GET /items/S4202223274 HTTP/1.1" 200 12795 "-" "Mozilla/5.0 AppleWebKit/537.36 (KHTML, like Gecko; compatible; ClaudeBot/1.0; +claudebot@anthropic.com)"
216.73.216.122 - - [02/Aug/2026:11:46:24 +0200] "GET /items/S1769645735 HTTP/1.1" 200 12797 "-" "Mozilla/5.0 AppleWebKit/537.36 (KHTML, like Gecko; compatible; ClaudeBot/1.0; +claudebot@anthropic.com)"
216.73.216.122 - - [02/Aug/2026:11:46:27 +0200] "GET /items/S4027309099 HTTP/1.1" 200 12797 "-" "Mozilla/5.0 AppleWebKit/537.36 (KHTML, like Gecko; compatible; ClaudeBot/1.0; +claudebot@anthropic.com)"
216.73.216.122 - - [02/Aug/2026:11:46:30 +0200] "GET /items/S3229183080 HTTP/1.1" 200 12798 "-" "Mozilla/5.0 AppleWebKit/537.36 (KHTML, like Gecko; compatible; ClaudeBot/1.0; +claudebot@anthropic.com)"
216.73.216.122 - - [02/Aug/2026:11:46:33 +0200] "GET /items/S281428193 HTTP/1.1" 200 12797 "-" "Mozilla/5.0 AppleWebKit/537.36 (KHTML, like Gecko; compatible; ClaudeBot/1.0; +claudebot@anthropic.com)"
216.73.216.122 - - [02/Aug/2026:11:46:36 +0200] "GET /items/S1375693887 HTTP/1.1" 200 12798 "-" "Mozilla/5.0 AppleWebKit/537.36 (KHTML, like Gecko; compatible; ClaudeBot/1.0; +claudebot@anthropic.com)"
216.73.216.122 - - [02/Aug/2026:11:46:39 +0200] "GET /items/S2741775814 HTTP/1.1" 200 12797 "-" "Mozilla/5.0 AppleWebKit/537.36 (KHTML, like Gecko; compatible; ClaudeBot/1.0; +claudebot@anthropic.com)"
216.73.216.122 - - [02/Aug/2026:11:46:42 +0200] "GET /items/S4021398986 HTTP/1.1" 200 12797 "-" "Mozilla/5.0 AppleWebKit/537.36 (KHTML, like Gecko; compatible; ClaudeBot/1.0; +claudebot@anthropic.com)"
216.73.216.122 - - [02/Aug/2026:11:46:45 +0200] "GET /items/S3037597220 HTTP/1.1" 200 12796 "-" "Mozilla/5.0 AppleWebKit/537.36 (KHTML, like Gecko; compatible; ClaudeBot/1.0; +claudebot@anthropic.com)"
216.73.216.122 - - [02/Aug/2026:11:46:47 +0200] "GET /items/S1127332348 HTTP/1.1" 200 12796 "-" "Mozilla/5.0 AppleWebKit/537.36 (KHTML, like Gecko; compatible; ClaudeBot/1.0; +claudebot@anthropic.com)"
216.73.216.122 - - [02/Aug/2026:11:48:05 +0200] "GET /items/A1591060170 HTTP/1.1" 200 12795 "-" "Mozilla/5.0 AppleWebKit/537.36 (KHTML, like Gecko; compatible; ClaudeBot/1.0; +claudebot@anthropic.com)"
216.73.216.122 - - [02/Aug/2026:11:48:07 +0200] "GET /items/A1717174952 HTTP/1.1" 200 12795 "-" "Mozilla/5.0 AppleWebKit/537.36 (KHTML, like Gecko; compatible; ClaudeBot/1.0; +claudebot@anthropic.com)"
216.73.216.122 - - [02/Aug/2026:11:48:10 +0200] "GET /items/A3677727177 HTTP/1.1" 200 12798 "-" "Mozilla/5.0 AppleWebKit/537.36 (KHTML, like Gecko; compatible; ClaudeBot/1.0; +claudebot@anthropic.com)"
216.73.216.122 - - [02/Aug/2026:11:48:13 +0200] "GET /items/A2149027536 HTTP/1.1" 200 12788 "-" "Mozilla/5.0 AppleWebKit/537.36 (KHTML, like Gecko; compatible; ClaudeBot/1.0; +claudebot@anthropic.com)"
216.73.216.122 - - [02/Aug/2026:11:49:31 +0200] "GET /items/A2834107568 HTTP/1.1" 200 12797 "-" "Mozilla/5.0 AppleWebKit/537.36 (KHTML, like Gecko; compatible; ClaudeBot/1.0; +claudebot@anthropic.com)"
216.73.216.122 - - [02/Aug/2026:11:49:33 +0200] "GET /items/A873858518 HTTP/1.1" 200 12795 "-" "Mozilla/5.0 AppleWebKit/537.36 (KHTML, like Gecko; compatible; ClaudeBot/1.0; +claudebot@anthropic.com)"
216.73.216.122 - - [02/Aug/2026:11:49:36 +0200] "GET /items/A2035351191 HTTP/1.1" 200 12796 "-" "Mozilla/5.0 AppleWebKit/537.36 (KHTML, like Gecko; compatible; ClaudeBot/1.0; +claudebot@anthropic.com)"
216.73.216.122 - - [02/Aug/2026:11:49:38 +0200] "GET /items/A1510628568 HTTP/1.1" 200 12796 "-" "Mozilla/5.0 AppleWebKit/537.36 (KHTML, like Gecko; compatible; ClaudeBot/1.0; +claudebot@anthropic.com)"
216.73.216.122 - - [02/Aug/2026:11:49:41 +0200] "GET /items/A1158954336 HTTP/1.1" 200 12796 "-" "Mozilla/5.0 AppleWebKit/537.36 (KHTML, like Gecko; compatible; ClaudeBot/1.0; +claudebot@anthropic.com)"
216.73.216.122 - - [02/Aug/2026:11:49:44 +0200] "GET /items/A2785255556 HTTP/1.1" 200 12795 "-" "Mozilla/5.0 AppleWebKit/537.36 (KHTML, like Gecko; compatible; ClaudeBot/1.0; +claudebot@anthropic.com)"
216.73.216.122 - - [02/Aug/2026:11:49:47 +0200] "GET /items/A1723139378 HTTP/1.1" 200 12797 "-" "Mozilla/5.0 AppleWebKit/537.36 (KHTML, like Gecko; compatible; ClaudeBot/1.0; +claudebot@anthropic.com)"
216.73.216.122 - - [02/Aug/2026:11:49:50 +0200] "GET /items/A3513666049 HTTP/1.1" 200 12798 "-" "Mozilla/5.0 AppleWebKit/537.36 (KHTML, like Gecko; compatible; ClaudeBot/1.0; +claudebot@anthropic.com)"
216.73.216.122 - - [02/Aug/2026:11:49:53 +0200] "GET /items/A2695694001 HTTP/1.1" 200 12796 "-" "Mozilla/5.0 AppleWebKit/537.36 (KHTML, like Gecko; compatible; ClaudeBot/1.0; +claudebot@anthropic.com)"
216.73.216.122 - - [02/Aug/2026:11:49:57 +0200] "GET /items/A3438377492 HTTP/1.1" 200 12796 "-" "Mozilla/5.0 AppleWebKit/537.36 (KHTML, like Gecko; compatible; ClaudeBot/1.0; +claudebot@anthropic.com)"
216.73.216.122 - - [02/Aug/2026:11:50:00 +0200] "GET /items/A3943208033 HTTP/1.1" 200 12799 "-" "Mozilla/5.0 AppleWebKit/537.36 (KHTML, like Gecko; compatible; ClaudeBot/1.0; +claudebot@anthropic.com)"
216.73.216.122 - - [02/Aug/2026:11:50:03 +0200] "GET /items/A1396139415 HTTP/1.1" 200 12794 "-" "Mozilla/5.0 AppleWebKit/537.36 (KHTML, like Gecko; compatible; ClaudeBot/1.0; +claudebot@anthropic.com)"
216.73.216.122 - - [02/Aug/2026:11:50:06 +0200] "GET /items/A2415905551 HTTP/1.1" 200 12801 "-" "Mozilla/5.0 AppleWebKit/537.36 (KHTML, like Gecko; compatible; ClaudeBot/1.0; +claudebot@anthropic.com)"
216.73.216.122 - - [02/Aug/2026:11:50:27 +0200] "GET /items/A1615848084 HTTP/1.1" 200 12799 "-" "Mozilla/5.0 AppleWebKit/537.36 (KHTML, like Gecko; compatible; ClaudeBot/1.0; +claudebot@anthropic.com)"
216.73.216.122 - - [02/Aug/2026:11:50:29 +0200] "GET /items/A3879521266 HTTP/1.1" 200 12795 "-" "Mozilla/5.0 AppleWebKit/537.36 (KHTML, like Gecko; compatible; ClaudeBot/1.0; +claudebot@anthropic.com)"
216.73.216.122 - - [02/Aug/2026:11:50:32 +0200] "GET /items/A1460053425 HTTP/1.1" 200 12795 "-" "Mozilla/5.0 AppleWebKit/537.36 (KHTML, like Gecko; compatible; ClaudeBot/1.0; +claudebot@anthropic.com)"
216.73.216.122 - - [02/Aug/2026:11:50:35 +0200] "GET /items/A2630116524 HTTP/1.1" 200 12797 "-" "Mozilla/5.0 AppleWebKit/537.36 (KHTML, like Gecko; compatible; ClaudeBot/1.0; +claudebot@anthropic.com)"
216.73.216.122 - - [02/Aug/2026:11:50:39 +0200] "GET /items/A182468750 HTTP/1.1" 200 12786 "-" "Mozilla/5.0 AppleWebKit/537.36 (KHTML, like Gecko; compatible; ClaudeBot/1.0; +claudebot@anthropic.com)"
216.73.216.122 - - [02/Aug/2026:11:50:41 +0200] "GET /items/A1027414071 HTTP/1.1" 200 12795 "-" "Mozilla/5.0 AppleWebKit/537.36 (KHTML, like Gecko; compatible; ClaudeBot/1.0; +claudebot@anthropic.com)"
216.73.216.122 - - [02/Aug/2026:11:50:44 +0200] "GET /items/A3334066884 HTTP/1.1" 200 12796 "-" "Mozilla/5.0 AppleWebKit/537.36 (KHTML, like Gecko; compatible; ClaudeBot/1.0; +claudebot@anthropic.com)"
216.73.216.122 - - [02/Aug/2026:11:50:47 +0200] "GET /items/A3949172443 HTTP/1.1" 200 12794 "-" "Mozilla/5.0 AppleWebKit/537.36 (KHTML, like Gecko; compatible; ClaudeBot/1.0; +claudebot@anthropic.com)"
216.73.216.122 - - [02/Aug/2026:11:50:50 +0200] "GET /items/A3102315781 HTTP/1.1" 200 12797 "-" "Mozilla/5.0 AppleWebKit/537.36 (KHTML, like Gecko; compatible; ClaudeBot/1.0; +claudebot@anthropic.com)"
216.73.216.122 - - [02/Aug/2026:11:52:24 +0200] "GET /items/S1080348078 HTTP/1.1" 200 12798 "-" "Mozilla/5.0 AppleWebKit/537.36 (KHTML, like Gecko; compatible; ClaudeBot/1.0; +claudebot@anthropic.com)"
216.73.216.122 - - [02/Aug/2026:11:52:26 +0200] "GET /items/S3691168747 HTTP/1.1" 200 12797 "-" "Mozilla/5.0 AppleWebKit/537.36 (KHTML, like Gecko; compatible; ClaudeBot/1.0; +claudebot@anthropic.com)"
216.73.216.122 - - [02/Aug/2026:11:52:29 +0200] "GET /items/S3791454117 HTTP/1.1" 200 12796 "-" "Mozilla/5.0 AppleWebKit/537.36 (KHTML, like Gecko; compatible; ClaudeBot/1.0; +claudebot@anthropic.com)"
216.73.216.122 - - [02/Aug/2026:11:52:32 +0200] "GET /items/S1217073817 HTTP/1.1" 200 12796 "-" "Mozilla/5.0 AppleWebKit/537.36 (KHTML, like Gecko; compatible; ClaudeBot/1.0; +claudebot@anthropic.com)"
216.73.216.122 - - [02/Aug/2026:11:52:35 +0200] "GET /items/S4026142392 HTTP/1.1" 200 12798 "-" "Mozilla/5.0 AppleWebKit/537.36 (KHTML, like Gecko; compatible; ClaudeBot/1.0; +claudebot@anthropic.com)"
216.73.216.122 - - [02/Aug/2026:11:52:38 +0200] "GET /items/S1247251225 HTTP/1.1" 200 12797 "-" "Mozilla/5.0 AppleWebKit/537.36 (KHTML, like Gecko; compatible; ClaudeBot/1.0; +claudebot@anthropic.com)"
216.73.216.122 - - [02/Aug/2026:11:52:41 +0200] "GET /items/S3156110015 HTTP/1.1" 200 12796 "-" "Mozilla/5.0 AppleWebKit/537.36 (KHTML, like Gecko; compatible; ClaudeBot/1.0; +claudebot@anthropic.com)"
216.73.216.122 - - [02/Aug/2026:11:52:44 +0200] "GET /items/S2926171896 HTTP/1.1" 200 12798 "-" "Mozilla/5.0 AppleWebKit/537.36 (KHTML, like Gecko; compatible; ClaudeBot/1.0; +claudebot@anthropic.com)"
216.73.216.122 - - [02/Aug/2026:11:52:47 +0200] "GET /items/S2407817998 HTTP/1.1" 200 12798 "-" "Mozilla/5.0 AppleWebKit/537.36 (KHTML, like Gecko; compatible; ClaudeBot/1.0; +claudebot@anthropic.com)"
216.73.216.122 - - [02/Aug/2026:11:52:49 +0200] "GET /items/S3792526400 HTTP/1.1" 200 12796 "-" "Mozilla/5.0 AppleWebKit/537.36 (KHTML, like Gecko; compatible; ClaudeBot/1.0; +claudebot@anthropic.com)"
216.73.216.122 - - [02/Aug/2026:11:52:52 +0200] "GET /items/S1883241354 HTTP/1.1" 200 12795 "-" "Mozilla/5.0 AppleWebKit/537.36 (KHTML, like Gecko; compatible; ClaudeBot/1.0; +claudebot@anthropic.com)"
94.136.190.175 - - [02/Aug/2026:11:56:03 +0200] "GET / HTTP/1.1" 301 0 "-" "Mozilla/5.0 (X11; Linux x86_64) AppleWebKit/537.36 (KHTML, like Gecko) Chrome/44.0.2403.157 Safari/537.36"
94.136.190.175 - - [02/Aug/2026:11:56:03 +0200] "GET / HTTP/1.1" 200 12787 "http://94.136.190.175" "Mozilla/5.0 (X11; Linux x86_64) AppleWebKit/537.36 (KHTML, like Gecko) Chrome/44.0.2403.157 Safari/537.36"
216.244.66.226 - - [02/Aug/2026:11:56:38 +0200] "GET /robots.txt HTTP/1.1" 200 81 "-" "Mozilla/5.0 (compatible; DotBot/1.2; +https://opensiteexplorer.org/dotbot; help@moz.com)"
216.244.66.226 - - [02/Aug/2026:11:58:08 +0200] "GET / HTTP/1.1" 301 0 "-" "Mozilla/5.0 (compatible; DotBot/1.2; +https://opensiteexplorer.org/dotbot; help@moz.com)"
51.81.81.39 - - [02/Aug/2026:11:58:55 +0200] "POST /wp-json/batch/v1 HTTP/1.1" 200 99066 "-" "Mozilla/5.0 (X11; Linux x86_64) AppleWebKit/537.36 (KHTML, like Gecko) Chrome/149.0.0.0 Safari/537.36"
51.81.81.39 - - [02/Aug/2026:11:58:57 +0200] "POST /wp-json/batch/v1 HTTP/1.1" 200 99045 "-" "Mozilla/5.0 (Windows NT 10.0; Win64; x64; rv:150.0) Gecko/20100101 Firefox/150.0"
66.249.66.32 - - [02/Aug/2026:11:58:58 +0200] "GET /category/remi-cotton-trouser-2--%F0%9F%91%89-example-url:-ht HTTP/1.1" 200 28418 "-" "Mozilla/5.0 (Linux; Android 6.0.1; Nexus 5X Build/MMB29P) AppleWebKit/537.36 (KHTML, like Gecko) Chrome/150.0.7871.186 Mobile Safari/537.36 (compatible; Googlebot/2.1; +http://www.google.com/bot.html)"
51.81.81.39 - - [02/Aug/2026:11:58:59 +0200] "POST /wp-json/batch/v1 HTTP/1.1" 200 99082 "-" "Mozilla/5.0 (Macintosh; Intel Mac OS X 10_15_7) AppleWebKit/537.36 (KHTML, like Gecko) Chrome/149.0.0.0 Safari/537.36"
51.81.81.39 - - [02/Aug/2026:11:59:01 +0200] "POST /wp-json/batch/v1 HTTP/1.1" 200 99066 "-" "Mozilla/5.0 (X11; Linux x86_64) AppleWebKit/537.36 (KHTML, like Gecko) Chrome/148.0.0.0 Safari/537.36"
94.136.190.175 - - [02/Aug/2026:12:00:02 +0200] "GET / HTTP/1.1" 301 0 "-" "Mozilla/5.0 (X11; Linux x86_64) AppleWebKit/537.36 (KHTML, like Gecko) Chrome/44.0.2403.157 Safari/537.36"
94.136.190.175 - - [02/Aug/2026:12:00:04 +0200] "GET / HTTP/1.1" 200 12791 "http://94.136.190.175" "Mozilla/5.0 (X11; Linux x86_64) AppleWebKit/537.36 (KHTML, like Gecko) Chrome/44.0.2403.157 Safari/537.36"
45.227.253.15 - - [02/Aug/2026:12:00:13 +0200] "GET /index.php/jk HTTP/1.1" 200 59 "-" "Mozilla/5.0 (Windows NT 10.0; Win64; x64; rv:82.0) Gecko/20100101 Firefox/82.0"
216.73.216.122 - - [02/Aug/2026:12:06:31 +0200] "GET /items/S349843783 HTTP/1.1" 200 12795 "-" "Mozilla/5.0 AppleWebKit/537.36 (KHTML, like Gecko; compatible; ClaudeBot/1.0; +claudebot@anthropic.com)"
216.73.216.122 - - [02/Aug/2026:12:06:33 +0200] "GET /items/A2175116540 HTTP/1.1" 200 12796 "-" "Mozilla/5.0 AppleWebKit/537.36 (KHTML, like Gecko; compatible; ClaudeBot/1.0; +claudebot@anthropic.com)"
216.73.216.122 - - [02/Aug/2026:12:06:36 +0200] "GET /items/A2375838166 HTTP/1.1" 200 12799 "-" "Mozilla/5.0 AppleWebKit/537.36 (KHTML, like Gecko; compatible; ClaudeBot/1.0; +claudebot@anthropic.com)"
173.239.218.15 - - [02/Aug/2026:12:07:20 +0200] "GET /wp-login.php HTTP/1.1" 200 12782 "-" "Mozilla/5.0 (Windows NT 10.0; Win64; x64) AppleWebKit/537.36 Chrome/129.0.0.0 Safari/537.36"
173.239.218.15 - - [02/Aug/2026:12:07:22 +0200] "GET /?author=1 HTTP/1.1" 200 12774 "-" "Mozilla/5.0 (Macintosh; Intel Mac OS X 10_15_7) AppleWebKit/605.1.15 Version/17.0 Safari/605.1.15"
173.239.218.15 - - [02/Aug/2026:12:07:24 +0200] "GET /?rest_route=/wp/v2/users HTTP/1.1" 200 12781 "-" "Mozilla/5.0 (Windows NT 10.0; Win64; rv:143.0) Gecko/20100101 Firefox/143.0"
173.239.218.15 - - [02/Aug/2026:12:07:26 +0200] "GET /feed HTTP/1.1" 200 12767 "-" "Mozilla/5.0 (Windows NT 10.0; Win64; rv:143.0) Gecko/20100101 Firefox/143.0"
92.62.71.248 - - [02/Aug/2026:12:13:30 +0200] "GET /product/2744/premium-denim-cargo-pant-%E2%80%93-light-blue-wash-&-washed-black HTTP/1.1" 200 12829 "https://sopnonill.store" "Mozilla/5.0 (Windows NT 10.0; Win64; x64) AppleWebKit/537.36 (KHTML, like Gecko) Chrome/145.0.0.0 Safari/537.36 Edg/145.0.0.0"
179.49.125.165 - - [02/Aug/2026:12:13:39 +0200] "GET /product/2744/premium-denim-cargo-pant-%E2%80%93-light-blue-wash-&-washed-black HTTP/1.1" 200 12821 "https://sopnonill.store" "Mozilla/5.0 (Windows NT 10.0; Win64; x64) AppleWebKit/537.36 (KHTML, like Gecko) Chrome/145.0.0.0 Safari/537.36 Edg/145.0.0.0"
94.136.190.175 - - [02/Aug/2026:12:14:04 +0200] "GET / HTTP/1.1" 301 0 "-" "Mozilla/5.0 (X11; Linux x86_64) AppleWebKit/537.36 (KHTML, like Gecko) Chrome/44.0.2403.157 Safari/537.36"
94.136.190.175 - - [02/Aug/2026:12:14:05 +0200] "GET / HTTP/1.1" 200 12787 "http://94.136.190.175" "Mozilla/5.0 (X11; Linux x86_64) AppleWebKit/537.36 (KHTML, like Gecko) Chrome/44.0.2403.157 Safari/537.36"
216.73.216.122 - - [02/Aug/2026:12:14:09 +0200] "GET /robots.txt HTTP/1.1" 200 81 "-" "Mozilla/5.0 AppleWebKit/537.36 (KHTML, like Gecko; compatible; ClaudeBot/1.0; +claudebot@anthropic.com)"
94.136.190.175 - - [02/Aug/2026:12:28:04 +0200] "GET / HTTP/1.1" 301 0 "-" "Mozilla/5.0 (X11; Linux x86_64) AppleWebKit/537.36 (KHTML, like Gecko) Chrome/44.0.2403.157 Safari/537.36"
94.136.190.175 - - [02/Aug/2026:12:28:05 +0200] "GET / HTTP/1.1" 200 12790 "http://94.136.190.175" "Mozilla/5.0 (X11; Linux x86_64) AppleWebKit/537.36 (KHTML, like Gecko) Chrome/44.0.2403.157 Safari/537.36"
216.73.216.122 - - [02/Aug/2026:12:33:42 +0200] "GET /items/S405146890 HTTP/1.1" 200 12797 "-" "Mozilla/5.0 AppleWebKit/537.36 (KHTML, like Gecko; compatible; ClaudeBot/1.0; +claudebot@anthropic.com)"
216.73.216.122 - - [02/Aug/2026:12:33:44 +0200] "GET /items/S3995835747 HTTP/1.1" 200 12796 "-" "Mozilla/5.0 AppleWebKit/537.36 (KHTML, like Gecko; compatible; ClaudeBot/1.0; +claudebot@anthropic.com)"
216.73.216.122 - - [02/Aug/2026:12:33:47 +0200] "GET /items/S2947252315 HTTP/1.1" 200 12803 "-" "Mozilla/5.0 AppleWebKit/537.36 (KHTML, like Gecko; compatible; ClaudeBot/1.0; +claudebot@anthropic.com)"
216.73.216.122 - - [02/Aug/2026:12:33:50 +0200] "GET /items/S2424531090 HTTP/1.1" 200 12796 "-" "Mozilla/5.0 AppleWebKit/537.36 (KHTML, like Gecko; compatible; ClaudeBot/1.0; +claudebot@anthropic.com)"
216.73.216.122 - - [02/Aug/2026:12:33:53 +0200] "GET /items/S327877793 HTTP/1.1" 200 12795 "-" "Mozilla/5.0 AppleWebKit/537.36 (KHTML, like Gecko; compatible; ClaudeBot/1.0; +claudebot@anthropic.com)"
216.73.216.122 - - [02/Aug/2026:12:33:56 +0200] "GET /items/A4052107413 HTTP/1.1" 200 12795 "-" "Mozilla/5.0 AppleWebKit/537.36 (KHTML, like Gecko; compatible; ClaudeBot/1.0; +claudebot@anthropic.com)"
216.73.216.122 - - [02/Aug/2026:12:34:01 +0200] "GET /items/A4294272062 HTTP/1.1" 200 12798 "-" "Mozilla/5.0 AppleWebKit/537.36 (KHTML, like Gecko; compatible; ClaudeBot/1.0; +claudebot@anthropic.com)"
216.73.216.122 - - [02/Aug/2026:12:34:03 +0200] "GET /items/A3544296218 HTTP/1.1" 200 12797 "-" "Mozilla/5.0 AppleWebKit/537.36 (KHTML, like Gecko; compatible; ClaudeBot/1.0; +claudebot@anthropic.com)"
216.73.216.122 - - [02/Aug/2026:12:34:06 +0200] "GET /items/A2981862218 HTTP/1.1" 200 12797 "-" "Mozilla/5.0 AppleWebKit/537.36 (KHTML, like Gecko; compatible; ClaudeBot/1.0; +claudebot@anthropic.com)"
216.73.216.122 - - [02/Aug/2026:12:34:09 +0200] "GET /items/A3619975509 HTTP/1.1" 200 12797 "-" "Mozilla/5.0 AppleWebKit/537.36 (KHTML, like Gecko; compatible; ClaudeBot/1.0; +claudebot@anthropic.com)"
216.73.216.122 - - [02/Aug/2026:12:34:12 +0200] "GET /items/A938802792 HTTP/1.1" 200 12796 "-" "Mozilla/5.0 AppleWebKit/537.36 (KHTML, like Gecko; compatible; ClaudeBot/1.0; +claudebot@anthropic.com)"
216.73.216.122 - - [02/Aug/2026:12:34:15 +0200] "GET /items/A3834865093 HTTP/1.1" 200 12796 "-" "Mozilla/5.0 AppleWebKit/537.36 (KHTML, like Gecko; compatible; ClaudeBot/1.0; +claudebot@anthropic.com)"
216.73.216.122 - - [02/Aug/2026:12:34:19 +0200] "GET /items/A2985238923 HTTP/1.1" 200 12798 "-" "Mozilla/5.0 AppleWebKit/537.36 (KHTML, like Gecko; compatible; ClaudeBot/1.0; +claudebot@anthropic.com)"
216.73.216.122 - - [02/Aug/2026:12:34:21 +0200] "GET /items/S1458989453 HTTP/1.1" 200 12796 "-" "Mozilla/5.0 AppleWebKit/537.36 (KHTML, like Gecko; compatible; ClaudeBot/1.0; +claudebot@anthropic.com)"
216.73.216.122 - - [02/Aug/2026:12:34:24 +0200] "GET /items/S3314227047 HTTP/1.1" 200 12795 "-" "Mozilla/5.0 AppleWebKit/537.36 (KHTML, like Gecko; compatible; ClaudeBot/1.0; +claudebot@anthropic.com)"
216.73.216.122 - - [02/Aug/2026:12:34:27 +0200] "GET /items/S3896433363 HTTP/1.1" 200 12796 "-" "Mozilla/5.0 AppleWebKit/537.36 (KHTML, like Gecko; compatible; ClaudeBot/1.0; +claudebot@anthropic.com)"
216.73.216.122 - - [02/Aug/2026:12:34:30 +0200] "GET /items/S195092927 HTTP/1.1" 200 12794 "-" "Mozilla/5.0 AppleWebKit/537.36 (KHTML, like Gecko; compatible; ClaudeBot/1.0; +claudebot@anthropic.com)"
216.73.216.122 - - [02/Aug/2026:12:34:33 +0200] "GET /items/S3578193272 HTTP/1.1" 200 12796 "-" "Mozilla/5.0 AppleWebKit/537.36 (KHTML, like Gecko; compatible; ClaudeBot/1.0; +claudebot@anthropic.com)"
216.73.216.122 - - [02/Aug/2026:12:34:36 +0200] "GET /items/A2495339238 HTTP/1.1" 200 12797 "-" "Mozilla/5.0 AppleWebKit/537.36 (KHTML, like Gecko; compatible; ClaudeBot/1.0; +claudebot@anthropic.com)"
66.249.66.32 - - [02/Aug/2026:12:35:05 +0200] "GET /top/3692744716 HTTP/1.1" 200 27429 "-" "Mozilla/5.0 (Linux; Android 6.0.1; Nexus 5X Build/MMB29P) AppleWebKit/537.36 (KHTML, like Gecko) Chrome/150.0.7871.186 Mobile Safari/537.36 (compatible; Googlebot/2.1; +http://www.google.com/bot.html)"
66.249.66.41 - - [02/Aug/2026:12:37:03 +0200] "GET /top/1182919993 HTTP/1.1" 200 29756 "-" "Mozilla/5.0 (Linux; Android 6.0.1; Nexus 5X Build/MMB29P) AppleWebKit/537.36 (KHTML, like Gecko) Chrome/150.0.7871.186 Mobile Safari/537.36 (compatible; GoogleOther)"
45.227.253.15 - - [02/Aug/2026:12:37:42 +0200] "GET /label/inc/inc/index.php?ARRAY=7o2230223n313738353637313138372p2231223n22687474703n5p2s5p2s7n733934307631332r666573736s722r617369615p2s3s6p633q78696164616r5s72616r645s7061746826743q313738353636373538372q3065633931343164613061376165646235643732636237306264363030353639222p2232223n226538353861366638333465373836626562356265363632323963303261316537222p2233223n226437636665663266663734343266646435356338303962613839643638333963222p2262696r675s70617373223n2231352q34342q35382q36392q37332q38322q3238227q HTTP/1.1" 200 502 "-" "Mozilla/5.0 (iPhone; CPU iPhone OS 12_3 like Mac OS X) AppleWebKit/605.1.15 (KHTML, like Gecko) Version/12.0.4 Mobile/15E148 Safari/604.1"
94.136.190.175 - - [02/Aug/2026:12:42:04 +0200] "GET / HTTP/1.1" 301 0 "-" "Mozilla/5.0 (X11; Linux x86_64) AppleWebKit/537.36 (KHTML, like Gecko) Chrome/44.0.2403.157 Safari/537.36"
94.136.190.175 - - [02/Aug/2026:12:42:06 +0200] "GET / HTTP/1.1" 200 12786 "http://94.136.190.175" "Mozilla/5.0 (X11; Linux x86_64) AppleWebKit/537.36 (KHTML, like Gecko) Chrome/44.0.2403.157 Safari/537.36"
66.249.66.32 - - [02/Aug/2026:12:42:16 +0200] "GET /top/1579806870 HTTP/1.1" 200 28071 "-" "Mozilla/5.0 (Linux; Android 6.0.1; Nexus 5X Build/MMB29P) AppleWebKit/537.36 (KHTML, like Gecko) Chrome/150.0.7871.186 Mobile Safari/537.36 (compatible; Googlebot/2.1; +http://www.google.com/bot.html)"
66.249.66.32 - - [02/Aug/2026:12:46:25 +0200] "GET /top/1683814303 HTTP/1.1" 200 27812 "-" "Mozilla/5.0 (Linux; Android 6.0.1; Nexus 5X Build/MMB29P) AppleWebKit/537.36 (KHTML, like Gecko) Chrome/150.0.7871.186 Mobile Safari/537.36 (compatible; Googlebot/2.1; +http://www.google.com/bot.html)"
123.160.223.75 - - [02/Aug/2026:12:53:50 +0200] "GET / HTTP/1.1" 301 0 "-" "Mozilla/5.0 (Macintosh; Intel Mac OS X 10_15_7) AppleWebKit/537.36 (KHTML, like Gecko) Chrome/120.0.0.0 Safari/537.36"
123.160.223.73 - - [02/Aug/2026:12:53:54 +0200] "GET / HTTP/1.1" 200 12789 "http://sopnonill.store" "Mozilla/5.0 (Macintosh; Intel Mac OS X 10_15_7) AppleWebKit/537.36 (KHTML, like Gecko) Chrome/120.0.0.0 Safari/537.36"
123.160.223.72 - - [02/Aug/2026:12:53:55 +0200] "GET /frd-data/img/brandlogu/1730054419_frd.png HTTP/1.1" 200 36885 "-" "Mozilla/5.0 (Macintosh; Intel Mac OS X 10_15_7) AppleWebKit/537.36 (KHTML, like Gecko) Chrome/120.0.0.0 Safari/537.36"
94.136.190.175 - - [02/Aug/2026:12:56:04 +0200] "GET / HTTP/1.1" 301 0 "-" "Mozilla/5.0 (X11; Linux x86_64) AppleWebKit/537.36 (KHTML, like Gecko) Chrome/44.0.2403.157 Safari/537.36"
94.136.190.175 - - [02/Aug/2026:12:56:05 +0200] "GET / HTTP/1.1" 200 12790 "http://94.136.190.175" "Mozilla/5.0 (X11; Linux x86_64) AppleWebKit/537.36 (KHTML, like Gecko) Chrome/44.0.2403.157 Safari/537.36"
94.136.190.175 - - [02/Aug/2026:13:00:04 +0200] "GET / HTTP/1.1" 301 0 "-" "Mozilla/5.0 (X11; Linux x86_64) AppleWebKit/537.36 (KHTML, like Gecko) Chrome/44.0.2403.157 Safari/537.36"
94.136.190.175 - - [02/Aug/2026:13:00:05 +0200] "GET / HTTP/1.1" 200 12788 "http://94.136.190.175" "Mozilla/5.0 (X11; Linux x86_64) AppleWebKit/537.36 (KHTML, like Gecko) Chrome/44.0.2403.157 Safari/537.36"
94.136.190.175 - - [02/Aug/2026:13:14:02 +0200] "GET / HTTP/1.1" 301 0 "-" "Mozilla/5.0 (X11; Linux x86_64) AppleWebKit/537.36 (KHTML, like Gecko) Chrome/44.0.2403.157 Safari/537.36"
94.136.190.175 - - [02/Aug/2026:13:14:03 +0200] "GET / HTTP/1.1" 200 12790 "http://94.136.190.175" "Mozilla/5.0 (X11; Linux x86_64) AppleWebKit/537.36 (KHTML, like Gecko) Chrome/44.0.2403.157 Safari/537.36"
66.249.66.43 - - [02/Aug/2026:13:14:35 +0200] "GET /contents/reform/ HTTP/1.1" 200 28637 "-" "Mozilla/5.0 (Linux; Android 6.0.1; Nexus 5X Build/MMB29P) AppleWebKit/537.36 (KHTML, like Gecko) Chrome/150.0.7871.186 Mobile Safari/537.36 (compatible; GoogleOther)"
216.73.216.122 - - [02/Aug/2026:13:14:39 +0200] "GET /robots.txt HTTP/1.1" 200 81 "-" "Mozilla/5.0 AppleWebKit/537.36 (KHTML, like Gecko; compatible; ClaudeBot/1.0; +claudebot@anthropic.com)"
216.73.216.122 - - [02/Aug/2026:13:15:34 +0200] "GET /items/A2640669706 HTTP/1.1" 200 12802 "-" "Mozilla/5.0 AppleWebKit/537.36 (KHTML, like Gecko; compatible; ClaudeBot/1.0; +claudebot@anthropic.com)"
216.73.216.122 - - [02/Aug/2026:13:15:37 +0200] "GET /items/S858193475 HTTP/1.1" 200 12795 "-" "Mozilla/5.0 AppleWebKit/537.36 (KHTML, like Gecko; compatible; ClaudeBot/1.0; +claudebot@anthropic.com)"
216.73.216.122 - - [02/Aug/2026:13:15:40 +0200] "GET /items/S3689545072 HTTP/1.1" 200 12798 "-" "Mozilla/5.0 AppleWebKit/537.36 (KHTML, like Gecko; compatible; ClaudeBot/1.0; +claudebot@anthropic.com)"
216.73.216.122 - - [02/Aug/2026:13:15:43 +0200] "GET /items/S3895093541 HTTP/1.1" 200 12797 "-" "Mozilla/5.0 AppleWebKit/537.36 (KHTML, like Gecko; compatible; ClaudeBot/1.0; +claudebot@anthropic.com)"
216.73.216.122 - - [02/Aug/2026:13:15:49 +0200] "GET /items/S1921802422 HTTP/1.1" 200 12796 "-" "Mozilla/5.0 AppleWebKit/537.36 (KHTML, like Gecko; compatible; ClaudeBot/1.0; +claudebot@anthropic.com)"
216.73.216.122 - - [02/Aug/2026:13:15:51 +0200] "GET /items/S809994590 HTTP/1.1" 200 12795 "-" "Mozilla/5.0 AppleWebKit/537.36 (KHTML, like Gecko; compatible; ClaudeBot/1.0; +claudebot@anthropic.com)"
216.73.216.122 - - [02/Aug/2026:13:15:54 +0200] "GET /items/A1296155804 HTTP/1.1" 200 12798 "-" "Mozilla/5.0 AppleWebKit/537.36 (KHTML, like Gecko; compatible; ClaudeBot/1.0; +claudebot@anthropic.com)"
216.73.216.122 - - [02/Aug/2026:13:15:57 +0200] "GET /items/S391373966 HTTP/1.1" 200 12791 "-" "Mozilla/5.0 AppleWebKit/537.36 (KHTML, like Gecko; compatible; ClaudeBot/1.0; +claudebot@anthropic.com)"
216.73.216.122 - - [02/Aug/2026:13:16:00 +0200] "GET /items/S4186035130 HTTP/1.1" 200 12798 "-" "Mozilla/5.0 AppleWebKit/537.36 (KHTML, like Gecko; compatible; ClaudeBot/1.0; +claudebot@anthropic.com)"
216.73.216.122 - - [02/Aug/2026:13:16:03 +0200] "GET /items/S3583647391 HTTP/1.1" 200 12795 "-" "Mozilla/5.0 AppleWebKit/537.36 (KHTML, like Gecko; compatible; ClaudeBot/1.0; +claudebot@anthropic.com)"
66.249.66.32 - - [02/Aug/2026:13:16:05 +0200] "GET /top/6105730 HTTP/1.1" 200 28989 "-" "Mozilla/5.0 (Linux; Android 6.0.1; Nexus 5X Build/MMB29P) AppleWebKit/537.36 (KHTML, like Gecko) Chrome/150.0.7871.186 Mobile Safari/537.36 (compatible; Googlebot/2.1; +http://www.google.com/bot.html)"
216.73.216.122 - - [02/Aug/2026:13:16:06 +0200] "GET /items/A570990858 HTTP/1.1" 200 12796 "-" "Mozilla/5.0 AppleWebKit/537.36 (KHTML, like Gecko; compatible; ClaudeBot/1.0; +claudebot@anthropic.com)"
216.73.216.122 - - [02/Aug/2026:13:16:09 +0200] "GET /items/A841623285 HTTP/1.1" 200 12797 "-" "Mozilla/5.0 AppleWebKit/537.36 (KHTML, like Gecko; compatible; ClaudeBot/1.0; +claudebot@anthropic.com)"
216.73.216.122 - - [02/Aug/2026:13:16:12 +0200] "GET /items/S3979182485 HTTP/1.1" 200 12795 "-" "Mozilla/5.0 AppleWebKit/537.36 (KHTML, like Gecko; compatible; ClaudeBot/1.0; +claudebot@anthropic.com)"
216.73.216.122 - - [02/Aug/2026:13:16:15 +0200] "GET /items/S1585458322 HTTP/1.1" 200 12794 "-" "Mozilla/5.0 AppleWebKit/537.36 (KHTML, like Gecko; compatible; ClaudeBot/1.0; +claudebot@anthropic.com)"
216.73.216.122 - - [02/Aug/2026:13:16:30 +0200] "GET /items/S3859800783 HTTP/1.1" 200 12796 "-" "Mozilla/5.0 AppleWebKit/537.36 (KHTML, like Gecko; compatible; ClaudeBot/1.0; +claudebot@anthropic.com)"
216.73.216.122 - - [02/Aug/2026:13:16:32 +0200] "GET /items/S1091552696 HTTP/1.1" 200 12793 "-" "Mozilla/5.0 AppleWebKit/537.36 (KHTML, like Gecko; compatible; ClaudeBot/1.0; +claudebot@anthropic.com)"
216.73.216.122 - - [02/Aug/2026:13:16:35 +0200] "GET /items/A3732069791 HTTP/1.1" 200 12799 "-" "Mozilla/5.0 AppleWebKit/537.36 (KHTML, like Gecko; compatible; ClaudeBot/1.0; +claudebot@anthropic.com)"
216.73.216.122 - - [02/Aug/2026:13:16:39 +0200] "GET /items/A1388962906 HTTP/1.1" 200 12800 "-" "Mozilla/5.0 AppleWebKit/537.36 (KHTML, like Gecko; compatible; ClaudeBot/1.0; +claudebot@anthropic.com)"
216.73.216.122 - - [02/Aug/2026:13:16:41 +0200] "GET /items/A2952182325 HTTP/1.1" 200 12795 "-" "Mozilla/5.0 AppleWebKit/537.36 (KHTML, like Gecko; compatible; ClaudeBot/1.0; +claudebot@anthropic.com)"
216.73.216.122 - - [02/Aug/2026:13:16:44 +0200] "GET /items/A3875884953 HTTP/1.1" 200 12797 "-" "Mozilla/5.0 AppleWebKit/537.36 (KHTML, like Gecko; compatible; ClaudeBot/1.0; +claudebot@anthropic.com)"
216.73.216.122 - - [02/Aug/2026:13:16:47 +0200] "GET /items/A967270586 HTTP/1.1" 200 12796 "-" "Mozilla/5.0 AppleWebKit/537.36 (KHTML, like Gecko; compatible; ClaudeBot/1.0; +claudebot@anthropic.com)"
216.73.216.122 - - [02/Aug/2026:13:16:54 +0200] "GET /items/A3320088519 HTTP/1.1" 200 12795 "-" "Mozilla/5.0 AppleWebKit/537.36 (KHTML, like Gecko; compatible; ClaudeBot/1.0; +claudebot@anthropic.com)"
216.73.216.122 - - [02/Aug/2026:13:16:56 +0200] "GET /items/S3813550887 HTTP/1.1" 200 12795 "-" "Mozilla/5.0 AppleWebKit/537.36 (KHTML, like Gecko; compatible; ClaudeBot/1.0; +claudebot@anthropic.com)"
216.73.216.122 - - [02/Aug/2026:13:16:59 +0200] "GET /items/S2818787867 HTTP/1.1" 200 12792 "-" "Mozilla/5.0 AppleWebKit/537.36 (KHTML, like Gecko; compatible; ClaudeBot/1.0; +claudebot@anthropic.com)"
216.73.216.122 - - [02/Aug/2026:13:17:03 +0200] "GET /items/A1623024609 HTTP/1.1" 200 12794 "-" "Mozilla/5.0 AppleWebKit/537.36 (KHTML, like Gecko; compatible; ClaudeBot/1.0; +claudebot@anthropic.com)"
216.73.216.122 - - [02/Aug/2026:13:17:05 +0200] "GET /items/S1150647605 HTTP/1.1" 200 12795 "-" "Mozilla/5.0 AppleWebKit/537.36 (KHTML, like Gecko; compatible; ClaudeBot/1.0; +claudebot@anthropic.com)"
216.73.216.122 - - [02/Aug/2026:13:17:08 +0200] "GET /items/S2488463784 HTTP/1.1" 200 12796 "-" "Mozilla/5.0 AppleWebKit/537.36 (KHTML, like Gecko; compatible; ClaudeBot/1.0; +claudebot@anthropic.com)"
216.73.216.122 - - [02/Aug/2026:13:17:11 +0200] "GET /items/S1184816814 HTTP/1.1" 200 12794 "-" "Mozilla/5.0 AppleWebKit/537.36 (KHTML, like Gecko; compatible; ClaudeBot/1.0; +claudebot@anthropic.com)"
216.73.216.122 - - [02/Aug/2026:13:17:14 +0200] "GET /items/S3613360161 HTTP/1.1" 200 12794 "-" "Mozilla/5.0 AppleWebKit/537.36 (KHTML, like Gecko; compatible; ClaudeBot/1.0; +claudebot@anthropic.com)"
216.73.216.122 - - [02/Aug/2026:13:17:17 +0200] "GET /items/S1329194775 HTTP/1.1" 200 12794 "-" "Mozilla/5.0 AppleWebKit/537.36 (KHTML, like Gecko; compatible; ClaudeBot/1.0; +claudebot@anthropic.com)"
216.73.216.122 - - [02/Aug/2026:13:17:20 +0200] "GET /items/A2133137847 HTTP/1.1" 200 12788 "-" "Mozilla/5.0 AppleWebKit/537.36 (KHTML, like Gecko; compatible; ClaudeBot/1.0; +claudebot@anthropic.com)"
216.73.216.122 - - [02/Aug/2026:13:17:23 +0200] "GET /items/S3502401250 HTTP/1.1" 200 12794 "-" "Mozilla/5.0 AppleWebKit/537.36 (KHTML, like Gecko; compatible; ClaudeBot/1.0; +claudebot@anthropic.com)"
216.73.216.122 - - [02/Aug/2026:13:17:26 +0200] "GET /items/S2599394927 HTTP/1.1" 200 12794 "-" "Mozilla/5.0 AppleWebKit/537.36 (KHTML, like Gecko; compatible; ClaudeBot/1.0; +claudebot@anthropic.com)"
216.73.216.122 - - [02/Aug/2026:13:17:29 +0200] "GET /items/S2473176743 HTTP/1.1" 200 12792 "-" "Mozilla/5.0 AppleWebKit/537.36 (KHTML, like Gecko; compatible; ClaudeBot/1.0; +claudebot@anthropic.com)"
43.166.247.82 - - [02/Aug/2026:13:20:43 +0200] "GET / HTTP/1.1" 301 0 "-" "Mozilla/5.0 (iPhone; CPU iPhone OS 13_2_3 like Mac OS X) AppleWebKit/605.1.15 (KHTML, like Gecko) Version/13.0.3 Mobile/15E148 Safari/604.1"
43.166.247.82 - - [02/Aug/2026:13:20:47 +0200] "GET / HTTP/1.1" 200 12810 "http://sopnonill.store" "Mozilla/5.0 (iPhone; CPU iPhone OS 13_2_3 like Mac OS X) AppleWebKit/605.1.15 (KHTML, like Gecko) Version/13.0.3 Mobile/15E148 Safari/604.1"
66.249.66.44 - - [02/Aug/2026:13:25:13 +0200] "GET /top/1310386558 HTTP/1.1" 200 29191 "-" "Mozilla/5.0 (Linux; Android 6.0.1; Nexus 5X Build/MMB29P) AppleWebKit/537.36 (KHTML, like Gecko) Chrome/150.0.7871.186 Mobile Safari/537.36 (compatible; Googlebot/2.1; +http://www.google.com/bot.html)"
94.136.190.175 - - [02/Aug/2026:13:28:05 +0200] "GET / HTTP/1.1" 301 0 "-" "Mozilla/5.0 (X11; Linux x86_64) AppleWebKit/537.36 (KHTML, like Gecko) Chrome/44.0.2403.157 Safari/537.36"
94.136.190.175 - - [02/Aug/2026:13:28:07 +0200] "GET / HTTP/1.1" 200 12787 "http://94.136.190.175" "Mozilla/5.0 (X11; Linux x86_64) AppleWebKit/537.36 (KHTML, like Gecko) Chrome/44.0.2403.157 Safari/537.36"
216.73.216.122 - - [02/Aug/2026:13:38:48 +0200] "GET /sitemap.xml HTTP/1.1" 200 14181 "-" "Mozilla/5.0 AppleWebKit/537.36 (KHTML, like Gecko; compatible; ClaudeBot/1.0; +claudebot@anthropic.com)"
94.136.190.175 - - [02/Aug/2026:13:42:03 +0200] "GET / HTTP/1.1" 301 0 "-" "Mozilla/5.0 (X11; Linux x86_64) AppleWebKit/537.36 (KHTML, like Gecko) Chrome/44.0.2403.157 Safari/537.36"
94.136.190.175 - - [02/Aug/2026:13:42:03 +0200] "GET / HTTP/1.1" 200 12782 "http://94.136.190.175" "Mozilla/5.0 (X11; Linux x86_64) AppleWebKit/537.36 (KHTML, like Gecko) Chrome/44.0.2403.157 Safari/537.36"
66.249.66.42 - - [02/Aug/2026:13:52:05 +0200] "GET /top/2466174428 HTTP/1.1" 200 28836 "-" "Mozilla/5.0 (Linux; Android 6.0.1; Nexus 5X Build/MMB29P) AppleWebKit/537.36 (KHTML, like Gecko) Chrome/150.0.7871.186 Mobile Safari/537.36 (compatible; GoogleOther)"
196.77.27.28 - - [02/Aug/2026:13:54:25 +0200] "GET /phpinfo.php HTTP/1.1" 403 281 "-" "Mozilla/5.0 (Security-Audit; +https://example.com/bot)"
196.77.27.28 - - [02/Aug/2026:13:54:25 +0200] "GET /info.php HTTP/1.1" 403 281 "-" "Mozilla/5.0 (Security-Audit; +https://example.com/bot)"
196.77.27.28 - - [02/Aug/2026:13:54:26 +0200] "GET /test.php HTTP/1.1" 403 281 "-" "Mozilla/5.0 (Security-Audit; +https://example.com/bot)"
196.77.27.28 - - [02/Aug/2026:13:54:26 +0200] "GET /status.php HTTP/1.1" 403 281 "-" "Mozilla/5.0 (Security-Audit; +https://example.com/bot)"
196.77.27.28 - - [02/Aug/2026:13:54:27 +0200] "GET /serverinfo.php HTTP/1.1" 403 281 "-" "Mozilla/5.0 (Security-Audit; +https://example.com/bot)"
196.77.27.28 - - [02/Aug/2026:13:54:27 +0200] "GET /php-info.php HTTP/1.1" 403 281 "-" "Mozilla/5.0 (Security-Audit; +https://example.com/bot)"
196.77.27.28 - - [02/Aug/2026:13:54:28 +0200] "GET /pi.php HTTP/1.1" 403 281 "-" "Mozilla/5.0 (Security-Audit; +https://example.com/bot)"
196.77.27.28 - - [02/Aug/2026:13:54:28 +0200] "GET /sysinfo.php HTTP/1.1" 403 281 "-" "Mozilla/5.0 (Security-Audit; +https://example.com/bot)"
196.77.27.28 - - [02/Aug/2026:13:54:29 +0200] "GET /debug.php HTTP/1.1" 403 281 "-" "Mozilla/5.0 (Security-Audit; +https://example.com/bot)"
196.77.27.28 - - [02/Aug/2026:13:54:29 +0200] "GET /error.php HTTP/1.1" 403 281 "-" "Mozilla/5.0 (Security-Audit; +https://example.com/bot)"
216.73.216.122 - - [02/Aug/2026:13:55:57 +0200] "GET /items/A669382480 HTTP/1.1" 200 12796 "-" "Mozilla/5.0 AppleWebKit/537.36 (KHTML, like Gecko; compatible; ClaudeBot/1.0; +claudebot@anthropic.com)"
216.73.216.122 - - [02/Aug/2026:13:55:59 +0200] "GET /items/S2099347078 HTTP/1.1" 200 12796 "-" "Mozilla/5.0 AppleWebKit/537.36 (KHTML, like Gecko; compatible; ClaudeBot/1.0; +claudebot@anthropic.com)"
216.73.216.122 - - [02/Aug/2026:13:56:02 +0200] "GET /items/S1999055950 HTTP/1.1" 200 12795 "-" "Mozilla/5.0 AppleWebKit/537.36 (KHTML, like Gecko; compatible; ClaudeBot/1.0; +claudebot@anthropic.com)"
94.136.190.175 - - [02/Aug/2026:13:56:03 +0200] "GET / HTTP/1.1" 301 0 "-" "Mozilla/5.0 (X11; Linux x86_64) AppleWebKit/537.36 (KHTML, like Gecko) Chrome/44.0.2403.157 Safari/537.36"
94.136.190.175 - - [02/Aug/2026:13:56:03 +0200] "GET / HTTP/1.1" 200 12787 "http://94.136.190.175" "Mozilla/5.0 (X11; Linux x86_64) AppleWebKit/537.36 (KHTML, like Gecko) Chrome/44.0.2403.157 Safari/537.36"
216.73.216.122 - - [02/Aug/2026:13:56:05 +0200] "GET /items/S3459375712 HTTP/1.1" 200 12794 "-" "Mozilla/5.0 AppleWebKit/537.36 (KHTML, like Gecko; compatible; ClaudeBot/1.0; +claudebot@anthropic.com)"
216.73.216.122 - - [02/Aug/2026:13:56:08 +0200] "GET /items/S1402156407 HTTP/1.1" 200 12793 "-" "Mozilla/5.0 AppleWebKit/537.36 (KHTML, like Gecko; compatible; ClaudeBot/1.0; +claudebot@anthropic.com)"
216.73.216.122 - - [02/Aug/2026:13:56:11 +0200] "GET /items/S3384336447 HTTP/1.1" 200 12786 "-" "Mozilla/5.0 AppleWebKit/537.36 (KHTML, like Gecko; compatible; ClaudeBot/1.0; +claudebot@anthropic.com)"
216.73.216.122 - - [02/Aug/2026:13:56:14 +0200] "GET /items/S692350924 HTTP/1.1" 200 12794 "-" "Mozilla/5.0 AppleWebKit/537.36 (KHTML, like Gecko; compatible; ClaudeBot/1.0; +claudebot@anthropic.com)"
216.73.216.122 - - [02/Aug/2026:13:56:24 +0200] "GET /items/A1346730947 HTTP/1.1" 200 12794 "-" "Mozilla/5.0 AppleWebKit/537.36 (KHTML, like Gecko; compatible; ClaudeBot/1.0; +claudebot@anthropic.com)"
216.73.216.122 - - [02/Aug/2026:13:56:26 +0200] "GET /items/A128516886 HTTP/1.1" 200 12796 "-" "Mozilla/5.0 AppleWebKit/537.36 (KHTML, like Gecko; compatible; ClaudeBot/1.0; +claudebot@anthropic.com)"
216.73.216.122 - - [02/Aug/2026:13:56:29 +0200] "GET /items/A446088191 HTTP/1.1" 200 12802 "-" "Mozilla/5.0 AppleWebKit/537.36 (KHTML, like Gecko; compatible; ClaudeBot/1.0; +claudebot@anthropic.com)"
216.73.216.122 - - [02/Aug/2026:13:56:33 +0200] "GET /items/S4254514351 HTTP/1.1" 200 12797 "-" "Mozilla/5.0 AppleWebKit/537.36 (KHTML, like Gecko; compatible; ClaudeBot/1.0; +claudebot@anthropic.com)"
216.73.216.122 - - [02/Aug/2026:13:56:36 +0200] "GET /items/S400180395 HTTP/1.1" 200 12796 "-" "Mozilla/5.0 AppleWebKit/537.36 (KHTML, like Gecko; compatible; ClaudeBot/1.0; +claudebot@anthropic.com)"
216.73.216.122 - - [02/Aug/2026:13:56:39 +0200] "GET /items/S3543002489 HTTP/1.1" 200 12795 "-" "Mozilla/5.0 AppleWebKit/537.36 (KHTML, like Gecko; compatible; ClaudeBot/1.0; +claudebot@anthropic.com)"
216.73.216.122 - - [02/Aug/2026:13:56:42 +0200] "GET /items/S3398788035 HTTP/1.1" 200 12795 "-" "Mozilla/5.0 AppleWebKit/537.36 (KHTML, like Gecko; compatible; ClaudeBot/1.0; +claudebot@anthropic.com)"
216.73.216.122 - - [02/Aug/2026:13:56:45 +0200] "GET /items/S3344672664 HTTP/1.1" 200 12798 "-" "Mozilla/5.0 AppleWebKit/537.36 (KHTML, like Gecko; compatible; ClaudeBot/1.0; +claudebot@anthropic.com)"
216.73.216.122 - - [02/Aug/2026:13:56:48 +0200] "GET /items/S2903808257 HTTP/1.1" 200 12794 "-" "Mozilla/5.0 AppleWebKit/537.36 (KHTML, like Gecko; compatible; ClaudeBot/1.0; +claudebot@anthropic.com)"
216.73.216.122 - - [02/Aug/2026:13:56:51 +0200] "GET /items/S2896158509 HTTP/1.1" 200 12789 "-" "Mozilla/5.0 AppleWebKit/537.36 (KHTML, like Gecko; compatible; ClaudeBot/1.0; +claudebot@anthropic.com)"
94.136.190.175 - - [02/Aug/2026:14:00:04 +0200] "GET / HTTP/1.1" 301 0 "-" "Mozilla/5.0 (X11; Linux x86_64) AppleWebKit/537.36 (KHTML, like Gecko) Chrome/44.0.2403.157 Safari/537.36"
94.136.190.175 - - [02/Aug/2026:14:00:05 +0200] "GET / HTTP/1.1" 200 12788 "http://94.136.190.175" "Mozilla/5.0 (X11; Linux x86_64) AppleWebKit/537.36 (KHTML, like Gecko) Chrome/44.0.2403.157 Safari/537.36"
216.73.216.122 - - [02/Aug/2026:14:06:03 +0200] "GET /items/A4246075693 HTTP/1.1" 200 12797 "-" "Mozilla/5.0 AppleWebKit/537.36 (KHTML, like Gecko; compatible; ClaudeBot/1.0; +claudebot@anthropic.com)"
66.249.66.44 - - [02/Aug/2026:14:06:08 +0200] "GET /top/2168452028 HTTP/1.1" 200 27950 "-" "Mozilla/5.0 (Linux; Android 6.0.1; Nexus 5X Build/MMB29P) AppleWebKit/537.36 (KHTML, like Gecko) Chrome/150.0.7871.186 Mobile Safari/537.36 (compatible; Googlebot/2.1; +http://www.google.com/bot.html)"
216.73.216.122 - - [02/Aug/2026:14:06:09 +0200] "GET /items/A2449125640 HTTP/1.1" 200 12798 "-" "Mozilla/5.0 AppleWebKit/537.36 (KHTML, like Gecko; compatible; ClaudeBot/1.0; +claudebot@anthropic.com)"
216.73.216.122 - - [02/Aug/2026:14:06:14 +0200] "GET /items/A3562207760 HTTP/1.1" 200 12798 "-" "Mozilla/5.0 AppleWebKit/537.36 (KHTML, like Gecko; compatible; ClaudeBot/1.0; +claudebot@anthropic.com)"
216.73.216.122 - - [02/Aug/2026:14:06:17 +0200] "GET /items/A2230671221 HTTP/1.1" 200 12797 "-" "Mozilla/5.0 AppleWebKit/537.36 (KHTML, like Gecko; compatible; ClaudeBot/1.0; +claudebot@anthropic.com)"
43.131.26.226 - - [02/Aug/2026:14:07:41 +0200] "GET / HTTP/1.1" 301 0 "-" "Mozilla/5.0 (iPhone; CPU iPhone OS 13_2_3 like Mac OS X) AppleWebKit/605.1.15 (KHTML, like Gecko) Version/13.0.3 Mobile/15E148 Safari/604.1"
43.131.26.226 - - [02/Aug/2026:14:07:44 +0200] "GET / HTTP/1.1" 200 12807 "http://www.sopnonill.store" "Mozilla/5.0 (iPhone; CPU iPhone OS 13_2_3 like Mac OS X) AppleWebKit/605.1.15 (KHTML, like Gecko) Version/13.0.3 Mobile/15E148 Safari/604.1"
52.23.140.178 - - [02/Aug/2026:14:12:33 +0200] "GET /robots.txt HTTP/1.1" 200 81 "-" "Mozilla/5.0 (Macintosh; Intel Mac OS X 10_10_1) AppleWebKit/600.2.5 (KHTML, like Gecko) Version/8.0.2 Safari/600.2.5 (Gort)"
94.136.190.175 - - [02/Aug/2026:14:14:02 +0200] "GET / HTTP/1.1" 301 0 "-" "Mozilla/5.0 (X11; Linux x86_64) AppleWebKit/537.36 (KHTML, like Gecko) Chrome/44.0.2403.157 Safari/537.36"
94.136.190.175 - - [02/Aug/2026:14:14:03 +0200] "GET / HTTP/1.1" 200 12793 "http://94.136.190.175" "Mozilla/5.0 (X11; Linux x86_64) AppleWebKit/537.36 (KHTML, like Gecko) Chrome/44.0.2403.157 Safari/537.36"
216.73.216.122 - - [02/Aug/2026:14:14:36 +0200] "GET /items/S434002714 HTTP/1.1" 200 12796 "-" "Mozilla/5.0 AppleWebKit/537.36 (KHTML, like Gecko; compatible; ClaudeBot/1.0; +claudebot@anthropic.com)"
216.73.216.122 - - [02/Aug/2026:14:14:39 +0200] "GET /items/A1405052174 HTTP/1.1" 200 12797 "-" "Mozilla/5.0 AppleWebKit/537.36 (KHTML, like Gecko; compatible; ClaudeBot/1.0; +claudebot@anthropic.com)"
216.73.216.122 - - [02/Aug/2026:14:14:42 +0200] "GET /items/S1759409894 HTTP/1.1" 200 12796 "-" "Mozilla/5.0 AppleWebKit/537.36 (KHTML, like Gecko; compatible; ClaudeBot/1.0; +claudebot@anthropic.com)"
216.73.216.122 - - [02/Aug/2026:14:14:45 +0200] "GET /items/A1630450595 HTTP/1.1" 200 12796 "-" "Mozilla/5.0 AppleWebKit/537.36 (KHTML, like Gecko; compatible; ClaudeBot/1.0; +claudebot@anthropic.com)"
216.73.216.122 - - [02/Aug/2026:14:14:48 +0200] "GET /items/S3498919995 HTTP/1.1" 200 12797 "-" "Mozilla/5.0 AppleWebKit/537.36 (KHTML, like Gecko; compatible; ClaudeBot/1.0; +claudebot@anthropic.com)"
216.73.216.122 - - [02/Aug/2026:14:14:51 +0200] "GET /items/S1392369824 HTTP/1.1" 200 12796 "-" "Mozilla/5.0 AppleWebKit/537.36 (KHTML, like Gecko; compatible; ClaudeBot/1.0; +claudebot@anthropic.com)"
216.73.216.122 - - [02/Aug/2026:14:14:54 +0200] "GET /items/A3001126356 HTTP/1.1" 200 12795 "-" "Mozilla/5.0 AppleWebKit/537.36 (KHTML, like Gecko; compatible; ClaudeBot/1.0; +claudebot@anthropic.com)"
216.73.216.122 - - [02/Aug/2026:14:16:23 +0200] "GET /robots.txt HTTP/1.1" 200 81 "-" "Mozilla/5.0 AppleWebKit/537.36 (KHTML, like Gecko; compatible; ClaudeBot/1.0; +claudebot@anthropic.com)"
216.73.216.122 - - [02/Aug/2026:14:18:08 +0200] "GET /items/S3187115319 HTTP/1.1" 200 12792 "-" "Mozilla/5.0 AppleWebKit/537.36 (KHTML, like Gecko; compatible; ClaudeBot/1.0; +claudebot@anthropic.com)"
216.73.216.122 - - [02/Aug/2026:14:18:10 +0200] "GET /items/S2851192794 HTTP/1.1" 200 12796 "-" "Mozilla/5.0 AppleWebKit/537.36 (KHTML, like Gecko; compatible; ClaudeBot/1.0; +claudebot@anthropic.com)"
216.73.216.122 - - [02/Aug/2026:14:18:13 +0200] "GET /items/S2445867767 HTTP/1.1" 200 12796 "-" "Mozilla/5.0 AppleWebKit/537.36 (KHTML, like Gecko; compatible; ClaudeBot/1.0; +claudebot@anthropic.com)"
216.73.216.122 - - [02/Aug/2026:14:18:16 +0200] "GET /items/S3078515350 HTTP/1.1" 200 12794 "-" "Mozilla/5.0 AppleWebKit/537.36 (KHTML, like Gecko; compatible; ClaudeBot/1.0; +claudebot@anthropic.com)"
216.73.216.122 - - [02/Aug/2026:14:18:19 +0200] "GET /items/S2727985991 HTTP/1.1" 200 12795 "-" "Mozilla/5.0 AppleWebKit/537.36 (KHTML, like Gecko; compatible; ClaudeBot/1.0; +claudebot@anthropic.com)"
216.73.216.122 - - [02/Aug/2026:14:18:22 +0200] "GET /items/S1061799369 HTTP/1.1" 200 12792 "-" "Mozilla/5.0 AppleWebKit/537.36 (KHTML, like Gecko; compatible; ClaudeBot/1.0; +claudebot@anthropic.com)"
216.73.216.122 - - [02/Aug/2026:14:18:25 +0200] "GET /items/S893332174 HTTP/1.1" 200 12795 "-" "Mozilla/5.0 AppleWebKit/537.36 (KHTML, like Gecko; compatible; ClaudeBot/1.0; +claudebot@anthropic.com)"
216.73.216.122 - - [02/Aug/2026:14:18:28 +0200] "GET /items/S2323257503 HTTP/1.1" 200 12792 "-" "Mozilla/5.0 AppleWebKit/537.36 (KHTML, like Gecko; compatible; ClaudeBot/1.0; +claudebot@anthropic.com)"
216.73.216.122 - - [02/Aug/2026:14:18:31 +0200] "GET /items/S2077661741 HTTP/1.1" 200 12795 "-" "Mozilla/5.0 AppleWebKit/537.36 (KHTML, like Gecko; compatible; ClaudeBot/1.0; +claudebot@anthropic.com)"
216.73.216.122 - - [02/Aug/2026:14:18:34 +0200] "GET /items/S1398845968 HTTP/1.1" 200 12796 "-" "Mozilla/5.0 AppleWebKit/537.36 (KHTML, like Gecko; compatible; ClaudeBot/1.0; +claudebot@anthropic.com)"
216.73.216.122 - - [02/Aug/2026:14:18:37 +0200] "GET /items/S4225088999 HTTP/1.1" 200 12796 "-" "Mozilla/5.0 AppleWebKit/537.36 (KHTML, like Gecko; compatible; ClaudeBot/1.0; +claudebot@anthropic.com)"
216.73.216.122 - - [02/Aug/2026:14:18:40 +0200] "GET /items/S1914671118 HTTP/1.1" 200 12796 "-" "Mozilla/5.0 AppleWebKit/537.36 (KHTML, like Gecko; compatible; ClaudeBot/1.0; +claudebot@anthropic.com)"
103.65.138.98 - - [02/Aug/2026:14:20:25 +0200] "GET /.well-known/acme-challenge/ZNGUPG0VQT0KLROOYTMJN2RLHXGGQOP4 HTTP/1.1" 404 153 "-" "Cpanel-HTTP-Client/1.0"
103.65.138.98 - - [02/Aug/2026:14:20:25 +0200] "GET /.well-known/acme-challenge/PULZM3TTZL1NR88_Z9F2FUYEF3GXOQR6 HTTP/1.1" 404 153 "-" "Cpanel-HTTP-Client/1.0"
67.205.175.171 - - [02/Aug/2026:14:24:53 +0200] "GET / HTTP/1.1" 200 12784 "-" "Mozilla/5.0 (Windows NT 10.0; Win64; x64) AppleWebKit/537.36 (KHTML, like Gecko) Chrome/120.0.0.0 Safari/537.36"
66.249.66.45 - - [02/Aug/2026:14:25:27 +0200] "GET /top/171378973 HTTP/1.1" 200 27289 "-" "Mozilla/5.0 (Linux; Android 6.0.1; Nexus 5X Build/MMB29P) AppleWebKit/537.36 (KHTML, like Gecko) Chrome/150.0.7871.186 Mobile Safari/537.36 (compatible; Googlebot/2.1; +http://www.google.com/bot.html)"
94.136.190.175 - - [02/Aug/2026:14:28:05 +0200] "GET / HTTP/1.1" 301 0 "-" "Mozilla/5.0 (X11; Linux x86_64) AppleWebKit/537.36 (KHTML, like Gecko) Chrome/44.0.2403.157 Safari/537.36"
94.136.190.175 - - [02/Aug/2026:14:28:05 +0200] "GET / HTTP/1.1" 200 12786 "http://94.136.190.175" "Mozilla/5.0 (X11; Linux x86_64) AppleWebKit/537.36 (KHTML, like Gecko) Chrome/44.0.2403.157 Safari/537.36"
216.73.216.122 - - [02/Aug/2026:14:32:05 +0200] "GET /items/A4003285690 HTTP/1.1" 200 12786 "-" "Mozilla/5.0 AppleWebKit/537.36 (KHTML, like Gecko; compatible; ClaudeBot/1.0; +claudebot@anthropic.com)"
216.73.216.122 - - [02/Aug/2026:14:32:07 +0200] "GET /items/A4084702164 HTTP/1.1" 200 12797 "-" "Mozilla/5.0 AppleWebKit/537.36 (KHTML, like Gecko; compatible; ClaudeBot/1.0; +claudebot@anthropic.com)"
216.73.216.122 - - [02/Aug/2026:14:32:10 +0200] "GET /items/A2785189760 HTTP/1.1" 200 12796 "-" "Mozilla/5.0 AppleWebKit/537.36 (KHTML, like Gecko; compatible; ClaudeBot/1.0; +claudebot@anthropic.com)"
216.73.216.122 - - [02/Aug/2026:14:32:13 +0200] "GET /items/A2280966384 HTTP/1.1" 200 12797 "-" "Mozilla/5.0 AppleWebKit/537.36 (KHTML, like Gecko; compatible; ClaudeBot/1.0; +claudebot@anthropic.com)"
216.73.216.122 - - [02/Aug/2026:14:32:16 +0200] "GET /items/A2902314241 HTTP/1.1" 200 12795 "-" "Mozilla/5.0 AppleWebKit/537.36 (KHTML, like Gecko; compatible; ClaudeBot/1.0; +claudebot@anthropic.com)"
216.73.216.122 - - [02/Aug/2026:14:32:19 +0200] "GET /items/A3449653846 HTTP/1.1" 200 12794 "-" "Mozilla/5.0 AppleWebKit/537.36 (KHTML, like Gecko; compatible; ClaudeBot/1.0; +claudebot@anthropic.com)"
216.73.216.122 - - [02/Aug/2026:14:32:22 +0200] "GET /items/A1724026041 HTTP/1.1" 200 12793 "-" "Mozilla/5.0 AppleWebKit/537.36 (KHTML, like Gecko; compatible; ClaudeBot/1.0; +claudebot@anthropic.com)"
216.73.216.122 - - [02/Aug/2026:14:32:25 +0200] "GET /items/A869811083 HTTP/1.1" 200 12795 "-" "Mozilla/5.0 AppleWebKit/537.36 (KHTML, like Gecko; compatible; ClaudeBot/1.0; +claudebot@anthropic.com)"
216.73.216.122 - - [02/Aug/2026:14:32:28 +0200] "GET /items/A1896708305 HTTP/1.1" 200 12796 "-" "Mozilla/5.0 AppleWebKit/537.36 (KHTML, like Gecko; compatible; ClaudeBot/1.0; +claudebot@anthropic.com)"
216.73.216.122 - - [02/Aug/2026:14:32:31 +0200] "GET /items/A879593593 HTTP/1.1" 200 12796 "-" "Mozilla/5.0 AppleWebKit/537.36 (KHTML, like Gecko; compatible; ClaudeBot/1.0; +claudebot@anthropic.com)"
216.73.216.122 - - [02/Aug/2026:14:32:34 +0200] "GET /items/A3920641036 HTTP/1.1" 200 12801 "-" "Mozilla/5.0 AppleWebKit/537.36 (KHTML, like Gecko; compatible; ClaudeBot/1.0; +claudebot@anthropic.com)"
216.73.216.122 - - [02/Aug/2026:14:32:37 +0200] "GET /items/A1703130775 HTTP/1.1" 200 12797 "-" "Mozilla/5.0 AppleWebKit/537.36 (KHTML, like Gecko; compatible; ClaudeBot/1.0; +claudebot@anthropic.com)"
216.73.216.122 - - [02/Aug/2026:14:32:40 +0200] "GET /items/A261622425 HTTP/1.1" 200 12796 "-" "Mozilla/5.0 AppleWebKit/537.36 (KHTML, like Gecko; compatible; ClaudeBot/1.0; +claudebot@anthropic.com)"
216.73.216.122 - - [02/Aug/2026:14:32:43 +0200] "GET /items/A3501604627 HTTP/1.1" 200 12793 "-" "Mozilla/5.0 AppleWebKit/537.36 (KHTML, like Gecko; compatible; ClaudeBot/1.0; +claudebot@anthropic.com)"
216.73.216.122 - - [02/Aug/2026:14:32:46 +0200] "GET /items/A3788585683 HTTP/1.1" 200 12796 "-" "Mozilla/5.0 AppleWebKit/537.36 (KHTML, like Gecko; compatible; ClaudeBot/1.0; +claudebot@anthropic.com)"
216.73.216.122 - - [02/Aug/2026:14:32:49 +0200] "GET /items/A2796955057 HTTP/1.1" 200 12794 "-" "Mozilla/5.0 AppleWebKit/537.36 (KHTML, like Gecko; compatible; ClaudeBot/1.0; +claudebot@anthropic.com)"
216.73.216.122 - - [02/Aug/2026:14:32:52 +0200] "GET /items/A1977139891 HTTP/1.1" 200 12794 "-" "Mozilla/5.0 AppleWebKit/537.36 (KHTML, like Gecko; compatible; ClaudeBot/1.0; +claudebot@anthropic.com)"
216.73.216.122 - - [02/Aug/2026:14:32:55 +0200] "GET /items/A2898677928 HTTP/1.1" 200 12798 "-" "Mozilla/5.0 AppleWebKit/537.36 (KHTML, like Gecko; compatible; ClaudeBot/1.0; +claudebot@anthropic.com)"
216.73.216.122 - - [02/Aug/2026:14:32:58 +0200] "GET /items/A565171766 HTTP/1.1" 200 12794 "-" "Mozilla/5.0 AppleWebKit/537.36 (KHTML, like Gecko; compatible; ClaudeBot/1.0; +claudebot@anthropic.com)"
216.73.216.122 - - [02/Aug/2026:14:33:01 +0200] "GET /items/A3847517085 HTTP/1.1" 200 12787 "-" "Mozilla/5.0 AppleWebKit/537.36 (KHTML, like Gecko; compatible; ClaudeBot/1.0; +claudebot@anthropic.com)"
216.73.216.122 - - [02/Aug/2026:14:33:04 +0200] "GET /items/A3114967773 HTTP/1.1" 200 12795 "-" "Mozilla/5.0 AppleWebKit/537.36 (KHTML, like Gecko; compatible; ClaudeBot/1.0; +claudebot@anthropic.com)"
216.73.216.122 - - [02/Aug/2026:14:33:07 +0200] "GET /items/A3613715006 HTTP/1.1" 200 12796 "-" "Mozilla/5.0 AppleWebKit/537.36 (KHTML, like Gecko; compatible; ClaudeBot/1.0; +claudebot@anthropic.com)"
216.73.216.122 - - [02/Aug/2026:14:33:12 +0200] "GET /items/A3273204175 HTTP/1.1" 200 12795 "-" "Mozilla/5.0 AppleWebKit/537.36 (KHTML, like Gecko; compatible; ClaudeBot/1.0; +claudebot@anthropic.com)"
