216.73.216.122 - - [03/Aug/2026:03:54:15 +0200] "GET /items/A1698438629 HTTP/1.1" 200 13298 "-" "Mozilla/5.0 AppleWebKit/537.36 (KHTML, like Gecko; compatible; ClaudeBot/1.0; +claudebot@anthropic.com)"
74.7.227.31 - - [03/Aug/2026:03:54:17 +0200] "GET /items/A240362635 HTTP/1.1" 200 13284 "https://sopnonill.store/sitemap.xml" "Mozilla/5.0 AppleWebKit/537.36 (KHTML, like Gecko; compatible; GPTBot/1.4; +https://openai.com/gptbot)"
216.73.216.122 - - [03/Aug/2026:03:54:18 +0200] "GET /items/A951469525 HTTP/1.1" 200 13291 "-" "Mozilla/5.0 AppleWebKit/537.36 (KHTML, like Gecko; compatible; ClaudeBot/1.0; +claudebot@anthropic.com)"
74.7.227.31 - - [03/Aug/2026:03:54:21 +0200] "GET /items/A713514399 HTTP/1.1" 200 13284 "https://sopnonill.store/sitemap.xml" "Mozilla/5.0 AppleWebKit/537.36 (KHTML, like Gecko; compatible; GPTBot/1.4; +https://openai.com/gptbot)"
216.73.216.122 - - [03/Aug/2026:03:54:21 +0200] "GET /items/A1090022760 HTTP/1.1" 200 13289 "-" "Mozilla/5.0 AppleWebKit/537.36 (KHTML, like Gecko; compatible; ClaudeBot/1.0; +claudebot@anthropic.com)"
74.7.227.31 - - [03/Aug/2026:03:54:24 +0200] "GET /items/A660611111 HTTP/1.1" 200 13285 "https://sopnonill.store/sitemap.xml" "Mozilla/5.0 AppleWebKit/537.36 (KHTML, like Gecko; compatible; GPTBot/1.4; +https://openai.com/gptbot)"
216.73.216.122 - - [03/Aug/2026:03:54:24 +0200] "GET /items/A1393286439 HTTP/1.1" 200 13291 "-" "Mozilla/5.0 AppleWebKit/537.36 (KHTML, like Gecko; compatible; ClaudeBot/1.0; +claudebot@anthropic.com)"
74.7.227.31 - - [03/Aug/2026:03:54:27 +0200] "GET /items/A100736953 HTTP/1.1" 200 13288 "https://sopnonill.store/sitemap.xml" "Mozilla/5.0 AppleWebKit/537.36 (KHTML, like Gecko; compatible; GPTBot/1.4; +https://openai.com/gptbot)"
216.73.216.122 - - [03/Aug/2026:03:54:27 +0200] "GET /items/A3447289813 HTTP/1.1" 200 13292 "-" "Mozilla/5.0 AppleWebKit/537.36 (KHTML, like Gecko; compatible; ClaudeBot/1.0; +claudebot@anthropic.com)"
74.7.227.31 - - [03/Aug/2026:03:54:30 +0200] "GET /items/A674918737 HTTP/1.1" 200 13284 "https://sopnonill.store/sitemap.xml" "Mozilla/5.0 AppleWebKit/537.36 (KHTML, like Gecko; compatible; GPTBot/1.4; +https://openai.com/gptbot)"
216.73.216.122 - - [03/Aug/2026:03:54:30 +0200] "GET /items/A1701815318 HTTP/1.1" 200 13290 "-" "Mozilla/5.0 AppleWebKit/537.36 (KHTML, like Gecko; compatible; ClaudeBot/1.0; +claudebot@anthropic.com)"
74.7.227.31 - - [03/Aug/2026:03:54:33 +0200] "GET /items/A152965638 HTTP/1.1" 200 13283 "https://sopnonill.store/sitemap.xml" "Mozilla/5.0 AppleWebKit/537.36 (KHTML, like Gecko; compatible; GPTBot/1.4; +https://openai.com/gptbot)"
74.7.227.31 - - [03/Aug/2026:03:54:36 +0200] "GET /items/A123285761 HTTP/1.1" 200 13286 "https://sopnonill.store/sitemap.xml" "Mozilla/5.0 AppleWebKit/537.36 (KHTML, like Gecko; compatible; GPTBot/1.4; +https://openai.com/gptbot)"
74.7.227.31 - - [03/Aug/2026:03:54:39 +0200] "GET /items/A268830429 HTTP/1.1" 200 13285 "https://sopnonill.store/sitemap.xml" "Mozilla/5.0 AppleWebKit/537.36 (KHTML, like Gecko; compatible; GPTBot/1.4; +https://openai.com/gptbot)"
74.7.227.31 - - [03/Aug/2026:03:54:42 +0200] "GET /items/A104373266 HTTP/1.1" 200 13285 "https://sopnonill.store/sitemap.xml" "Mozilla/5.0 AppleWebKit/537.36 (KHTML, like Gecko; compatible; GPTBot/1.4; +https://openai.com/gptbot)"
74.7.227.31 - - [03/Aug/2026:03:54:46 +0200] "GET /items/A108962038 HTTP/1.1" 200 13285 "https://sopnonill.store/sitemap.xml" "Mozilla/5.0 AppleWebKit/537.36 (KHTML, like Gecko; compatible; GPTBot/1.4; +https://openai.com/gptbot)"
74.7.227.31 - - [03/Aug/2026:03:54:49 +0200] "GET /items/A502817584 HTTP/1.1" 200 13286 "https://sopnonill.store/sitemap.xml" "Mozilla/5.0 AppleWebKit/537.36 (KHTML, like Gecko; compatible; GPTBot/1.4; +https://openai.com/gptbot)"
74.7.227.31 - - [03/Aug/2026:03:54:52 +0200] "GET /items/A749385913 HTTP/1.1" 200 13283 "https://sopnonill.store/sitemap.xml" "Mozilla/5.0 AppleWebKit/537.36 (KHTML, like Gecko; compatible; GPTBot/1.4; +https://openai.com/gptbot)"
74.7.227.31 - - [03/Aug/2026:03:54:55 +0200] "GET /items/A963251544 HTTP/1.1" 200 13283 "https://sopnonill.store/sitemap.xml" "Mozilla/5.0 AppleWebKit/537.36 (KHTML, like Gecko; compatible; GPTBot/1.4; +https://openai.com/gptbot)"
74.7.227.31 - - [03/Aug/2026:03:54:58 +0200] "GET /items/A835621488 HTTP/1.1" 200 13286 "https://sopnonill.store/sitemap.xml" "Mozilla/5.0 AppleWebKit/537.36 (KHTML, like Gecko; compatible; GPTBot/1.4; +https://openai.com/gptbot)"
74.7.227.31 - - [03/Aug/2026:03:55:01 +0200] "GET /items/A371205873 HTTP/1.1" 200 13491 "https://sopnonill.store/sitemap.xml" "Mozilla/5.0 AppleWebKit/537.36 (KHTML, like Gecko; compatible; GPTBot/1.4; +https://openai.com/gptbot)"
74.7.227.31 - - [03/Aug/2026:03:55:04 +0200] "GET /items/A913283550 HTTP/1.1" 200 13284 "https://sopnonill.store/sitemap.xml" "Mozilla/5.0 AppleWebKit/537.36 (KHTML, like Gecko; compatible; GPTBot/1.4; +https://openai.com/gptbot)"
74.7.227.31 - - [03/Aug/2026:03:55:08 +0200] "GET /items/A743421519 HTTP/1.1" 200 13282 "https://sopnonill.store/sitemap.xml" "Mozilla/5.0 AppleWebKit/537.36 (KHTML, like Gecko; compatible; GPTBot/1.4; +https://openai.com/gptbot)"
74.7.227.31 - - [03/Aug/2026:03:55:11 +0200] "GET /items/A508407341 HTTP/1.1" 200 13282 "https://sopnonill.store/sitemap.xml" "Mozilla/5.0 AppleWebKit/537.36 (KHTML, like Gecko; compatible; GPTBot/1.4; +https://openai.com/gptbot)"
74.7.227.31 - - [03/Aug/2026:03:55:14 +0200] "GET /items/A714726498 HTTP/1.1" 200 13283 "https://sopnonill.store/sitemap.xml" "Mozilla/5.0 AppleWebKit/537.36 (KHTML, like Gecko; compatible; GPTBot/1.4; +https://openai.com/gptbot)"
74.7.227.31 - - [03/Aug/2026:03:55:17 +0200] "GET /items/A198737825 HTTP/1.1" 200 13281 "https://sopnonill.store/sitemap.xml" "Mozilla/5.0 AppleWebKit/537.36 (KHTML, like Gecko; compatible; GPTBot/1.4; +https://openai.com/gptbot)"
74.7.227.31 - - [03/Aug/2026:03:55:20 +0200] "GET /items/A518960539 HTTP/1.1" 200 13283 "https://sopnonill.store/sitemap.xml" "Mozilla/5.0 AppleWebKit/537.36 (KHTML, like Gecko; compatible; GPTBot/1.4; +https://openai.com/gptbot)"
74.7.227.31 - - [03/Aug/2026:03:55:24 +0200] "GET /items/A897140579 HTTP/1.1" 200 13282 "https://sopnonill.store/sitemap.xml" "Mozilla/5.0 AppleWebKit/537.36 (KHTML, like Gecko; compatible; GPTBot/1.4; +https://openai.com/gptbot)"
74.7.227.31 - - [03/Aug/2026:03:55:27 +0200] "GET /items/A649827632 HTTP/1.1" 200 13285 "https://sopnonill.store/sitemap.xml" "Mozilla/5.0 AppleWebKit/537.36 (KHTML, like Gecko; compatible; GPTBot/1.4; +https://openai.com/gptbot)"
74.7.227.31 - - [03/Aug/2026:03:55:30 +0200] "GET /items/A960827362 HTTP/1.1" 200 13291 "https://sopnonill.store/sitemap.xml" "Mozilla/5.0 AppleWebKit/537.36 (KHTML, like Gecko; compatible; GPTBot/1.4; +https://openai.com/gptbot)"
74.7.227.31 - - [03/Aug/2026:03:55:33 +0200] "GET /items/A293707318 HTTP/1.1" 200 13283 "https://sopnonill.store/sitemap.xml" "Mozilla/5.0 AppleWebKit/537.36 (KHTML, like Gecko; compatible; GPTBot/1.4; +https://openai.com/gptbot)"
74.7.227.31 - - [03/Aug/2026:03:55:36 +0200] "GET /items/A463405842 HTTP/1.1" 200 13282 "https://sopnonill.store/sitemap.xml" "Mozilla/5.0 AppleWebKit/537.36 (KHTML, like Gecko; compatible; GPTBot/1.4; +https://openai.com/gptbot)"
74.7.227.31 - - [03/Aug/2026:03:55:40 +0200] "GET /items/A934783750 HTTP/1.1" 200 13286 "https://sopnonill.store/sitemap.xml" "Mozilla/5.0 AppleWebKit/537.36 (KHTML, like Gecko; compatible; GPTBot/1.4; +https://openai.com/gptbot)"
44.205.192.249 - - [03/Aug/2026:03:55:40 +0200] "GET /product/2610/3-pcs-formal-pant-cutting-trouser-for-men-(black,-khaki,-olive) HTTP/1.1" 200 13561 "-" "Mozilla/5.0 AppleWebKit/537.36 (KHTML, like Gecko; compatible; Amazonbot/0.1; +https://developer.amazon.com/support/amazonbot) Chrome/119.0.6045.214 Safari/537.36"
74.7.227.31 - - [03/Aug/2026:03:55:43 +0200] "GET /items/A247375605 HTTP/1.1" 200 13281 "https://sopnonill.store/sitemap.xml" "Mozilla/5.0 AppleWebKit/537.36 (KHTML, like Gecko; compatible; GPTBot/1.4; +https://openai.com/gptbot)"
74.7.227.31 - - [03/Aug/2026:03:55:46 +0200] "GET /items/A819037106 HTTP/1.1" 200 13284 "https://sopnonill.store/sitemap.xml" "Mozilla/5.0 AppleWebKit/537.36 (KHTML, like Gecko; compatible; GPTBot/1.4; +https://openai.com/gptbot)"
74.7.227.31 - - [03/Aug/2026:03:55:49 +0200] "GET /items/A741256929 HTTP/1.1" 200 13282 "https://sopnonill.store/sitemap.xml" "Mozilla/5.0 AppleWebKit/537.36 (KHTML, like Gecko; compatible; GPTBot/1.4; +https://openai.com/gptbot)"
74.7.227.31 - - [03/Aug/2026:03:55:52 +0200] "GET /items/A672494539 HTTP/1.1" 200 13283 "https://sopnonill.store/sitemap.xml" "Mozilla/5.0 AppleWebKit/537.36 (KHTML, like Gecko; compatible; GPTBot/1.4; +https://openai.com/gptbot)"
74.7.227.31 - - [03/Aug/2026:03:55:55 +0200] "GET /items/A470927693 HTTP/1.1" 200 13284 "https://sopnonill.store/sitemap.xml" "Mozilla/5.0 AppleWebKit/537.36 (KHTML, like Gecko; compatible; GPTBot/1.4; +https://openai.com/gptbot)"
74.7.227.31 - - [03/Aug/2026:03:55:59 +0200] "GET /items/A816708993 HTTP/1.1" 200 13288 "https://sopnonill.store/sitemap.xml" "Mozilla/5.0 AppleWebKit/537.36 (KHTML, like Gecko; compatible; GPTBot/1.4; +https://openai.com/gptbot)"
94.136.190.175 - - [03/Aug/2026:03:56:02 +0200] "GET / HTTP/1.1" 301 690 "-" "Mozilla/5.0 (X11; Linux x86_64) AppleWebKit/537.36 (KHTML, like Gecko) Chrome/44.0.2403.157 Safari/537.36"
74.7.227.31 - - [03/Aug/2026:03:56:02 +0200] "GET /items/A509782947 HTTP/1.1" 200 13283 "https://sopnonill.store/sitemap.xml" "Mozilla/5.0 AppleWebKit/537.36 (KHTML, like Gecko; compatible; GPTBot/1.4; +https://openai.com/gptbot)"
94.136.190.175 - - [03/Aug/2026:03:56:02 +0200] "GET / HTTP/1.1" 200 13490 "http://94.136.190.175" "Mozilla/5.0 (X11; Linux x86_64) AppleWebKit/537.36 (KHTML, like Gecko) Chrome/44.0.2403.157 Safari/537.36"
74.7.227.31 - - [03/Aug/2026:03:56:05 +0200] "GET /items/A814284795 HTTP/1.1" 200 13284 "https://sopnonill.store/sitemap.xml" "Mozilla/5.0 AppleWebKit/537.36 (KHTML, like Gecko; compatible; GPTBot/1.4; +https://openai.com/gptbot)"
74.7.227.31 - - [03/Aug/2026:03:56:08 +0200] "GET /items/A930194978 HTTP/1.1" 200 13284 "https://sopnonill.store/sitemap.xml" "Mozilla/5.0 AppleWebKit/537.36 (KHTML, like Gecko; compatible; GPTBot/1.4; +https://openai.com/gptbot)"
74.7.227.31 - - [03/Aug/2026:03:56:12 +0200] "GET /items/A642814630 HTTP/1.1" 200 13283 "https://sopnonill.store/sitemap.xml" "Mozilla/5.0 AppleWebKit/537.36 (KHTML, like Gecko; compatible; GPTBot/1.4; +https://openai.com/gptbot)"
74.7.227.31 - - [03/Aug/2026:03:56:15 +0200] "GET /items/A743585042 HTTP/1.1" 200 13282 "https://sopnonill.store/sitemap.xml" "Mozilla/5.0 AppleWebKit/537.36 (KHTML, like Gecko; compatible; GPTBot/1.4; +https://openai.com/gptbot)"
74.7.227.31 - - [03/Aug/2026:03:56:18 +0200] "GET /items/A928819356 HTTP/1.1" 200 13283 "https://sopnonill.store/sitemap.xml" "Mozilla/5.0 AppleWebKit/537.36 (KHTML, like Gecko; compatible; GPTBot/1.4; +https://openai.com/gptbot)"
74.7.227.31 - - [03/Aug/2026:03:56:21 +0200] "GET /items/A203931563 HTTP/1.1" 200 13282 "https://sopnonill.store/sitemap.xml" "Mozilla/5.0 AppleWebKit/537.36 (KHTML, like Gecko; compatible; GPTBot/1.4; +https://openai.com/gptbot)"
74.7.227.31 - - [03/Aug/2026:03:56:24 +0200] "GET /items/A957450673 HTTP/1.1" 200 13282 "https://sopnonill.store/sitemap.xml" "Mozilla/5.0 AppleWebKit/537.36 (KHTML, like Gecko; compatible; GPTBot/1.4; +https://openai.com/gptbot)"
74.7.227.31 - - [03/Aug/2026:03:56:28 +0200] "GET /items/A817921076 HTTP/1.1" 200 13283 "https://sopnonill.store/sitemap.xml" "Mozilla/5.0 AppleWebKit/537.36 (KHTML, like Gecko; compatible; GPTBot/1.4; +https://openai.com/gptbot)"
74.7.227.31 - - [03/Aug/2026:03:56:31 +0200] "GET /items/A574148325 HTTP/1.1" 200 13284 "https://sopnonill.store/sitemap.xml" "Mozilla/5.0 AppleWebKit/537.36 (KHTML, like Gecko; compatible; GPTBot/1.4; +https://openai.com/gptbot)"
74.7.227.31 - - [03/Aug/2026:03:56:34 +0200] "GET /items/A274631300 HTTP/1.1" 200 13282 "https://sopnonill.store/sitemap.xml" "Mozilla/5.0 AppleWebKit/537.36 (KHTML, like Gecko; compatible; GPTBot/1.4; +https://openai.com/gptbot)"
74.7.227.31 - - [03/Aug/2026:03:56:37 +0200] "GET /items/A315814699 HTTP/1.1" 200 13285 "https://sopnonill.store/sitemap.xml" "Mozilla/5.0 AppleWebKit/537.36 (KHTML, like Gecko; compatible; GPTBot/1.4; +https://openai.com/gptbot)"
74.7.227.31 - - [03/Aug/2026:03:56:40 +0200] "GET /items/A356275001 HTTP/1.1" 200 13283 "https://sopnonill.store/sitemap.xml" "Mozilla/5.0 AppleWebKit/537.36 (KHTML, like Gecko; compatible; GPTBot/1.4; +https://openai.com/gptbot)"
74.7.227.31 - - [03/Aug/2026:03:56:43 +0200] "GET /items/A535871967 HTTP/1.1" 200 13283 "https://sopnonill.store/sitemap.xml" "Mozilla/5.0 AppleWebKit/537.36 (KHTML, like Gecko; compatible; GPTBot/1.4; +https://openai.com/gptbot)"
74.7.227.31 - - [03/Aug/2026:03:56:46 +0200] "GET /items/A711349809 HTTP/1.1" 200 13284 "https://sopnonill.store/sitemap.xml" "Mozilla/5.0 AppleWebKit/537.36 (KHTML, like Gecko; compatible; GPTBot/1.4; +https://openai.com/gptbot)"
74.7.227.31 - - [03/Aug/2026:03:56:49 +0200] "GET /items/A189396710 HTTP/1.1" 200 13284 "https://sopnonill.store/sitemap.xml" "Mozilla/5.0 AppleWebKit/537.36 (KHTML, like Gecko; compatible; GPTBot/1.4; +https://openai.com/gptbot)"
74.7.227.31 - - [03/Aug/2026:03:56:52 +0200] "GET /items/A642651107 HTTP/1.1" 200 13283 "https://sopnonill.store/sitemap.xml" "Mozilla/5.0 AppleWebKit/537.36 (KHTML, like Gecko; compatible; GPTBot/1.4; +https://openai.com/gptbot)"
74.7.227.31 - - [03/Aug/2026:03:56:56 +0200] "GET /items/A593060820 HTTP/1.1" 200 13282 "https://sopnonill.store/sitemap.xml" "Mozilla/5.0 AppleWebKit/537.36 (KHTML, like Gecko; compatible; GPTBot/1.4; +https://openai.com/gptbot)"
74.7.227.31 - - [03/Aug/2026:03:56:59 +0200] "GET /items/A583719721 HTTP/1.1" 200 13283 "https://sopnonill.store/sitemap.xml" "Mozilla/5.0 AppleWebKit/537.36 (KHTML, like Gecko; compatible; GPTBot/1.4; +https://openai.com/gptbot)"
74.7.227.31 - - [03/Aug/2026:03:57:02 +0200] "GET /items/A957287150 HTTP/1.1" 200 13283 "https://sopnonill.store/sitemap.xml" "Mozilla/5.0 AppleWebKit/537.36 (KHTML, like Gecko; compatible; GPTBot/1.4; +https://openai.com/gptbot)"
74.7.227.31 - - [03/Aug/2026:03:57:05 +0200] "GET /items/A556629748 HTTP/1.1" 200 13284 "https://sopnonill.store/sitemap.xml" "Mozilla/5.0 AppleWebKit/537.36 (KHTML, like Gecko; compatible; GPTBot/1.4; +https://openai.com/gptbot)"
74.7.227.31 - - [03/Aug/2026:03:57:08 +0200] "GET /items/A591848737 HTTP/1.1" 200 13283 "https://sopnonill.store/sitemap.xml" "Mozilla/5.0 AppleWebKit/537.36 (KHTML, like Gecko; compatible; GPTBot/1.4; +https://openai.com/gptbot)"
74.7.227.31 - - [03/Aug/2026:03:57:11 +0200] "GET /items/A698583527 HTTP/1.1" 200 13284 "https://sopnonill.store/sitemap.xml" "Mozilla/5.0 AppleWebKit/537.36 (KHTML, like Gecko; compatible; GPTBot/1.4; +https://openai.com/gptbot)"
74.7.227.31 - - [03/Aug/2026:03:57:14 +0200] "GET /items/A202719448 HTTP/1.1" 200 13285 "https://sopnonill.store/sitemap.xml" "Mozilla/5.0 AppleWebKit/537.36 (KHTML, like Gecko; compatible; GPTBot/1.4; +https://openai.com/gptbot)"
74.7.227.31 - - [03/Aug/2026:03:57:18 +0200] "GET /items/A162306753 HTTP/1.1" 200 13284 "https://sopnonill.store/sitemap.xml" "Mozilla/5.0 AppleWebKit/537.36 (KHTML, like Gecko; compatible; GPTBot/1.4; +https://openai.com/gptbot)"
74.7.227.31 - - [03/Aug/2026:03:57:21 +0200] "GET /items/A973593628 HTTP/1.1" 200 13283 "https://sopnonill.store/sitemap.xml" "Mozilla/5.0 AppleWebKit/537.36 (KHTML, like Gecko; compatible; GPTBot/1.4; +https://openai.com/gptbot)"
74.7.227.31 - - [03/Aug/2026:03:57:24 +0200] "GET /items/A590896230 HTTP/1.1" 200 13285 "https://sopnonill.store/sitemap.xml" "Mozilla/5.0 AppleWebKit/537.36 (KHTML, like Gecko; compatible; GPTBot/1.4; +https://openai.com/gptbot)"
74.7.227.31 - - [03/Aug/2026:03:57:27 +0200] "GET /items/A912071451 HTTP/1.1" 200 13285 "https://sopnonill.store/sitemap.xml" "Mozilla/5.0 AppleWebKit/537.36 (KHTML, like Gecko; compatible; GPTBot/1.4; +https://openai.com/gptbot)"
216.73.216.122 - - [03/Aug/2026:03:57:30 +0200] "GET /items/A677897806 HTTP/1.1" 200 13501 "-" "Mozilla/5.0 AppleWebKit/537.36 (KHTML, like Gecko; compatible; ClaudeBot/1.0; +claudebot@anthropic.com)"
74.7.227.31 - - [03/Aug/2026:03:57:30 +0200] "GET /items/A547288649 HTTP/1.1" 200 13282 "https://sopnonill.store/sitemap.xml" "Mozilla/5.0 AppleWebKit/537.36 (KHTML, like Gecko; compatible; GPTBot/1.4; +https://openai.com/gptbot)"
216.73.216.122 - - [03/Aug/2026:03:57:32 +0200] "GET /items/A642253503 HTTP/1.1" 200 13291 "-" "Mozilla/5.0 AppleWebKit/537.36 (KHTML, like Gecko; compatible; ClaudeBot/1.0; +claudebot@anthropic.com)"
74.7.227.31 - - [03/Aug/2026:03:57:33 +0200] "GET /items/A519124062 HTTP/1.1" 200 13283 "https://sopnonill.store/sitemap.xml" "Mozilla/5.0 AppleWebKit/537.36 (KHTML, like Gecko; compatible; GPTBot/1.4; +https://openai.com/gptbot)"
216.73.216.122 - - [03/Aug/2026:03:57:35 +0200] "GET /items/A3005594698 HTTP/1.1" 200 13290 "-" "Mozilla/5.0 AppleWebKit/537.36 (KHTML, like Gecko; compatible; ClaudeBot/1.0; +claudebot@anthropic.com)"
74.7.227.31 - - [03/Aug/2026:03:57:36 +0200] "GET /items/A206096137 HTTP/1.1" 200 13283 "https://sopnonill.store/sitemap.xml" "Mozilla/5.0 AppleWebKit/537.36 (KHTML, like Gecko; compatible; GPTBot/1.4; +https://openai.com/gptbot)"
216.73.216.122 - - [03/Aug/2026:03:57:38 +0200] "GET /items/S1983614539 HTTP/1.1" 200 13290 "-" "Mozilla/5.0 AppleWebKit/537.36 (KHTML, like Gecko; compatible; ClaudeBot/1.0; +claudebot@anthropic.com)"
74.7.227.31 - - [03/Aug/2026:03:57:39 +0200] "GET /items/A712561892 HTTP/1.1" 200 13285 "https://sopnonill.store/sitemap.xml" "Mozilla/5.0 AppleWebKit/537.36 (KHTML, like Gecko; compatible; GPTBot/1.4; +https://openai.com/gptbot)"
216.73.216.122 - - [03/Aug/2026:03:57:41 +0200] "GET /items/A4140725096 HTTP/1.1" 200 13292 "-" "Mozilla/5.0 AppleWebKit/537.36 (KHTML, like Gecko; compatible; ClaudeBot/1.0; +claudebot@anthropic.com)"
74.7.227.31 - - [03/Aug/2026:03:57:43 +0200] "GET /items/A154341276 HTTP/1.1" 200 13284 "https://sopnonill.store/sitemap.xml" "Mozilla/5.0 AppleWebKit/537.36 (KHTML, like Gecko; compatible; GPTBot/1.4; +https://openai.com/gptbot)"
216.73.216.122 - - [03/Aug/2026:03:57:44 +0200] "GET /items/A2116304090 HTTP/1.1" 200 13292 "-" "Mozilla/5.0 AppleWebKit/537.36 (KHTML, like Gecko; compatible; ClaudeBot/1.0; +claudebot@anthropic.com)"
74.7.227.31 - - [03/Aug/2026:03:57:46 +0200] "GET /items/A861269049 HTTP/1.1" 200 13283 "https://sopnonill.store/sitemap.xml" "Mozilla/5.0 AppleWebKit/537.36 (KHTML, like Gecko; compatible; GPTBot/1.4; +https://openai.com/gptbot)"
216.73.216.122 - - [03/Aug/2026:03:57:47 +0200] "GET /items/A1621073230 HTTP/1.1" 200 13294 "-" "Mozilla/5.0 AppleWebKit/537.36 (KHTML, like Gecko; compatible; ClaudeBot/1.0; +claudebot@anthropic.com)"
74.7.227.31 - - [03/Aug/2026:03:57:49 +0200] "GET /items/A424714095 HTTP/1.1" 200 13284 "https://sopnonill.store/sitemap.xml" "Mozilla/5.0 AppleWebKit/537.36 (KHTML, like Gecko; compatible; GPTBot/1.4; +https://openai.com/gptbot)"
216.73.216.122 - - [03/Aug/2026:03:57:50 +0200] "GET /items/A1967325129 HTTP/1.1" 200 13294 "-" "Mozilla/5.0 AppleWebKit/537.36 (KHTML, like Gecko; compatible; ClaudeBot/1.0; +claudebot@anthropic.com)"
74.7.227.31 - - [03/Aug/2026:03:57:52 +0200] "GET /items/A782440296 HTTP/1.1" 200 13284 "https://sopnonill.store/sitemap.xml" "Mozilla/5.0 AppleWebKit/537.36 (KHTML, like Gecko; compatible; GPTBot/1.4; +https://openai.com/gptbot)"
216.73.216.122 - - [03/Aug/2026:03:57:53 +0200] "GET /items/A3952284299 HTTP/1.1" 200 13290 "-" "Mozilla/5.0 AppleWebKit/537.36 (KHTML, like Gecko; compatible; ClaudeBot/1.0; +claudebot@anthropic.com)"
74.7.227.31 - - [03/Aug/2026:03:57:55 +0200] "GET /items/A224056157 HTTP/1.1" 200 13283 "https://sopnonill.store/sitemap.xml" "Mozilla/5.0 AppleWebKit/537.36 (KHTML, like Gecko; compatible; GPTBot/1.4; +https://openai.com/gptbot)"
216.73.216.122 - - [03/Aug/2026:03:57:56 +0200] "GET /items/A3988001633 HTTP/1.1" 200 13292 "-" "Mozilla/5.0 AppleWebKit/537.36 (KHTML, like Gecko; compatible; ClaudeBot/1.0; +claudebot@anthropic.com)"
74.7.227.31 - - [03/Aug/2026:03:57:59 +0200] "GET /items/A496853158 HTTP/1.1" 200 13284 "https://sopnonill.store/sitemap.xml" "Mozilla/5.0 AppleWebKit/537.36 (KHTML, like Gecko; compatible; GPTBot/1.4; +https://openai.com/gptbot)"
216.73.216.122 - - [03/Aug/2026:03:57:59 +0200] "GET /items/S3289806659 HTTP/1.1" 200 13293 "-" "Mozilla/5.0 AppleWebKit/537.36 (KHTML, like Gecko; compatible; ClaudeBot/1.0; +claudebot@anthropic.com)"
74.7.227.31 - - [03/Aug/2026:03:58:02 +0200] "GET /items/A659399012 HTTP/1.1" 200 13282 "https://sopnonill.store/sitemap.xml" "Mozilla/5.0 AppleWebKit/537.36 (KHTML, like Gecko; compatible; GPTBot/1.4; +https://openai.com/gptbot)"
216.73.216.122 - - [03/Aug/2026:03:58:02 +0200] "GET /items/A1712758306 HTTP/1.1" 200 13294 "-" "Mozilla/5.0 AppleWebKit/537.36 (KHTML, like Gecko; compatible; ClaudeBot/1.0; +claudebot@anthropic.com)"
74.7.227.31 - - [03/Aug/2026:03:58:05 +0200] "GET /items/A892551807 HTTP/1.1" 200 13285 "https://sopnonill.store/sitemap.xml" "Mozilla/5.0 AppleWebKit/537.36 (KHTML, like Gecko; compatible; GPTBot/1.4; +https://openai.com/gptbot)"
216.73.216.122 - - [03/Aug/2026:03:58:05 +0200] "GET /items/A3884523070 HTTP/1.1" 200 13293 "-" "Mozilla/5.0 AppleWebKit/537.36 (KHTML, like Gecko; compatible; ClaudeBot/1.0; +claudebot@anthropic.com)"
74.7.227.31 - - [03/Aug/2026:03:58:08 +0200] "GET /items/A175236542 HTTP/1.1" 200 13284 "https://sopnonill.store/sitemap.xml" "Mozilla/5.0 AppleWebKit/537.36 (KHTML, like Gecko; compatible; GPTBot/1.4; +https://openai.com/gptbot)"
216.73.216.122 - - [03/Aug/2026:03:58:08 +0200] "GET /items/A271157684 HTTP/1.1" 200 13292 "-" "Mozilla/5.0 AppleWebKit/537.36 (KHTML, like Gecko; compatible; ClaudeBot/1.0; +claudebot@anthropic.com)"
216.73.216.122 - - [03/Aug/2026:03:58:11 +0200] "GET /items/S2264121552 HTTP/1.1" 200 13289 "-" "Mozilla/5.0 AppleWebKit/537.36 (KHTML, like Gecko; compatible; ClaudeBot/1.0; +claudebot@anthropic.com)"
74.7.227.31 - - [03/Aug/2026:03:58:11 +0200] "GET /items/A406850176 HTTP/1.1" 200 13284 "https://sopnonill.store/sitemap.xml" "Mozilla/5.0 AppleWebKit/537.36 (KHTML, like Gecko; compatible; GPTBot/1.4; +https://openai.com/gptbot)"
216.73.216.122 - - [03/Aug/2026:03:58:14 +0200] "GET /items/S1198792294 HTTP/1.1" 200 13292 "-" "Mozilla/5.0 AppleWebKit/537.36 (KHTML, like Gecko; compatible; ClaudeBot/1.0; +claudebot@anthropic.com)"
74.7.227.31 - - [03/Aug/2026:03:58:15 +0200] "GET /items/A394870663 HTTP/1.1" 200 13284 "https://sopnonill.store/sitemap.xml" "Mozilla/5.0 AppleWebKit/537.36 (KHTML, like Gecko; compatible; GPTBot/1.4; +https://openai.com/gptbot)"
216.73.216.122 - - [03/Aug/2026:03:58:17 +0200] "GET /items/S3470452185 HTTP/1.1" 200 13293 "-" "Mozilla/5.0 AppleWebKit/537.36 (KHTML, like Gecko; compatible; ClaudeBot/1.0; +claudebot@anthropic.com)"
74.7.227.31 - - [03/Aug/2026:03:58:18 +0200] "GET /items/A982934711 HTTP/1.1" 200 13282 "https://sopnonill.store/sitemap.xml" "Mozilla/5.0 AppleWebKit/537.36 (KHTML, like Gecko; compatible; GPTBot/1.4; +https://openai.com/gptbot)"
216.73.216.122 - - [03/Aug/2026:03:58:20 +0200] "GET /items/A823685695 HTTP/1.1" 200 13291 "-" "Mozilla/5.0 AppleWebKit/537.36 (KHTML, like Gecko; compatible; ClaudeBot/1.0; +claudebot@anthropic.com)"
74.7.227.31 - - [03/Aug/2026:03:58:21 +0200] "GET /items/A352638720 HTTP/1.1" 200 13283 "https://sopnonill.store/sitemap.xml" "Mozilla/5.0 AppleWebKit/537.36 (KHTML, like Gecko; compatible; GPTBot/1.4; +https://openai.com/gptbot)"
216.73.216.122 - - [03/Aug/2026:03:58:23 +0200] "GET /items/S3124055391 HTTP/1.1" 200 13291 "-" "Mozilla/5.0 AppleWebKit/537.36 (KHTML, like Gecko; compatible; ClaudeBot/1.0; +claudebot@anthropic.com)"
74.7.227.31 - - [03/Aug/2026:03:58:24 +0200] "GET /items/A962039445 HTTP/1.1" 200 13285 "https://sopnonill.store/sitemap.xml" "Mozilla/5.0 AppleWebKit/537.36 (KHTML, like Gecko; compatible; GPTBot/1.4; +https://openai.com/gptbot)"
216.73.216.122 - - [03/Aug/2026:03:58:26 +0200] "GET /items/S2124779468 HTTP/1.1" 200 13291 "-" "Mozilla/5.0 AppleWebKit/537.36 (KHTML, like Gecko; compatible; ClaudeBot/1.0; +claudebot@anthropic.com)"
74.7.227.31 - - [03/Aug/2026:03:58:27 +0200] "GET /items/A910859336 HTTP/1.1" 200 13286 "https://sopnonill.store/sitemap.xml" "Mozilla/5.0 AppleWebKit/537.36 (KHTML, like Gecko; compatible; GPTBot/1.4; +https://openai.com/gptbot)"
216.73.216.122 - - [03/Aug/2026:03:58:29 +0200] "GET /items/S3056732311 HTTP/1.1" 200 13293 "-" "Mozilla/5.0 AppleWebKit/537.36 (KHTML, like Gecko; compatible; ClaudeBot/1.0; +claudebot@anthropic.com)"
74.7.227.31 - - [03/Aug/2026:03:58:30 +0200] "GET /items/A438692460 HTTP/1.1" 200 13284 "https://sopnonill.store/sitemap.xml" "Mozilla/5.0 AppleWebKit/537.36 (KHTML, like Gecko; compatible; GPTBot/1.4; +https://openai.com/gptbot)"
216.73.216.122 - - [03/Aug/2026:03:58:32 +0200] "GET /items/A4075007848 HTTP/1.1" 200 13291 "-" "Mozilla/5.0 AppleWebKit/537.36 (KHTML, like Gecko; compatible; ClaudeBot/1.0; +claudebot@anthropic.com)"
74.7.227.31 - - [03/Aug/2026:03:58:33 +0200] "GET /items/A397458400 HTTP/1.1" 200 13288 "https://sopnonill.store/sitemap.xml" "Mozilla/5.0 AppleWebKit/537.36 (KHTML, like Gecko; compatible; GPTBot/1.4; +https://openai.com/gptbot)"
216.73.216.122 - - [03/Aug/2026:03:58:35 +0200] "GET /items/S2479362923 HTTP/1.1" 200 13290 "-" "Mozilla/5.0 AppleWebKit/537.36 (KHTML, like Gecko; compatible; ClaudeBot/1.0; +claudebot@anthropic.com)"
74.7.227.31 - - [03/Aug/2026:03:58:36 +0200] "GET /items/A205143662 HTTP/1.1" 200 13284 "https://sopnonill.store/sitemap.xml" "Mozilla/5.0 AppleWebKit/537.36 (KHTML, like Gecko; compatible; GPTBot/1.4; +https://openai.com/gptbot)"
216.73.216.122 - - [03/Aug/2026:03:58:38 +0200] "GET /items/A4073632242 HTTP/1.1" 200 13292 "-" "Mozilla/5.0 AppleWebKit/537.36 (KHTML, like Gecko; compatible; ClaudeBot/1.0; +claudebot@anthropic.com)"
74.7.227.31 - - [03/Aug/2026:03:58:39 +0200] "GET /items/A349262031 HTTP/1.1" 200 13285 "https://sopnonill.store/sitemap.xml" "Mozilla/5.0 AppleWebKit/537.36 (KHTML, like Gecko; compatible; GPTBot/1.4; +https://openai.com/gptbot)"
216.73.216.122 - - [03/Aug/2026:03:58:41 +0200] "GET /items/S1626033511 HTTP/1.1" 200 13291 "-" "Mozilla/5.0 AppleWebKit/537.36 (KHTML, like Gecko; compatible; ClaudeBot/1.0; +claudebot@anthropic.com)"
74.7.227.31 - - [03/Aug/2026:03:58:42 +0200] "GET /items/A668740127 HTTP/1.1" 200 13283 "https://sopnonill.store/sitemap.xml" "Mozilla/5.0 AppleWebKit/537.36 (KHTML, like Gecko; compatible; GPTBot/1.4; +https://openai.com/gptbot)"
216.73.216.122 - - [03/Aug/2026:03:58:44 +0200] "GET /items/S3003480580 HTTP/1.1" 200 13294 "-" "Mozilla/5.0 AppleWebKit/537.36 (KHTML, like Gecko; compatible; ClaudeBot/1.0; +claudebot@anthropic.com)"
74.7.227.31 - - [03/Aug/2026:03:58:46 +0200] "GET /items/A234609355 HTTP/1.1" 200 13283 "https://sopnonill.store/sitemap.xml" "Mozilla/5.0 AppleWebKit/537.36 (KHTML, like Gecko; compatible; GPTBot/1.4; +https://openai.com/gptbot)"
216.73.216.122 - - [03/Aug/2026:03:58:47 +0200] "GET /items/S1202957833 HTTP/1.1" 200 13292 "-" "Mozilla/5.0 AppleWebKit/537.36 (KHTML, like Gecko; compatible; ClaudeBot/1.0; +claudebot@anthropic.com)"
74.7.227.31 - - [03/Aug/2026:03:58:49 +0200] "GET /items/A940702768 HTTP/1.1" 200 13282 "https://sopnonill.store/sitemap.xml" "Mozilla/5.0 AppleWebKit/537.36 (KHTML, like Gecko; compatible; GPTBot/1.4; +https://openai.com/gptbot)"
74.7.227.31 - - [03/Aug/2026:03:58:52 +0200] "GET /items/A695043315 HTTP/1.1" 200 13283 "https://sopnonill.store/sitemap.xml" "Mozilla/5.0 AppleWebKit/537.36 (KHTML, like Gecko; compatible; GPTBot/1.4; +https://openai.com/gptbot)"
74.7.227.31 - - [03/Aug/2026:03:58:55 +0200] "GET /items/A597813147 HTTP/1.1" 200 13285 "https://sopnonill.store/sitemap.xml" "Mozilla/5.0 AppleWebKit/537.36 (KHTML, like Gecko; compatible; GPTBot/1.4; +https://openai.com/gptbot)"
74.7.227.31 - - [03/Aug/2026:03:58:58 +0200] "GET /items/A572936242 HTTP/1.1" 200 13283 "https://sopnonill.store/sitemap.xml" "Mozilla/5.0 AppleWebKit/537.36 (KHTML, like Gecko; compatible; GPTBot/1.4; +https://openai.com/gptbot)"
74.7.227.31 - - [03/Aug/2026:03:59:01 +0200] "GET /items/A250915817 HTTP/1.1" 200 13287 "https://sopnonill.store/sitemap.xml" "Mozilla/5.0 AppleWebKit/537.36 (KHTML, like Gecko; compatible; GPTBot/1.4; +https://openai.com/gptbot)"
74.7.227.31 - - [03/Aug/2026:03:59:05 +0200] "GET /items/A907482647 HTTP/1.1" 200 13286 "https://sopnonill.store/sitemap.xml" "Mozilla/5.0 AppleWebKit/537.36 (KHTML, like Gecko; compatible; GPTBot/1.4; +https://openai.com/gptbot)"
74.7.227.31 - - [03/Aug/2026:03:59:08 +0200] "GET /items/A371369380 HTTP/1.1" 200 13285 "https://sopnonill.store/sitemap.xml" "Mozilla/5.0 AppleWebKit/537.36 (KHTML, like Gecko; compatible; GPTBot/1.4; +https://openai.com/gptbot)"
74.7.227.31 - - [03/Aug/2026:03:59:11 +0200] "GET /items/A552040976 HTTP/1.1" 200 13285 "https://sopnonill.store/sitemap.xml" "Mozilla/5.0 AppleWebKit/537.36 (KHTML, like Gecko; compatible; GPTBot/1.4; +https://openai.com/gptbot)"
74.7.227.31 - - [03/Aug/2026:03:59:14 +0200] "GET /items/A967840348 HTTP/1.1" 200 13285 "https://sopnonill.store/sitemap.xml" "Mozilla/5.0 AppleWebKit/537.36 (KHTML, like Gecko; compatible; GPTBot/1.4; +https://openai.com/gptbot)"
74.7.227.31 - - [03/Aug/2026:03:59:17 +0200] "GET /items/A859104475 HTTP/1.1" 200 13283 "https://sopnonill.store/sitemap.xml" "Mozilla/5.0 AppleWebKit/537.36 (KHTML, like Gecko; compatible; GPTBot/1.4; +https://openai.com/gptbot)"
74.7.227.31 - - [03/Aug/2026:03:59:20 +0200] "GET /items/A170484215 HTTP/1.1" 200 13283 "https://sopnonill.store/sitemap.xml" "Mozilla/5.0 AppleWebKit/537.36 (KHTML, like Gecko; compatible; GPTBot/1.4; +https://openai.com/gptbot)"
74.7.227.31 - - [03/Aug/2026:03:59:24 +0200] "GET /items/A978182416 HTTP/1.1" 200 13283 "https://sopnonill.store/sitemap.xml" "Mozilla/5.0 AppleWebKit/537.36 (KHTML, like Gecko; compatible; GPTBot/1.4; +https://openai.com/gptbot)"
74.7.227.31 - - [03/Aug/2026:03:59:27 +0200] "GET /items/A127874533 HTTP/1.1" 200 13286 "https://sopnonill.store/sitemap.xml" "Mozilla/5.0 AppleWebKit/537.36 (KHTML, like Gecko; compatible; GPTBot/1.4; +https://openai.com/gptbot)"
74.7.227.31 - - [03/Aug/2026:03:59:30 +0200] "GET /items/A851927966 HTTP/1.1" 200 13284 "https://sopnonill.store/sitemap.xml" "Mozilla/5.0 AppleWebKit/537.36 (KHTML, like Gecko; compatible; GPTBot/1.4; +https://openai.com/gptbot)"
74.7.227.31 - - [03/Aug/2026:03:59:33 +0200] "GET /items/A768298408 HTTP/1.1" 200 13288 "https://sopnonill.store/sitemap.xml" "Mozilla/5.0 AppleWebKit/537.36 (KHTML, like Gecko; compatible; GPTBot/1.4; +https://openai.com/gptbot)"
74.7.227.31 - - [03/Aug/2026:03:59:36 +0200] "GET /items/A998470517 HTTP/1.1" 200 13285 "https://sopnonill.store/sitemap.xml" "Mozilla/5.0 AppleWebKit/537.36 (KHTML, like Gecko; compatible; GPTBot/1.4; +https://openai.com/gptbot)"
74.7.227.31 - - [03/Aug/2026:03:59:40 +0200] "GET /items/A974805727 HTTP/1.1" 200 13286 "https://sopnonill.store/sitemap.xml" "Mozilla/5.0 AppleWebKit/537.36 (KHTML, like Gecko; compatible; GPTBot/1.4; +https://openai.com/gptbot)"
74.7.227.31 - - [03/Aug/2026:03:59:43 +0200] "GET /items/A853140065 HTTP/1.1" 200 13284 "https://sopnonill.store/sitemap.xml" "Mozilla/5.0 AppleWebKit/537.36 (KHTML, like Gecko; compatible; GPTBot/1.4; +https://openai.com/gptbot)"
74.7.227.31 - - [03/Aug/2026:03:59:46 +0200] "GET /items/A209732450 HTTP/1.1" 200 13283 "https://sopnonill.store/sitemap.xml" "Mozilla/5.0 AppleWebKit/537.36 (KHTML, like Gecko; compatible; GPTBot/1.4; +https://openai.com/gptbot)"
74.7.227.31 - - [03/Aug/2026:03:59:49 +0200] "GET /items/A789193674 HTTP/1.1" 200 13287 "https://sopnonill.store/sitemap.xml" "Mozilla/5.0 AppleWebKit/537.36 (KHTML, like Gecko; compatible; GPTBot/1.4; +https://openai.com/gptbot)"
74.7.227.31 - - [03/Aug/2026:03:59:53 +0200] "GET /items/A938160439 HTTP/1.1" 200 13282 "https://sopnonill.store/sitemap.xml" "Mozilla/5.0 AppleWebKit/537.36 (KHTML, like Gecko; compatible; GPTBot/1.4; +https://openai.com/gptbot)"
74.7.227.31 - - [03/Aug/2026:03:59:56 +0200] "GET /items/A280595726 HTTP/1.1" 200 13283 "https://sopnonill.store/sitemap.xml" "Mozilla/5.0 AppleWebKit/537.36 (KHTML, like Gecko; compatible; GPTBot/1.4; +https://openai.com/gptbot)"
74.7.227.31 - - [03/Aug/2026:03:59:59 +0200] "GET /items/A549616762 HTTP/1.1" 200 13283 "https://sopnonill.store/sitemap.xml" "Mozilla/5.0 AppleWebKit/537.36 (KHTML, like Gecko; compatible; GPTBot/1.4; +https://openai.com/gptbot)"
94.136.190.175 - - [03/Aug/2026:04:00:02 +0200] "GET / HTTP/1.1" 301 690 "-" "Mozilla/5.0 (X11; Linux x86_64) AppleWebKit/537.36 (KHTML, like Gecko) Chrome/44.0.2403.157 Safari/537.36"
74.7.227.31 - - [03/Aug/2026:04:00:03 +0200] "GET /items/A396082762 HTTP/1.1" 200 13283 "https://sopnonill.store/sitemap.xml" "Mozilla/5.0 AppleWebKit/537.36 (KHTML, like Gecko; compatible; GPTBot/1.4; +https://openai.com/gptbot)"
94.136.190.175 - - [03/Aug/2026:04:00:03 +0200] "GET / HTTP/1.1" 200 13489 "http://94.136.190.175" "Mozilla/5.0 (X11; Linux x86_64) AppleWebKit/537.36 (KHTML, like Gecko) Chrome/44.0.2403.157 Safari/537.36"
74.7.227.31 - - [03/Aug/2026:04:00:05 +0200] "GET /items/A640486517 HTTP/1.1" 200 13493 "https://sopnonill.store/sitemap.xml" "Mozilla/5.0 AppleWebKit/537.36 (KHTML, like Gecko; compatible; GPTBot/1.4; +https://openai.com/gptbot)"
74.7.227.31 - - [03/Aug/2026:04:00:08 +0200] "GET /items/A770886145 HTTP/1.1" 200 13282 "https://sopnonill.store/sitemap.xml" "Mozilla/5.0 AppleWebKit/537.36 (KHTML, like Gecko; compatible; GPTBot/1.4; +https://openai.com/gptbot)"
74.7.227.31 - - [03/Aug/2026:04:00:11 +0200] "GET /items/A462193743 HTTP/1.1" 200 13281 "https://sopnonill.store/sitemap.xml" "Mozilla/5.0 AppleWebKit/537.36 (KHTML, like Gecko; compatible; GPTBot/1.4; +https://openai.com/gptbot)"
74.7.227.31 - - [03/Aug/2026:04:00:15 +0200] "GET /items/A589684131 HTTP/1.1" 200 13289 "https://sopnonill.store/sitemap.xml" "Mozilla/5.0 AppleWebKit/537.36 (KHTML, like Gecko; compatible; GPTBot/1.4; +https://openai.com/gptbot)"
74.7.227.31 - - [03/Aug/2026:04:00:18 +0200] "GET /items/A927607241 HTTP/1.1" 200 13282 "https://sopnonill.store/sitemap.xml" "Mozilla/5.0 AppleWebKit/537.36 (KHTML, like Gecko; compatible; GPTBot/1.4; +https://openai.com/gptbot)"
74.7.227.31 - - [03/Aug/2026:04:00:21 +0200] "GET /items/A968003871 HTTP/1.1" 200 13282 "https://sopnonill.store/sitemap.xml" "Mozilla/5.0 AppleWebKit/537.36 (KHTML, like Gecko; compatible; GPTBot/1.4; +https://openai.com/gptbot)"
74.7.227.31 - - [03/Aug/2026:04:00:24 +0200] "GET /items/A666575537 HTTP/1.1" 200 13282 "https://sopnonill.store/sitemap.xml" "Mozilla/5.0 AppleWebKit/537.36 (KHTML, like Gecko; compatible; GPTBot/1.4; +https://openai.com/gptbot)"
74.7.227.31 - - [03/Aug/2026:04:00:27 +0200] "GET /items/A199949908 HTTP/1.1" 200 13284 "https://sopnonill.store/sitemap.xml" "Mozilla/5.0 AppleWebKit/537.36 (KHTML, like Gecko; compatible; GPTBot/1.4; +https://openai.com/gptbot)"
74.7.227.31 - - [03/Aug/2026:04:00:30 +0200] "GET /items/A966628233 HTTP/1.1" 200 13283 "https://sopnonill.store/sitemap.xml" "Mozilla/5.0 AppleWebKit/537.36 (KHTML, like Gecko; compatible; GPTBot/1.4; +https://openai.com/gptbot)"
74.7.227.31 - - [03/Aug/2026:04:00:33 +0200] "GET /items/A369993774 HTTP/1.1" 200 13283 "https://sopnonill.store/sitemap.xml" "Mozilla/5.0 AppleWebKit/537.36 (KHTML, like Gecko; compatible; GPTBot/1.4; +https://openai.com/gptbot)"
74.7.227.31 - - [03/Aug/2026:04:00:37 +0200] "GET /items/A222844042 HTTP/1.1" 200 13281 "https://sopnonill.store/sitemap.xml" "Mozilla/5.0 AppleWebKit/537.36 (KHTML, like Gecko; compatible; GPTBot/1.4; +https://openai.com/gptbot)"
74.7.227.31 - - [03/Aug/2026:04:00:40 +0200] "GET /items/A233397240 HTTP/1.1" 200 13284 "https://sopnonill.store/sitemap.xml" "Mozilla/5.0 AppleWebKit/537.36 (KHTML, like Gecko; compatible; GPTBot/1.4; +https://openai.com/gptbot)"
74.7.227.31 - - [03/Aug/2026:04:00:43 +0200] "GET /items/A669952226 HTTP/1.1" 200 13286 "https://sopnonill.store/sitemap.xml" "Mozilla/5.0 AppleWebKit/537.36 (KHTML, like Gecko; compatible; GPTBot/1.4; +https://openai.com/gptbot)"
74.7.227.31 - - [03/Aug/2026:04:00:46 +0200] "GET /items/A689242444 HTTP/1.1" 200 13283 "https://sopnonill.store/sitemap.xml" "Mozilla/5.0 AppleWebKit/537.36 (KHTML, like Gecko; compatible; GPTBot/1.4; +https://openai.com/gptbot)"
74.7.227.31 - - [03/Aug/2026:04:00:49 +0200] "GET /items/A535708444 HTTP/1.1" 200 13284 "https://sopnonill.store/sitemap.xml" "Mozilla/5.0 AppleWebKit/537.36 (KHTML, like Gecko; compatible; GPTBot/1.4; +https://openai.com/gptbot)"
74.7.227.31 - - [03/Aug/2026:04:00:52 +0200] "GET /items/A126662450 HTTP/1.1" 200 13284 "https://sopnonill.store/sitemap.xml" "Mozilla/5.0 AppleWebKit/537.36 (KHTML, like Gecko; compatible; GPTBot/1.4; +https://openai.com/gptbot)"
74.7.227.31 - - [03/Aug/2026:04:00:55 +0200] "GET /items/A255504621 HTTP/1.1" 200 13281 "https://sopnonill.store/sitemap.xml" "Mozilla/5.0 AppleWebKit/537.36 (KHTML, like Gecko; compatible; GPTBot/1.4; +https://openai.com/gptbot)"
74.7.227.31 - - [03/Aug/2026:04:00:58 +0200] "GET /items/A999682616 HTTP/1.1" 200 13288 "https://sopnonill.store/sitemap.xml" "Mozilla/5.0 AppleWebKit/537.36 (KHTML, like Gecko; compatible; GPTBot/1.4; +https://openai.com/gptbot)"
74.7.227.31 - - [03/Aug/2026:04:01:01 +0200] "GET /items/A791617888 HTTP/1.1" 200 13289 "https://sopnonill.store/sitemap.xml" "Mozilla/5.0 AppleWebKit/537.36 (KHTML, like Gecko; compatible; GPTBot/1.4; +https://openai.com/gptbot)"
74.7.227.31 - - [03/Aug/2026:04:01:04 +0200] "GET /items/A541487778 HTTP/1.1" 200 13284 "https://sopnonill.store/sitemap.xml" "Mozilla/5.0 AppleWebKit/537.36 (KHTML, like Gecko; compatible; GPTBot/1.4; +https://openai.com/gptbot)"
74.7.227.31 - - [03/Aug/2026:04:01:08 +0200] "GET /items/A444493331 HTTP/1.1" 200 13282 "https://sopnonill.store/sitemap.xml" "Mozilla/5.0 AppleWebKit/537.36 (KHTML, like Gecko; compatible; GPTBot/1.4; +https://openai.com/gptbot)"
74.7.227.31 - - [03/Aug/2026:04:01:11 +0200] "GET /items/A781228197 HTTP/1.1" 200 13284 "https://sopnonill.store/sitemap.xml" "Mozilla/5.0 AppleWebKit/537.36 (KHTML, like Gecko; compatible; GPTBot/1.4; +https://openai.com/gptbot)"
74.7.227.31 - - [03/Aug/2026:04:01:14 +0200] "GET /items/A151753539 HTTP/1.1" 200 13287 "https://sopnonill.store/sitemap.xml" "Mozilla/5.0 AppleWebKit/537.36 (KHTML, like Gecko; compatible; GPTBot/1.4; +https://openai.com/gptbot)"
74.7.227.31 - - [03/Aug/2026:04:01:17 +0200] "GET /items/A465733939 HTTP/1.1" 200 13282 "https://sopnonill.store/sitemap.xml" "Mozilla/5.0 AppleWebKit/537.36 (KHTML, like Gecko; compatible; GPTBot/1.4; +https://openai.com/gptbot)"
74.7.227.31 - - [03/Aug/2026:04:01:20 +0200] "GET /items/A193985498 HTTP/1.1" 200 13288 "https://sopnonill.store/sitemap.xml" "Mozilla/5.0 AppleWebKit/537.36 (KHTML, like Gecko; compatible; GPTBot/1.4; +https://openai.com/gptbot)"
74.7.227.31 - - [03/Aug/2026:04:01:24 +0200] "GET /items/A704384430 HTTP/1.1" 200 13285 "https://sopnonill.store/sitemap.xml" "Mozilla/5.0 AppleWebKit/537.36 (KHTML, like Gecko; compatible; GPTBot/1.4; +https://openai.com/gptbot)"
74.7.227.31 - - [03/Aug/2026:04:01:27 +0200] "GET /items/A137593371 HTTP/1.1" 200 13282 "https://sopnonill.store/sitemap.xml" "Mozilla/5.0 AppleWebKit/537.36 (KHTML, like Gecko; compatible; GPTBot/1.4; +https://openai.com/gptbot)"
74.7.227.31 - - [03/Aug/2026:04:01:30 +0200] "GET /items/A300720320 HTTP/1.1" 200 13283 "https://sopnonill.store/sitemap.xml" "Mozilla/5.0 AppleWebKit/537.36 (KHTML, like Gecko; compatible; GPTBot/1.4; +https://openai.com/gptbot)"
74.7.227.31 - - [03/Aug/2026:04:01:33 +0200] "GET /items/A103161167 HTTP/1.1" 200 13289 "https://sopnonill.store/sitemap.xml" "Mozilla/5.0 AppleWebKit/537.36 (KHTML, like Gecko; compatible; GPTBot/1.4; +https://openai.com/gptbot)"
74.7.227.31 - - [03/Aug/2026:04:01:36 +0200] "GET /items/A720690908 HTTP/1.1" 200 13284 "https://sopnonill.store/sitemap.xml" "Mozilla/5.0 AppleWebKit/537.36 (KHTML, like Gecko; compatible; GPTBot/1.4; +https://openai.com/gptbot)"
74.7.227.31 - - [03/Aug/2026:04:01:40 +0200] "GET /items/A208520351 HTTP/1.1" 200 13285 "https://sopnonill.store/sitemap.xml" "Mozilla/5.0 AppleWebKit/537.36 (KHTML, like Gecko; compatible; GPTBot/1.4; +https://openai.com/gptbot)"
74.7.227.31 - - [03/Aug/2026:04:01:43 +0200] "GET /items/A567576782 HTTP/1.1" 200 13283 "https://sopnonill.store/sitemap.xml" "Mozilla/5.0 AppleWebKit/537.36 (KHTML, like Gecko; compatible; GPTBot/1.4; +https://openai.com/gptbot)"
74.7.227.31 - - [03/Aug/2026:04:01:46 +0200] "GET /items/A132626860 HTTP/1.1" 200 13283 "https://sopnonill.store/sitemap.xml" "Mozilla/5.0 AppleWebKit/537.36 (KHTML, like Gecko; compatible; GPTBot/1.4; +https://openai.com/gptbot)"
74.7.227.31 - - [03/Aug/2026:04:01:49 +0200] "GET /items/A717150680 HTTP/1.1" 200 13285 "https://sopnonill.store/sitemap.xml" "Mozilla/5.0 AppleWebKit/537.36 (KHTML, like Gecko; compatible; GPTBot/1.4; +https://openai.com/gptbot)"
74.7.227.31 - - [03/Aug/2026:04:01:52 +0200] "GET /items/A624343562 HTTP/1.1" 200 13282 "https://sopnonill.store/sitemap.xml" "Mozilla/5.0 AppleWebKit/537.36 (KHTML, like Gecko; compatible; GPTBot/1.4; +https://openai.com/gptbot)"
74.7.227.31 - - [03/Aug/2026:04:01:56 +0200] "GET /items/A156505850 HTTP/1.1" 200 13283 "https://sopnonill.store/sitemap.xml" "Mozilla/5.0 AppleWebKit/537.36 (KHTML, like Gecko; compatible; GPTBot/1.4; +https://openai.com/gptbot)"
74.7.227.31 - - [03/Aug/2026:04:01:59 +0200] "GET /items/A667528028 HTTP/1.1" 200 13281 "https://sopnonill.store/sitemap.xml" "Mozilla/5.0 AppleWebKit/537.36 (KHTML, like Gecko; compatible; GPTBot/1.4; +https://openai.com/gptbot)"
74.7.227.31 - - [03/Aug/2026:04:02:02 +0200] "GET /items/A147164767 HTTP/1.1" 200 13282 "https://sopnonill.store/sitemap.xml" "Mozilla/5.0 AppleWebKit/537.36 (KHTML, like Gecko; compatible; GPTBot/1.4; +https://openai.com/gptbot)"
74.7.227.31 - - [03/Aug/2026:04:02:05 +0200] "GET /items/A688030329 HTTP/1.1" 200 13282 "https://sopnonill.store/sitemap.xml" "Mozilla/5.0 AppleWebKit/537.36 (KHTML, like Gecko; compatible; GPTBot/1.4; +https://openai.com/gptbot)"
74.7.227.31 - - [03/Aug/2026:04:02:08 +0200] "GET /items/A939372538 HTTP/1.1" 200 13286 "https://sopnonill.store/sitemap.xml" "Mozilla/5.0 AppleWebKit/537.36 (KHTML, like Gecko; compatible; GPTBot/1.4; +https://openai.com/gptbot)"
74.7.227.31 - - [03/Aug/2026:04:02:11 +0200] "GET /items/A621919364 HTTP/1.1" 200 13280 "https://sopnonill.store/sitemap.xml" "Mozilla/5.0 AppleWebKit/537.36 (KHTML, like Gecko; compatible; GPTBot/1.4; +https://openai.com/gptbot)"
74.7.227.31 - - [03/Aug/2026:04:02:14 +0200] "GET /items/A279383627 HTTP/1.1" 200 13281 "https://sopnonill.store/sitemap.xml" "Mozilla/5.0 AppleWebKit/537.36 (KHTML, like Gecko; compatible; GPTBot/1.4; +https://openai.com/gptbot)"
20.203.133.142 - - [03/Aug/2026:04:02:16 +0200] "GET /wp-content/plugins/hellopress/wp_filemanager.php HTTP/1.1" 301 738 "-" "-"
74.7.227.31 - - [03/Aug/2026:04:02:18 +0200] "GET /items/A863693263 HTTP/1.1" 200 13283 "https://sopnonill.store/sitemap.xml" "Mozilla/5.0 AppleWebKit/537.36 (KHTML, like Gecko; compatible; GPTBot/1.4; +https://openai.com/gptbot)"
20.203.133.142 - - [03/Aug/2026:04:02:18 +0200] "GET /wp-content/plugins/hellopress/wp_filemanager.php HTTP/1.1" 200 99711 "-" "-"
20.203.133.142 - - [03/Aug/2026:04:02:19 +0200] "GET /this_is_a_new_hello_world.php HTTP/1.1" 403 441 "-" "-"
20.203.133.142 - - [03/Aug/2026:04:02:19 +0200] "GET /err.php HTTP/1.1" 403 441 "-" "-"
20.203.133.142 - - [03/Aug/2026:04:02:19 +0200] "GET /img.php HTTP/1.1" 403 441 "-" "-"
20.203.133.142 - - [03/Aug/2026:04:02:20 +0200] "GET //aa.php HTTP/1.1" 403 441 "-" "-"
20.203.133.142 - - [03/Aug/2026:04:02:20 +0200] "GET //av.php HTTP/1.1" 403 441 "-" "-"
74.7.227.31 - - [03/Aug/2026:04:02:21 +0200] "GET /items/A417797178 HTTP/1.1" 200 13281 "https://sopnonill.store/sitemap.xml" "Mozilla/5.0 AppleWebKit/537.36 (KHTML, like Gecko; compatible; GPTBot/1.4; +https://openai.com/gptbot)"
20.203.133.142 - - [03/Aug/2026:04:02:22 +0200] "GET /xa.php HTTP/1.1" 403 441 "-" "-"
20.203.133.142 - - [03/Aug/2026:04:02:22 +0200] "GET /media.php HTTP/1.1" 301 635 "-" "-"
20.203.133.142 - - [03/Aug/2026:04:02:23 +0200] "GET /media.php HTTP/1.1" 200 99426 "-" "-"
20.203.133.142 - - [03/Aug/2026:04:02:24 +0200] "GET /images.php HTTP/1.1" 403 441 "-" "-"
20.203.133.142 - - [03/Aug/2026:04:02:24 +0200] "GET /xp.php HTTP/1.1" 403 441 "-" "-"
74.7.227.31 - - [03/Aug/2026:04:02:24 +0200] "GET /items/A812120205 HTTP/1.1" 200 13281 "https://sopnonill.store/sitemap.xml" "Mozilla/5.0 AppleWebKit/537.36 (KHTML, like Gecko; compatible; GPTBot/1.4; +https://openai.com/gptbot)"
20.203.133.142 - - [03/Aug/2026:04:02:24 +0200] "GET /admin.php HTTP/1.1" 301 635 "-" "-"
20.203.133.142 - - [03/Aug/2026:04:02:26 +0200] "GET /admin.php HTTP/1.1" 200 99426 "-" "-"
20.203.133.142 - - [03/Aug/2026:04:02:27 +0200] "GET /222.php HTTP/1.1" 403 441 "-" "-"
20.203.133.142 - - [03/Aug/2026:04:02:27 +0200] "GET /mac.php HTTP/1.1" 403 441 "-" "-"
20.203.133.142 - - [03/Aug/2026:04:02:27 +0200] "GET /ops.php HTTP/1.1" 403 441 "-" "-"
20.203.133.142 - - [03/Aug/2026:04:02:27 +0200] "GET /8.php HTTP/1.1" 403 441 "-" "-"
20.203.133.142 - - [03/Aug/2026:04:02:27 +0200] "GET /biufile.php HTTP/1.1" 403 441 "-" "-"
20.203.133.142 - - [03/Aug/2026:04:02:27 +0200] "GET /coffexium.php HTTP/1.1" 403 441 "-" "-"
74.7.227.31 - - [03/Aug/2026:04:02:27 +0200] "GET /items/A249540195 HTTP/1.1" 200 13288 "https://sopnonill.store/sitemap.xml" "Mozilla/5.0 AppleWebKit/537.36 (KHTML, like Gecko; compatible; GPTBot/1.4; +https://openai.com/gptbot)"
20.203.133.142 - - [03/Aug/2026:04:02:27 +0200] "GET /dex.php HTTP/1.1" 403 441 "-" "-"
20.203.133.142 - - [03/Aug/2026:04:02:28 +0200] "GET /1.php HTTP/1.1" 403 441 "-" "-"
20.203.133.142 - - [03/Aug/2026:04:02:28 +0200] "GET /coffee.php HTTP/1.1" 403 441 "-" "-"
20.203.133.142 - - [03/Aug/2026:04:02:28 +0200] "GET /classwithtostring.php?p= HTTP/1.1" 403 441 "-" "-"
20.203.133.142 - - [03/Aug/2026:04:02:28 +0200] "GET /wp-ws68.php?p= HTTP/1.1" 403 441 "-" "-"
20.203.133.142 - - [03/Aug/2026:04:02:28 +0200] "GET /mgrr.php HTTP/1.1" 403 441 "-" "-"
20.203.133.142 - - [03/Aug/2026:04:02:28 +0200] "GET /55.php?p= HTTP/1.1" 403 441 "-" "-"
20.203.133.142 - - [03/Aug/2026:04:02:28 +0200] "GET /ajax.php HTTP/1.1" 403 441 "-" "-"
20.203.133.142 - - [03/Aug/2026:04:02:28 +0200] "GET /yj09.php HTTP/1.1" 403 441 "-" "-"
20.203.133.142 - - [03/Aug/2026:04:02:29 +0200] "GET /ora.php HTTP/1.1" 403 441 "-" "-"
20.203.133.142 - - [03/Aug/2026:04:02:29 +0200] "GET /scxy.php HTTP/1.1" 403 441 "-" "-"
20.203.133.142 - - [03/Aug/2026:04:02:29 +0200] "GET /ws13.php?p= HTTP/1.1" 403 441 "-" "-"
20.203.133.142 - - [03/Aug/2026:04:02:29 +0200] "GET /btx25.php HTTP/1.1" 403 441 "-" "-"
20.203.133.142 - - [03/Aug/2026:04:02:29 +0200] "GET //xpohywjo.php HTTP/1.1" 403 441 "-" "-"
20.203.133.142 - - [03/Aug/2026:04:02:29 +0200] "GET /ecvvhlei.php HTTP/1.1" 403 441 "-" "-"
20.203.133.142 - - [03/Aug/2026:04:02:29 +0200] "GET /SDsadqwrf.php HTTP/1.1" 403 441 "-" "-"
20.203.133.142 - - [03/Aug/2026:04:02:29 +0200] "GET /ssjpxze.php HTTP/1.1" 403 441 "-" "-"
20.203.133.142 - - [03/Aug/2026:04:02:30 +0200] "GET /ors32envu.php HTTP/1.1" 403 441 "-" "-"
20.203.133.142 - - [03/Aug/2026:04:02:30 +0200] "GET /3PJcpMFsD8B.php HTTP/1.1" 403 441 "-" "-"
74.7.227.31 - - [03/Aug/2026:04:02:30 +0200] "GET /items/A679507509 HTTP/1.1" 200 13285 "https://sopnonill.store/sitemap.xml" "Mozilla/5.0 AppleWebKit/537.36 (KHTML, like Gecko; compatible; GPTBot/1.4; +https://openai.com/gptbot)"
20.203.133.142 - - [03/Aug/2026:04:02:31 +0200] "GET /BDKR28WP.php HTTP/1.1" 403 441 "-" "-"
74.7.227.31 - - [03/Aug/2026:04:02:33 +0200] "GET /items/A730262304 HTTP/1.1" 200 13290 "https://sopnonill.store/sitemap.xml" "Mozilla/5.0 AppleWebKit/537.36 (KHTML, like Gecko; compatible; GPTBot/1.4; +https://openai.com/gptbot)"
74.7.227.31 - - [03/Aug/2026:04:02:36 +0200] "GET /items/A124497844 HTTP/1.1" 200 13287 "https://sopnonill.store/sitemap.xml" "Mozilla/5.0 AppleWebKit/537.36 (KHTML, like Gecko; compatible; GPTBot/1.4; +https://openai.com/gptbot)"
74.7.227.31 - - [03/Aug/2026:04:02:39 +0200] "GET /items/A225268256 HTTP/1.1" 200 13282 "https://sopnonill.store/sitemap.xml" "Mozilla/5.0 AppleWebKit/537.36 (KHTML, like Gecko; compatible; GPTBot/1.4; +https://openai.com/gptbot)"
74.7.227.31 - - [03/Aug/2026:04:02:43 +0200] "GET /items/A294919417 HTTP/1.1" 200 13286 "https://sopnonill.store/sitemap.xml" "Mozilla/5.0 AppleWebKit/537.36 (KHTML, like Gecko; compatible; GPTBot/1.4; +https://openai.com/gptbot)"
74.7.227.31 - - [03/Aug/2026:04:02:46 +0200] "GET /items/A201162007 HTTP/1.1" 200 13290 "https://sopnonill.store/sitemap.xml" "Mozilla/5.0 AppleWebKit/537.36 (KHTML, like Gecko; compatible; GPTBot/1.4; +https://openai.com/gptbot)"
74.7.227.31 - - [03/Aug/2026:04:02:49 +0200] "GET /items/A785816985 HTTP/1.1" 200 13286 "https://sopnonill.store/sitemap.xml" "Mozilla/5.0 AppleWebKit/537.36 (KHTML, like Gecko; compatible; GPTBot/1.4; +https://openai.com/gptbot)"
74.7.227.31 - - [03/Aug/2026:04:02:52 +0200] "GET /items/A553253059 HTTP/1.1" 200 13283 "https://sopnonill.store/sitemap.xml" "Mozilla/5.0 AppleWebKit/537.36 (KHTML, like Gecko; compatible; GPTBot/1.4; +https://openai.com/gptbot)"
74.7.227.31 - - [03/Aug/2026:04:02:55 +0200] "GET /items/A909906861 HTTP/1.1" 200 13287 "https://sopnonill.store/sitemap.xml" "Mozilla/5.0 AppleWebKit/537.36 (KHTML, like Gecko; compatible; GPTBot/1.4; +https://openai.com/gptbot)"
74.7.227.31 - - [03/Aug/2026:04:02:58 +0200] "GET /items/A117484858 HTTP/1.1" 200 13284 "https://sopnonill.store/sitemap.xml" "Mozilla/5.0 AppleWebKit/537.36 (KHTML, like Gecko; compatible; GPTBot/1.4; +https://openai.com/gptbot)"
